CREATE TABLE `permissionentity` (
  `entityId` int(11) NOT NULL,
  `entity` varchar(50) NOT NULL
) ENGINE=InnoDB DEFAULT CHARSET=utf8;

--
-- Despejando dados para a tabela `permissionentity`
--

INSERT INTO `permissionentity` (`entityId`, `entity`) VALUES
(4, 'Xibo\\Entity\\Campaign'),
(12, 'Xibo\\Entity\\Command'),
(9, 'Xibo\\Entity\\DataSet'),
(11, 'Xibo\\Entity\\DayPart'),
(2, 'Xibo\\Entity\\DisplayGroup'),
(3, 'Xibo\\Entity\\Media'),
(10, 'Xibo\\Entity\\Notification'),
(1, 'Xibo\\Entity\\Page'),
(8, 'Xibo\\Entity\\Playlist'),
(7, 'Xibo\\Entity\\Region'),
(5, 'Xibo\\Entity\\Widget');

-- --------------------------------------------------------

--
-- Estrutura para tabela `phinxlog`
--

CREATE TABLE `phinxlog` (
  `version` bigint(20) NOT NULL,
  `migration_name` varchar(100) DEFAULT NULL,
  `start_time` timestamp NULL DEFAULT NULL,
  `end_time` timestamp NULL DEFAULT NULL,
  `breakpoint` tinyint(1) NOT NULL DEFAULT '0'
) ENGINE=InnoDB DEFAULT CHARSET=utf8;

--
-- Despejando dados para a tabela `phinxlog`
--

INSERT INTO `phinxlog` (`version`, `migration_name`, `start_time`, `end_time`, `breakpoint`) VALUES
(20180130073838, 'InstallMigration', '2020-04-22 13:07:57', '2020-04-22 13:07:58', 0),
(20180131113100, 'OldUpgradeStep85Migration', '2020-04-22 13:07:58', '2020-04-22 13:07:58', 0),
(20180131113853, 'OldUpgradeStep86Migration', '2020-04-22 13:07:58', '2020-04-22 13:07:58', 0),
(20180131113941, 'OldUpgradeStep87Migration', '2020-04-22 13:07:58', '2020-04-22 13:07:58', 0),
(20180131113948, 'OldUpgradeStep88Migration', '2020-04-22 13:07:58', '2020-04-22 13:07:58', 0),
(20180131113952, 'OldUpgradeStep92Migration', '2020-04-22 13:07:58', '2020-04-22 13:07:58', 0),
(20180131113957, 'OldUpgradeStep120Migration', '2020-04-22 13:07:58', '2020-04-22 13:07:58', 0),
(20180131114002, 'OldUpgradeStep121Migration', '2020-04-22 13:07:58', '2020-04-22 13:07:58', 0),
(20180131114007, 'OldUpgradeStep122Migration', '2020-04-22 13:07:58', '2020-04-22 13:07:58', 0),
(20180131114013, 'OldUpgradeStep123Migration', '2020-04-22 13:07:58', '2020-04-22 13:07:58', 0),
(20180131114017, 'OldUpgradeStep124Migration', '2020-04-22 13:07:58', '2020-04-22 13:07:58', 0),
(20180131114021, 'OldUpgradeStep125Migration', '2020-04-22 13:07:58', '2020-04-22 13:07:58', 0),
(20180131114025, 'OldUpgradeStep126Migration', '2020-04-22 13:07:58', '2020-04-22 13:07:58', 0),
(20180131114030, 'OldUpgradeStep127Migration', '2020-04-22 13:07:58', '2020-04-22 13:07:58', 0),
(20180131114050, 'OldUpgradeStep128Migration', '2020-04-22 13:07:58', '2020-04-22 13:07:58', 0),
(20180131114058, 'OldUpgradeStep129Migration', '2020-04-22 13:07:58', '2020-04-22 13:07:58', 0),
(20180131114103, 'OldUpgradeStep130Migration', '2020-04-22 13:07:58', '2020-04-22 13:07:58', 0),
(20180131114107, 'OldUpgradeStep131Migration', '2020-04-22 13:07:58', '2020-04-22 13:07:58', 0),
(20180131114110, 'OldUpgradeStep132Migration', '2020-04-22 13:07:58', '2020-04-22 13:07:58', 0),
(20180131114114, 'OldUpgradeStep133Migration', '2020-04-22 13:07:58', '2020-04-22 13:07:58', 0),
(20180131114118, 'OldUpgradeStep134Migration', '2020-04-22 13:07:58', '2020-04-22 13:07:58', 0),
(20180131114123, 'OldUpgradeStep135Migration', '2020-04-22 13:07:58', '2020-04-22 13:07:58', 0),
(20180131122645, 'OneRegionPerPlaylistMigration', '2020-04-22 13:07:58', '2020-04-22 13:07:59', 0),
(20180131123038, 'PlaylistTagsMigration', '2020-04-22 13:07:59', '2020-04-22 13:07:59', 0),
(20180131123248, 'WidgetFromToDtMigration', '2020-04-22 13:07:59', '2020-04-22 13:07:59', 0),
(20180212143336, 'DaypartSystemEntriesAsRecords', '2020-04-22 13:07:59', '2020-04-22 13:07:59', 0),
(20180213173846, 'MailFromNameSettingMigration', '2020-04-22 13:07:59', '2020-04-22 13:07:59', 0),
(20180219141257, 'DisplayGroupClosureIndexToNonUnique', '2020-04-22 13:07:59', '2020-04-22 13:07:59', 0),
(20180223180534, 'DataSetColumnFilterAndSortOptionsMigration', '2020-04-22 13:07:59', '2020-04-22 13:07:59', 0),
(20180302182421, 'WidgetCreatedAndModifiedDtMigration', '2020-04-22 13:07:59', '2020-04-22 13:07:59', 0),
(20180313085749, 'MediaTableEditedIdIndexMigration', '2020-04-22 13:07:59', '2020-04-22 13:07:59', 0),
(20180320154652, 'PlaylistAddDynamicFilterMigration', '2020-04-22 13:07:59', '2020-04-22 13:07:59', 0),
(20180327153325, 'RemoveUserLoggedInMigration', '2020-04-22 13:07:59', '2020-04-22 13:07:59', 0),
(20180514114415, 'FixCaseOnHelpTextFieldMigration', '2020-04-22 13:07:59', '2020-04-22 13:07:59', 0),
(20180515123835, 'LayoutPublishDraftMigration', '2020-04-22 13:07:59', '2020-04-22 13:07:59', 0),
(20180529065816, 'DataSetTruncateFixMigration', '2020-04-22 13:07:59', '2020-04-22 13:07:59', 0),
(20180529073531, 'DisplayAsVncLinkMigration', '2020-04-22 13:07:59', '2020-04-22 13:07:59', 0),
(20180621134013, 'AddWidgetSyncTaskMigration', '2020-04-22 13:07:59', '2020-04-22 13:07:59', 0),
(20180621134250, 'EventLayoutPermissionSettingMigration', '2020-04-22 13:07:59', '2020-04-22 13:07:59', 0),
(20180906115552, 'AddForeignKeysToTagsMigration', '2020-04-22 13:07:59', '2020-04-22 13:07:59', 0),
(20180906115606, 'AddForeignKeysToPermissionsMigration', '2020-04-22 13:07:59', '2020-04-22 13:07:59', 0),
(20180906115712, 'AddForeignKeysToWidgetMediaMigration', '2020-04-22 13:07:59', '2020-04-22 13:07:59', 0),
(20180906131643, 'ForgottenPasswordReminderMigration', '2020-04-22 13:07:59', '2020-04-22 13:08:00', 0),
(20180906131716, 'DataSetRssMigration', '2020-04-22 13:08:00', '2020-04-22 13:08:00', 0),
(20181011160130, 'SimpleSettingsMigration', '2020-04-22 13:08:00', '2020-04-22 13:08:00', 0),
(20181113173310, 'RemoveFinanceModuleMigration', '2020-04-22 13:08:00', '2020-04-22 13:08:00', 0),
(20181113180337, 'SplitTickerModuleMigration', '2020-04-22 13:08:00', '2020-04-22 13:08:00', 0),
(20181126113231, 'Release1812Migration', '2020-04-22 13:08:00', '2020-04-22 13:08:00', 0),
(20181210092443, 'RemoveImageUriModuleMigration', '2020-04-22 13:08:00', '2020-04-22 13:08:00', 0),
(20181212114400, 'CreatePlayerVersionsTableMigration', '2020-04-22 13:08:00', '2020-04-22 13:08:00', 0),
(20181217135044, 'EventSyncMigration', '2020-04-22 13:08:00', '2020-04-22 13:08:00', 0),
(20190121092556, 'PlayerUpgradeAndOverrideConfigMigration', '2020-04-22 13:08:00', '2020-04-22 13:08:00', 0),
(20190125170130, 'PlayerSoftwareVersionFieldMigration', '2020-04-22 13:08:00', '2020-04-22 13:08:00', 0),
(20190129103831, 'AddLinuxDisplayProfileMigration', '2020-04-22 13:08:00', '2020-04-22 13:08:00', 0),
(20190212112534, 'AddProofOfPlayStatsDurationAndCountMigration', '2020-04-22 13:08:00', '2020-04-22 13:08:00', 0),
(20190212115432, 'AddDefaultTransitionDurationSettingMigration', '2020-04-22 13:08:00', '2020-04-22 13:08:00', 0),
(20190213160914, 'AddGlobalStatSettingMigration', '2020-04-22 13:08:00', '2020-04-22 13:08:00', 0),
(20190213162212, 'AddHorizontalMenuSettingMigration', '2020-04-22 13:08:00', '2020-04-22 13:08:00', 0),
(20190214102508, 'AddLayoutEnableStat', '2020-04-22 13:08:00', '2020-04-22 13:08:00', 0),
(20190214102516, 'AddMediaEnableStat', '2020-04-22 13:08:00', '2020-04-22 13:08:00', 0),
(20190220165703, 'AddScheduleRecurrenceMonthlyRepeatsOnMigration', '2020-04-22 13:08:00', '2020-04-22 13:08:00', 0),
(20190227101705, 'MakeDisplayLicenseColumnUniqueMigration', '2020-04-22 13:08:00', '2020-04-22 13:08:00', 0),
(20190228120603, 'AddDynamicCriteriaTagsMigration', '2020-04-22 13:08:00', '2020-04-22 13:08:00', 0),
(20190301115046, 'AdjustGenericfileValidExtensionsMigration', '2020-04-22 13:08:00', '2020-04-22 13:08:00', 0),
(20190315134628, 'AddBandwidthLimitColumnToDisplaygroupMigration', '2020-04-22 13:08:00', '2020-04-22 13:08:00', 0),
(20190322162052, 'AddPublishedDateColumnMigration', '2020-04-22 13:08:00', '2020-04-22 13:08:01', 0),
(20190326163016, 'CreateLayoutHistoryTableMigration', '2020-04-22 13:08:01', '2020-04-22 13:08:01', 0),
(20190328111718, 'AddCampaignStatMigration', '2020-04-22 13:08:01', '2020-04-22 13:08:01', 0),
(20190401150256, 'AddScheduleNowPageMigration', '2020-04-22 13:08:01', '2020-04-22 13:08:01', 0),
(20190509101525, 'CreateReportScheduleTableMigration', '2020-04-22 13:08:01', '2020-04-22 13:08:01', 0),
(20190509102648, 'CreateSavedReportTableMigration', '2020-04-22 13:08:01', '2020-04-22 13:08:01', 0),
(20190509113001, 'AddReportPageMigration', '2020-04-22 13:08:01', '2020-04-22 13:08:01', 0),
(20190510140126, 'TwoFactorAuthMigration', '2020-04-22 13:08:01', '2020-04-22 13:08:01', 0),
(20190514134430, 'NullableTextFieldsMigration', '2020-04-22 13:08:01', '2020-04-22 13:08:01', 0),
(20190515094133, 'AddHtmlDatatypeMigration', '2020-04-22 13:08:01', '2020-04-22 13:08:01', 0),
(20190515105624, 'InstallAdditionalStandardModulesMigration', '2020-04-22 13:08:01', '2020-04-22 13:08:01', 0),
(20190517080033, 'AddForeignKeysToLktagTablesMigration', '2020-04-22 13:08:01', '2020-04-22 13:08:01', 0),
(20190521092700, 'AddReportScheduleTaskMigration', '2020-04-22 13:08:01', '2020-04-22 13:08:01', 0),
(20190521092930, 'AddPreviousRunDateReportScheduleMigration', '2020-04-22 13:08:01', '2020-04-22 13:08:01', 0),
(20190521102635, 'PlaylistDurationUpdateAtTimestamp', '2020-04-22 13:08:01', '2020-04-22 13:08:01', 0),
(20190603083836, 'ChangeStatTableStartEndColumnMigration', '2020-04-22 13:08:01', '2020-04-22 13:08:01', 0),
(20190610150331, 'TagsWithValuesMigration', '2020-04-22 13:08:01', '2020-04-22 13:08:01', 0),
(20190611145607, 'RemoveOldVersionTableMigration', '2020-04-22 13:08:01', '2020-04-22 13:08:01', 0),
(20190612140955, 'DisplayTableDatabaseSchemaAdjustmentsMigration', '2020-04-22 13:08:01', '2020-04-22 13:08:02', 0),
(20190620112611, 'MoveTidyStatsToStatsArchiveTaskMigration', '2020-04-22 13:08:02', '2020-04-22 13:08:02', 0),
(20190620142655, 'AddPlaylistEnableStatMigration', '2020-04-22 13:08:02', '2020-04-22 13:08:02', 0),
(20190626091331, 'WidgetHistoryMigration', '2020-04-22 13:08:02', '2020-04-22 13:08:02', 0),
(20190626110359, 'CreateStatTableMigration', '2020-04-22 13:08:02', '2020-04-22 13:08:02', 0),
(20190628083649, 'AddStatsMigrationTaskMigration', '2020-04-22 13:08:02', '2020-04-22 13:08:02', 0),
(20190710213414, 'AddIsActiveReportScheduleMigration', '2020-04-22 13:08:02', '2020-04-22 13:08:02', 0),
(20190717101342, 'NullableCommandValidationStringMigration', '2020-04-22 13:08:02', '2020-04-22 13:08:02', 0),
(20190719074601, 'MissingDefaultValueMigration', '2020-04-22 13:08:02', '2020-04-22 13:08:02', 0),
(20190725115532, 'AddScheduleReminderTaskMigration', '2020-04-22 13:08:02', '2020-04-22 13:08:02', 0),
(20190801102042, 'DisplayProfileCommandLinkFixMigration', '2020-04-22 13:08:02', '2020-04-22 13:08:02', 0),
(20190801141737, 'DatasetAddCustomHeadersColumnMigration', '2020-04-22 13:08:02', '2020-04-22 13:08:02', 0),
(20190801142302, 'AddDoohUserTypeMigration', '2020-04-22 13:08:02', '2020-04-22 13:08:02', 0),
(20190802145636, 'CreateScheduleReminderTableMigration', '2020-04-22 13:08:02', '2020-04-22 13:08:02', 0),
(20190806144729, 'AddShowContentFromMigration', '2020-04-22 13:08:02', '2020-04-22 13:08:02', 0),
(20190823081448, 'AddImageProcessingTaskMigration', '2020-04-22 13:08:02', '2020-04-22 13:08:02', 0),
(20190828123735, 'AddDefaultSettingResizeLimitResizeThresholdMigration', '2020-04-22 13:08:02', '2020-04-22 13:08:02', 0),
(20190903083314, 'AddGlobalSettingForCascadePermissionsMigration', '2020-04-22 13:08:02', '2020-04-22 13:08:02', 0),
(20190905084201, 'AddSettingForDefaultTransitionTypeMigration', '2020-04-22 13:08:02', '2020-04-22 13:08:02', 0),
(20190905084642, 'AddSettingForAutoLayoutPublishMigration', '2020-04-22 13:08:02', '2020-04-22 13:08:02', 0),
(20190910132520, 'DisplayMoveCmsMigration', '2020-04-22 13:08:02', '2020-04-22 13:08:02', 0),
(20190917093141, 'InterruptLayoutMigration', '2020-04-22 13:08:02', '2020-04-22 13:08:02', 0),
(20190918090608, 'AddDefaultSettingQuickChartMigration', '2020-04-22 13:08:02', '2020-04-22 13:08:02', 0),
(20190919154513, 'AddNotificationAttachmentFilenameNonUsersMigration', '2020-04-22 13:08:02', '2020-04-22 13:08:02', 0),
(20190926135518, 'AddSettingForTransitionAutoApplyToLayoutMigration', '2020-04-22 13:08:02', '2020-04-22 13:08:02', 0),
(20190926140809, 'InstallSavedReportsAndSpacerModulesMigration', '2020-04-22 13:08:02', '2020-04-22 13:08:02', 0),
(20191001092651, 'AddNotificationOriginalFilenameMigration', '2020-04-22 13:08:02', '2020-04-22 13:08:02', 0),
(20191022101141, 'AddCommandEntityToPermissionEntityMigration', '2020-04-22 13:08:02', '2020-04-22 13:08:02', 0),
(20191024152519, 'AddScheduleExclusionsTableMigration', '2020-04-22 13:08:02', '2020-04-22 13:08:02', 0),
(20191122114104, 'FixDuplicateModuleFilesMigration', '2020-04-22 13:08:02', '2020-04-22 13:08:02', 0),
(20191126103120, 'GeoScheduleMigration', '2020-04-22 13:08:02', '2020-04-22 13:08:02', 0),
(20191126141140, 'RemoteDataSetCsvSourceMigration', '2020-04-22 13:08:02', '2020-04-22 13:08:02', 0),
(20191205180116, 'AddPlaylistDashboardPageUserMigration', '2020-04-22 13:08:02', '2020-04-22 13:08:02', 0),
(20200107082625, 'DisplayAddResolutionMigration', '2020-04-22 13:08:02', '2020-04-22 13:08:02', 0),
(20200115115935, 'AddReportScheduleMessageMigration', '2020-04-22 13:08:02', '2020-04-22 13:08:02', 0),
(20200122143630, 'AddReleasedRequiredFileMigration', '2020-04-22 13:08:02', '2020-04-22 13:08:02', 0),
(20200122191232, 'AddCommercialLicenceColumnMigration', '2020-04-22 13:08:02', '2020-04-22 13:08:02', 0),
(20200129104944, 'AddEngagementsStatsMigration', '2020-04-22 13:08:02', '2020-04-22 13:08:02', 0),
(20200130165443, 'CountdownModuleAddMigration', '2020-04-22 13:08:02', '2020-04-22 13:08:02', 0);

-- --------------------------------------------------------

--
-- Estrutura para tabela `player_software`
--

CREATE TABLE `player_software` (
  `versionId` int(11) NOT NULL,
  `player_type` varchar(20) DEFAULT NULL,
  `player_version` varchar(15) DEFAULT NULL,
  `player_code` smallint(6) DEFAULT NULL,
  `mediaId` int(11) NOT NULL,
  `playerShowVersion` varchar(50) NOT NULL
) ENGINE=InnoDB DEFAULT CHARSET=utf8;

-- --------------------------------------------------------

--
-- Estrutura para tabela `playlist`
--

CREATE TABLE `playlist` (
  `playlistId` int(11) NOT NULL,
  `name` varchar(254) NOT NULL,
  `ownerId` int(11) NOT NULL,
  `regionId` int(11) DEFAULT NULL,
  `createdDt` datetime NOT NULL,
  `modifiedDt` datetime NOT NULL,
  `duration` int(11) NOT NULL DEFAULT '0',
  `requiresDurationUpdate` int(11) NOT NULL DEFAULT '0',
  `isDynamic` tinyint(4) NOT NULL DEFAULT '0',
  `filterMediaName` varchar(255) DEFAULT NULL,
  `filterMediaTags` varchar(255) DEFAULT NULL,
  `enableStat` varchar(255) DEFAULT NULL
) ENGINE=InnoDB DEFAULT CHARSET=utf8;

--
-- Despejando dados para a tabela `playlist`
--

INSERT INTO `playlist` (`playlistId`, `name`, `ownerId`, `regionId`, `createdDt`, `modifiedDt`, `duration`, `requiresDurationUpdate`, `isDynamic`, `filterMediaName`, `filterMediaTags`, `enableStat`) VALUES
(1, '1', 1, 1, '2020-04-22 10:08:22', '2021-08-28 22:30:01', 15, 0, 0, NULL, NULL, NULL),
(2, '2', 1, 2, '2020-04-22 10:08:22', '2021-08-28 22:30:01', 10, 0, 0, NULL, NULL, NULL),
(106, '1', 1, 78, '2020-12-14 12:34:22', '2021-08-28 22:30:01', 15, 0, 0, NULL, NULL, NULL),
(107, '2', 1, 79, '2020-12-14 12:34:23', '2021-08-28 22:30:01', 10, 0, 0, NULL, NULL, NULL),
(209, 'TABELA AÇOUGUE-2', 1, 181, '2021-01-06 10:45:27', '2021-08-28 22:30:02', 60, 0, 0, NULL, NULL, NULL),
(210, 'TABELA AÇOUGUE-1', 1, 182, '2021-01-06 10:46:46', '2021-08-28 22:30:02', 20, 0, 0, NULL, NULL, NULL),
(211, 'TABELA AÇOUGUE-2', 1, 183, '2021-01-06 10:46:46', '2021-08-28 22:30:02', 10, 0, 0, NULL, NULL, NULL),
(212, 'TABELA AÇOUGUE-3', 1, 184, '2021-01-06 10:46:46', '2021-08-28 22:30:02', 5, 0, 0, NULL, NULL, NULL),
(213, 'TABELA AÇOUGUE BOVINOS-4', 1, 185, '2021-01-06 10:46:46', '2021-08-28 22:30:02', 10, 0, 0, NULL, NULL, NULL),
(226, 'TABELA AÇOUGUE-1', 1, 198, '2021-01-06 13:35:37', '2021-08-28 22:30:02', 20, 0, 0, NULL, NULL, NULL),
(227, 'TABELA AÇOUGUE-3', 1, 199, '2021-01-06 13:35:37', '2021-08-28 22:30:02', 5, 0, 0, NULL, NULL, NULL),
(228, 'TABELA AÇOUGUE BOVINOS-4', 1, 200, '2021-01-06 13:35:37', '2021-08-28 22:30:02', 10, 0, 0, NULL, NULL, NULL),
(359, 'Tabela - Açougue (Ofertas)-5', 1, 331, '2021-03-17 12:09:37', '2021-08-28 22:30:01', 95, 0, 0, NULL, NULL, NULL),
(360, 'Tabela - Açougue (Ofertas)-6', 1, 332, '2021-03-17 12:09:37', '2021-08-28 22:30:02', 10, 0, 0, NULL, NULL, NULL),
(361, 'TABELA - Açougue ÍTENS e OFERTAS-4', 1, 333, '2021-03-17 12:09:37', '2021-08-28 22:30:02', 115, 0, 0, NULL, NULL, NULL),
(362, 'Tabela - Açougue (Ofertas)-5', 1, 334, '2021-03-17 13:57:52', '2021-08-28 22:30:01', 160, 0, 0, NULL, NULL, NULL),
(363, 'Tabela - Açougue (Ofertas)-6', 1, 335, '2021-03-17 13:57:52', '2021-08-28 22:30:02', 70, 0, 0, NULL, NULL, NULL),
(364, 'TABELA - Açougue ÍTENS e OFERTAS-4', 1, 336, '2021-03-17 13:57:52', '2021-08-28 22:30:02', 160, 0, 0, NULL, NULL, NULL),
(384, 'Tabela - Açougue (Ofertas)-5', 5, 356, '2021-03-17 23:32:19', '2021-08-28 22:30:01', 5, 0, 0, NULL, NULL, NULL),
(385, 'Tabela - Açougue (Ofertas)-6', 5, 357, '2021-03-17 23:32:19', '2021-08-28 22:30:02', 10, 0, 0, NULL, NULL, NULL),
(386, 'TABELA - Açougue ÍTENS e OFERTAS-4', 5, 358, '2021-03-17 23:32:19', '2021-08-28 22:30:02', 10, 0, 0, NULL, NULL, NULL),
(397, 'Tabela - Açougue (Ofertas)-5', 1, 369, '2021-03-18 14:08:02', '2021-08-28 22:30:02', 140, 0, 0, NULL, NULL, NULL),
(398, 'SUPER REDE VDG-3', 1, 370, '2021-03-18 14:08:03', '2021-08-28 22:30:01', 40, 0, 0, NULL, NULL, NULL),
(399, 'SUPER REDE VDG-5', 1, 371, '2021-03-18 14:08:03', '2021-08-28 22:30:01', 5, 0, 0, NULL, NULL, NULL),
(400, 'SUPER REDE VDG-6', 1, 372, '2021-03-18 14:08:03', '2021-08-28 22:30:01', 0, 0, 0, NULL, NULL, NULL),
(401, 'SUPER REDE VDG-7', 1, 373, '2021-03-18 14:08:03', '2021-08-28 22:30:01', 10, 0, 0, NULL, NULL, NULL),
(402, 'SUPER REDE VDG-7', 1, 374, '2021-03-18 14:08:03', '2021-08-28 22:30:01', 40, 0, 0, NULL, NULL, NULL),
(403, 'SUPER REDE VDG-7', 1, 375, '2021-03-18 14:08:03', '2021-08-28 22:30:01', 40, 0, 0, NULL, NULL, NULL),
(404, 'Tabela - Açougue (Ofertas)-5', 1, 376, '2021-03-18 15:14:04', '2021-08-28 22:30:02', 10, 0, 0, NULL, NULL, NULL),
(405, 'SUPER REDE VDG-3', 1, 377, '2021-03-18 15:14:05', '2021-08-28 22:30:01', 40, 0, 0, NULL, NULL, NULL),
(406, 'SUPER REDE VDG-5', 1, 378, '2021-03-18 15:14:05', '2021-08-28 22:30:01', 5, 0, 0, NULL, NULL, NULL),
(407, 'SUPER REDE VDG-6', 1, 379, '2021-03-18 15:14:05', '2021-08-28 22:30:01', 5, 0, 0, NULL, NULL, NULL),
(408, 'SUPER REDE VDG-7', 1, 380, '2021-03-18 15:14:05', '2021-08-28 22:30:01', 10, 0, 0, NULL, NULL, NULL),
(409, 'SUPER REDE VDG-7', 1, 381, '2021-03-18 15:14:05', '2021-08-28 22:30:01', 40, 0, 0, NULL, NULL, NULL),
(410, 'SUPER REDE VDG-7', 1, 382, '2021-03-18 15:14:05', '2021-08-28 22:30:01', 50, 0, 0, NULL, NULL, NULL),
(411, 'SUPER REDE VDG-8', 1, 383, '2021-03-18 17:25:53', '2021-08-28 22:30:01', 5, 0, 0, NULL, NULL, NULL),
(413, 'TABELA DIGITAL MERCADO-4', 5, 385, '2021-03-18 20:28:56', '2021-08-28 22:30:02', 5, 0, 0, NULL, NULL, NULL),
(414, 'TABELA DIGITAL MERCADO-5', 5, 386, '2021-03-18 20:33:10', '2021-08-28 22:30:02', 5, 0, 0, NULL, NULL, NULL),
(415, 'TABELA DIGITAL MERCADO-6', 5, 387, '2021-03-18 20:40:34', '2021-08-28 22:30:02', 10, 0, 0, NULL, NULL, NULL),
(416, 'TABELA DIGITAL MERCADO-7', 5, 388, '2021-03-18 20:48:59', '2021-08-28 22:30:02', 10, 0, 0, NULL, NULL, NULL),
(417, 'TABELA DIGITAL MERCADO-8', 5, 389, '2021-03-18 20:51:04', '2021-08-28 22:30:02', 5, 0, 0, NULL, NULL, NULL),
(418, 'TABELA DIGITAL MERCADO-9', 5, 390, '2021-03-18 20:54:28', '2021-08-28 22:30:02', 10, 0, 0, NULL, NULL, NULL),
(511, 'Tabela - Açougue (Ofertas)-5', 1, 483, '2021-03-19 02:53:46', '2021-08-28 22:30:01', 0, 0, 0, NULL, NULL, NULL),
(512, 'Tabela - Açougue (Ofertas)-6', 1, 484, '2021-03-19 02:53:46', '2021-08-28 22:30:02', 0, 0, 0, NULL, NULL, NULL),
(513, 'TABELA - Açougue ÍTENS e OFERTAS-4', 1, 485, '2021-03-19 02:53:46', '2021-08-28 22:30:02', 0, 0, 0, NULL, NULL, NULL),
(514, 'TABELA DIGITAL MERCADO-4', 1, 486, '2021-03-19 02:53:46', '2021-08-28 22:30:02', 0, 0, 0, NULL, NULL, NULL),
(515, 'TABELA DIGITAL MERCADO-5', 1, 487, '2021-03-19 02:53:46', '2021-08-28 22:30:02', 0, 0, 0, NULL, NULL, NULL),
(516, 'TABELA DIGITAL MERCADO-6', 1, 488, '2021-03-19 02:53:46', '2021-08-28 22:30:02', 0, 0, 0, NULL, NULL, NULL),
(517, 'TABELA DIGITAL MERCADO-7', 1, 489, '2021-03-19 02:53:46', '2021-08-28 22:30:02', 0, 0, 0, NULL, NULL, NULL),
(518, 'TABELA DIGITAL MERCADO-8', 1, 490, '2021-03-19 02:53:46', '2021-08-28 22:30:02', 0, 0, 0, NULL, NULL, NULL),
(519, 'TABELA DIGITAL MERCADO-9', 1, 491, '2021-03-19 02:53:46', '2021-08-28 22:30:02', 0, 0, 0, NULL, NULL, NULL),
(520, 'Tabela - Açougue (Ofertas)-5', 5, 492, '2021-03-19 02:54:15', '2021-08-28 22:30:01', 5, 0, 0, NULL, NULL, NULL),
(521, 'Tabela - Açougue (Ofertas)-6', 5, 493, '2021-03-19 02:54:15', '2021-08-28 22:30:02', 10, 0, 0, NULL, NULL, NULL),
(522, 'TABELA - Açougue ÍTENS e OFERTAS-4', 5, 494, '2021-03-19 02:54:15', '2021-08-28 22:30:02', 10, 0, 0, NULL, NULL, NULL),
(523, 'TABELA DIGITAL MERCADO-4', 5, 495, '2021-03-19 02:54:15', '2021-08-28 22:30:02', 5, 0, 0, NULL, NULL, NULL),
(524, 'TABELA DIGITAL MERCADO-5', 5, 496, '2021-03-19 02:54:15', '2021-08-28 22:30:02', 5, 0, 0, NULL, NULL, NULL),
(525, 'TABELA DIGITAL MERCADO-6', 5, 497, '2021-03-19 02:54:15', '2021-08-28 22:30:02', 10, 0, 0, NULL, NULL, NULL),
(526, 'TABELA DIGITAL MERCADO-7', 5, 498, '2021-03-19 02:54:15', '2021-08-28 22:30:02', 10, 0, 0, NULL, NULL, NULL),
(527, 'TABELA DIGITAL MERCADO-8', 5, 499, '2021-03-19 02:54:15', '2021-08-28 22:30:02', 5, 0, 0, NULL, NULL, NULL),
(528, 'TABELA DIGITAL MERCADO-9', 5, 500, '2021-03-19 02:54:15', '2021-08-28 22:30:02', 10, 0, 0, NULL, NULL, NULL),
(529, 'Tabela - Açougue (Ofertas)-5', 1, 501, '2021-03-19 02:55:31', '2021-08-28 22:30:01', 300, 0, 0, NULL, NULL, NULL),
(530, 'Tabela - Açougue (Ofertas)-6', 1, 502, '2021-03-19 02:55:31', '2021-08-28 22:30:02', 300, 0, 0, NULL, NULL, NULL),
(531, 'TABELA - Açougue ÍTENS e OFERTAS-4', 1, 503, '2021-03-19 02:55:31', '2021-08-28 22:30:02', 10, 0, 0, NULL, NULL, NULL),
(532, 'TABELA DIGITAL MERCADO-4', 1, 504, '2021-03-19 02:55:31', '2021-08-28 22:30:02', 5, 0, 0, NULL, NULL, NULL),
(533, 'TABELA DIGITAL MERCADO-5', 1, 505, '2021-03-19 02:55:31', '2021-08-28 22:30:02', 5, 0, 0, NULL, NULL, NULL),
(534, 'TABELA DIGITAL MERCADO-6', 1, 506, '2021-03-19 02:55:31', '2021-08-28 22:30:02', 10, 0, 0, NULL, NULL, NULL),
(535, 'TABELA DIGITAL MERCADO-7', 1, 507, '2021-03-19 02:55:31', '2021-08-28 22:30:02', 10, 0, 0, NULL, NULL, NULL),
(536, 'TABELA DIGITAL MERCADO-8', 1, 508, '2021-03-19 02:55:32', '2021-08-28 22:30:02', 5, 0, 0, NULL, NULL, NULL),
(537, 'TABELA DIGITAL MERCADO-9', 1, 509, '2021-03-19 02:55:32', '2021-08-28 22:30:02', 10, 0, 0, NULL, NULL, NULL),
(538, 'Tabela - Açougue (Ofertas)-5', 1, 510, '2021-03-19 12:48:32', '2021-08-28 22:30:01', 300, 0, 0, NULL, NULL, NULL),
(539, 'Tabela - Açougue (Ofertas)-6', 1, 511, '2021-03-19 12:48:32', '2021-08-28 22:30:02', 300, 0, 0, NULL, NULL, NULL),
(540, 'TABELA - Açougue ÍTENS e OFERTAS-4', 1, 512, '2021-03-19 12:48:32', '2021-08-28 22:30:02', 10, 0, 0, NULL, NULL, NULL),
(541, 'TABELA DIGITAL MERCADO-4', 1, 513, '2021-03-19 12:48:32', '2021-08-28 22:30:02', 5, 0, 0, NULL, NULL, NULL),
(542, 'TABELA DIGITAL MERCADO-5', 1, 514, '2021-03-19 12:48:32', '2021-08-28 22:30:02', 5, 0, 0, NULL, NULL, NULL),
(543, 'TABELA DIGITAL MERCADO-6', 1, 515, '2021-03-19 12:48:32', '2021-08-28 22:30:02', 10, 0, 0, NULL, NULL, NULL),
(544, 'TABELA DIGITAL MERCADO-7', 1, 516, '2021-03-19 12:48:32', '2021-08-28 22:30:02', 10, 0, 0, NULL, NULL, NULL),
(545, 'TABELA DIGITAL MERCADO-8', 1, 517, '2021-03-19 12:48:32', '2021-08-28 22:30:02', 5, 0, 0, NULL, NULL, NULL),
(546, 'TABELA DIGITAL MERCADO-9', 1, 518, '2021-03-19 12:48:32', '2021-08-28 22:30:03', 10, 0, 0, NULL, NULL, NULL),
(565, 'Tabela - Açougue (Ofertas)-5', 1, 537, '2021-03-19 14:12:06', '2021-08-28 22:30:01', 0, 0, 0, NULL, NULL, NULL),
(566, 'Tabela - Açougue (Ofertas)-6', 1, 538, '2021-03-19 14:12:06', '2021-08-28 22:30:02', 0, 0, 0, NULL, NULL, NULL),
(567, 'TABELA - Açougue ÍTENS e OFERTAS-4', 1, 539, '2021-03-19 14:12:06', '2021-08-28 22:30:02', 0, 0, 0, NULL, NULL, NULL),
(615, 'Tabela - Açougue (Ofertas)-5', 1, 587, '2021-03-19 19:18:34', '2021-08-28 22:30:02', 90, 0, 0, NULL, NULL, NULL),
(616, 'Tabela - Açougue (Ofertas)-6', 1, 588, '2021-03-19 19:18:34', '2021-08-28 22:30:02', 90, 0, 0, NULL, NULL, NULL),
(617, 'TABELA - Açougue ÍTENS e OFERTAS-4', 1, 589, '2021-03-19 19:18:34', '2021-08-28 22:30:02', 90, 0, 0, NULL, NULL, NULL),
(618, 'TABELA DIGITAL MERCADO-4', 1, 590, '2021-03-19 19:18:34', '2021-08-28 22:30:02', 90, 0, 0, NULL, NULL, NULL),
(619, 'TABELA DIGITAL MERCADO-5', 1, 591, '2021-03-19 19:18:34', '2021-08-28 22:30:02', 90, 0, 0, NULL, NULL, NULL),
(620, 'TABELA DIGITAL MERCADO-6', 1, 592, '2021-03-19 19:18:34', '2021-08-28 22:30:02', 90, 0, 0, NULL, NULL, NULL),
(621, 'TABELA DIGITAL MERCADO-7', 1, 593, '2021-03-19 19:18:34', '2021-08-28 22:30:02', 90, 0, 0, NULL, NULL, NULL),
(622, 'TABELA DIGITAL MERCADO-8', 1, 594, '2021-03-19 19:18:34', '2021-08-28 22:30:02', 90, 0, 0, NULL, NULL, NULL),
(623, 'TABELA DIGITAL MERCADO-9', 1, 595, '2021-03-19 19:18:34', '2021-08-28 22:30:02', 90, 0, 0, NULL, NULL, NULL),
(629, '1', 1, 601, '2021-03-19 20:40:05', '2021-08-28 22:30:03', 5, 0, 0, NULL, NULL, NULL),
(630, '1', 1, 602, '2021-03-19 20:40:07', '2021-08-28 22:30:03', 5, 0, 0, NULL, NULL, NULL),
(634, '1', 1, 606, '2021-03-19 20:40:14', '2021-08-28 22:30:03', 5, 0, 0, NULL, NULL, NULL),
(635, '1', 1, 607, '2021-03-19 20:40:17', '2021-08-28 22:30:03', 5, 0, 0, NULL, NULL, NULL),
(636, '1', 1, 608, '2021-03-19 20:40:19', '2021-08-28 22:30:03', 5, 0, 0, NULL, NULL, NULL),
(638, '1', 1, 610, '2021-03-19 20:44:02', '2021-08-28 22:30:01', 14, 0, 0, NULL, NULL, NULL),
(650, 'teste-1', 1, 622, '2021-03-19 21:31:06', '2021-08-28 22:30:03', 0, 0, 0, NULL, NULL, NULL),
(651, 'teste-1', 1, 623, '2021-03-19 21:31:06', '2021-08-28 22:30:03', 0, 0, 0, NULL, NULL, NULL),
(891, 'Tabela - Açougue (Ofertas)-5', 1, 863, '2021-03-22 03:43:53', '2021-08-28 22:30:01', 90, 0, 0, NULL, NULL, NULL),
(892, 'Tabela - Açougue (Ofertas)-6', 1, 864, '2021-03-22 03:43:54', '2021-08-28 22:30:02', 90, 0, 0, NULL, NULL, NULL),
(893, 'TABELA - Açougue ÍTENS e OFERTAS-4', 1, 865, '2021-03-22 03:43:54', '2021-08-28 22:30:02', 90, 0, 0, NULL, NULL, NULL),
(894, 'TABELA DIGITAL MERCADO-4', 1, 866, '2021-03-22 03:43:54', '2021-08-28 22:30:02', 90, 0, 0, NULL, NULL, NULL),
(895, 'TABELA DIGITAL MERCADO-5', 1, 867, '2021-03-22 03:43:54', '2021-08-28 22:30:02', 90, 0, 0, NULL, NULL, NULL),
(896, 'TABELA DIGITAL MERCADO-6', 1, 868, '2021-03-22 03:43:54', '2021-08-28 22:30:02', 90, 0, 0, NULL, NULL, NULL),
(897, 'TABELA DIGITAL MERCADO-7', 1, 869, '2021-03-22 03:43:54', '2021-08-28 22:30:02', 90, 0, 0, NULL, NULL, NULL),
(898, 'TABELA DIGITAL MERCADO-8', 1, 870, '2021-03-22 03:43:54', '2021-08-28 22:30:02', 90, 0, 0, NULL, NULL, NULL),
(899, 'TABELA DIGITAL MERCADO-9', 1, 871, '2021-03-22 03:43:54', '2021-08-28 22:30:02', 90, 0, 0, NULL, NULL, NULL),
(900, 'AR MIDIA TECH-10', 1, 872, '2021-03-22 03:43:54', '2021-08-28 22:30:01', 90, 0, 0, NULL, NULL, NULL),
(901, 'AÇOUGUE SUPER REDE VIDIGAL-11', 1, 873, '2021-03-22 03:43:54', '2021-08-28 22:30:01', 90, 0, 0, NULL, NULL, NULL),
(902, 'AÇOUGUE SUPER REDE VIDIGAL-12', 1, 874, '2021-03-22 03:43:54', '2021-08-28 22:30:01', 90, 0, 0, NULL, NULL, NULL),
(965, 'Tabela - Açougue (Ofertas)-5', 1, 937, '2021-03-24 10:00:57', '2021-08-28 22:30:01', 180, 0, 0, NULL, NULL, NULL),
(966, 'Tabela - Açougue (Ofertas)-6', 1, 938, '2021-03-24 10:00:57', '2021-08-28 22:30:02', 180, 0, 0, NULL, NULL, NULL),
(967, 'TABELA - Açougue ÍTENS e OFERTAS-4', 1, 939, '2021-03-24 10:00:57', '2021-08-28 22:30:02', 180, 0, 0, NULL, NULL, NULL),
(968, 'TABELA DIGITAL MERCADO-4', 1, 940, '2021-03-24 10:00:57', '2021-08-28 22:30:02', 180, 0, 0, NULL, NULL, NULL),
(969, 'TABELA DIGITAL MERCADO-5', 1, 941, '2021-03-24 10:00:57', '2021-08-28 22:30:02', 180, 0, 0, NULL, NULL, NULL),
(970, 'TABELA DIGITAL MERCADO-6', 1, 942, '2021-03-24 10:00:57', '2021-08-28 22:30:02', 180, 0, 0, NULL, NULL, NULL),
(971, 'TABELA DIGITAL MERCADO-7', 1, 943, '2021-03-24 10:00:57', '2021-08-28 22:30:02', 180, 0, 0, NULL, NULL, NULL),
(972, 'TABELA DIGITAL MERCADO-8', 1, 944, '2021-03-24 10:00:57', '2021-08-28 22:30:02', 180, 0, 0, NULL, NULL, NULL),
(973, 'TABELA DIGITAL MERCADO-9', 1, 945, '2021-03-24 10:00:57', '2021-08-28 22:30:02', 180, 0, 0, NULL, NULL, NULL),
(974, 'AR MIDIA TECH-10', 1, 946, '2021-03-24 10:00:57', '2021-08-28 22:30:01', 180, 0, 0, NULL, NULL, NULL),
(975, 'AÇOUGUE SUPER REDE VIDIGAL-11', 1, 947, '2021-03-24 10:00:57', '2021-08-28 22:30:01', 180, 0, 0, NULL, NULL, NULL),
(976, 'AÇOUGUE SUPER REDE VIDIGAL-12', 1, 948, '2021-03-24 10:00:57', '2021-08-28 22:30:01', 180, 0, 0, NULL, NULL, NULL),
(977, 'Tabela - Açougue (Ofertas)-5', 1, 949, '2021-03-24 10:17:36', '2021-08-28 22:30:01', 300, 0, 0, NULL, NULL, NULL),
(978, 'Tabela - Açougue (Ofertas)-6', 1, 950, '2021-03-24 10:17:36', '2021-08-28 22:30:02', 300, 0, 0, NULL, NULL, NULL),
(979, 'TABELA - Açougue ÍTENS e OFERTAS-4', 1, 951, '2021-03-24 10:17:36', '2021-08-28 22:30:02', 300, 0, 0, NULL, NULL, NULL),
(980, 'TABELA DIGITAL MERCADO-4', 1, 952, '2021-03-24 10:17:36', '2021-08-28 22:30:02', 300, 0, 0, NULL, NULL, NULL),
(981, 'TABELA DIGITAL MERCADO-6', 1, 953, '2021-03-24 10:17:36', '2021-08-28 22:30:02', 300, 0, 0, NULL, NULL, NULL),
(982, 'AR MIDIA TECH-10', 1, 954, '2021-03-24 10:17:36', '2021-08-28 22:30:01', 300, 0, 0, NULL, NULL, NULL),
(983, 'LATICINIO SUPER REDE VIDIGAL-7', 1, 955, '2021-03-24 10:17:36', '2021-08-28 22:30:01', 300, 0, 0, NULL, NULL, NULL),
(1012, 'ANUNCIO SUPER REDE 26 A 28/03-1', 1, 984, '2021-03-26 16:00:42', '2021-09-03 18:05:43', 0, 0, 0, NULL, NULL, NULL),
(1013, 'ANUNCIO SUPER REDE 26 A 28/03-1', 1, 985, '2021-09-22 16:38:37', '2021-09-22 16:38:37', 0, 0, 0, NULL, NULL, NULL),
(1045, 'PAINEL EXTERNO SUPER REDE VIDIGAL-1', 1, 1017, '2021-09-23 10:28:34', '2021-11-06 04:20:19', 129, 0, 0, NULL, NULL, NULL),
(1050, 'logo horizonte do mar-1', 1, 1022, '2021-09-23 19:21:39', '2021-11-06 04:20:19', 10, 0, 0, NULL, NULL, NULL),
(1055, '1', 1, 1027, '2021-09-27 16:48:34', '2021-09-27 16:48:34', 0, 0, 0, NULL, NULL, NULL),
(1056, '1', 1, 1028, '2021-11-22 13:21:24', '2021-11-22 13:21:25', 0, 0, 0, NULL, NULL, NULL),
(1058, 'AR MIDIA TECH-1', 1, 1030, '2021-11-22 13:44:11', '2022-03-31 13:40:56', 90, 0, 0, NULL, NULL, NULL),
(1100, 'Tabela - Açougue (Ofertas)-5', 1, 1072, '2023-02-28 16:26:02', '2023-02-28 16:26:05', 0, 0, 0, NULL, NULL, NULL),
(1101, 'Tabela - Açougue (Ofertas)-6', 1, 1073, '2023-02-28 16:26:02', '2023-02-28 16:26:05', 0, 0, 0, NULL, NULL, NULL),
(1102, 'TABELA - Açougue ÍTENS e OFERTAS-4', 1, 1074, '2023-02-28 16:26:02', '2023-02-28 16:26:05', 0, 0, 0, NULL, NULL, NULL),
(1103, 'TABELA DIGITAL MERCADO-4', 1, 1075, '2023-02-28 16:26:02', '2023-02-28 16:26:05', 0, 0, 0, NULL, NULL, NULL),
(1104, 'TABELA DIGITAL MERCADO-6', 1, 1076, '2023-02-28 16:26:02', '2023-02-28 16:26:05', 0, 0, 0, NULL, NULL, NULL),
(1105, 'LATICINIO SUPER REDE VIDIGAL-7', 1, 1077, '2023-02-28 16:26:02', '2023-02-28 16:27:16', 0, 0, 0, NULL, NULL, NULL),
(1106, 'FREZZE SUPER REDE VIDIGAL -8', 1, 1078, '2023-02-28 16:26:02', '2023-02-28 16:26:05', 0, 0, 0, NULL, NULL, NULL),
(1107, 'FREZZE SUPER REDE VIDIGAL -9', 1, 1079, '2023-02-28 16:26:02', '2023-02-28 16:26:05', 0, 0, 0, NULL, NULL, NULL),
(1108, 'FREZZE SUPER REDE VIDIGAL -10', 1, 1080, '2023-02-28 16:26:02', '2023-02-28 16:26:05', 0, 0, 0, NULL, NULL, NULL),
(1109, 'FREZZE SUPER REDE VIDIGAL -11', 1, 1081, '2023-02-28 16:26:02', '2023-02-28 16:26:05', 0, 0, 0, NULL, NULL, NULL),
(1110, 'Tabela - Açougue (Ofertas)-5', 1, 1082, '2023-02-28 16:37:04', '2023-02-28 16:37:06', 0, 0, 0, NULL, NULL, NULL),
(1111, 'Tabela - Açougue (Ofertas)-6', 1, 1083, '2023-02-28 16:37:05', '2023-02-28 16:37:06', 0, 0, 0, NULL, NULL, NULL),
(1112, 'TABELA - Açougue ÍTENS e OFERTAS-4', 1, 1084, '2023-02-28 16:37:05', '2023-02-28 16:37:06', 0, 0, 0, NULL, NULL, NULL),
(1113, '1', 1, 1085, '2024-01-24 21:10:08', '2024-01-24 21:10:19', 0, 0, 0, NULL, NULL, NULL),
(1116, 'PRODUTOS ESPECIAIS-1', 1, 1088, '2024-01-24 22:28:46', '2024-01-24 22:28:47', 0, 0, 0, NULL, NULL, NULL),
(1117, 'PRODUTOS ESPECIAIS com OFERTAS-2', 1, 1089, '2024-01-24 22:28:46', '2024-01-24 22:28:47', 0, 0, 0, NULL, NULL, NULL),
(1119, 'TV SUPERREDE VDG-2', 1, 1091, '2024-01-24 22:37:34', '2024-02-13 19:22:07', 30, 0, 0, NULL, NULL, NULL),
(1120, 'PREVISÃO DO TEMPO-1', 1, 1092, '2024-01-26 19:59:43', '2024-01-26 19:59:45', 0, 0, 0, NULL, NULL, NULL),
(1121, 'PREVISÃO DO TEMPO-1', 1, 1093, '2024-01-26 20:06:30', '2024-01-26 20:06:30', 0, 0, 0, NULL, NULL, NULL),
(1136, 'AR-1', 1, 1108, '2024-01-27 22:24:03', '2024-02-13 19:22:07', 30, 0, 0, NULL, NULL, NULL),
(1151, '1', 1, 1123, '2024-01-28 17:31:47', '2024-02-13 19:22:07', 92, 0, 0, NULL, NULL, NULL),
(1175, 'QUARTA DA FEIRA', 4, NULL, '2024-06-04 21:46:50', '2024-06-09 15:31:56', 30, 0, 0, NULL, NULL, 'On'),
(1176, '1', 1, 1147, '2024-07-09 22:20:27', '2024-07-09 22:20:27', 0, 0, 0, NULL, NULL, NULL),
(1178, '1', 1, 1149, '2024-07-10 22:19:29', '2024-07-13 01:41:55', 5, 0, 0, NULL, NULL, NULL),
(1214, 'TESTE-1', 5, 1185, '2024-09-17 21:25:08', '2024-09-17 21:25:09', 0, 0, 0, NULL, NULL, NULL),
(1230, 'Tabela - Açougue (Ofertas)-5', 1, 1201, '2024-11-20 00:06:49', '2024-11-20 00:06:49', 0, 0, 0, NULL, NULL, NULL),
(1231, 'Tabela - Açougue (Ofertas)-6', 1, 1202, '2024-11-20 00:06:49', '2024-11-20 00:06:49', 0, 0, 0, NULL, NULL, NULL),
(1232, 'TABELA - Açougue ÍTENS e OFERTAS-4', 1, 1203, '2024-11-20 00:06:49', '2024-11-20 00:06:49', 0, 0, 0, NULL, NULL, NULL),
(1233, 'TABELA DIGITAL MERCADO-4', 1, 1204, '2024-11-20 00:06:49', '2024-11-20 00:06:49', 0, 0, 0, NULL, NULL, NULL),
(1234, 'TABELA DIGITAL MERCADO-5', 1, 1205, '2024-11-20 00:06:49', '2024-11-20 00:06:49', 0, 0, 0, NULL, NULL, NULL),
(1235, 'TABELA DIGITAL MERCADO-6', 1, 1206, '2024-11-20 00:06:49', '2024-11-20 00:06:49', 0, 0, 0, NULL, NULL, NULL),
(1236, 'TABELA DIGITAL MERCADO-7', 1, 1207, '2024-11-20 00:06:49', '2024-11-20 00:06:49', 0, 0, 0, NULL, NULL, NULL),
(1237, 'TABELA DIGITAL MERCADO-8', 1, 1208, '2024-11-20 00:06:49', '2024-11-20 00:06:49', 0, 0, 0, NULL, NULL, NULL),
(1238, 'TABELA DIGITAL MERCADO-9', 1, 1209, '2024-11-20 00:06:49', '2024-11-20 00:06:49', 0, 0, 0, NULL, NULL, NULL),
(1239, 'AR MIDIA TECH-10', 1, 1210, '2024-11-20 00:06:49', '2024-11-20 00:06:49', 0, 0, 0, NULL, NULL, NULL),
(1240, 'AÇOUGUE SUPER REDE VIDIGAL-11', 1, 1211, '2024-11-20 00:06:49', '2024-11-20 00:06:49', 0, 0, 0, NULL, NULL, NULL),
(1241, 'AÇOUGUE SUPER REDE VIDIGAL-12', 1, 1212, '2024-11-20 00:06:49', '2024-11-20 00:06:49', 0, 0, 0, NULL, NULL, NULL),
(1243, 'MONITOR FRENTE DE LOJA LOJA-1', 4, 1214, '2024-11-26 10:30:00', '2024-11-26 21:23:18', 253, 0, 0, NULL, NULL, NULL);

-- --------------------------------------------------------

--
-- Estrutura para tabela `region`
--

CREATE TABLE `region` (
  `regionId` int(11) NOT NULL,
  `layoutId` int(11) NOT NULL,
  `ownerId` int(11) NOT NULL,
  `name` varchar(254) DEFAULT NULL,
  `width` decimal(10,0) NOT NULL,
  `height` decimal(10,0) NOT NULL,
  `top` decimal(10,0) NOT NULL,
  `left` decimal(10,0) NOT NULL,
  `zIndex` smallint(6) NOT NULL,
  `duration` int(11) NOT NULL DEFAULT '0'
) ENGINE=InnoDB DEFAULT CHARSET=utf8;

--
-- Despejando dados para a tabela `region`
--

INSERT INTO `region` (`regionId`, `layoutId`, `ownerId`, `name`, `width`, `height`, `top`, `left`, `zIndex`, `duration`) VALUES
(1, 1, 1, '1', 1920, 936, 0, 0, 0, 15),
(2, 1, 1, '2', 432, 129, 941, 1470, 0, 10),
(78, 41, 1, '1', 1920, 936, 0, 0, 0, 15),
(79, 41, 1, '2', 432, 129, 941, 1470, 0, 10),
(181, 71, 1, 'TABELA AÇOUGUE-2', 1920, 827, 253, 0, 3, 60),
(182, 72, 1, 'TABELA AÇOUGUE-1', 955, 923, 157, 10, 3, 20),
(183, 72, 1, 'TABELA AÇOUGUE-2', 938, 898, 157, 972, 3, 10),
(184, 72, 1, 'TABELA AÇOUGUE-3', 1118, 127, 0, 328, 4, 5),
(185, 72, 1, 'TABELA AÇOUGUE BOVINOS-4', 410, 166, 0, 1495, 0, 10),
(198, 76, 1, 'TABELA AÇOUGUE-1', 1899, 923, 157, 10, 3, 20),
(199, 76, 1, 'TABELA AÇOUGUE-3', 1118, 127, 0, 328, 4, 5),
(200, 76, 1, 'TABELA AÇOUGUE BOVINOS-4', 410, 166, 0, 1495, 0, 10),
(331, 120, 1, 'Tabela - Açougue (Ofertas)-5', 1122, 799, 229, 70, 0, 95),
(332, 120, 1, 'Tabela - Açougue (Ofertas)-6', 621, 741, 272, 1237, 0, 10),
(333, 120, 1, 'TABELA - Açougue ÍTENS e OFERTAS-4', 1438, 168, 0, 86, 0, 115),
(334, 121, 1, 'Tabela - Açougue (Ofertas)-5', 1122, 799, 229, 70, 0, 160),
(335, 121, 1, 'Tabela - Açougue (Ofertas)-6', 621, 741, 272, 1237, 0, 70),
(336, 121, 1, 'TABELA - Açougue ÍTENS e OFERTAS-4', 1438, 168, 0, 86, 0, 160),
(356, 126, 5, 'Tabela - Açougue (Ofertas)-5', 563, 58, 151, 43, 0, 5),
(357, 126, 5, 'Tabela - Açougue (Ofertas)-6', 564, 859, 212, 44, 0, 10),
(358, 126, 5, 'TABELA - Açougue ÍTENS e OFERTAS-4', 860, 136, 10, 489, 0, 10),
(369, 129, 1, 'Tabela - Açougue (Ofertas)-5', 564, 859, 221, 40, 0, 140),
(370, 129, 1, 'SUPER REDE VDG-3', 609, 859, 221, 632, 0, 40),
(371, 129, 1, 'SUPER REDE VDG-5', 609, 58, 154, 631, 0, 5),
(372, 129, 1, 'SUPER REDE VDG-6', 626, 56, 154, 1261, 0, 0),
(373, 129, 1, 'SUPER REDE VDG-7', 860, 136, 4, 489, 0, 10),
(374, 129, 1, 'SUPER REDE VDG-7', 558, 60, 151, 41, 0, 40),
(375, 129, 1, 'SUPER REDE VDG-7', 622, 859, 223, 1264, 0, 40),
(376, 130, 1, 'Tabela - Açougue (Ofertas)-5', 564, 859, 212, 42, 0, 10),
(377, 130, 1, 'SUPER REDE VDG-3', 626, 300, 210, 1258, 0, 40),
(378, 130, 1, 'SUPER REDE VDG-5', 607, 58, 150, 629, 0, 5),
(379, 130, 1, 'SUPER REDE VDG-6', 626, 56, 151, 1258, 0, 5),
(380, 130, 1, 'SUPER REDE VDG-7', 860, 136, 4, 489, 0, 10),
(381, 130, 1, 'SUPER REDE VDG-7', 563, 58, 151, 43, 0, 40),
(382, 130, 1, 'SUPER REDE VDG-7', 607, 859, 212, 630, 0, 50),
(383, 130, 1, 'SUPER REDE VDG-8', 624, 58, 512, 1259, 0, 5),
(385, 126, 5, 'TABELA DIGITAL MERCADO-4', 607, 58, 151, 629, 0, 5),
(386, 126, 5, 'TABELA DIGITAL MERCADO-5', 626, 58, 151, 1258, 0, 5),
(387, 126, 5, 'TABELA DIGITAL MERCADO-6', 607, 859, 212, 628, 0, 10),
(388, 126, 5, 'TABELA DIGITAL MERCADO-7', 626, 300, 212, 1258, 0, 10),
(389, 126, 5, 'TABELA DIGITAL MERCADO-8', 626, 58, 516, 1258, 0, 5),
(390, 126, 5, 'TABELA DIGITAL MERCADO-9', 626, 490, 578, 1258, 0, 10),
(483, 141, 1, 'Tabela - Açougue (Ofertas)-5', 563, 58, 151, 43, 0, 0),
(484, 141, 1, 'Tabela - Açougue (Ofertas)-6', 564, 859, 212, 44, 0, 0),
(485, 141, 1, 'TABELA - Açougue ÍTENS e OFERTAS-4', 860, 136, 10, 489, 0, 0),
(486, 141, 1, 'TABELA DIGITAL MERCADO-4', 607, 58, 151, 629, 0, 0),
(487, 141, 1, 'TABELA DIGITAL MERCADO-5', 626, 58, 151, 1258, 0, 0),
(488, 141, 1, 'TABELA DIGITAL MERCADO-6', 607, 859, 212, 628, 0, 0),
(489, 141, 1, 'TABELA DIGITAL MERCADO-7', 626, 300, 212, 1258, 0, 0),
(490, 141, 1, 'TABELA DIGITAL MERCADO-8', 626, 58, 516, 1258, 0, 0),
(491, 141, 1, 'TABELA DIGITAL MERCADO-9', 626, 490, 578, 1258, 0, 0),
(492, 142, 5, 'Tabela - Açougue (Ofertas)-5', 563, 58, 151, 43, 0, 5),
(493, 142, 5, 'Tabela - Açougue (Ofertas)-6', 564, 859, 212, 44, 0, 10),
(494, 142, 5, 'TABELA - Açougue ÍTENS e OFERTAS-4', 860, 136, 10, 489, 0, 10),
(495, 142, 5, 'TABELA DIGITAL MERCADO-4', 607, 58, 151, 629, 0, 5),
(496, 142, 5, 'TABELA DIGITAL MERCADO-5', 626, 58, 151, 1258, 0, 5),
(497, 142, 5, 'TABELA DIGITAL MERCADO-6', 607, 859, 212, 628, 0, 10),
(498, 142, 5, 'TABELA DIGITAL MERCADO-7', 626, 300, 212, 1258, 0, 10),
(499, 142, 5, 'TABELA DIGITAL MERCADO-8', 626, 58, 516, 1258, 0, 5),
(500, 142, 5, 'TABELA DIGITAL MERCADO-9', 626, 490, 578, 1258, 0, 10),
(501, 143, 1, 'Tabela - Açougue (Ofertas)-5', 563, 58, 151, 43, 0, 300),
(502, 143, 1, 'Tabela - Açougue (Ofertas)-6', 564, 859, 212, 44, 0, 300),
(503, 143, 1, 'TABELA - Açougue ÍTENS e OFERTAS-4', 860, 143, 4, 489, 0, 10),
(504, 143, 1, 'TABELA DIGITAL MERCADO-4', 607, 58, 151, 629, 0, 5),
(505, 143, 1, 'TABELA DIGITAL MERCADO-5', 626, 58, 151, 1258, 0, 5),
(506, 143, 1, 'TABELA DIGITAL MERCADO-6', 607, 859, 212, 628, 0, 10),
(507, 143, 1, 'TABELA DIGITAL MERCADO-7', 626, 300, 212, 1258, 0, 10),
(508, 143, 1, 'TABELA DIGITAL MERCADO-8', 626, 58, 516, 1258, 0, 5),
(509, 143, 1, 'TABELA DIGITAL MERCADO-9', 626, 490, 578, 1258, 0, 10),
(510, 144, 1, 'Tabela - Açougue (Ofertas)-5', 563, 58, 151, 43, 0, 300),
(511, 144, 1, 'Tabela - Açougue (Ofertas)-6', 564, 859, 212, 44, 0, 300),
(512, 144, 1, 'TABELA - Açougue ÍTENS e OFERTAS-4', 860, 143, 4, 489, 0, 10),
(513, 144, 1, 'TABELA DIGITAL MERCADO-4', 607, 58, 151, 629, 0, 5),
(514, 144, 1, 'TABELA DIGITAL MERCADO-5', 626, 58, 151, 1258, 0, 5),
(515, 144, 1, 'TABELA DIGITAL MERCADO-6', 607, 859, 212, 628, 0, 10),
(516, 144, 1, 'TABELA DIGITAL MERCADO-7', 626, 300, 212, 1258, 0, 10),
(517, 144, 1, 'TABELA DIGITAL MERCADO-8', 626, 58, 516, 1258, 0, 5),
(518, 144, 1, 'TABELA DIGITAL MERCADO-9', 626, 490, 578, 1258, 0, 10),
(537, 147, 1, 'Tabela - Açougue (Ofertas)-5', 1122, 799, 229, 70, 0, 0),
(538, 147, 1, 'Tabela - Açougue (Ofertas)-6', 621, 741, 272, 1237, 0, 0),
(539, 147, 1, 'TABELA - Açougue ÍTENS e OFERTAS-4', 1438, 168, 0, 86, 0, 0),
(587, 153, 1, 'Tabela - Açougue (Ofertas)-5', 563, 58, 151, 43, 0, 90),
(588, 153, 1, 'Tabela - Açougue (Ofertas)-6', 564, 859, 212, 44, 0, 90),
(589, 153, 1, 'TABELA - Açougue ÍTENS e OFERTAS-4', 860, 143, 4, 489, 0, 90),
(590, 153, 1, 'TABELA DIGITAL MERCADO-4', 607, 58, 151, 629, 0, 90),
(591, 153, 1, 'TABELA DIGITAL MERCADO-5', 626, 58, 151, 1258, 0, 90),
(592, 153, 1, 'TABELA DIGITAL MERCADO-6', 607, 859, 212, 628, 0, 90),
(593, 153, 1, 'TABELA DIGITAL MERCADO-7', 626, 300, 212, 1258, 0, 90),
(594, 153, 1, 'TABELA DIGITAL MERCADO-8', 626, 58, 516, 1258, 0, 90),
(595, 153, 1, 'TABELA DIGITAL MERCADO-9', 626, 490, 578, 1258, 0, 90),
(601, 159, 1, '1', 1920, 1080, 0, 0, 0, 5),
(602, 160, 1, '1', 1920, 1080, 0, 0, 0, 5),
(606, 164, 1, '1', 1920, 1080, 0, 0, 0, 5),
(607, 165, 1, '1', 1920, 1080, 0, 0, 0, 5),
(608, 166, 1, '1', 1920, 1080, 0, 0, 0, 5),
(610, 168, 1, '1', 1920, 1080, 0, 0, 0, 14),
(622, 172, 1, 'teste-1', 1920, 1080, 0, 0, 0, 0),
(623, 173, 1, 'teste-1', 1920, 1080, 0, 0, 0, 0),
(863, 198, 1, 'Tabela - Açougue (Ofertas)-5', 563, 58, 151, 43, 0, 90),
(864, 198, 1, 'Tabela - Açougue (Ofertas)-6', 561, 859, 212, 42, 0, 90),
(865, 198, 1, 'TABELA - Açougue ÍTENS e OFERTAS-4', 860, 143, 4, 489, 0, 90),
(866, 198, 1, 'TABELA DIGITAL MERCADO-4', 607, 58, 151, 629, 0, 90),
(867, 198, 1, 'TABELA DIGITAL MERCADO-5', 626, 58, 151, 1258, 0, 90),
(868, 198, 1, 'TABELA DIGITAL MERCADO-6', 608, 363, 212, 628, 0, 90),
(869, 198, 1, 'TABELA DIGITAL MERCADO-7', 626, 300, 212, 1258, 0, 90),
(870, 198, 1, 'TABELA DIGITAL MERCADO-8', 626, 58, 516, 1258, 0, 90),
(871, 198, 1, 'TABELA DIGITAL MERCADO-9', 626, 490, 578, 1258, 0, 90),
(872, 198, 1, 'AR MIDIA TECH-10', 625, 143, 5, 1256, 0, 90),
(873, 198, 1, 'AÇOUGUE SUPER REDE VIDIGAL-11', 607, 58, 580, 629, 0, 90),
(874, 198, 1, 'AÇOUGUE SUPER REDE VIDIGAL-12', 607, 417, 642, 629, 0, 90),
(937, 208, 1, 'Tabela - Açougue (Ofertas)-5', 563, 58, 151, 43, 0, 180),
(938, 208, 1, 'Tabela - Açougue (Ofertas)-6', 561, 859, 212, 42, 0, 180),
(939, 208, 1, 'TABELA - Açougue ÍTENS e OFERTAS-4', 860, 143, 4, 489, 0, 180),
(940, 208, 1, 'TABELA DIGITAL MERCADO-4', 607, 58, 151, 629, 0, 180),
(941, 208, 1, 'TABELA DIGITAL MERCADO-5', 626, 58, 151, 1258, 0, 180),
(942, 208, 1, 'TABELA DIGITAL MERCADO-6', 608, 451, 212, 628, 0, 180),
(943, 208, 1, 'TABELA DIGITAL MERCADO-7', 626, 341, 212, 1258, 0, 180),
(944, 208, 1, 'TABELA DIGITAL MERCADO-8', 626, 58, 554, 1258, 0, 180),
(945, 208, 1, 'TABELA DIGITAL MERCADO-9', 626, 452, 620, 1258, 0, 180),
(946, 208, 1, 'AR MIDIA TECH-10', 625, 143, 5, 1256, 0, 180),
(947, 208, 1, 'AÇOUGUE SUPER REDE VIDIGAL-11', 608, 58, 668, 628, 0, 180),
(948, 208, 1, 'AÇOUGUE SUPER REDE VIDIGAL-12', 608, 337, 734, 628, 0, 180),
(949, 209, 1, 'Tabela - Açougue (Ofertas)-5', 608, 58, 151, 640, 0, 300),
(950, 209, 1, 'Tabela - Açougue (Ofertas)-6', 608, 859, 212, 640, 0, 300),
(951, 209, 1, 'TABELA - Açougue ÍTENS e OFERTAS-4', 860, 143, 7, 520, 0, 300),
(952, 209, 1, 'TABELA DIGITAL MERCADO-4', 611, 58, 151, 1260, 0, 300),
(953, 209, 1, 'TABELA DIGITAL MERCADO-6', 608, 859, 212, 1260, 0, 300),
(954, 209, 1, 'AR MIDIA TECH-10', 610, 143, 5, 1260, 0, 300),
(955, 209, 1, 'LATICINIO SUPER REDE VIDIGAL-7', 1072, 930, 150, 0, 0, 300),
(984, 220, 1, 'ANUNCIO SUPER REDE 26 A 28/03-1', 1920, 1080, 0, 0, 0, 0),
(985, 221, 1, 'ANUNCIO SUPER REDE 26 A 28/03-1', 1920, 1080, 0, 0, 0, 0),
(1017, 232, 1, 'PAINEL EXTERNO SUPER REDE VIDIGAL-1', 1920, 1080, 0, 0, 0, 129),
(1022, 237, 1, 'logo horizonte do mar-1', 1920, 1080, 0, 0, 0, 10),
(1027, 242, 1, '1', 1920, 1080, 0, 0, 0, 5),
(1028, 243, 1, '1', 1920, 1080, 0, 0, 0, 14),
(1030, 245, 1, 'AR MIDIA TECH-1', 1920, 1080, 0, 0, 0, 90),
(1072, 251, 1, 'Tabela - Açougue (Ofertas)-5', 746, 58, 151, 422, 0, 200),
(1073, 251, 1, 'Tabela - Açougue (Ofertas)-6', 746, 218, 212, 422, 0, 200),
(1074, 251, 1, 'TABELA - Açougue ÍTENS e OFERTAS-4', 860, 143, 7, 438, 0, 200),
(1075, 251, 1, 'TABELA DIGITAL MERCADO-4', 746, 60, 151, 1170, 0, 200),
(1076, 251, 1, 'TABELA DIGITAL MERCADO-6', 746, 868, 212, 1170, 0, 200),
(1077, 251, 1, 'LATICINIO SUPER REDE VIDIGAL-7', 898, 931, 149, 0, 0, 200),
(1078, 251, 1, 'FREZZE SUPER REDE VIDIGAL -8', 746, 58, 431, 422, 0, 200),
(1079, 251, 1, 'FREZZE SUPER REDE VIDIGAL -9', 746, 153, 489, 422, 0, 200),
(1080, 251, 1, 'FREZZE SUPER REDE VIDIGAL -10', 746, 385, 696, 422, 0, 200),
(1081, 251, 1, 'FREZZE SUPER REDE VIDIGAL -11', 746, 58, 639, 422, 0, 200),
(1082, 252, 1, 'Tabela - Açougue (Ofertas)-5', 1122, 799, 229, 70, 0, 160),
(1083, 252, 1, 'Tabela - Açougue (Ofertas)-6', 621, 741, 272, 1237, 0, 70),
(1084, 252, 1, 'TABELA - Açougue ÍTENS e OFERTAS-4', 1438, 168, 0, 86, 0, 160),
(1085, 253, 1, '1', 1280, 720, 0, 0, 0, 5),
(1088, 256, 1, 'PRODUTOS ESPECIAIS-1', 1920, 1080, 0, 0, 0, 4),
(1089, 256, 1, 'PRODUTOS ESPECIAIS com OFERTAS-2', 749, 250, 717, 1116, 0, 5),
(1091, 255, 1, 'TV SUPERREDE VDG-2', 3840, 2160, 0, 0, 0, 30),
(1092, 257, 1, 'PREVISÃO DO TEMPO-1', 1920, 1080, 0, 0, 0, 15),
(1093, 258, 1, 'PREVISÃO DO TEMPO-1', 1920, 1080, 0, 0, 0, 0),
(1108, 267, 1, 'AR-1', 1920, 1080, 0, 0, 0, 30),
(1123, 281, 1, '1', 1920, 1080, 0, 0, 0, 92),
(1147, 305, 1, '1', 1920, 1080, 0, 0, 0, 5),
(1149, 307, 1, '1', 1920, 1080, 0, 0, 0, 5),
(1185, 343, 5, 'TESTE-1', 1920, 1080, 0, 0, 0, 14),
(1201, 359, 1, 'Tabela - Açougue (Ofertas)-5', 563, 58, 151, 43, 0, 0),
(1202, 359, 1, 'Tabela - Açougue (Ofertas)-6', 561, 859, 212, 42, 0, 0),
(1203, 359, 1, 'TABELA - Açougue ÍTENS e OFERTAS-4', 860, 143, 4, 489, 0, 0),
(1204, 359, 1, 'TABELA DIGITAL MERCADO-4', 607, 58, 151, 629, 0, 0),
(1205, 359, 1, 'TABELA DIGITAL MERCADO-5', 626, 58, 151, 1258, 0, 0),
(1206, 359, 1, 'TABELA DIGITAL MERCADO-6', 608, 451, 212, 628, 0, 0),
(1207, 359, 1, 'TABELA DIGITAL MERCADO-7', 626, 341, 212, 1258, 0, 0),
(1208, 359, 1, 'TABELA DIGITAL MERCADO-8', 626, 58, 554, 1258, 0, 0),
(1209, 359, 1, 'TABELA DIGITAL MERCADO-9', 626, 452, 620, 1258, 0, 0),
(1210, 359, 1, 'AR MIDIA TECH-10', 625, 143, 5, 1256, 0, 0),
(1211, 359, 1, 'AÇOUGUE SUPER REDE VIDIGAL-11', 608, 58, 668, 628, 0, 0),
(1212, 359, 1, 'AÇOUGUE SUPER REDE VIDIGAL-12', 608, 337, 734, 628, 0, 0),
(1214, 361, 4, 'MONITOR FRENTE DE LOJA LOJA-1', 1920, 1080, 0, 0, 0, 253);

-- --------------------------------------------------------

--
-- Estrutura para tabela `regionoption`
--

CREATE TABLE `regionoption` (
  `regionId` int(11) NOT NULL,
  `option` varchar(50) NOT NULL,
  `value` text
) ENGINE=InnoDB DEFAULT CHARSET=utf8;

--
-- Despejando dados para a tabela `regionoption`
--

INSERT INTO `regionoption` (`regionId`, `option`, `value`) VALUES
(182, 'loop', '0'),
(182, 'transitionDirection', 'N'),
(182, 'transitionDuration', NULL),
(182, 'transitionType', NULL),
(198, 'loop', '0'),
(198, 'transitionDirection', 'N'),
(198, 'transitionDuration', NULL),
(198, 'transitionType', NULL),
(331, 'loop', '0'),
(331, 'transitionDirection', 'N'),
(331, 'transitionDuration', NULL),
(331, 'transitionType', NULL),
(332, 'loop', '0'),
(332, 'transitionDirection', 'N'),
(332, 'transitionDuration', NULL),
(332, 'transitionType', NULL),
(333, 'loop', '0'),
(333, 'transitionDirection', 'N'),
(333, 'transitionDuration', NULL),
(333, 'transitionType', NULL),
(334, 'loop', '0'),
(334, 'transitionDirection', 'N'),
(334, 'transitionDuration', NULL),
(334, 'transitionType', NULL),
(335, 'loop', '0'),
(335, 'transitionDirection', 'N'),
(335, 'transitionDuration', NULL),
(335, 'transitionType', NULL),
(336, 'loop', '0'),
(336, 'transitionDirection', 'N'),
(336, 'transitionDuration', NULL),
(336, 'transitionType', NULL),
(356, 'loop', '0'),
(356, 'transitionDirection', 'N'),
(356, 'transitionDuration', NULL),
(356, 'transitionType', NULL),
(357, 'loop', '0'),
(357, 'transitionDirection', 'N'),
(357, 'transitionDuration', NULL),
(357, 'transitionType', NULL),
(358, 'loop', '0'),
(358, 'transitionDirection', 'N'),
(358, 'transitionDuration', NULL),
(358, 'transitionType', NULL),
(369, 'loop', '0'),
(369, 'transitionDirection', 'N'),
(369, 'transitionDuration', NULL),
(369, 'transitionType', NULL),
(370, 'loop', '0'),
(370, 'transitionDirection', 'N'),
(370, 'transitionDuration', NULL),
(370, 'transitionType', NULL),
(371, 'loop', '0'),
(371, 'transitionDirection', 'N'),
(371, 'transitionDuration', NULL),
(371, 'transitionType', NULL),
(372, 'loop', '0'),
(372, 'transitionDirection', 'N'),
(372, 'transitionDuration', NULL),
(372, 'transitionType', NULL),
(373, 'loop', '0'),
(373, 'transitionDirection', 'N'),
(373, 'transitionDuration', NULL),
(373, 'transitionType', NULL),
(374, 'loop', '0'),
(374, 'transitionDirection', 'N'),
(374, 'transitionDuration', NULL),
(374, 'transitionType', NULL),
(375, 'loop', '0'),
(375, 'transitionDirection', 'N'),
(375, 'transitionDuration', NULL),
(375, 'transitionType', NULL),
(376, 'loop', '0'),
(376, 'transitionDirection', 'N'),
(376, 'transitionDuration', NULL),
(376, 'transitionType', NULL),
(377, 'loop', '0'),
(377, 'transitionDirection', 'N'),
(377, 'transitionDuration', NULL),
(377, 'transitionType', NULL),
(378, 'loop', '0'),
(378, 'transitionDirection', 'N'),
(378, 'transitionDuration', NULL),
(378, 'transitionType', NULL),
(379, 'loop', '0'),
(379, 'transitionDirection', 'N'),
(379, 'transitionDuration', NULL),
(379, 'transitionType', NULL),
(380, 'loop', '0'),
(380, 'transitionDirection', 'N'),
(380, 'transitionDuration', NULL),
(380, 'transitionType', NULL),
(381, 'loop', '0'),
(381, 'transitionDirection', 'N'),
(381, 'transitionDuration', NULL),
(381, 'transitionType', NULL),
(382, 'loop', '0'),
(382, 'transitionDirection', 'N'),
(382, 'transitionDuration', NULL),
(382, 'transitionType', NULL),
(383, 'loop', '0'),
(383, 'transitionDirection', 'N'),
(383, 'transitionDuration', NULL),
(383, 'transitionType', NULL),
(385, 'loop', '0'),
(385, 'transitionDirection', 'N'),
(385, 'transitionDuration', NULL),
(385, 'transitionType', NULL),
(386, 'loop', '0'),
(386, 'transitionDirection', 'N'),
(386, 'transitionDuration', NULL),
(386, 'transitionType', NULL),
(387, 'loop', '0'),
(387, 'transitionDirection', 'N'),
(387, 'transitionDuration', NULL),
(387, 'transitionType', NULL),
(388, 'loop', '0'),
(388, 'transitionDirection', 'N'),
(388, 'transitionDuration', NULL),
(388, 'transitionType', NULL),
(389, 'loop', '0'),
(389, 'transitionDirection', 'N'),
(389, 'transitionDuration', NULL),
(389, 'transitionType', NULL),
(390, 'loop', '0'),
(390, 'transitionDirection', 'N'),
(390, 'transitionDuration', NULL),
(390, 'transitionType', NULL),
(483, 'loop', '0'),
(483, 'transitionDirection', 'N'),
(483, 'transitionDuration', NULL),
(483, 'transitionType', NULL),
(484, 'loop', '0'),
(484, 'transitionDirection', 'N'),
(484, 'transitionDuration', NULL),
(484, 'transitionType', NULL),
(485, 'loop', '0'),
(485, 'transitionDirection', 'N'),
(485, 'transitionDuration', NULL),
(485, 'transitionType', NULL),
(486, 'loop', '0'),
(486, 'transitionDirection', 'N'),
(486, 'transitionDuration', NULL),
(486, 'transitionType', NULL),
(487, 'loop', '0'),
(487, 'transitionDirection', 'N'),
(487, 'transitionDuration', NULL),
(487, 'transitionType', NULL),
(488, 'loop', '0'),
(488, 'transitionDirection', 'N'),
(488, 'transitionDuration', NULL),
(488, 'transitionType', NULL),
(489, 'loop', '0'),
(489, 'transitionDirection', 'N'),
(489, 'transitionDuration', NULL),
(489, 'transitionType', NULL),
(490, 'loop', '0'),
(490, 'transitionDirection', 'N'),
(490, 'transitionDuration', NULL),
(490, 'transitionType', NULL),
(491, 'loop', '0'),
(491, 'transitionDirection', 'N'),
(491, 'transitionDuration', NULL),
(491, 'transitionType', NULL),
(492, 'loop', '0'),
(492, 'transitionDirection', 'N'),
(492, 'transitionDuration', NULL),
(492, 'transitionType', NULL),
(493, 'loop', '0'),
(493, 'transitionDirection', 'N'),
(493, 'transitionDuration', NULL),
(493, 'transitionType', NULL),
(494, 'loop', '0'),
(494, 'transitionDirection', 'N'),
(494, 'transitionDuration', NULL),
(494, 'transitionType', NULL),
(495, 'loop', '0'),
(495, 'transitionDirection', 'N'),
(495, 'transitionDuration', NULL),
(495, 'transitionType', NULL),
(496, 'loop', '0'),
(496, 'transitionDirection', 'N'),
(496, 'transitionDuration', NULL),
(496, 'transitionType', NULL),
(497, 'loop', '0'),
(497, 'transitionDirection', 'N'),
(497, 'transitionDuration', NULL),
(497, 'transitionType', NULL),
(498, 'loop', '0'),
(498, 'transitionDirection', 'N'),
(498, 'transitionDuration', NULL),
(498, 'transitionType', NULL),
(499, 'loop', '0'),
(499, 'transitionDirection', 'N'),
(499, 'transitionDuration', NULL),
(499, 'transitionType', NULL),
(500, 'loop', '0'),
(500, 'transitionDirection', 'N'),
(500, 'transitionDuration', NULL),
(500, 'transitionType', NULL),
(501, 'loop', '0'),
(501, 'transitionDirection', 'N'),
(501, 'transitionDuration', NULL),
(501, 'transitionType', NULL),
(502, 'loop', '0'),
(502, 'transitionDirection', 'N'),
(502, 'transitionDuration', NULL),
(502, 'transitionType', NULL),
(503, 'loop', '0'),
(503, 'transitionDirection', 'N'),
(503, 'transitionDuration', NULL),
(503, 'transitionType', NULL),
(504, 'loop', '0'),
(504, 'transitionDirection', 'N'),
(504, 'transitionDuration', NULL),
(504, 'transitionType', NULL),
(505, 'loop', '0'),
(505, 'transitionDirection', 'N'),
(505, 'transitionDuration', NULL),
(505, 'transitionType', NULL),
(506, 'loop', '0'),
(506, 'transitionDirection', 'N'),
(506, 'transitionDuration', NULL),
(506, 'transitionType', NULL),
(507, 'loop', '0'),
(507, 'transitionDirection', 'N'),
(507, 'transitionDuration', NULL),
(507, 'transitionType', NULL),
(508, 'loop', '0'),
(508, 'transitionDirection', 'N'),
(508, 'transitionDuration', NULL),
(508, 'transitionType', NULL),
(509, 'loop', '0'),
(509, 'transitionDirection', 'N'),
(509, 'transitionDuration', NULL),
(509, 'transitionType', NULL),
(510, 'loop', '0'),
(510, 'transitionDirection', 'N'),
(510, 'transitionDuration', NULL),
(510, 'transitionType', NULL),
(511, 'loop', '0'),
(511, 'transitionDirection', 'N'),
(511, 'transitionDuration', NULL),
(511, 'transitionType', NULL),
(512, 'loop', '0'),
(512, 'transitionDirection', 'N'),
(512, 'transitionDuration', NULL),
(512, 'transitionType', NULL),
(513, 'loop', '0'),
(513, 'transitionDirection', 'N'),
(513, 'transitionDuration', NULL),
(513, 'transitionType', NULL),
(514, 'loop', '0'),
(514, 'transitionDirection', 'N'),
(514, 'transitionDuration', NULL),
(514, 'transitionType', NULL),
(515, 'loop', '0'),
(515, 'transitionDirection', 'N'),
(515, 'transitionDuration', NULL),
(515, 'transitionType', NULL),
(516, 'loop', '0'),
(516, 'transitionDirection', 'N'),
(516, 'transitionDuration', NULL),
(516, 'transitionType', NULL),
(517, 'loop', '0'),
(517, 'transitionDirection', 'N'),
(517, 'transitionDuration', NULL),
(517, 'transitionType', NULL),
(518, 'loop', '0'),
(518, 'transitionDirection', 'N'),
(518, 'transitionDuration', NULL),
(518, 'transitionType', NULL),
(537, 'loop', '0'),
(537, 'transitionDirection', 'N'),
(537, 'transitionDuration', NULL),
(537, 'transitionType', NULL),
(538, 'loop', '0'),
(538, 'transitionDirection', 'N'),
(538, 'transitionDuration', NULL),
(538, 'transitionType', NULL),
(539, 'loop', '0'),
(539, 'transitionDirection', 'N'),
(539, 'transitionDuration', NULL),
(539, 'transitionType', NULL),
(587, 'loop', '0'),
(587, 'transitionDirection', 'N'),
(587, 'transitionDuration', NULL),
(587, 'transitionType', NULL),
(588, 'loop', '0'),
(588, 'transitionDirection', 'N'),
(588, 'transitionDuration', NULL),
(588, 'transitionType', NULL),
(589, 'loop', '0'),
(589, 'transitionDirection', 'N'),
(589, 'transitionDuration', NULL),
(589, 'transitionType', NULL),
(590, 'loop', '0'),
(590, 'transitionDirection', 'N'),
(590, 'transitionDuration', NULL),
(590, 'transitionType', NULL),
(591, 'loop', '0'),
(591, 'transitionDirection', 'N'),
(591, 'transitionDuration', NULL),
(591, 'transitionType', NULL),
(592, 'loop', '0'),
(592, 'transitionDirection', 'N'),
(592, 'transitionDuration', NULL),
(592, 'transitionType', NULL),
(593, 'loop', '0'),
(593, 'transitionDirection', 'N'),
(593, 'transitionDuration', NULL),
(593, 'transitionType', NULL),
(594, 'loop', '0'),
(594, 'transitionDirection', 'N'),
(594, 'transitionDuration', NULL),
(594, 'transitionType', NULL),
(595, 'loop', '0'),
(595, 'transitionDirection', 'N'),
(595, 'transitionDuration', NULL),
(595, 'transitionType', NULL),
(863, 'loop', '0'),
(863, 'transitionDirection', 'N'),
(863, 'transitionDuration', NULL),
(863, 'transitionType', NULL),
(864, 'loop', '0'),
(864, 'transitionDirection', 'N'),
(864, 'transitionDuration', NULL),
(864, 'transitionType', NULL),
(865, 'loop', '0'),
(865, 'transitionDirection', 'N'),
(865, 'transitionDuration', NULL),
(865, 'transitionType', NULL),
(866, 'loop', '0'),
(866, 'transitionDirection', 'N'),
(866, 'transitionDuration', NULL),
(866, 'transitionType', NULL),
(867, 'loop', '0'),
(867, 'transitionDirection', 'N'),
(867, 'transitionDuration', NULL),
(867, 'transitionType', NULL),
(868, 'loop', '0'),
(868, 'transitionDirection', 'N'),
(868, 'transitionDuration', NULL),
(868, 'transitionType', NULL),
(869, 'loop', '0'),
(869, 'transitionDirection', 'N'),
(869, 'transitionDuration', NULL),
(869, 'transitionType', NULL),
(870, 'loop', '0'),
(870, 'transitionDirection', 'N'),
(870, 'transitionDuration', NULL),
(870, 'transitionType', NULL),
(871, 'loop', '0'),
(871, 'transitionDirection', 'N'),
(871, 'transitionDuration', NULL),
(871, 'transitionType', NULL),
(872, 'loop', '0'),
(872, 'transitionDirection', 'N'),
(872, 'transitionDuration', NULL),
(872, 'transitionType', NULL),
(873, 'loop', '0'),
(873, 'transitionDirection', 'N'),
(873, 'transitionDuration', NULL),
(873, 'transitionType', NULL),
(874, 'loop', '0'),
(874, 'transitionDirection', 'N'),
(874, 'transitionDuration', NULL),
(874, 'transitionType', NULL),
(937, 'loop', '0'),
(937, 'transitionDirection', 'N'),
(937, 'transitionDuration', NULL),
(937, 'transitionType', NULL),
(938, 'loop', '0'),
(938, 'transitionDirection', 'N'),
(938, 'transitionDuration', NULL),
(938, 'transitionType', NULL),
(939, 'loop', '0'),
(939, 'transitionDirection', 'N'),
(939, 'transitionDuration', NULL),
(939, 'transitionType', NULL),
(940, 'loop', '0'),
(940, 'transitionDirection', 'N'),
(940, 'transitionDuration', NULL),
(940, 'transitionType', NULL),
(941, 'loop', '0'),
(941, 'transitionDirection', 'N'),
(941, 'transitionDuration', NULL),
(941, 'transitionType', NULL),
(942, 'loop', '0'),
(942, 'transitionDirection', 'N'),
(942, 'transitionDuration', NULL),
(942, 'transitionType', NULL),
(943, 'loop', '0'),
(943, 'transitionDirection', 'N'),
(943, 'transitionDuration', NULL),
(943, 'transitionType', NULL),
(944, 'loop', '0'),
(944, 'transitionDirection', 'N'),
(944, 'transitionDuration', NULL),
(944, 'transitionType', NULL),
(945, 'loop', '0'),
(945, 'transitionDirection', 'N'),
(945, 'transitionDuration', NULL),
(945, 'transitionType', NULL),
(946, 'loop', '0'),
(946, 'transitionDirection', 'N'),
(946, 'transitionDuration', NULL),
(946, 'transitionType', NULL),
(947, 'loop', '0'),
(947, 'transitionDirection', 'N'),
(947, 'transitionDuration', NULL),
(947, 'transitionType', NULL),
(948, 'loop', '0'),
(948, 'transitionDirection', 'N'),
(948, 'transitionDuration', NULL),
(948, 'transitionType', NULL),
(949, 'loop', '0'),
(949, 'transitionDirection', 'N'),
(949, 'transitionDuration', NULL),
(949, 'transitionType', NULL),
(950, 'loop', '0'),
(950, 'transitionDirection', 'N'),
(950, 'transitionDuration', NULL),
(950, 'transitionType', NULL),
(951, 'loop', '0'),
(951, 'transitionDirection', 'N'),
(951, 'transitionDuration', NULL),
(951, 'transitionType', NULL),
(952, 'loop', '0'),
(952, 'transitionDirection', 'N'),
(952, 'transitionDuration', NULL),
(952, 'transitionType', NULL),
(953, 'loop', '0'),
(953, 'transitionDirection', 'N'),
(953, 'transitionDuration', NULL),
(953, 'transitionType', NULL),
(954, 'loop', '0'),
(954, 'transitionDirection', 'N'),
(954, 'transitionDuration', NULL),
(954, 'transitionType', NULL),
(955, 'loop', '0'),
(955, 'transitionDirection', 'N'),
(955, 'transitionDuration', NULL),
(955, 'transitionType', NULL),
(1017, 'loop', '0'),
(1017, 'transitionDirection', 'N'),
(1017, 'transitionDuration', NULL),
(1017, 'transitionType', NULL),
(1072, 'loop', '0'),
(1072, 'transitionDirection', 'N'),
(1072, 'transitionDuration', NULL),
(1072, 'transitionType', NULL),
(1073, 'loop', '0'),
(1073, 'transitionDirection', 'N'),
(1073, 'transitionDuration', NULL),
(1073, 'transitionType', NULL),
(1074, 'loop', '0'),
(1074, 'transitionDirection', 'N'),
(1074, 'transitionDuration', NULL),
(1074, 'transitionType', NULL),
(1075, 'loop', '0'),
(1075, 'transitionDirection', 'N'),
(1075, 'transitionDuration', NULL),
(1075, 'transitionType', NULL),
(1076, 'loop', '0'),
(1076, 'transitionDirection', 'N'),
(1076, 'transitionDuration', NULL),
(1076, 'transitionType', NULL),
(1077, 'loop', '0'),
(1077, 'transitionDirection', 'N'),
(1077, 'transitionDuration', NULL),
(1077, 'transitionType', NULL),
(1078, 'loop', '0'),
(1078, 'transitionDirection', 'N'),
(1078, 'transitionDuration', NULL),
(1078, 'transitionType', NULL),
(1079, 'loop', '0'),
(1079, 'transitionDirection', 'N'),
(1079, 'transitionDuration', NULL),
(1079, 'transitionType', NULL),
(1080, 'loop', '0'),
(1080, 'transitionDirection', 'N'),
(1080, 'transitionDuration', NULL),
(1080, 'transitionType', NULL),
(1081, 'loop', '0'),
(1081, 'transitionDirection', 'N'),
(1081, 'transitionDuration', NULL),
(1081, 'transitionType', NULL),
(1082, 'loop', '0'),
(1082, 'transitionDirection', 'N'),
(1082, 'transitionDuration', NULL),
(1082, 'transitionType', NULL),
(1083, 'loop', '0'),
(1083, 'transitionDirection', 'N'),
(1083, 'transitionDuration', NULL),
(1083, 'transitionType', NULL),
(1084, 'loop', '0'),
(1084, 'transitionDirection', 'N'),
(1084, 'transitionDuration', NULL),
(1084, 'transitionType', NULL),
(1091, 'loop', '0'),
(1091, 'transitionDirection', 'N'),
(1091, 'transitionDuration', NULL),
(1091, 'transitionType', NULL),
(1108, 'loop', '1'),
(1108, 'transitionDirection', 'N'),
(1108, 'transitionDuration', NULL),
(1108, 'transitionType', NULL),
(1201, 'loop', '0'),
(1201, 'transitionDirection', 'N'),
(1201, 'transitionDuration', NULL),
(1201, 'transitionType', NULL),
(1202, 'loop', '0'),
(1202, 'transitionDirection', 'N'),
(1202, 'transitionDuration', NULL),
(1202, 'transitionType', NULL),
(1203, 'loop', '0'),
(1203, 'transitionDirection', 'N'),
(1203, 'transitionDuration', NULL),
(1203, 'transitionType', NULL),
(1204, 'loop', '0'),
(1204, 'transitionDirection', 'N'),
(1204, 'transitionDuration', NULL),
(1204, 'transitionType', NULL),
(1205, 'loop', '0'),
(1205, 'transitionDirection', 'N'),
(1205, 'transitionDuration', NULL),
(1205, 'transitionType', NULL),
(1206, 'loop', '0'),
(1206, 'transitionDirection', 'N'),
(1206, 'transitionDuration', NULL),
(1206, 'transitionType', NULL),
(1207, 'loop', '0'),
(1207, 'transitionDirection', 'N'),
(1207, 'transitionDuration', NULL),
(1207, 'transitionType', NULL),
(1208, 'loop', '0'),
(1208, 'transitionDirection', 'N'),
(1208, 'transitionDuration', NULL),
(1208, 'transitionType', NULL),
(1209, 'loop', '0'),
(1209, 'transitionDirection', 'N'),
(1209, 'transitionDuration', NULL),
(1209, 'transitionType', NULL),
(1210, 'loop', '0'),
(1210, 'transitionDirection', 'N'),
(1210, 'transitionDuration', NULL),
(1210, 'transitionType', NULL),
(1211, 'loop', '0'),
(1211, 'transitionDirection', 'N'),
(1211, 'transitionDuration', NULL),
(1211, 'transitionType', NULL),
(1212, 'loop', '0'),
(1212, 'transitionDirection', 'N'),
(1212, 'transitionDuration', NULL),
(1212, 'transitionType', NULL),
(1214, 'loop', '0'),
(1214, 'transitionDirection', 'N'),
(1214, 'transitionDuration', NULL),
(1214, 'transitionType', 'fadeOut');

-- --------------------------------------------------------

--
-- Estrutura para tabela `reportschedule`
--

CREATE TABLE `reportschedule` (
  `reportScheduleId` int(11) NOT NULL,
  `name` varchar(255) NOT NULL,
  `reportName` varchar(255) NOT NULL,
  `filterCriteria` text,
  `schedule` varchar(255) NOT NULL,
  `lastSavedReportId` int(11) NOT NULL DEFAULT '0',
  `lastRunDt` int(11) NOT NULL DEFAULT '0',
  `previousRunDt` int(11) NOT NULL DEFAULT '0',
  `userId` int(11) NOT NULL,
  `isActive` int(11) NOT NULL DEFAULT '1',
  `createdDt` int(11) NOT NULL,
  `message` varchar(255) DEFAULT NULL
) ENGINE=InnoDB DEFAULT CHARSET=utf8;

-- --------------------------------------------------------

--
-- Estrutura para tabela `requiredfile`
--

CREATE TABLE `requiredfile` (
  `rfId` int(11) NOT NULL,
  `displayId` int(11) NOT NULL,
  `type` varchar(1) NOT NULL,
  `itemId` int(11) DEFAULT NULL,
  `bytesRequested` bigint(20) NOT NULL,
  `complete` tinyint(4) NOT NULL DEFAULT '0',
  `path` varchar(255) DEFAULT NULL,
  `size` bigint(20) NOT NULL DEFAULT '0',
  `released` tinyint(4) NOT NULL DEFAULT '1'
) ENGINE=InnoDB DEFAULT CHARSET=utf8;

--
-- Despejando dados para a tabela `requiredfile`
--

INSERT INTO `requiredfile` (`rfId`, `displayId`, `type`, `itemId`, `bytesRequested`, `complete`, `path`, `size`, `released`) VALUES
(901, 11, 'M', 5, 0, 1, 'Chart.min.js', 159638, 1),
(902, 11, 'M', 37, 0, 1, 'wi-night-partly-cloudy.jpg', 220168, 1),
(903, 11, 'M', 20, 0, 1, 'xibo-webpage-render.js', 4832, 1),
(904, 11, 'M', 3, 0, 1, 'xibo-layout-scaler.js', 3694, 1),
(905, 11, 'M', 35, 0, 1, 'wi-hail.jpg', 827270, 1),
(906, 11, 'M', 18, 0, 1, 'pdf.worker.js', 1337459, 1),
(907, 11, 'M', 1, 0, 1, 'jquery-1.11.1.min.js', 95785, 1),
(908, 11, 'M', 33, 0, 1, 'wi-day-sunny.jpg', 1445897, 1),
(909, 11, 'M', 16, 0, 1, '16.otf', 19684, 1),
(910, 11, 'M', 31, 0, 1, 'wi-cloudy.jpg', 379804, 1),
(911, 11, 'M', 14, 0, 1, '14.ttf', 116580, 1),
(912, 11, 'M', 29, 0, 1, 'weathericons-regular-webfont.woff', 40408, 1),
(913, 11, 'M', 12, 0, 1, '12.otf', 30060, 1),
(914, 11, 'M', 27, 0, 1, 'weathericons-regular-webfont.svg', 127706, 1),
(915, 11, 'M', 10, 0, 1, 'xibo-image-render.js', 2988, 1),
(916, 11, 'M', 25, 0, 1, 'weather-icons.min.css', 26633, 1),
(917, 11, 'M', 8, 0, 1, 'xibo-countdown-render.js', 6744, 1),
(918, 11, 'M', 40, 0, 1, 'wi-windy.jpg', 339716, 1),
(919, 11, 'M', 23, 0, 1, 'animate.css', 72259, 1),
(920, 11, 'M', 6, 0, 1, 'jquery-cycle-2.1.6.min.js', 28876, 1),
(921, 11, 'M', 38, 0, 1, 'wi-rain.jpg', 655983, 1),
(922, 11, 'M', 21, 0, 1, 'bootstrap.min.css', 121200, 1),
(923, 11, 'M', 4, 0, 1, 'xibo-text-render.js', 12150, 1),
(924, 11, 'M', 36, 0, 1, 'wi-night-clear.jpg', 738913, 1),
(925, 11, 'M', 19, 0, 1, 'compatibility.js', 18126, 1),
(926, 11, 'M', 2, 0, 1, 'moment.js', 160251, 1),
(927, 11, 'M', 34, 0, 1, 'wi-fog.jpg', 597609, 1),
(928, 11, 'M', 17, 0, 1, 'pdf.js', 333388, 1),
(929, 11, 'M', 32, 0, 1, 'wi-day-cloudy.jpg', 2628732, 1),
(930, 11, 'M', 15, 0, 1, '15.ttf', 45884, 1),
(931, 11, 'M', 30, 0, 1, 'weathericons-regular-webfont.woff2', 44720, 1),
(932, 11, 'M', 13, 0, 1, '13.otf', 27644, 1),
(933, 11, 'M', 28, 0, 1, 'weathericons-regular-webfont.ttf', 67016, 1),
(934, 11, 'M', 11, 0, 1, 'xibo-dataset-render.js', 1687, 1),
(935, 11, 'M', 26, 0, 1, 'weathericons-regular-webfont.eot', 35151, 1),
(936, 11, 'M', 9, 0, 1, 'jquery.marquee.min.js', 2248, 1),
(937, 11, 'M', 24, 0, 1, 'font-awesome.min.css', 23739, 1),
(938, 11, 'M', 7, 0, 1, 'flipclock.min.js', 21107, 1),
(939, 11, 'M', 39, 0, 1, 'wi-snow.jpg', 782263, 1),
(940, 11, 'M', 22, 0, 1, 'WeatherIcons-Regular.otf', 40668, 1),
(941, 11, 'M', 401, 0, 1, '401.png', 561310, 1),
(942, 11, 'M', 354, 0, 1, '354.png', 25927, 1),
(943, 11, 'M', 355, 0, 1, '355.jpg', 219610, 1),
(966, 12, 'M', 5, 0, 1, 'Chart.min.js', 159638, 1),
(967, 12, 'M', 37, 0, 1, 'wi-night-partly-cloudy.jpg', 220168, 1),
(968, 12, 'M', 20, 0, 1, 'xibo-webpage-render.js', 4832, 1),
(969, 12, 'M', 3, 0, 1, 'xibo-layout-scaler.js', 3694, 1),
(970, 12, 'M', 35, 0, 1, 'wi-hail.jpg', 827270, 1),
(971, 12, 'M', 18, 0, 1, 'pdf.worker.js', 1337459, 1),
(972, 12, 'M', 1, 0, 1, 'jquery-1.11.1.min.js', 95785, 1),
(973, 12, 'M', 33, 0, 1, 'wi-day-sunny.jpg', 1445897, 1),
(974, 12, 'M', 16, 0, 1, '16.otf', 19684, 1),
(975, 12, 'M', 31, 0, 1, 'wi-cloudy.jpg', 379804, 1),
(976, 12, 'M', 14, 0, 1, '14.ttf', 116580, 1),
(977, 12, 'M', 29, 0, 1, 'weathericons-regular-webfont.woff', 40408, 1),
(978, 12, 'M', 12, 0, 1, '12.otf', 30060, 1),
(979, 12, 'M', 27, 0, 1, 'weathericons-regular-webfont.svg', 127706, 1),
(980, 12, 'M', 10, 0, 1, 'xibo-image-render.js', 2988, 1),
(981, 12, 'M', 25, 0, 1, 'weather-icons.min.css', 26633, 1),
(982, 12, 'M', 8, 0, 1, 'xibo-countdown-render.js', 6744, 1),
(983, 12, 'M', 40, 0, 1, 'wi-windy.jpg', 339716, 1),
(984, 12, 'M', 23, 0, 1, 'animate.css', 72259, 1),
(985, 12, 'M', 6, 0, 1, 'jquery-cycle-2.1.6.min.js', 28876, 1),
(986, 12, 'M', 38, 0, 1, 'wi-rain.jpg', 655983, 1),
(987, 12, 'M', 21, 0, 1, 'bootstrap.min.css', 121200, 1),
(988, 12, 'M', 4, 0, 1, 'xibo-text-render.js', 12150, 1),
(989, 12, 'M', 36, 0, 1, 'wi-night-clear.jpg', 738913, 1),
(990, 12, 'M', 19, 0, 1, 'compatibility.js', 18126, 1),
(991, 12, 'M', 2, 0, 1, 'moment.js', 160251, 1),
(992, 12, 'M', 34, 0, 1, 'wi-fog.jpg', 597609, 1),
(993, 12, 'M', 17, 0, 1, 'pdf.js', 333388, 1),
(994, 12, 'M', 32, 0, 1, 'wi-day-cloudy.jpg', 2628732, 1),
(995, 12, 'M', 15, 0, 1, '15.ttf', 45884, 1),
(996, 12, 'M', 30, 0, 1, 'weathericons-regular-webfont.woff2', 44720, 1),
(997, 12, 'M', 13, 0, 1, '13.otf', 27644, 1),
(998, 12, 'M', 28, 0, 1, 'weathericons-regular-webfont.ttf', 67016, 1),
(999, 12, 'M', 11, 0, 1, 'xibo-dataset-render.js', 1687, 1),
(1000, 12, 'M', 26, 0, 1, 'weathericons-regular-webfont.eot', 35151, 1),
(1001, 12, 'M', 9, 0, 1, 'jquery.marquee.min.js', 2248, 1),
(1002, 12, 'M', 24, 0, 1, 'font-awesome.min.css', 23739, 1),
(1003, 12, 'M', 7, 0, 1, 'flipclock.min.js', 21107, 1),
(1004, 12, 'M', 39, 0, 1, 'wi-snow.jpg', 782263, 1),
(1005, 12, 'M', 22, 0, 1, 'WeatherIcons-Regular.otf', 40668, 1),
(1006, 12, 'M', 408, 0, 1, '408.png', 249923, 1),
(1007, 12, 'M', 409, 0, 1, '409.png', 343729, 1),
(1008, 12, 'M', 354, 0, 1, '354.png', 25927, 1),
(1009, 12, 'M', 406, 0, 1, '406.jpg', 275843, 1),
(1092, 11, 'L', 208, 0, 1, '208.xlf', 17853, 1),
(1093, 11, 'W', 1248, 0, 1, NULL, 0, 1),
(1094, 11, 'W', 1249, 19135, 1, NULL, 0, 1),
(1095, 11, 'W', 1251, 0, 1, NULL, 0, 1),
(1096, 11, 'W', 1252, 0, 1, NULL, 0, 1),
(1097, 11, 'W', 1253, 11106, 1, NULL, 0, 1),
(1098, 11, 'W', 1254, 8857, 1, NULL, 0, 1),
(1099, 11, 'W', 1255, 0, 1, NULL, 0, 1),
(1100, 11, 'W', 1256, 11103, 1, NULL, 0, 1),
(1101, 11, 'W', 1258, 0, 1, NULL, 0, 1),
(1102, 11, 'W', 1259, 8853, 1, NULL, 0, 1),
(1103, 12, 'L', 209, 0, 1, '209.xlf', 8620, 1),
(1104, 12, 'W', 1260, 0, 1, NULL, 0, 1),
(1105, 12, 'W', 1261, 18039, 1, NULL, 0, 1),
(1106, 12, 'W', 1263, 0, 1, NULL, 0, 1),
(1107, 12, 'W', 1264, 18062, 1, NULL, 0, 1),
(2465, 19, 'M', 11, 0, 0, 'xibo-dataset-render.js', 1687, 1),
(2466, 19, 'M', 26, 0, 1, 'weathericons-regular-webfont.eot', 35151, 1),
(2467, 19, 'M', 9, 0, 0, 'jquery.marquee.min.js', 2248, 1),
(2468, 19, 'M', 24, 0, 1, 'font-awesome.min.css', 23739, 1),
(2469, 19, 'M', 39, 0, 1, 'wi-snow.jpg', 782263, 1),
(2470, 19, 'M', 7, 0, 0, 'flipclock.min.js', 21107, 1),
(2471, 19, 'M', 22, 0, 1, 'WeatherIcons-Regular.otf', 40668, 1),
(2472, 19, 'M', 37, 0, 1, 'wi-night-partly-cloudy.jpg', 220168, 1),
(2473, 19, 'M', 5, 0, 0, 'Chart.min.js', 159638, 1),
(2474, 19, 'M', 20, 0, 0, 'xibo-webpage-render.js', 4832, 1),
(2475, 19, 'M', 35, 0, 1, 'wi-hail.jpg', 827270, 1),
(2476, 19, 'M', 3, 0, 0, 'xibo-layout-scaler.js', 3694, 1),
(2477, 19, 'M', 18, 0, 1, 'pdf.worker.js', 1337459, 1),
(2478, 19, 'M', 33, 0, 1, 'wi-day-sunny.jpg', 1445897, 1),
(2479, 19, 'M', 1, 0, 0, 'jquery-1.11.1.min.js', 95785, 1),
(2480, 19, 'M', 16, 0, 1, '16.otf', 19684, 1),
(2481, 19, 'M', 31, 0, 1, 'wi-cloudy.jpg', 379804, 1),
(2482, 19, 'M', 14, 0, 1, '14.ttf', 116580, 1),
(2483, 19, 'M', 29, 0, 1, 'weathericons-regular-webfont.woff', 40408, 1),
(2484, 19, 'M', 12, 0, 1, '12.otf', 30060, 1),
(2485, 19, 'M', 27, 0, 1, 'weathericons-regular-webfont.svg', 127706, 1),
(2486, 19, 'M', 10, 0, 0, 'xibo-image-render.js', 2988, 1),
(2487, 19, 'M', 25, 0, 1, 'weather-icons.min.css', 26633, 1),
(2488, 19, 'M', 40, 0, 1, 'wi-windy.jpg', 339716, 1),
(2489, 19, 'M', 8, 0, 0, 'xibo-countdown-render.js', 6744, 1),
(2490, 19, 'M', 23, 0, 1, 'animate.css', 72259, 1),
(2491, 19, 'M', 38, 0, 1, 'wi-rain.jpg', 655983, 1),
(2492, 19, 'M', 6, 0, 0, 'jquery-cycle-2.1.6.min.js', 28876, 1),
(2493, 19, 'M', 21, 0, 1, 'bootstrap.min.css', 121200, 1),
(2494, 19, 'M', 36, 0, 1, 'wi-night-clear.jpg', 738913, 1),
(2495, 19, 'M', 4, 0, 0, 'xibo-text-render.js', 12150, 1),
(2496, 19, 'M', 19, 0, 0, 'compatibility.js', 18126, 1),
(2497, 19, 'M', 34, 0, 1, 'wi-fog.jpg', 597609, 1),
(2498, 19, 'M', 2, 0, 0, 'moment.js', 160251, 1),
(2499, 19, 'M', 17, 0, 0, 'pdf.js', 333388, 1),
(2500, 19, 'M', 32, 0, 1, 'wi-day-cloudy.jpg', 2628732, 1),
(2501, 19, 'M', 15, 0, 1, '15.ttf', 45884, 1),
(2502, 19, 'M', 30, 0, 1, 'weathericons-regular-webfont.woff2', 44720, 1),
(2503, 19, 'M', 13, 0, 1, '13.otf', 27644, 1),
(2504, 19, 'M', 28, 0, 1, 'weathericons-regular-webfont.ttf', 67016, 1),
(2512, 19, 'M', 354, 0, 1, '354.png', 25927, 1),
(2513, 19, 'M', 355, 0, 1, '355.jpg', 219610, 1),
(2514, 19, 'L', 153, 0, 1, '153.xlf', 13228, 1),
(2515, 19, 'W', 891, 0, 1, NULL, 0, 1),
(2516, 19, 'W', 892, 0, 1, NULL, 0, 1),
(2517, 19, 'W', 894, 0, 1, NULL, 0, 1),
(2518, 19, 'W', 895, 0, 1, NULL, 0, 1),
(2519, 19, 'W', 896, 0, 1, NULL, 0, 1),
(2520, 19, 'W', 897, 0, 1, NULL, 0, 1),
(2521, 19, 'W', 898, 0, 1, NULL, 0, 1),
(2522, 19, 'W', 899, 0, 1, NULL, 0, 1),
(2597, 21, 'M', 27, 0, 1, 'weathericons-regular-webfont.svg', 127706, 1),
(2598, 21, 'M', 10, 256581, 0, 'xibo-image-render.js', 2988, 1),
(2599, 21, 'M', 25, 0, 1, 'weather-icons.min.css', 26633, 1),
(2600, 21, 'M', 8, 448137, 0, 'xibo-countdown-render.js', 6744, 1),
(2601, 21, 'M', 40, 0, 1, 'wi-windy.jpg', 339716, 1),
(2602, 21, 'M', 23, 0, 1, 'animate.css', 72259, 1),
(2603, 21, 'M', 6, 1576869, 0, 'jquery-cycle-2.1.6.min.js', 28876, 1),
(2604, 21, 'M', 38, 0, 1, 'wi-rain.jpg', 655983, 1),
(2605, 21, 'M', 21, 0, 1, 'bootstrap.min.css', 121200, 1),
(2606, 21, 'M', 4, 723843, 0, 'xibo-text-render.js', 12150, 1),
(2607, 21, 'M', 36, 0, 1, 'wi-night-clear.jpg', 738913, 1),
(2608, 21, 'M', 19, 1028619, 0, 'compatibility.js', 18126, 1),
(2609, 21, 'M', 2, 8276994, 0, 'moment.js', 160251, 1),
(2610, 21, 'M', 34, 0, 1, 'wi-fog.jpg', 597609, 1),
(2611, 21, 'M', 17, 18113274, 0, 'pdf.js', 333388, 1),
(2612, 21, 'M', 32, 0, 1, 'wi-day-cloudy.jpg', 2628732, 1),
(2613, 21, 'M', 15, 0, 1, '15.ttf', 45884, 1),
(2614, 21, 'M', 30, 0, 1, 'weathericons-regular-webfont.woff2', 44720, 1),
(2615, 21, 'M', 13, 0, 1, '13.otf', 27644, 1),
(2616, 21, 'M', 28, 0, 1, 'weathericons-regular-webfont.ttf', 67016, 1),
(2617, 21, 'M', 11, 193960, 0, 'xibo-dataset-render.js', 1687, 1),
(2618, 21, 'M', 26, 0, 1, 'weathericons-regular-webfont.eot', 35151, 1),
(2619, 21, 'M', 9, 218841, 0, 'jquery.marquee.min.js', 2248, 1),
(2620, 21, 'M', 24, 0, 1, 'font-awesome.min.css', 23739, 1),
(2621, 21, 'M', 7, 1180650, 0, 'flipclock.min.js', 21107, 1),
(2622, 21, 'M', 39, 0, 1, 'wi-snow.jpg', 782263, 1),
(2623, 21, 'M', 22, 0, 1, 'WeatherIcons-Regular.otf', 40668, 1),
(2624, 21, 'M', 5, 8245731, 0, 'Chart.min.js', 159638, 1),
(2625, 21, 'M', 37, 0, 1, 'wi-night-partly-cloudy.jpg', 220168, 1),
(2626, 21, 'M', 20, 350625, 0, 'xibo-webpage-render.js', 4832, 1),
(2627, 21, 'M', 3, 292587, 0, 'xibo-layout-scaler.js', 3694, 1),
(2628, 21, 'M', 35, 0, 1, 'wi-hail.jpg', 827270, 1),
(2629, 21, 'M', 18, 0, 1, 'pdf.worker.js', 1337459, 1),
(2630, 21, 'M', 1, 4989228, 0, 'jquery-1.11.1.min.js', 95785, 1),
(2631, 21, 'M', 33, 0, 1, 'wi-day-sunny.jpg', 1445897, 1),
(2632, 21, 'M', 16, 0, 1, '16.otf', 19684, 1),
(2633, 21, 'M', 31, 0, 1, 'wi-cloudy.jpg', 379804, 1),
(2634, 21, 'M', 14, 0, 1, '14.ttf', 116580, 1),
(2635, 21, 'M', 29, 0, 1, 'weathericons-regular-webfont.woff', 40408, 1),
(2636, 21, 'M', 12, 0, 1, '12.otf', 30060, 1),
(2756, 23, 'M', 23, 0, 1, 'animate.css', 72259, 1),
(2757, 23, 'M', 6, 154595, 0, 'jquery-cycle-2.1.6.min.js', 28876, 1),
(2758, 23, 'M', 38, 0, 1, 'wi-rain.jpg', 655983, 1),
(2759, 23, 'M', 21, 0, 1, 'bootstrap.min.css', 121200, 1),
(2760, 23, 'M', 4, 70965, 0, 'xibo-text-render.js', 12150, 1),
(2761, 23, 'M', 36, 0, 1, 'wi-night-clear.jpg', 738913, 1),
(2762, 23, 'M', 19, 100845, 0, 'compatibility.js', 18126, 1),
(2763, 23, 'M', 2, 811470, 0, 'moment.js', 160251, 1),
(2764, 23, 'M', 34, 0, 1, 'wi-fog.jpg', 597609, 1),
(2765, 23, 'M', 17, 1677155, 0, 'pdf.js', 333388, 1),
(2766, 23, 'M', 32, 0, 1, 'wi-day-cloudy.jpg', 2628732, 1),
(2767, 23, 'M', 15, 0, 1, '15.ttf', 45884, 1),
(2768, 23, 'M', 30, 0, 1, 'weathericons-regular-webfont.woff2', 44720, 1),
(2769, 23, 'M', 13, 0, 1, '13.otf', 27644, 1),
(2770, 23, 'M', 28, 0, 1, 'weathericons-regular-webfont.ttf', 67016, 1),
(2771, 23, 'M', 11, 18650, 0, 'xibo-dataset-render.js', 1687, 1),
(2772, 23, 'M', 26, 0, 1, 'weathericons-regular-webfont.eot', 35151, 1),
(2773, 23, 'M', 9, 21455, 0, 'jquery.marquee.min.js', 2248, 1),
(2774, 23, 'M', 24, 0, 1, 'font-awesome.min.css', 23739, 1),
(2775, 23, 'M', 7, 115750, 0, 'flipclock.min.js', 21107, 1),
(2776, 23, 'M', 39, 0, 1, 'wi-snow.jpg', 782263, 1),
(2777, 23, 'M', 22, 0, 1, 'WeatherIcons-Regular.otf', 40668, 1),
(2778, 23, 'M', 5, 808405, 0, 'Chart.min.js', 159638, 1),
(2779, 23, 'M', 37, 0, 1, 'wi-night-partly-cloudy.jpg', 220168, 1),
(2780, 23, 'M', 20, 34375, 0, 'xibo-webpage-render.js', 4832, 1),
(2781, 23, 'M', 3, 28685, 0, 'xibo-layout-scaler.js', 3694, 1),
(2782, 23, 'M', 35, 0, 1, 'wi-hail.jpg', 827270, 1),
(2783, 23, 'M', 18, 0, 1, 'pdf.worker.js', 1337459, 1),
(2784, 23, 'M', 1, 489140, 0, 'jquery-1.11.1.min.js', 95785, 1),
(2785, 23, 'M', 33, 0, 1, 'wi-day-sunny.jpg', 1445897, 1),
(2786, 23, 'M', 16, 0, 1, '16.otf', 19684, 1),
(2787, 23, 'M', 31, 0, 1, 'wi-cloudy.jpg', 379804, 1),
(2788, 23, 'M', 14, 0, 1, '14.ttf', 116580, 1),
(2789, 23, 'M', 29, 0, 1, 'weathericons-regular-webfont.woff', 40408, 1),
(2790, 23, 'M', 12, 0, 1, '12.otf', 30060, 1),
(2791, 23, 'M', 27, 0, 1, 'weathericons-regular-webfont.svg', 127706, 1),
(2792, 23, 'M', 10, 25155, 0, 'xibo-image-render.js', 2988, 1),
(2793, 23, 'M', 25, 0, 1, 'weather-icons.min.css', 26633, 1),
(2794, 23, 'M', 8, 43935, 0, 'xibo-countdown-render.js', 6744, 1),
(2795, 23, 'M', 40, 0, 1, 'wi-windy.jpg', 339716, 1),
(2799, 23, 'M', 354, 0, 1, '354.png', 25927, 1),
(2800, 23, 'M', 409, 0, 1, '409.png', 343729, 1),
(2801, 23, 'M', 406, 0, 1, '406.jpg', 275843, 1),
(2802, 23, 'L', 251, 0, 1, '251.xlf', 14778, 1),
(2803, 23, 'W', 1403, 0, 1, NULL, 0, 1),
(2804, 23, 'W', 1404, 109480014, 1, NULL, 0, 1),
(2805, 23, 'W', 1406, 0, 1, NULL, 0, 1),
(2806, 23, 'W', 1407, 305057510, 1, NULL, 0, 1),
(2807, 23, 'W', 1409, 0, 1, NULL, 0, 1),
(2808, 23, 'W', 1410, 90200061, 1, NULL, 0, 1),
(2809, 23, 'W', 1411, 167688159, 1, NULL, 0, 1),
(2810, 23, 'W', 1412, 0, 1, NULL, 0, 1),
(2811, 19, 'L', 1, 0, 1, '1.xlf', 1883, 1),
(2812, 19, 'W', 1, 0, 1, NULL, 0, 1),
(2813, 19, 'W', 2, 0, 1, NULL, 0, 1),
(3020, 21, 'L', 1, 0, 1, '1.xlf', 1883, 1),
(3021, 21, 'W', 1, 0, 1, NULL, 0, 1),
(3022, 21, 'W', 2, 0, 1, NULL, 0, 1),
(3211, 25, 'M', 13, 0, 1, '13.otf', 27644, 1),
(3212, 25, 'M', 28, 0, 1, 'weathericons-regular-webfont.ttf', 67016, 1),
(3213, 25, 'M', 11, 305860, 0, 'xibo-dataset-render.js', 1687, 1),
(3214, 25, 'M', 26, 0, 1, 'weathericons-regular-webfont.eot', 35151, 1),
(3215, 25, 'M', 9, 351862, 0, 'jquery.marquee.min.js', 2248, 1),
(3216, 25, 'M', 24, 0, 1, 'font-awesome.min.css', 23739, 1),
(3217, 25, 'M', 7, 1898300, 0, 'flipclock.min.js', 21107, 1),
(3218, 25, 'M', 39, 0, 1, 'wi-snow.jpg', 782263, 1),
(3219, 25, 'M', 22, 0, 1, 'WeatherIcons-Regular.otf', 40668, 1),
(3220, 25, 'M', 5, 13257842, 0, 'Chart.min.js', 159638, 1),
(3221, 25, 'M', 37, 0, 1, 'wi-night-partly-cloudy.jpg', 220168, 1),
(3222, 25, 'M', 20, 563750, 0, 'xibo-webpage-render.js', 4832, 1),
(3223, 25, 'M', 3, 470434, 0, 'xibo-layout-scaler.js', 3694, 1),
(3224, 25, 'M', 35, 0, 1, 'wi-hail.jpg', 827270, 1),
(3225, 25, 'M', 18, 0, 1, 'pdf.worker.js', 1337459, 1),
(3226, 25, 'M', 1, 8021896, 0, 'jquery-1.11.1.min.js', 95785, 1),
(3227, 25, 'M', 33, 0, 1, 'wi-day-sunny.jpg', 1445897, 1),
(3228, 25, 'M', 16, 0, 1, '16.otf', 19684, 1),
(3229, 25, 'M', 31, 0, 1, 'wi-cloudy.jpg', 379804, 1),
(3230, 25, 'M', 14, 0, 1, '14.ttf', 116580, 1),
(3231, 25, 'M', 29, 0, 1, 'weathericons-regular-webfont.woff', 40408, 1),
(3232, 25, 'M', 12, 0, 1, '12.otf', 30060, 1),
(3233, 25, 'M', 27, 0, 1, 'weathericons-regular-webfont.svg', 127706, 1),
(3234, 25, 'M', 10, 412542, 0, 'xibo-image-render.js', 2988, 1),
(3235, 25, 'M', 25, 0, 1, 'weather-icons.min.css', 26633, 1),
(3236, 25, 'M', 8, 720534, 0, 'xibo-countdown-render.js', 6744, 1),
(3237, 25, 'M', 40, 0, 1, 'wi-windy.jpg', 339716, 1),
(3238, 25, 'M', 23, 0, 1, 'animate.css', 72259, 1),
(3239, 25, 'M', 6, 2535358, 0, 'jquery-cycle-2.1.6.min.js', 28876, 1),
(3240, 25, 'M', 38, 0, 1, 'wi-rain.jpg', 655983, 1),
(3241, 25, 'M', 21, 0, 1, 'bootstrap.min.css', 121200, 1),
(3242, 25, 'M', 4, 1163826, 0, 'xibo-text-render.js', 12150, 1),
(3243, 25, 'M', 36, 0, 1, 'wi-night-clear.jpg', 738913, 1),
(3244, 25, 'M', 19, 1653858, 0, 'compatibility.js', 18126, 1),
(3245, 25, 'M', 2, 13308108, 0, 'moment.js', 160251, 1),
(3246, 25, 'M', 34, 0, 1, 'wi-fog.jpg', 597609, 1),
(3247, 25, 'M', 17, 27505342, 0, 'pdf.js', 333388, 1),
(3248, 25, 'M', 32, 0, 1, 'wi-day-cloudy.jpg', 2628732, 1),
(3249, 25, 'M', 15, 0, 1, '15.ttf', 45884, 1),
(3250, 25, 'M', 30, 0, 1, 'weathericons-regular-webfont.woff2', 44720, 1),
(3270, 25, 'L', 1, 0, 1, '1.xlf', 1883, 1),
(3271, 25, 'W', 1, 0, 1, NULL, 0, 1),
(3272, 25, 'W', 2, 0, 1, NULL, 0, 1),
(3416, 25, 'M', 1554, 6305303, 1, '1554.mp4', 6305303, 1),
(3417, 25, 'L', 283, 539, 1, '283.xlf', 539, 1),
(3535, 21, 'M', 1599, 0, 1, '1599.mp4', 8888247, 1),
(3542, 21, 'L', 292, 0, 1, '292.xlf', 539, 1),
(3543, 21, 'M', 1600, 0, 1, '1600.mp4', 28161654, 1),
(3550, 21, 'L', 296, 0, 1, '296.xlf', 709, 1),
(3553, 19, 'M', 1751, 0, 1, '1751.mp4', 18806339, 1),
(3557, 19, 'M', 1755, 0, 1, '1755.jpg', 53193, 1),
(3560, 19, 'M', 1756, 0, 1, '1756.mp4', 34749695, 1),
(3585, 19, 'M', 1762, 0, 1, '1762.mp4', 69112760, 1),
(3587, 19, 'M', 1765, 0, 1, '1765.mp4', 10501626, 1),
(3588, 19, 'M', 1763, 0, 1, '1763.mp4', 13483392, 1),
(3589, 19, 'M', 1764, 0, 1, '1764.mp4', 11104843, 1),
(3598, 19, 'L', 361, 0, 1, '361.xlf', 3475, 1);

-- --------------------------------------------------------

--
-- Estrutura para tabela `resolution`
--

CREATE TABLE `resolution` (
  `resolutionId` int(11) NOT NULL,
  `resolution` varchar(254) NOT NULL,
  `width` smallint(6) NOT NULL,
  `height` smallint(6) NOT NULL,
  `intended_width` smallint(6) NOT NULL,
  `intended_height` smallint(6) NOT NULL,
  `version` tinyint(4) NOT NULL DEFAULT '1',
  `enabled` tinyint(4) NOT NULL DEFAULT '1',
  `userId` int(11) NOT NULL
) ENGINE=InnoDB DEFAULT CHARSET=utf8;

--
-- Despejando dados para a tabela `resolution`
--

INSERT INTO `resolution` (`resolutionId`, `resolution`, `width`, `height`, `intended_width`, `intended_height`, `version`, `enabled`, `userId`) VALUES
(1, '1080p HD Landscape', 800, 450, 1920, 1080, 2, 1, 1),
(2, '720p HD Landscape', 800, 450, 1280, 720, 2, 1, 1),
(3, '1080p HD Portrait', 450, 800, 1080, 1920, 2, 1, 1),
(4, '720p HD Portrait', 450, 800, 720, 1280, 2, 1, 1),
(5, '4k cinema', 800, 450, 4096, 2304, 2, 1, 1),
(6, 'Common PC Monitor 4:3', 800, 600, 1024, 768, 2, 1, 1),
(7, '4k UHD Landscape', 450, 800, 3840, 2160, 2, 1, 1),
(8, '4k UHD Portrait', 800, 450, 2160, 3840, 2, 1, 1);

-- --------------------------------------------------------

--
-- Estrutura para tabela `saved_report`
--

CREATE TABLE `saved_report` (
  `savedReportId` int(11) NOT NULL,
  `saveAs` varchar(255) NOT NULL,
  `reportName` varchar(255) NOT NULL,
  `mediaId` int(11) NOT NULL,
  `reportScheduleId` int(11) NOT NULL,
  `generatedOn` int(11) NOT NULL,
  `userId` int(11) NOT NULL
) ENGINE=InnoDB DEFAULT CHARSET=utf8;

-- --------------------------------------------------------

--
-- Estrutura para tabela `schedule`
--

CREATE TABLE `schedule` (
  `eventId` int(11) NOT NULL,
  `eventTypeId` int(11) NOT NULL,
  `campaignId` int(11) DEFAULT NULL,
  `commandId` int(11) DEFAULT NULL,
  `dayPartId` int(11) NOT NULL DEFAULT '0',
  `userId` int(11) NOT NULL,
  `fromDt` bigint(20) DEFAULT NULL,
  `toDt` bigint(20) DEFAULT NULL,
  `is_priority` tinyint(4) NOT NULL,
  `displayOrder` int(11) NOT NULL DEFAULT '0',
  `lastRecurrenceWatermark` bigint(20) DEFAULT NULL,
  `syncTimezone` tinyint(4) NOT NULL DEFAULT '0',
  `recurrence_type` enum('Minute','Hour','Day','Week','Month','Year') DEFAULT NULL,
  `recurrence_detail` int(11) DEFAULT NULL,
  `recurrence_range` bigint(20) DEFAULT NULL,
  `recurrenceRepeatsOn` varchar(14) DEFAULT NULL,
  `syncEvent` int(11) NOT NULL DEFAULT '0',
  `recurrenceMonthlyRepeatsOn` tinyint(4) NOT NULL DEFAULT '0',
  `shareOfVoice` tinyint(4) DEFAULT NULL,
  `isGeoAware` tinyint(4) NOT NULL DEFAULT '0',
  `geoLocation` text
) ENGINE=InnoDB DEFAULT CHARSET=utf8;

--
-- Despejando dados para a tabela `schedule`
--

INSERT INTO `schedule` (`eventId`, `eventTypeId`, `campaignId`, `commandId`, `dayPartId`, `userId`, `fromDt`, `toDt`, `is_priority`, `displayOrder`, `lastRecurrenceWatermark`, `syncTimezone`, `recurrence_type`, `recurrence_detail`, `recurrence_range`, `recurrenceRepeatsOn`, `syncEvent`, `recurrenceMonthlyRepeatsOn`, `shareOfVoice`, `isGeoAware`, `geoLocation`) VALUES
(22, 1, 75, NULL, 2, 1, 0, 2147483647, 0, 0, NULL, 1, NULL, NULL, NULL, NULL, 0, 0, NULL, 0, NULL),
(23, 1, 90, NULL, 2, 4, 0, 2147483647, 1, 10, NULL, 1, NULL, NULL, NULL, NULL, 0, 0, NULL, 0, NULL);

-- --------------------------------------------------------

--
-- Estrutura para tabela `scheduleexclusions`
--

CREATE TABLE `scheduleexclusions` (
  `scheduleExclusionId` int(11) NOT NULL,
  `eventId` int(11) NOT NULL,
  `fromDt` int(11) NOT NULL,
  `toDt` int(11) NOT NULL
) ENGINE=InnoDB DEFAULT CHARSET=utf8;

-- --------------------------------------------------------

--
-- Estrutura para tabela `schedulereminder`
--

CREATE TABLE `schedulereminder` (
  `scheduleReminderId` int(11) NOT NULL,
  `eventId` int(11) NOT NULL,
  `value` int(11) NOT NULL,
  `type` int(11) NOT NULL,
  `option` int(11) NOT NULL,
  `reminderDt` int(11) NOT NULL,
  `lastReminderDt` int(11) NOT NULL,
  `isEmail` tinyint(4) NOT NULL
) ENGINE=InnoDB DEFAULT CHARSET=utf8;

-- --------------------------------------------------------

--
-- Estrutura para tabela `session`
--

CREATE TABLE `session` (
  `session_id` varchar(160) NOT NULL,
  `session_data` longtext NOT NULL,
  `session_expiration` int(10) UNSIGNED NOT NULL DEFAULT '0',
  `lastAccessed` datetime DEFAULT NULL,
  `userId` int(11) DEFAULT NULL,
  `isExpired` tinyint(4) NOT NULL DEFAULT '1',
  `userAgent` varchar(255) DEFAULT NULL,
  `remoteAddr` varchar(50) DEFAULT NULL
) ENGINE=InnoDB DEFAULT CHARSET=utf8;

--
-- Despejando dados para a tabela `session`
--

INSERT INTO `session` (`session_id`, `session_data`, `session_expiration`, `lastAccessed`, `userId`, `isExpired`, `userAgent`, `remoteAddr`) VALUES
('000c197a57fbc584287c2c823c32334a', 'init|s:1:\"1\";slim.flash|a:0:{}', 1733611443, '2024-12-07 19:20:03', 0, 0, 'okhttp/3.12.1', '200.159.135.242'),
('006cdc2b104400f3b530f284234c3286', 'init|s:1:\"1\";csrfToken|s:40:\"f411941fb8ba7cac79352579d51d05a5588f5701\";slim.flash|a:0:{}userid|i:5;', 1731942458, '2024-11-18 11:43:38', 5, 0, 'Mozilla/5.0 (Windows NT 10.0; Win64; x64) AppleWebKit/537.36 (KHTML, like Gecko) Chrome/130.0.0.0 Safari/537.36', '200.159.135.242'),
('020550f0499e57a0706d881981fa3d36', 'init|s:1:\"1\";slim.flash|a:0:{}', 1733153750, '2024-12-02 12:11:50', 0, 0, 'okhttp/3.12.1', '200.159.135.242'),
('022185c5600807b679042f115cb577dc', 'init|s:1:\"1\";csrfToken|s:40:\"7f193ca28cfa968f304192365ccff745ad4ee758\";slim.flash|a:0:{}userid|i:1;', 1731759722, '2024-11-16 08:58:02', 1, 1, 'Mozilla/5.0 (Windows NT 10.0; Win64; x64) AppleWebKit/537.36 (KHTML, like Gecko) Chrome/130.0.0.0 Safari/537.36 Edg/130.0.0.0', '179.221.227.113'),
('02b77a5973ec470c8a3ce53da7cd782e', 'init|s:1:\"1\";slim.flash|a:0:{}', 1731366130, '2024-11-11 19:38:10', 0, 1, 'okhttp/3.12.1', '200.159.135.242'),
('02ce3e6a727f2bdfeb9063a683626f78', 'init|s:1:\"1\";slim.flash|a:0:{}', 1733863953, '2024-12-10 17:28:33', 0, 0, 'okhttp/3.12.1', '200.159.135.242'),
('02f0cf627bffc2c0c63e4d28f0f7e49b', 'init|s:1:\"1\";slim.flash|a:0:{}', 1733543031, '2024-12-07 00:19:51', 0, 0, 'okhttp/3.12.1', '200.159.135.242'),
('033b5d87a57808691b03c2da53376132', 'init|s:1:\"1\";slim.flash|a:0:{}', 1733258546, '2024-12-03 17:18:26', 0, 0, 'okhttp/3.12.1', '200.159.135.242'),
('03555aff875bc3b49391bb4429e81181', 'init|s:1:\"1\";csrfToken|s:40:\"8d19eeddafa8e04b3934225a72d58e1088c9637b\";slim.flash|a:0:{}', 1732455797, '2024-11-24 10:19:17', 0, 0, 'Mozilla/5.0 (compatible; DotBot/1.2; +https://opensiteexplorer.org/dotbot; help@moz.com)', '216.244.66.244'),
('037e6a39aaaaf0b8e6207619a63ace6e', 'init|s:1:\"1\";slim.flash|a:0:{}', 1732757868, '2024-11-27 22:13:48', 0, 0, 'okhttp/3.12.1', '200.159.135.242'),
('04da10deaf4dac58b896df96c9732fb4', 'init|s:1:\"1\";slim.flash|a:0:{}', 1733553832, '2024-12-07 03:19:52', 0, 0, 'okhttp/3.12.1', '200.159.135.242'),
('04fc6e96495abd13f0987eedaed9befe', 'init|s:1:\"1\";slim.flash|a:0:{}', 1732987651, '2024-11-30 14:03:31', 0, 0, 'okhttp/3.12.1', '200.159.135.242'),
('06a9263417d27de6a74584eefa835990', 'init|s:1:\"1\";slim.flash|a:0:{}', 1732775872, '2024-11-28 03:13:52', 0, 0, 'okhttp/3.12.1', '200.159.135.242'),
('07380c70086113c8de2c9472dee93311', 'init|s:1:\"1\";slim.flash|a:0:{}', 1733470702, '2024-12-06 04:14:22', 0, 0, 'okhttp/3.12.1', '200.159.135.242'),
('075fcbaaf00826a915f14ffb790e79c6', 'init|s:1:\"1\";slim.flash|a:0:{}', 1733477902, '2024-12-06 06:14:22', 0, 0, 'okhttp/3.12.1', '200.159.135.242'),
('0779ca6631b8aa521ca79109b9ca4cd0', 'init|s:1:\"1\";slim.flash|a:0:{}', 1733622245, '2024-12-07 22:20:05', 0, 0, 'okhttp/3.12.1', '200.159.135.242'),
('0831cb6f09ad3acb0366d969bf0d38d3', 'init|s:1:\"1\";slim.flash|a:0:{}', 1731395337, '2024-11-12 03:44:57', 0, 0, 'okhttp/3.12.1', '200.159.135.242'),
('088e41c9566da414c88d63170a611ee6', 'init|s:1:\"1\";slim.flash|a:0:{}', 1732940600, '2024-11-30 00:59:20', 0, 0, 'okhttp/3.12.1', '200.159.135.242'),
('08e9850a80e6b825edeeaa725f8846fa', 'init|s:1:\"1\";slim.flash|a:0:{}', 1731366534, '2024-11-11 19:44:54', 0, 1, 'okhttp/3.12.1', '200.159.135.242'),
('09020de15c5816fcd58ab075056ae4ae', 'init|s:1:\"1\";csrfToken|s:40:\"864454d7d2653ea797778af5db334bfc9c037cb4\";slim.flash|a:1:{s:10:\"priorRoute\";s:15:\"/midiatech/web/\";}', 1733344114, '2024-12-04 17:04:34', 0, 0, 'Go-http-client/1.1', '57.129.16.41'),
('09248198b55faa6825f057539d662ae5', 'init|s:1:\"1\";slim.flash|a:0:{}', 1733229742, '2024-12-03 09:18:22', 0, 0, 'okhttp/3.12.1', '200.159.135.242'),
('0994aabd9b966fdd4c333ff03431f39f', 'init|s:1:\"1\";slim.flash|a:0:{}', 1732797472, '2024-11-28 09:13:52', 0, 0, 'okhttp/3.12.1', '200.159.135.242'),
('09d95da08127c25e1d275e88b8e9d79a', 'init|s:1:\"1\";slim.flash|a:0:{}', 1732904542, '2024-11-29 14:58:22', 0, 0, 'okhttp/3.12.1', '200.159.135.242'),
('09e77bb72e6b1a28bdcfc45e19a1a90f', 'init|s:1:\"1\";slim.flash|a:0:{}', 1733197146, '2024-12-03 00:15:06', 0, 0, 'okhttp/3.12.1', '200.159.135.242'),
('09fcf021828f6e4092947471ec3a821f', 'init|s:1:\"1\";csrfToken|s:40:\"c01b46fb733d30e8fa473459ce88310b12f67e47\";slim.flash|a:0:{}userid|i:1;', 1731371907, '2024-11-11 21:14:27', 1, 1, 'Mozilla/5.0 (Windows NT 10.0; Win64; x64) AppleWebKit/537.36 (KHTML, like Gecko) Chrome/130.0.0.0 Safari/537.36 Edg/130.0.0.0', '181.232.243.62'),
('0ac4302aab263a169bce4abf23314d70', 'init|s:1:\"1\";csrfToken|s:40:\"2757a644f7af76b415f052df947e7682b5c80fcf\";slim.flash|a:0:{}userid|i:1;', 1731384619, '2024-11-12 00:46:19', 1, 0, 'Mozilla/5.0 (Macintosh; Intel Mac OS X 10_15_7) AppleWebKit/605.1.15 (KHTML, like Gecko) CriOS/130 Version/11.1.1 Safari/605.1.15', '181.232.243.186'),
('0b4d82695aa554c4b7f28e5e5c8a74d5', 'init|s:1:\"1\";slim.flash|a:0:{}', 1733110535, '2024-12-02 00:11:35', 0, 0, 'okhttp/3.12.1', '200.159.135.242'),
('0baadb49f3e3c9b98ea4374dd208d5c8', 'init|s:1:\"1\";csrfToken|s:40:\"9ce9a39dc3eec353cfe65a1cda5497ac4f5cdbb2\";slim.flash|a:0:{}userid|i:1;', 1732584881, '2024-11-25 22:14:34', 1, 0, 'Mozilla/5.0 (Windows NT 10.0; Win64; x64) AppleWebKit/537.36 (KHTML, like Gecko) Chrome/131.0.0.0 Safari/537.36', '179.97.56.179'),
('0c00b866596f8ed9571e518932eff3d0', 'init|s:1:\"1\";csrfToken|s:40:\"4b14cab7d37c466d2cced83cc552f50c3fd82654\";slim.flash|a:0:{}userid|i:1;', 1731712328, '2024-11-15 19:48:08', 1, 0, 'Mozilla/5.0 (Windows NT 10.0; Win64; x64) AppleWebKit/537.36 (KHTML, like Gecko) Chrome/130.0.0.0 Safari/537.36', '181.232.240.140'),
('0c5cd21e2609aeaae388bfa22a288826', 'init|s:1:\"1\";slim.flash|a:0:{}', 1732983964, '2024-11-30 13:02:04', 0, 0, 'okhttp/3.12.1', '200.159.135.242'),
('0ca326d250ba26df0d5419f769ebe9b2', 'init|s:1:\"1\";slim.flash|a:0:{}', 1733582641, '2024-12-07 11:20:01', 0, 0, 'okhttp/3.12.1', '200.159.135.242'),
('0d2045fbb6a24e6cc678e6b63b5c3a44', 'init|s:1:\"1\";csrfToken|s:40:\"c01fc58d0a6a7d58211bca7d20fc9826c0793f6c\";slim.flash|a:0:{}', 1731611281, '2024-11-14 15:44:01', 0, 0, 'Mozilla/5.0 (iPhone; CPU iPhone OS 18_0 like Mac OS X) AppleWebKit/605.1.15 (KHTML, like Gecko) CriOS/130.0.6723.90 Mobile/15E148 Safari/604.1', '186.205.2.244'),
('0ddc45dc4292cb46c15a04e359d32feb', 'init|s:1:\"1\";slim.flash|a:0:{}', 1733496146, '2024-12-06 11:18:26', 0, 0, 'okhttp/3.12.1', '200.159.135.242'),
('10e96f549ac0ac1b04ed5b98d41fe619', 'init|s:1:\"1\";slim.flash|a:0:{}', 1733694439, '2024-12-08 18:23:19', 0, 0, 'okhttp/3.12.1', '200.159.135.242'),
('117a7b31a93601c68b94a30b568ccd2d', 'init|s:1:\"1\";slim.flash|a:0:{}', 1733247743, '2024-12-03 14:18:23', 0, 0, 'okhttp/3.12.1', '200.159.135.242'),
('117be2614937bbda960123cb531b6fc2', 'init|s:1:\"1\";slim.flash|a:0:{}', 1733712552, '2024-12-08 23:25:12', 0, 0, 'okhttp/3.12.1', '200.159.135.242'),
('120552e24127de0a0cd3e6fa8067b2ef', 'init|s:1:\"1\";slim.flash|a:0:{}', 1732739788, '2024-11-27 17:12:28', 0, 0, 'okhttp/3.12.1', '200.159.135.242'),
('1412cc4a5e77f4fc4fc28a4efdcfe4fe', 'init|s:1:\"1\";slim.flash|a:0:{}', 1733381376, '2024-12-05 03:25:36', 0, 0, 'okhttp/3.12.1', '200.159.135.242'),
('144c6e481640b94f1d77d1ffde43f415', 'init|s:1:\"1\";slim.flash|a:0:{}', 1733734153, '2024-12-09 05:25:13', 0, 0, 'okhttp/3.12.1', '200.159.135.242'),
('1489dae638bd6330d51f5e64fdbeaca5', 'init|s:1:\"1\";slim.flash|a:0:{}', 1731380935, '2024-11-11 23:44:55', 0, 0, 'okhttp/3.12.1', '200.159.135.242'),
('14e9dfa895c7a13b9a1568d4f989ac03', 'init|s:1:\"1\";slim.flash|a:0:{}', 1733665602, '2024-12-08 10:22:42', 0, 0, 'okhttp/3.12.1', '200.159.135.242'),
('14fa12472af45d94e3079a020956c50f', 'init|s:1:\"1\";slim.flash|a:0:{}', 1733056236, '2024-12-01 09:06:36', 0, 0, 'okhttp/3.12.1', '200.159.135.242'),
('1529300156cc29090cf7ff0742f25203', 'init|s:1:\"1\";slim.flash|a:0:{}', 1732556671, '2024-11-25 14:20:31', 0, 0, 'okhttp/3.12.1', '200.159.135.242'),
('159cc6bda9fec2ad772df34fe6ebdc8b', 'init|s:1:\"1\";slim.flash|a:0:{}', 1731397575, '2024-11-12 04:22:15', 0, 0, 'okhttp/3.12.1', '200.159.135.242'),
('15ad37185a0e5aa8cea75f014a7e9d59', 'init|s:1:\"1\";csrfToken|s:40:\"a4c04ed1c7b8200d1b191a54068935635f665df3\";slim.flash|a:0:{}', 1733075560, '2024-12-01 14:28:40', 0, 0, 'Mozilla/5.0 (compatible; SemrushBot/7~bl; +http://www.semrush.com/bot.html)', '85.208.96.209'),
('15faec8eeb1ca9f71c980771667d8c11', 'init|s:1:\"1\";slim.flash|a:0:{}', 1733038132, '2024-12-01 04:04:52', 0, 0, 'okhttp/3.12.1', '200.159.135.242'),
('169d6f777c70bdb4936bca6216927e99', 'init|s:1:\"1\";slim.flash|a:0:{}', 1733179119, '2024-12-02 19:14:39', 0, 0, 'okhttp/3.12.1', '200.159.135.242'),
('16c0e04eb25a6e871e431a7534143693', 'init|s:1:\"1\";slim.flash|a:0:{}', 1731376192, '2024-11-11 22:25:52', 0, 1, 'okhttp/3.12.1', '200.159.135.242'),
('176513f82c1f09ff695f3e86858674b3', 'init|s:1:\"1\";slim.flash|a:0:{}', 1732585524, '2024-11-25 22:21:24', 0, 0, 'okhttp/3.12.1', '200.159.135.242'),
('1786f364f69ba80898c980c9f70b81f4', 'init|s:1:\"1\";slim.flash|a:0:{}', 1732690129, '2024-11-27 03:24:49', 0, 0, 'okhttp/3.12.1', '200.159.135.242'),
('18192c0368c36ee95c3504258243fbbb', 'init|s:1:\"1\";slim.flash|a:0:{}', 1732661277, '2024-11-26 19:23:57', 0, 0, 'okhttp/3.12.1', '200.159.135.242'),
('18962d088e752755cceaf7193bdcfc51', 'init|s:1:\"1\";slim.flash|a:0:{}', 1731372591, '2024-11-11 21:25:51', 0, 1, 'okhttp/3.12.1', '200.159.135.242'),
('1ac2a6bb01586bed6c199540d5730deb', 'init|s:1:\"1\";csrfToken|s:40:\"1b5c20576c68b3d7ebc05e493a7ed3e9174c2026\";slim.flash|a:0:{}', 1731422231, '2024-11-12 11:13:11', 0, 0, 'Mozilla/5.0 (Macintosh; Intel Mac OS X 10_10_1) AppleWebKit/600.2.5 (KHTML, like Gecko) Version/8.0.2 Safari/600.2.5 (Amazonbot/0.1; +https://developer.amazon.com/support/amazonbot)', '44.206.93.215'),
('1b6e07942194c62cfe1b6f449f026fa3', 'init|s:1:\"1\";slim.flash|a:0:{}', 1733276571, '2024-12-03 22:18:51', 0, 0, 'okhttp/3.12.1', '200.159.135.242'),
('1b9ad17b0fe50868ddd124895d773fac', 'init|s:1:\"1\";slim.flash|a:0:{}', 1733280170, '2024-12-03 23:18:50', 0, 0, 'okhttp/3.12.1', '200.159.135.242'),
('1bb9f4125bbf4384089281f734cf35db', 'init|s:1:\"1\";slim.flash|a:0:{}', 1733856755, '2024-12-10 15:28:35', 0, 0, 'okhttp/3.12.1', '200.159.135.242'),
('1d1f2ab0be289591ccb4b62d9a063eac', 'init|s:1:\"1\";slim.flash|a:0:{}', 1733450096, '2024-12-05 22:30:56', 0, 0, 'okhttp/3.12.1', '200.159.135.242'),
('1daeae49a8262e252b32bd7022458ec8', 'init|s:1:\"1\";slim.flash|a:0:{}', 1732944200, '2024-11-30 01:59:20', 0, 0, 'okhttp/3.12.1', '200.159.135.242'),
('1dd0e23a2f2455be17c712bd55fb1347', 'init|s:1:\"1\";csrfToken|s:40:\"03319cdc185ba8252fd42123c1fc3e48e69a5368\";slim.flash|a:0:{}userid|i:1;', 1732073911, '2024-11-20 00:14:31', 1, 0, 'Mozilla/5.0 (Windows NT 10.0; Win64; x64) AppleWebKit/537.36 (KHTML, like Gecko) Chrome/131.0.0.0 Safari/537.36', '179.97.56.164'),
('1f2507a957bd00c8ded28c0e2b70fbcb', 'init|s:1:\"1\";slim.flash|a:0:{}', 1732686529, '2024-11-27 02:24:49', 0, 0, 'okhttp/3.12.1', '200.159.135.242'),
('1f3bf7f0f58848aa90fe0c99f8424944', 'init|s:1:\"1\";slim.flash|a:0:{}', 1733730553, '2024-12-09 04:25:13', 0, 0, 'okhttp/3.12.1', '200.159.135.242'),
('206231fa343b3ec2df6e1214d3ad571c', 'init|s:1:\"1\";slim.flash|a:0:{}', 1733662000, '2024-12-08 09:22:40', 0, 0, 'okhttp/3.12.1', '200.159.135.242'),
('2073ba4453773b78f67ca36f06fc4c62', 'init|s:1:\"1\";csrfToken|s:40:\"b9ae26c7669b273d126af647445930f78ef42edb\";slim.flash|a:1:{s:10:\"priorRoute\";s:15:\"/midiatech/web/\";}', 1733041278, '2024-12-01 04:57:18', 0, 0, 'Mozilla/5.0 (Windows NT 10.0; rv:78.0) Gecko/20100101 Firefox/78.0', '35.195.29.134'),
('22b36a0e76cf56272d587c4867d4c82c', 'init|s:1:\"1\";slim.flash|a:0:{}', 1732761470, '2024-11-27 23:13:50', 0, 0, 'okhttp/3.12.1', '200.159.135.242'),
('2309dd513af3b0b9b5f20c6ce9f63619', 'init|s:1:\"1\";csrfToken|s:40:\"544de3f225a16a05c9de63f0e81692d75786a282\";slim.flash|a:0:{}userid|i:1;', 1731372252, '2024-11-11 21:20:12', 1, 1, 'Mozilla/5.0 (Windows NT 10.0; Win64; x64) AppleWebKit/537.36 (KHTML, like Gecko) Chrome/130.0.0.0 Safari/537.36', '181.232.243.62'),
('2317da056ff597626c8d2784c9913f4f', 'init|s:1:\"1\";slim.flash|a:0:{}', 1733799066, '2024-12-09 23:27:06', 0, 0, 'okhttp/3.12.1', '200.159.135.242'),
('2378fceef569b8b3d063a06f01202d75', 'init|s:1:\"1\";slim.flash|a:0:{}', 1733305372, '2024-12-04 06:18:52', 0, 0, 'okhttp/3.12.1', '200.159.135.242'),
('237c54c5b1570fef2e61c9e23a027cc4', 'init|s:1:\"1\";slim.flash|a:0:{}', 1733766655, '2024-12-09 14:26:55', 0, 0, 'okhttp/3.12.1', '200.159.135.242'),
('237ec4cc673b2fa8491f499b4b6363f9', 'init|s:1:\"1\";slim.flash|a:0:{}', 1733492545, '2024-12-06 10:18:25', 0, 0, 'okhttp/3.12.1', '200.159.135.242'),
('23f44ebdac0c4e5a4623de4c16b43718', 'init|s:1:\"1\";csrfToken|s:40:\"b66abd1cdb92780d523b9a0ef49ff108a4a08840\";slim.flash|a:0:{}userid|i:5;', 1731942133, '2024-11-18 11:38:13', 5, 0, 'Mozilla/5.0 (Windows NT 10.0; Win64; x64) AppleWebKit/537.36 (KHTML, like Gecko) Chrome/131.0.0.0 Safari/537.36', '200.159.135.242'),
('24b5b2b1dddc35c03246659dadeed363', 'init|s:1:\"1\";slim.flash|a:0:{}', 1733312573, '2024-12-04 08:18:53', 0, 0, 'okhttp/3.12.1', '200.159.135.242'),
('24fab55ea93892101490c75f07da0ce5', 'init|s:1:\"1\";slim.flash|a:0:{}', 1732560271, '2024-11-25 15:20:31', 0, 0, 'okhttp/3.12.1', '200.159.135.242'),
('25a7fb090099c9558ba41db27f8440ac', 'init|s:1:\"1\";slim.flash|a:0:{}', 1732866557, '2024-11-29 04:25:17', 0, 0, 'okhttp/3.12.1', '200.159.135.242'),
('260134647fe2cb37724d794cdd5f63be', 'init|s:1:\"1\";slim.flash|a:0:{}', 1733070797, '2024-12-01 13:09:17', 0, 0, 'okhttp/3.12.1', '200.159.135.242'),
('26c1defe9cdd7857b22c551907e5aa69', 'init|s:1:\"1\";slim.flash|a:0:{}', 1733503369, '2024-12-06 13:18:49', 0, 0, 'okhttp/3.12.1', '200.159.135.242'),
('26deb8cfb3ff3169c0a87bb12f5d311b', 'init|s:1:\"1\";slim.flash|a:0:{}', 1733020130, '2024-11-30 23:04:50', 0, 0, 'okhttp/3.12.1', '200.159.135.242'),
('26e247e00eca55910cafcfef176f2e32', 'init|s:1:\"1\";slim.flash|a:0:{}', 1733845952, '2024-12-10 12:28:32', 0, 0, 'okhttp/3.12.1', '200.159.135.242'),
('2713d3d6e6477ab376c8c5f527c14cf3', 'init|s:1:\"1\";slim.flash|a:0:{}', 1732873928, '2024-11-29 06:28:08', 0, 0, 'okhttp/3.12.1', '200.159.135.242'),
('27aa5cb40f2c7c2ad2ed87fa3827f4f0', 'init|s:1:\"1\";slim.flash|a:0:{}', 1732679327, '2024-11-27 00:24:47', 0, 0, 'okhttp/3.12.1', '200.159.135.242'),
('282959a80bb1db6dc7447cfd6fda4ad9', 'init|s:1:\"1\";slim.flash|a:0:{}', 1733157433, '2024-12-02 13:13:13', 0, 0, 'okhttp/3.12.1', '200.159.135.242'),
('284ce7e787d1b7314976a7365b4805c0', 'init|s:1:\"1\";slim.flash|a:0:{}', 1733723352, '2024-12-09 02:25:12', 0, 0, 'okhttp/3.12.1', '200.159.135.242'),
('28ced3876b3b48c8ccaf94d7fdc26933', 'init|s:1:\"1\";slim.flash|a:0:{}', 1733030930, '2024-12-01 02:04:50', 0, 0, 'okhttp/3.12.1', '200.159.135.242'),
('29e7e1782aa9acd5efbe8eb9daa4a96c', 'init|s:1:\"1\";slim.flash|a:0:{}', 1733226141, '2024-12-03 08:18:21', 0, 0, 'okhttp/3.12.1', '200.159.135.242'),
('2a00539d3247bb36b2e5d9b5d37d2d65', 'init|s:1:\"1\";slim.flash|a:0:{}', 1733092519, '2024-12-01 19:11:19', 0, 0, 'okhttp/3.12.1', '200.159.135.242'),
('2a5d9e8b573627c37de4c8240ef4e8b6', 'init|s:1:\"1\";csrfToken|s:40:\"6c2ce781043f05aa0d500e86535759c243b83655\";slim.flash|a:0:{}', 1732628126, '2024-11-26 10:11:26', 0, 0, 'Mozilla/5.0 (Linux; Android 6.0.1; Nexus 5X Build/MMB29P) AppleWebKit/537.36 (KHTML, like Gecko) Chrome/99.0.4844.84 Mobile Safari/537.36 (compatible; Googlebot/2.1; +http://www.google.com/bot.html)', '66.249.72.107'),
('2be22d7cd7d4d27f01b2aa5d28f860c8', 'init|s:1:\"1\";slim.flash|a:0:{}', 1732563873, '2024-11-25 16:20:33', 0, 0, 'okhttp/3.12.1', '200.159.135.242'),
('2c5dafefb94e2cb83b2602ed94b12086', 'init|s:1:\"1\";slim.flash|a:0:{}', 1733795466, '2024-12-09 22:27:06', 0, 0, 'okhttp/3.12.1', '200.159.135.242'),
('2dccbca35e583383b0b26b3f7ce501f8', 'init|s:1:\"1\";slim.flash|a:0:{}', 1733593442, '2024-12-07 14:20:02', 0, 0, 'okhttp/3.12.1', '200.159.135.242'),
('2df5eb6483ddcac1e10bfe5adad58995', 'init|s:1:\"1\";slim.flash|a:0:{}', 1733791866, '2024-12-09 21:27:06', 0, 0, 'okhttp/3.12.1', '200.159.135.242'),
('2e707effbb076214afa3cb239a01fded', 'init|s:1:\"1\";csrfToken|s:40:\"4c91d48cfaf50f4ddd3f3530b265877084b3618f\";slim.flash|a:0:{}', 1731408555, '2024-11-12 07:25:15', 0, 0, 'Mozilla/5.0 (X11; Linux x86_64) AppleWebKit/537.36 (KHTML, like Gecko) Chrome/130.0.0.0 Safari/537.36', '179.221.227.113'),
('2e7bb718e0e36505e67fa9bc12ed4ca3', 'init|s:1:\"1\";slim.flash|a:0:{}', 1732754267, '2024-11-27 21:13:47', 0, 0, 'okhttp/3.12.1', '200.159.135.242'),
('2ed73fc9788a3ef4e647e05b8f2a15f8', 'init|s:1:\"1\";slim.flash|a:0:{}', 1732646844, '2024-11-26 15:23:24', 0, 0, 'okhttp/3.12.1', '200.159.135.242'),
('2f89cf26d49e6f414d82d5ac8f03359f', 'init|s:1:\"1\";slim.flash|a:0:{}', 1733432023, '2024-12-05 17:29:43', 0, 0, 'okhttp/3.12.1', '200.159.135.242'),
('2f9e6680b851ad7529e4bf003599973e', 'init|s:1:\"1\";slim.flash|a:0:{}', 1732951401, '2024-11-30 03:59:21', 0, 0, 'okhttp/3.12.1', '200.159.135.242'),
('2fdc6f53e4ec71ab5a794329a22a932f', 'init|s:1:\"1\";slim.flash|a:0:{}', 1733550231, '2024-12-07 02:19:51', 0, 0, 'okhttp/3.12.1', '200.159.135.242'),
('30209374667f5c4a7f3c7018059b329a', 'init|s:1:\"1\";csrfToken|s:40:\"57077b58b6edb0f7a78d05b6cd1e997c0a4299f5\";slim.flash|a:0:{}', 1732727645, '2024-11-27 13:50:05', 0, 0, 'Mozilla/5.0 AppleWebKit/537.36 (KHTML, like Gecko; compatible; ClaudeBot/1.0; +claudebot@anthropic.com)', '3.133.157.231'),
('3036fa640f056ba82ca9d005b1cc48a3', 'init|s:1:\"1\";slim.flash|a:0:{}', 1733085259, '2024-12-01 17:10:19', 0, 0, 'okhttp/3.12.1', '200.159.135.242'),
('307b9ba66cc295398ebb9f69d7a7ec00', 'init|s:1:\"1\";slim.flash|a:0:{}', 1732552971, '2024-11-25 13:18:51', 0, 0, 'okhttp/3.12.1', '200.159.135.242'),
('30841668a1f0cdea7c9f714434f23e33', 'init|s:1:\"1\";slim.flash|a:0:{}', 1733532202, '2024-12-06 21:19:22', 0, 0, 'okhttp/3.12.1', '200.159.135.242'),
('30c171727b57afd282d11c321bd75d42', 'init|s:1:\"1\";slim.flash|a:0:{}', 1733045340, '2024-12-01 06:05:00', 0, 0, 'okhttp/3.12.1', '200.159.135.242'),
('30c1820074d8235a5b91210f6a9f03ce', 'init|s:1:\"1\";slim.flash|a:0:{}', 1732962291, '2024-11-30 07:00:51', 0, 0, 'okhttp/3.12.1', '200.159.135.242'),
('30d0ac9d042cf26465d0664b89ab09da', 'init|s:1:\"1\";slim.flash|a:0:{}', 1733081628, '2024-12-01 16:09:48', 0, 0, 'okhttp/3.12.1', '200.159.135.242'),
('31fcd3186bb52f111209d3ba9dda2bda', 'init|s:1:\"1\";csrfToken|s:40:\"1b4a9309573139e7f5669dded24856a7ed9aef7e\";slim.flash|a:0:{}', 1733400813, '2024-12-05 08:49:33', 0, 0, 'Mozilla/5.0 (compatible; MJ12bot/v1.4.8; http://mj12bot.com/)', '38.242.228.115'),
('322234ec98cd19a2d0e9ec54a5999476', 'init|s:1:\"1\";slim.flash|a:0:{}', 1733168295, '2024-12-02 16:14:15', 0, 0, 'okhttp/3.12.1', '200.159.135.242'),
('34332b8fc396f1ca709285d82c931840', 'init|s:1:\"1\";slim.flash|a:0:{}', 1733597043, '2024-12-07 15:20:03', 0, 0, 'okhttp/3.12.1', '200.159.135.242'),
('353b0e7246392ecc5c9c80e8aeb51514', 'init|s:1:\"1\";slim.flash|a:0:{}', 1733683607, '2024-12-08 15:22:47', 0, 0, 'okhttp/3.12.1', '200.159.135.242'),
('35cb152e1fd0b2bc13c69b6abd09f7d5', 'init|s:1:\"1\";csrfToken|s:40:\"2a82117b9eba15ea55d5227d4f80c3a288ea6ed5\";slim.flash|a:0:{}', 1732031023, '2024-11-19 12:19:43', 5, 1, 'Mozilla/5.0 (Windows NT 10.0; Win64; x64) AppleWebKit/537.36 (KHTML, like Gecko) Chrome/131.0.0.0 Safari/537.36', '200.159.135.242'),
('35f3f55e8dac97240f3c95f231765dd7', 'init|s:1:\"1\";slim.flash|a:0:{}', 1733262147, '2024-12-03 18:18:27', 0, 0, 'okhttp/3.12.1', '200.159.135.242'),
('365e9fd9bbc9074ffa0c072bc32fc2d0', 'init|s:1:\"1\";slim.flash|a:0:{}', 1732708907, '2024-11-27 08:37:47', 0, 0, 'Mozilla/5.0 AppleWebKit/537.36 (KHTML, like Gecko; compatible; ClaudeBot/1.0; +claudebot@anthropic.com)', '18.222.182.249'),
('368e2f3c61d626463f59c37a444e048a', 'init|s:1:\"1\";slim.flash|a:0:{}', 1733557432, '2024-12-07 04:19:52', 0, 0, 'okhttp/3.12.1', '200.159.135.242'),
('372f26557f0d28f2de28798b27e69e84', 'init|s:1:\"1\";csrfToken|s:40:\"8aa4e42a7872236e6236608b716d94b30c2077b9\";slim.flash|a:0:{}userid|i:4;', 1731419127, '2024-11-12 10:21:27', 4, 0, 'Mozilla/5.0 (Windows NT 10.0; Win64; x64) AppleWebKit/537.36 (KHTML, like Gecko) Chrome/130.0.0.0 Safari/537.36', '200.159.135.27'),
('3756bf7ca1ab49bbd74c621df7872f4a', 'init|s:1:\"1\";slim.flash|a:0:{}', 1732682928, '2024-11-27 01:24:48', 0, 0, 'okhttp/3.12.1', '200.159.135.242'),
('3861c4035a07c512f268d30d727c2a8f', 'init|s:1:\"1\";slim.flash|a:0:{}', 1733867554, '2024-12-10 18:28:34', 0, 0, 'okhttp/3.12.1', '200.159.135.242'),
('3b6cc2729e38c3a83f8734594a32db17', 'init|s:1:\"1\";slim.flash|a:0:{}', 1733345071, '2024-12-04 17:20:31', 0, 0, 'okhttp/3.12.1', '200.159.135.242'),
('3bd946b3567483f989c0763645f4b3e1', 'init|s:1:\"1\";csrfToken|s:40:\"2250f3569c4fef004a11f873a824a5ef11b7f64a\";slim.flash|a:0:{}', 1733699438, '2024-12-08 19:46:38', 0, 0, 'Mozilla/5.0 (compatible; MJ12bot/v1.4.8; http://mj12bot.com/)', '91.137.27.140'),
('3be297e171b6227b35d6310d7f09b536', 'init|s:1:\"1\";slim.flash|a:0:{}', 1733348736, '2024-12-04 18:21:36', 0, 0, 'okhttp/3.12.1', '200.159.135.242'),
('3bfeca6078b38da9a3cd0389c55f2c4e', 'init|s:1:\"1\";csrfToken|s:40:\"5933df1fbbd58eb5ee3f557e16b34a0bc74a65af\";slim.flash|a:0:{}', 1732161561, '2024-11-21 00:35:21', 0, 0, 'Mozilla/5.0 (compatible; DotBot/1.2; +https://opensiteexplorer.org/dotbot; help@moz.com)', '216.244.66.244'),
('3c76ebc3a945ac538265d90436b7f1a9', 'init|s:1:\"1\";slim.flash|a:0:{}', 1733654796, '2024-12-08 07:22:36', 0, 0, 'okhttp/3.12.1', '200.159.135.242'),
('3cc3b8d8e8809ce9596a72e0fb88042f', 'init|s:1:\"1\";slim.flash|a:0:{}', 1732911781, '2024-11-29 16:59:01', 0, 0, 'okhttp/3.12.1', '200.159.135.242'),
('3e28f9d71ea619bb99c08e0bdca7fe9d', 'init|s:1:\"1\";slim.flash|a:0:{}', 1733802741, '2024-12-10 00:28:21', 0, 0, 'okhttp/3.12.1', '200.159.135.242'),
('3f34ae1b59d11daa1458e0fc8e1b9cc0', 'init|s:1:\"1\";csrfToken|s:40:\"d760e4be58e9c545d9021b738bb1cc628e1f1884\";slim.flash|a:0:{}', 1732628126, '2024-11-26 10:11:26', 0, 0, 'Mozilla/5.0 (compatible; Googlebot/2.1; +http://www.google.com/bot.html)', '66.249.72.107'),
('3f5649bb82e05355021067855ed4d159', 'init|s:1:\"1\";slim.flash|a:0:{}', 1732811873, '2024-11-28 13:13:53', 0, 0, 'okhttp/3.12.1', '200.159.135.242'),
('3feccbd3e96278a0ebc32f5ee293e495', 'init|s:1:\"1\";csrfToken|s:40:\"fba1a98692e5ff7e4eac1f1222eb44d3c0aafb80\";slim.flash|a:0:{}', 1732676239, '2024-11-26 23:33:19', 0, 0, 'Mozilla/5.0 AppleWebKit/537.36 (KHTML, like Gecko; compatible; ClaudeBot/1.0; +claudebot@anthropic.com)', '52.14.27.122'),
('402c93b082a494075609dae53c48f9d5', 'init|s:1:\"1\";csrfToken|s:40:\"7b1c52a1d7b6368cb97271126d7d5569e7a6bc8f\";slim.flash|a:0:{}', 1732538663, '2024-11-25 09:20:23', 0, 0, 'Mozilla/5.0 (compatible; SemrushBot-BA; +http://www.semrush.com/bot.html)', '85.208.98.22'),
('4049dcdc6f240235a588a1ca6467c460', 'init|s:1:\"1\";slim.flash|a:0:{}', 1732736188, '2024-11-27 16:12:28', 0, 0, 'okhttp/3.12.1', '200.159.135.242'),
('405f1d162e07178d18c26353708d2e6d', 'init|s:1:\"1\";slim.flash|a:0:{}', 1733528602, '2024-12-06 20:19:22', 0, 0, 'okhttp/3.12.1', '200.159.135.242'),
('40c0661a0660d9c4aa34ddf7e93dc2d9', 'init|s:1:\"1\";csrfToken|s:40:\"4f3cdfff8cbb58a647e0ab2a278f089bf97c10ad\";slim.flash|a:0:{}', 1731428410, '2024-11-12 12:56:10', 0, 0, 'Mozilla/5.0 (Windows NT 10.0; Win64; x64) AppleWebKit/537.36 (KHTML, like Gecko) Chrome/130.0.0.0 Safari/537.36', '200.159.135.242'),
('40cee6ef768a079284fbd11d14abcc55', 'init|s:1:\"1\";slim.flash|a:0:{}', 1732877530, '2024-11-29 07:28:10', 0, 0, 'okhttp/3.12.1', '200.159.135.242'),
('41934aab7b70500db6afa8b000d41fe9', 'init|s:1:\"1\";slim.flash|a:0:{}', 1733716153, '2024-12-09 00:25:13', 0, 0, 'okhttp/3.12.1', '200.159.135.242'),
('41d67182ceecd2fb68d9f6cf66a8ae53', 'init|s:1:\"1\";slim.flash|a:0:{}', 1733251343, '2024-12-03 15:18:23', 0, 0, 'okhttp/3.12.1', '200.159.135.242'),
('4249c5ac081cf1d8fc935c548f8a21f0', 'init|s:1:\"1\";slim.flash|a:0:{}', 1733005728, '2024-11-30 19:04:48', 0, 0, 'okhttp/3.12.1', '200.159.135.242'),
('42ddb9d1d9634cd77d95997e9a67add3', 'init|s:1:\"1\";slim.flash|a:0:{}', 1732628827, '2024-11-26 10:23:07', 0, 0, 'okhttp/3.12.1', '200.159.135.242'),
('44dc37ac2d8936c666bdced571884a2e', 'init|s:1:\"1\";slim.flash|a:0:{}', 1732675707, '2024-11-26 23:24:27', 0, 0, 'okhttp/3.12.1', '200.159.135.242'),
('45f0020473e4ed19c1e493b7af14ad16', 'init|s:1:\"1\";csrfToken|s:40:\"bde319287b787c405732dfea39729651b7546867\";slim.flash|a:0:{}userid|i:4;', 1732630716, '2024-11-26 10:54:36', 4, 1, 'Mozilla/5.0 (Windows NT 10.0; Win64; x64) AppleWebKit/537.36 (KHTML, like Gecko) Chrome/131.0.0.0 Safari/537.36', '200.159.135.27'),
('46201ee2dbd2237af716536560714a2d', 'init|s:1:\"1\";slim.flash|a:0:{}', 1733604243, '2024-12-07 17:20:03', 0, 0, 'okhttp/3.12.1', '200.159.135.242'),
('46493561a7cebda21e83be1899bb3233', 'init|s:1:\"1\";slim.flash|a:0:{}', 1733164694, '2024-12-02 15:14:14', 0, 0, 'okhttp/3.12.1', '200.159.135.242'),
('46b7b59cd14b6458d308dd538aa4b2bf', 'init|s:1:\"1\";slim.flash|a:0:{}', 1732732568, '2024-11-27 15:12:08', 0, 0, 'okhttp/3.12.1', '200.159.135.242'),
('46cb431899635711ef6cadf32c1e675a', 'init|s:1:\"1\";slim.flash|a:0:{}', 1733388576, '2024-12-05 05:25:36', 0, 0, 'okhttp/3.12.1', '200.159.135.242'),
('474687a38d757584a2f84e604314932d', 'init|s:1:\"1\";slim.flash|a:0:{}', 1731393973, '2024-11-12 03:22:13', 0, 0, 'okhttp/3.12.1', '200.159.135.242'),
('47dfa11f99998b7ee8cf93b7329c633b', 'init|s:1:\"1\";slim.flash|a:0:{}', 1733781065, '2024-12-09 18:27:05', 0, 0, 'okhttp/3.12.1', '200.159.135.242'),
('47f330f8f6c6217f52451533b814f717', 'init|s:1:\"1\";csrfToken|s:40:\"587df103d9afec4e082bfcb04873e3fce1fbe6ca\";slim.flash|a:1:{s:10:\"priorRoute\";s:15:\"/midiatech/web/\";}', 1732450485, '2024-11-24 08:50:45', 0, 0, 'Mozilla/5.0 (compatible; SemrushBot/7~bl; +http://www.semrush.com/bot.html)', '185.191.171.10'),
('47f3822c73a491657dd2c2a4091cb27d', 'init|s:1:\"1\";slim.flash|a:0:{}', 1732697370, '2024-11-27 05:25:30', 0, 0, 'okhttp/3.12.1', '200.159.135.242'),
('4802e252a03f40fcc188b0274ed479a8', 'init|s:1:\"1\";slim.flash|a:0:{}', 1732969518, '2024-11-30 09:01:18', 0, 0, 'okhttp/3.12.1', '200.159.135.242'),
('4829aac1dd415f06169fc72b7609a709', 'init|s:1:\"1\";slim.flash|a:0:{}', 1732994926, '2024-11-30 16:04:46', 0, 0, 'okhttp/3.12.1', '200.159.135.242'),
('486c8f66fe389190d146f63f4784cb81', 'init|s:1:\"1\";slim.flash|a:0:{}', 1732955000, '2024-11-30 04:59:20', 0, 0, 'okhttp/3.12.1', '200.159.135.242'),
('495dcf2b89303958e076ee15e226f87a', 'init|s:1:\"1\";slim.flash|a:0:{}', 1732664877, '2024-11-26 20:23:57', 0, 0, 'okhttp/3.12.1', '200.159.135.242'),
('4a6ba4da72dab98bdbc820245c102318', 'init|s:1:\"1\";csrfToken|s:40:\"675252db619353ec0053e2118bf82b251a1741dc\";slim.flash|a:0:{}userid|i:5;', 1732647191, '2024-11-26 15:31:31', 5, 0, 'Mozilla/5.0 (Windows NT 10.0; Win64; x64) AppleWebKit/537.36 (KHTML, like Gecko) Chrome/131.0.0.0 Safari/537.36', '200.159.135.242'),
('4aff88073972767a40a3f64a872ef194', 'init|s:1:\"1\";slim.flash|a:0:{}', 1733607843, '2024-12-07 18:20:03', 0, 0, 'okhttp/3.12.1', '200.159.135.242'),
('4baee359590bdccf578a4b30b30e4536', 'init|s:1:\"1\";slim.flash|a:0:{}', 1733074397, '2024-12-01 14:09:17', 0, 0, 'okhttp/3.12.1', '200.159.135.242'),
('4c547b9735e2fd47c2f820f36896d4ac', 'init|s:1:\"1\";slim.flash|a:0:{}', 1732815472, '2024-11-28 14:13:52', 0, 0, 'okhttp/3.12.1', '200.159.135.242'),
('4d6f68653bea37afab0e4ca5c4b262c8', 'init|s:1:\"1\";slim.flash|a:0:{}', 1733186319, '2024-12-02 21:14:39', 0, 0, 'okhttp/3.12.1', '200.159.135.242'),
('4dda942e26bd042b20aa92af48d82933', 'init|s:1:\"1\";slim.flash|a:0:{}', 1733215260, '2024-12-03 05:17:00', 0, 0, 'okhttp/3.12.1', '200.159.135.242'),
('4e2090069ca6c77ad9cc8026bc3034f0', 'init|s:1:\"1\";slim.flash|a:0:{}', 1733366775, '2024-12-04 23:22:15', 0, 0, 'okhttp/3.12.1', '200.159.135.242'),
('4e580f19dbc29a34e7977fd617179c0c', 'init|s:1:\"1\";slim.flash|a:0:{}', 1733319773, '2024-12-04 10:18:53', 0, 0, 'okhttp/3.12.1', '200.159.135.242'),
('4f38ef5b9928dbc4e8aabd906d338afb', 'init|s:1:\"1\";slim.flash|a:0:{}', 1733059888, '2024-12-01 10:07:28', 0, 0, 'okhttp/3.12.1', '200.159.135.242'),
('5077acf53e7a05d9b0c825773a48f00f', 'init|s:1:\"1\";slim.flash|a:0:{}', 1733399569, '2024-12-05 08:28:49', 0, 0, 'okhttp/3.12.1', '200.159.135.242'),
('5265491becf12f9741e4853b3264379f', 'init|s:1:\"1\";csrfToken|s:40:\"a5f37b5fadbe9d7f7b510ae19b7beef9a9eed04f\";slim.flash|a:1:{s:10:\"priorRoute\";s:21:\"/midiatech/web/logout\";}', 1733699433, '2024-12-08 19:46:33', 0, 0, 'Mozilla/5.0 (compatible; MJ12bot/v1.4.8; http://mj12bot.com/)', '91.137.27.140'),
('527ec3fd61b6425ce08d1790b035068e', 'init|s:1:\"1\";csrfToken|s:40:\"aa262136da037bfb08a0c97bd2932fa340cba80c\";slim.flash|a:1:{s:10:\"priorRoute\";s:36:\"/midiatech/web/user/form/preferences\";}', 1733699436, '2024-12-08 19:46:36', 0, 0, 'Mozilla/5.0 (compatible; MJ12bot/v1.4.8; http://mj12bot.com/)', '91.137.27.140'),
('5293e164cbe243db7741985cbb3a2733', 'init|s:1:\"1\";slim.flash|a:0:{}', 1732859355, '2024-11-29 02:25:15', 0, 0, 'okhttp/3.12.1', '200.159.135.242'),
('52ac4c6dfdf4bcd8697845c2a32d7e20', 'init|s:1:\"1\";slim.flash|a:0:{}', 1732793883, '2024-11-28 08:14:03', 0, 0, 'okhttp/3.12.1', '200.159.135.242'),
('53dace8c933140551b3f8b40483f5994', 'init|s:1:\"1\";slim.flash|a:0:{}', 1732708173, '2024-11-27 08:25:33', 0, 0, 'okhttp/3.12.1', '200.159.135.242'),
('53fca3ae35e0305c76670b2c72fb9647', 'init|s:1:\"1\";slim.flash|a:0:{}', 1732973119, '2024-11-30 10:01:19', 0, 0, 'okhttp/3.12.1', '200.159.135.242'),
('5472338ec2a937b965a09ee9796e1b0f', 'init|s:1:\"1\";slim.flash|a:0:{}', 1733835152, '2024-12-10 09:28:32', 0, 0, 'okhttp/3.12.1', '200.159.135.242'),
('54dca6295b0838dfcb822b9e148b7eba', 'init|s:1:\"1\";slim.flash|a:0:{}', 1732592724, '2024-11-26 00:21:24', 0, 0, 'okhttp/3.12.1', '200.159.135.242'),
('54de891288031532bd52cb0b2f4f8cb7', 'init|s:1:\"1\";slim.flash|a:0:{}', 1733208059, '2024-12-03 03:16:59', 0, 0, 'okhttp/3.12.1', '200.159.135.242'),
('54eac0b66ea89c658e5e7904f03e3ff7', 'init|s:1:\"1\";slim.flash|a:0:{}', 1732621626, '2024-11-26 08:23:06', 0, 0, 'okhttp/3.12.1', '200.159.135.242'),
('5618767f660c934311902d961ec32245', 'init|s:1:\"1\";slim.flash|a:0:{}', 1733860355, '2024-12-10 16:28:35', 0, 0, 'okhttp/3.12.1', '200.159.135.242'),
('5745795ab69f2093f7a3866967de3858', 'init|s:1:\"1\";slim.flash|a:0:{}', 1732980364, '2024-11-30 12:02:04', 0, 0, 'okhttp/3.12.1', '200.159.135.242'),
('577570f048d00f66e2f9f1da26145e0b', 'init|s:1:\"1\";csrfToken|s:40:\"39b1f13584b2c555293221506123e56bd534e7cd\";slim.flash|a:1:{s:10:\"priorRoute\";s:32:\"/midiatech/web/user/form/profile\";}', 1733530499, '2024-12-06 20:50:59', 0, 0, 'Mozilla/5.0 (compatible; MJ12bot/v1.4.8; http://mj12bot.com/)', '195.26.249.12'),
('578d93da0a664a84d1e334ebad29db11', 'init|s:1:\"1\";slim.flash|a:0:{}', 1733708952, '2024-12-08 22:25:12', 0, 0, 'okhttp/3.12.1', '200.159.135.242'),
('57ad1717380061eda88251a4991f51aa', 'init|s:1:\"1\";slim.flash|a:0:{}', 1733777464, '2024-12-09 17:27:04', 0, 0, 'okhttp/3.12.1', '200.159.135.242'),
('580619e64dff380755c0987ca1e5efe9', 'init|s:1:\"1\";slim.flash|a:0:{}', 1732571086, '2024-11-25 18:20:46', 0, 0, 'okhttp/3.12.1', '200.159.135.242'),
('585dcc157857ac9c17ebf23559e25734', 'init|s:1:\"1\";slim.flash|a:0:{}', 1733308972, '2024-12-04 07:18:52', 0, 0, 'okhttp/3.12.1', '200.159.135.242'),
('586e3082f696a4b66e94fad8af76ba2e', 'init|s:1:\"1\";slim.flash|a:0:{}', 1732693771, '2024-11-27 04:25:31', 0, 0, 'okhttp/3.12.1', '200.159.135.242'),
('591ee3318b38c092faff2258cae7dce3', 'init|s:1:\"1\";csrfToken|s:40:\"3ff1fbbc08edaeb626f7630cbff281b25fc9647f\";slim.flash|a:0:{}', 1732712028, '2024-11-27 09:29:48', 0, 0, 'Mozilla/5.0 AppleWebKit/537.36 (KHTML, like Gecko; compatible; ClaudeBot/1.0; +claudebot@anthropic.com)', '3.14.251.103'),
('593335e4ef5a9f3090e37a0350b0e37e', 'init|s:1:\"1\";slim.flash|a:0:{}', 1732772271, '2024-11-28 02:13:51', 0, 0, 'okhttp/3.12.1', '200.159.135.242'),
('59b4f9391043c6bad9f0314cd0e3439c', 'init|s:1:\"1\";slim.flash|a:0:{}', 1732826274, '2024-11-28 17:13:54', 0, 0, 'okhttp/3.12.1', '200.159.135.242'),
('59dd970aca3b6bc3a505d7625745d27b', 'init|s:1:\"1\";csrfToken|s:40:\"36973e5371383c1f6f6a9378e3545af8f4844e9e\";slim.flash|a:0:{}userid|i:5;', 1731589821, '2024-11-14 09:46:21', 5, 0, 'Mozilla/5.0 (Windows NT 10.0; Win64; x64) AppleWebKit/537.36 (KHTML, like Gecko) Chrome/130.0.0.0 Safari/537.36', '200.159.135.242'),
('5b0fb9d72e11bd1121526a914fce9e4d', 'init|s:1:\"1\";slim.flash|a:0:{}', 1733355937, '2024-12-04 20:21:37', 0, 0, 'okhttp/3.12.1', '200.159.135.242'),
('5b0fd5998eb96d770f8530c31b74c370', 'init|s:1:\"1\";csrfToken|s:40:\"3ea7243074f1d0d50452a6a437d282c62945cf15\";slim.flash|a:1:{s:10:\"priorRoute\";s:15:\"/midiatech/web/\";}', 1733664671, '2024-12-08 10:07:11', 0, 0, 'Mozilla/5.0 (compatible; AhrefsBot/7.0; +http://ahrefs.com/robot/)', '51.222.253.19'),
('5bb5465a838330764c8db4053159dda5', 'init|s:1:\"1\";slim.flash|a:0:{}', 1733121334, '2024-12-02 03:11:34', 0, 0, 'okhttp/3.12.1', '200.159.135.242'),
('5c23e9f0e0cffae9ad28e9151db43907', 'init|s:1:\"1\";slim.flash|a:0:{}', 1733439223, '2024-12-05 19:29:43', 0, 0, 'okhttp/3.12.1', '200.159.135.242'),
('5dc62b158967e588e188ca455a2ca865', 'init|s:1:\"1\";slim.flash|a:0:{}', 1732643242, '2024-11-26 14:23:22', 0, 0, 'okhttp/3.12.1', '200.159.135.242'),
('5de1967e21a54145c7a2394a4288aabc', 'init|s:1:\"1\";csrfToken|s:40:\"38e731aaabd8949427adcaeace8c9911562f72f2\";slim.flash|a:1:{s:10:\"priorRoute\";s:21:\"/midiatech/web/logout\";}', 1733471589, '2024-12-06 04:29:09', 0, 0, 'Mozilla/5.0 (compatible; SemrushBot/7~bl; +http://www.semrush.com/bot.html)', '185.191.171.7'),
('5e4ab923d2b8be07cd5a290514a5a48b', 'init|s:1:\"1\";slim.flash|a:0:{}', 1732654044, '2024-11-26 17:23:24', 0, 0, 'okhttp/3.12.1', '200.159.135.242'),
('5eb8039bfba0bb7c385eb19e30837236', 'init|s:1:\"1\";slim.flash|a:0:{}', 1733414023, '2024-12-05 12:29:43', 0, 0, 'okhttp/3.12.1', '200.159.135.242'),
('60260639c492fa6683767e840da3af21', 'init|s:1:\"1\";slim.flash|a:0:{}', 1732632427, '2024-11-26 11:23:07', 0, 0, 'okhttp/3.12.1', '200.159.135.242'),
('607f99c97009b6f03add06c5c24b5a16', 'init|s:1:\"1\";csrfToken|s:40:\"207d0f4c7c68a036a89f998d87ee8f36e7d0075c\";slim.flash|a:0:{}', 1733594158, '2024-12-07 14:31:58', 0, 0, 'Mozilla/5.0 (compatible; MJ12bot/v1.4.8; http://mj12bot.com/)', '135.181.180.59'),
('6118335e251554912cb22322bad1230f', 'init|s:1:\"1\";slim.flash|a:0:{}', 1731401014, '2024-11-12 05:19:34', 0, 0, 'okhttp/3.12.1', '200.159.135.242'),
('61b1999b7dc0ca594fe2bcdcdd55cb2a', 'init|s:1:\"1\";slim.flash|a:0:{}', 1732882912, '2024-11-29 08:57:52', 0, 0, 'okhttp/3.12.1', '200.159.135.242'),
('62d8877c2b284179a17b808188d9140d', 'init|s:1:\"1\";slim.flash|a:0:{}', 1733759450, '2024-12-09 12:26:50', 0, 0, 'okhttp/3.12.1', '200.159.135.242'),
('62f960ae14a9d4704694796252d94440', 'init|s:1:\"1\";slim.flash|a:0:{}', 1733359538, '2024-12-04 21:21:38', 0, 0, 'okhttp/3.12.1', '200.159.135.242'),
('6339e9f7ec6ad7f30d062797863a4cf8', 'init|s:1:\"1\";slim.flash|a:0:{}', 1732704572, '2024-11-27 07:25:32', 0, 0, 'okhttp/3.12.1', '200.159.135.242'),
('64175abcbd1606425fc749f710b90926', 'init|s:1:\"1\";slim.flash|a:0:{}', 1732786672, '2024-11-28 06:13:52', 0, 0, 'okhttp/3.12.1', '200.159.135.242'),
('642a521b9f24dd6219b64f422dbf8a1f', 'init|s:1:\"1\";slim.flash|a:0:{}', 1732729787, '2024-11-27 14:25:47', 0, 0, 'okhttp/3.12.1', '200.159.135.242'),
('64ec2d2a0812f1c1bacae84076f90a57', 'init|s:1:\"1\";slim.flash|a:0:{}', 1733525002, '2024-12-06 19:19:22', 0, 0, 'okhttp/3.12.1', '200.159.135.242'),
('6572eae8b6fa236e7237377cbf0efc60', 'init|s:1:\"1\";slim.flash|a:0:{}', 1733824343, '2024-12-10 06:28:23', 0, 0, 'okhttp/3.12.1', '200.159.135.242'),
('66f404671311ccdb648e4567f896acc6', 'init|s:1:\"1\";slim.flash|a:0:{}', 1732657644, '2024-11-26 18:23:24', 0, 0, 'okhttp/3.12.1', '200.159.135.242'),
('66fe367b1a596c6701281f9871b49817', 'init|s:1:\"1\";slim.flash|a:0:{}', 1732549372, '2024-11-25 12:18:52', 0, 0, 'okhttp/3.12.1', '200.159.135.242'),
('6718f9261aecdb90d77b8665ccd638a5', 'init|s:1:\"1\";slim.flash|a:0:{}', 1733643906, '2024-12-08 04:21:06', 0, 0, 'okhttp/3.12.1', '200.159.135.242'),
('67560018369cfa6bd3f1e3e216ebf884', 'init|s:1:\"1\";slim.flash|a:0:{}', 1733446496, '2024-12-05 21:30:56', 0, 0, 'okhttp/3.12.1', '200.159.135.242'),
('6823ffae4757e4c9131e5cc00e656158', 'init|s:1:\"1\";slim.flash|a:0:{}', 1733417622, '2024-12-05 13:29:42', 0, 0, 'okhttp/3.12.1', '200.159.135.242'),
('6829ee24d71edfb5579826faf57b2dc1', 'init|s:1:\"1\";slim.flash|a:0:{}', 1732890130, '2024-11-29 10:58:10', 0, 0, 'okhttp/3.12.1', '200.159.135.242'),
('683268533c021132aab43e64712a3442', 'init|s:1:\"1\";slim.flash|a:0:{}', 1733539431, '2024-12-06 23:19:51', 0, 0, 'okhttp/3.12.1', '200.159.135.242'),
('687d73cc6317e90301f76c8207497106', 'init|s:1:\"1\";slim.flash|a:0:{}', 1733067197, '2024-12-01 12:09:17', 0, 0, 'okhttp/3.12.1', '200.159.135.242'),
('69b8f89157bf4da96513b7df4c6dd717', 'init|s:1:\"1\";slim.flash|a:0:{}', 1733568241, '2024-12-07 07:20:01', 0, 0, 'okhttp/3.12.1', '200.159.135.242'),
('69f2741fa79da0adff69348daa96b91d', 'init|s:1:\"1\";slim.flash|a:0:{}', 1733211659, '2024-12-03 04:16:59', 0, 0, 'okhttp/3.12.1', '200.159.135.242'),
('6bafcd27c23eeee75a831ecddf134f57', 'init|s:1:\"1\";slim.flash|a:0:{}', 1733374050, '2024-12-05 01:23:30', 0, 0, 'okhttp/3.12.1', '200.159.135.242'),
('6bc4a76cd0faeda86e962d13e787f3a6', 'init|s:1:\"1\";slim.flash|a:0:{}', 1733788265, '2024-12-09 20:27:05', 0, 0, 'okhttp/3.12.1', '200.159.135.242'),
('6bcfc194f68569ec25596ad1e70b6b06', 'init|s:1:\"1\";csrfToken|s:40:\"fef031003547c5bfcd9aa711fa7f02af5f36a202\";slim.flash|a:0:{}', 1732676803, '2024-11-26 23:42:43', 0, 0, 'Mozilla/5.0 (compatible; SemrushBot/7~bl; +http://www.semrush.com/bot.html)', '185.191.171.16'),
('6c77738ac20a478290c4da83e3cdce33', 'init|s:1:\"1\";slim.flash|a:0:{}', 1733041739, '2024-12-01 05:04:59', 0, 0, 'okhttp/3.12.1', '200.159.135.242'),
('6c96ade1e1e2ea85899c47cafcd3bb97', 'init|s:1:\"1\";slim.flash|a:0:{}', 1732607162, '2024-11-26 04:22:02', 0, 0, 'okhttp/3.12.1', '200.159.135.242'),
('6fb66a71b30f3294cba08242d573affb', 'init|s:1:\"1\";slim.flash|a:0:{}', 1733200831, '2024-12-03 01:16:31', 0, 0, 'okhttp/3.12.1', '200.159.135.242'),
('6fdd49f86c1d40a9204ff7bdc857b5a7', 'init|s:1:\"1\";slim.flash|a:0:{}', 1732711774, '2024-11-27 09:25:34', 0, 0, 'okhttp/3.12.1', '200.159.135.242'),
('701e7e0379f3f6142a92fbe4f06453e1', 'init|s:1:\"1\";slim.flash|a:0:{}', 1733027330, '2024-12-01 01:04:50', 0, 0, 'okhttp/3.12.1', '200.159.135.242'),
('705004a307a6cac00a52f234984d8bbc', 'init|s:1:\"1\";slim.flash|a:0:{}', 1732750666, '2024-11-27 20:13:46', 0, 0, 'okhttp/3.12.1', '200.159.135.242'),
('706bf0a46dfc5198c3899076208cf82e', 'init|s:1:\"1\";slim.flash|a:0:{}', 1733298171, '2024-12-04 04:18:51', 0, 0, 'okhttp/3.12.1', '200.159.135.242'),
('70807bb9fbf799ddaa94d358978dbfcb', 'init|s:1:\"1\";slim.flash|a:0:{}', 1732848552, '2024-11-28 23:25:12', 0, 0, 'okhttp/3.12.1', '200.159.135.242'),
('70e371d1d51540fd9fa99f4687917789', 'init|s:1:\"1\";slim.flash|a:0:{}', 1733316172, '2024-12-04 09:18:52', 0, 0, 'okhttp/3.12.1', '200.159.135.242'),
('710b5e4f6439c4325bd21ec04eba1075', 'init|s:1:\"1\";slim.flash|a:0:{}', 1733128535, '2024-12-02 05:11:35', 0, 0, 'okhttp/3.12.1', '200.159.135.242'),
('71c04e33b3fc352befe3fe6759d919e2', 'init|s:1:\"1\";csrfToken|s:40:\"08265859fe8f5ebd8d7192d1e365f1b5ee7461b5\";slim.flash|a:1:{s:10:\"priorRoute\";s:21:\"/midiatech/web/layout\";}', 1731761351, '2024-11-16 09:25:11', 0, 0, 'Mozilla/5.0 (Macintosh; Intel Mac OS X 10_15_7) AppleWebKit/605.1.15 (KHTML, like Gecko) CriOS/130 Version/11.1.1 Safari/605.1.15', '179.97.56.164'),
('71dc5157e7c2a7a122c7a231d8c3116c', 'init|s:1:\"1\";csrfToken|s:40:\"a370d85d059d103f0013bc343b8fb05b827e09fe\";slim.flash|a:0:{}userid|i:5;', 1732812363, '2024-11-28 13:22:03', 5, 0, 'Mozilla/5.0 (Windows NT 10.0; Win64; x64) AppleWebKit/537.36 (KHTML, like Gecko) Chrome/131.0.0.0 Safari/537.36', '200.159.135.242'),
('72a1f014ff6b01bc0193249d02cb4066', 'init|s:1:\"1\";slim.flash|a:0:{}', 1733820742, '2024-12-10 05:28:22', 0, 0, 'okhttp/3.12.1', '200.159.135.242'),
('7399ae7b0a453e084513857dba3ccfb9', 'init|s:1:\"1\";csrfToken|s:40:\"b770af8fef339a2af88a29e7c7748dd56fa92164\";slim.flash|a:0:{}userid|i:1;', 1731383465, '2024-11-12 00:27:05', 1, 0, 'Mozilla/5.0 (Windows NT 10.0; Win64; x64) AppleWebKit/537.36 (KHTML, like Gecko) Chrome/130.0.0.0 Safari/537.36', '181.232.243.186'),
('73b0ad35e3b3ffb227b4bea606c1f81c', 'init|s:1:\"1\";slim.flash|a:0:{}', 1733435623, '2024-12-05 18:29:43', 0, 0, 'okhttp/3.12.1', '200.159.135.242'),
('74354191c8a235d2ee86e8e8dc2a4615', 'init|s:1:\"1\";slim.flash|a:0:{}', 1732603562, '2024-11-26 03:22:02', 0, 0, 'okhttp/3.12.1', '200.159.135.242'),
('74885281084448007b96862bbb5813e5', 'init|s:1:\"1\";csrfToken|s:40:\"29272409bef6e89b4817a08260b2d00a27cf08d9\";slim.flash|a:1:{s:10:\"priorRoute\";s:32:\"/midiatech/web/user/form/profile\";}', 1732875112, '2024-11-29 06:47:52', 0, 0, 'Mozilla/5.0 (compatible; SemrushBot/7~bl; +http://www.semrush.com/bot.html)', '85.208.96.195'),
('75a235027ace401c91631476d0c0352d', 'init|s:1:\"1\";slim.flash|a:0:{}', 1733330619, '2024-12-04 13:19:39', 0, 0, 'okhttp/3.12.1', '200.159.135.242'),
('76a4d1283dc7e48b289581a3dcb10a74', 'init|s:1:\"1\";slim.flash|a:0:{}', 1733564633, '2024-12-07 06:19:53', 0, 0, 'okhttp/3.12.1', '200.159.135.242'),
('76be89729e94be868e812e63be4f89c9', 'init|s:1:\"1\";slim.flash|a:0:{}', 1733395967, '2024-12-05 07:28:47', 0, 0, 'okhttp/3.12.1', '200.159.135.242'),
('7712822ac18310c79545607f70397782', 'init|s:1:\"1\";csrfToken|s:40:\"18cab6300862e78df042e37b24538208042e75c4\";slim.flash|a:0:{}userid|i:1;', 1731760072, '2024-11-16 09:03:52', 1, 0, 'Mozilla/5.0 (Macintosh; Intel Mac OS X 10_15_7) AppleWebKit/605.1.15 (KHTML, like Gecko) CriOS/130 Version/11.1.1 Safari/605.1.15', '179.97.56.164'),
('787cf875c3e2e7d8c7c33b4755c1e038', 'init|s:1:\"1\";slim.flash|a:0:{}', 1732574695, '2024-11-25 19:20:55', 0, 0, 'okhttp/3.12.1', '200.159.135.242'),
('7885f9f0d0752242c9b973ef22139e46', 'init|s:1:\"1\";slim.flash|a:0:{}', 1733063500, '2024-12-01 11:07:40', 0, 0, 'okhttp/3.12.1', '200.159.135.242'),
('78eb87eb30c91be015d14793770f7cc4', 'init|s:1:\"1\";slim.flash|a:0:{}', 1733161071, '2024-12-02 14:13:51', 0, 0, 'okhttp/3.12.1', '200.159.135.242'),
('78fefb20724a7c1631417e1c408948ce', 'init|s:1:\"1\";slim.flash|a:0:{}', 1732933398, '2024-11-29 22:59:18', 0, 0, 'okhttp/3.12.1', '200.159.135.242'),
('799db005f5402ddfee409fa12390c438', 'init|s:1:\"1\";csrfToken|s:40:\"29613c7a49838755b6de393da104695c39b6c4fd\";slim.flash|a:1:{s:10:\"priorRoute\";s:15:\"/midiatech/web/\";}', 1731422231, '2024-11-12 11:13:11', 0, 0, 'Mozilla/5.0 (Macintosh; Intel Mac OS X 10_10_1) AppleWebKit/600.2.5 (KHTML, like Gecko) Version/8.0.2 Safari/600.2.5 (Amazonbot/0.1; +https://developer.amazon.com/support/amazonbot)', '23.23.103.31'),
('79b7bc5b740f49a891aacc30ddebe08e', 'init|s:1:\"1\";slim.flash|a:0:{}', 1731398937, '2024-11-12 04:44:57', 0, 0, 'okhttp/3.12.1', '200.159.135.242'),
('79ebc80743491113a02515251cec8172', 'init|s:1:\"1\";slim.flash|a:0:{}', 1733034532, '2024-12-01 03:04:52', 0, 0, 'okhttp/3.12.1', '200.159.135.242'),
('7a088e6cfd50cd21853a7f852b8fbbbb', 'init|s:1:\"1\";slim.flash|a:0:{}', 1733842351, '2024-12-10 11:28:31', 0, 0, 'okhttp/3.12.1', '200.159.135.242'),
('7a4767be69b291c370d6b549a1364029', 'init|s:1:\"1\";slim.flash|a:0:{}', 1733752250, '2024-12-09 10:26:50', 0, 0, 'okhttp/3.12.1', '200.159.135.242'),
('7b3b0bfffc1a77d0894f4b8dbec0f0ad', 'init|s:1:\"1\";slim.flash|a:0:{}', 1731384392, '2024-11-12 00:42:32', 0, 0, 'okhttp/3.12.1', '200.159.135.242'),
('7b604af0b5af343a2aa849df8e278019', 'init|s:1:\"1\";slim.flash|a:0:{}', 1733514201, '2024-12-06 16:19:21', 0, 0, 'okhttp/3.12.1', '200.159.135.242'),
('7c0bef17625a350f0e772d2ed28254ca', 'init|s:1:\"1\";slim.flash|a:0:{}', 1733012929, '2024-11-30 21:04:49', 0, 0, 'okhttp/3.12.1', '200.159.135.242'),
('7cdf10f1581854c698b5ecc1750c0917', 'init|s:1:\"1\";slim.flash|a:0:{}', 1732947800, '2024-11-30 02:59:20', 0, 0, 'okhttp/3.12.1', '200.159.135.242'),
('7d2b48e3a5dbfc83376e38765630d376', 'init|s:1:\"1\";slim.flash|a:0:{}', 1733676405, '2024-12-08 13:22:45', 0, 0, 'okhttp/3.12.1', '200.159.135.242'),
('7dc323f49a2be13b23edacb45f728a3b', 'init|s:1:\"1\";csrfToken|s:40:\"90377bcb8027d5ff6f61a2e5a0f78934503a99a5\";slim.flash|a:0:{}', 1731680668, '2024-11-15 11:00:28', 0, 0, 'Mozilla/5.0 (Windows NT 10.0; Win64; x64) AppleWebKit/537.36 (KHTML, like Gecko) Chrome/129.0.0.0 Safari/537.36', '186.237.52.5'),
('7eaf3ce6f3a1f0c6e51419b97822cb34', 'init|s:1:\"1\";csrfToken|s:40:\"ba9b90736e9e4a28093cc00fed42e004e897f109\";slim.flash|a:0:{}', 1733965700, '2024-12-11 21:44:20', 0, 0, 'Mozilla/5.0 (Windows NT 10.0; Win64; x64) AppleWebKit/537.36 (KHTML, like Gecko) Chrome/131.0.0.0 Safari/537.36 Edg/131.0.0.0', '179.221.227.113'),
('7ed9d6428f03aebb2fa76f4dc49b4260', 'init|s:1:\"1\";slim.flash|a:0:{}', 1733124934, '2024-12-02 04:11:34', 0, 0, 'okhttp/3.12.1', '200.159.135.242'),
('7f3736f874c6d06a9b95ea986fe87c26', 'init|s:1:\"1\";slim.flash|a:0:{}', 1733218909, '2024-12-03 06:17:49', 0, 0, 'okhttp/3.12.1', '200.159.135.242'),
('7f8dd6d2c0c107ca1e346f21ef8cfe02', 'init|s:1:\"1\";slim.flash|a:0:{}', 1733806341, '2024-12-10 01:28:21', 0, 0, 'okhttp/3.12.1', '200.159.135.242'),
('7f9eb8c5732685ccf594e96d9521bba6', 'init|s:1:\"1\";csrfToken|s:40:\"e1a4cf77e5060d852df3904465b2cc043b86b7fd\";slim.flash|a:0:{}', 1732704428, '2024-11-27 07:23:08', 0, 0, 'Mozilla/5.0 AppleWebKit/537.36 (KHTML, like Gecko; compatible; ClaudeBot/1.0; +claudebot@anthropic.com)', '3.142.130.242'),
('802b648a8f64ea9381c20413a16a99a9', 'init|s:1:\"1\";slim.flash|a:0:{}', 1733745050, '2024-12-09 08:26:50', 0, 0, 'okhttp/3.12.1', '200.159.135.242'),
('804363105032b8750c391d8c7a90390a', 'init|s:1:\"1\";csrfToken|s:40:\"cd27a013c2fa6210fa453571218ef0aefcdf99af\";slim.flash|a:0:{}', 1733530502, '2024-12-06 20:51:02', 0, 0, 'Mozilla/5.0 (compatible; MJ12bot/v1.4.8; http://mj12bot.com/)', '195.26.249.12'),
('8051fa18f3b5a634f18cad27dec563a2', 'init|s:1:\"1\";csrfToken|s:40:\"859acb6766d4d9d5fe7cb3dde3c5ac79a656f221\";slim.flash|a:0:{}', 1732539720, '2024-11-25 09:38:00', 0, 0, 'Mozilla/5.0 (compatible; SemrushBot-BA; +http://www.semrush.com/bot.html)', '85.208.98.29'),
('80c54af3d112160fedc8d0561b5c2045', 'init|s:1:\"1\";csrfToken|s:40:\"c5f8ef7b63471e1bca12a3ed05ffcd4d2a61c2a6\";slim.flash|a:0:{}userid|i:1;', 1731680673, '2024-11-15 11:00:33', 1, 0, 'Mozilla/5.0 (Windows NT 10.0; Win64; x64) AppleWebKit/537.36 (KHTML, like Gecko) Chrome/131.0.0.0 Safari/537.36', '186.205.13.207'),
('8109b613b138b467155a3ac599cfce16', 'init|s:1:\"1\";slim.flash|a:0:{}', 1733838752, '2024-12-10 10:28:32', 0, 0, 'okhttp/3.12.1', '200.159.135.242'),
('8231980f385c205caa1dbd7e17041389', 'init|s:1:\"1\";slim.flash|a:0:{}', 1733016530, '2024-11-30 22:04:50', 0, 0, 'okhttp/3.12.1', '200.159.135.242'),
('82985ab4f9974fd5aaae01f52edf9d28', 'init|s:1:\"1\";slim.flash|a:0:{}', 1733222523, '2024-12-03 07:18:03', 0, 0, 'okhttp/3.12.1', '200.159.135.242'),
('8422d3481172c76763f726517e037c8f', 'init|s:1:\"1\";slim.flash|a:0:{}', 1732837748, '2024-11-28 20:25:08', 0, 0, 'okhttp/3.12.1', '200.159.135.242'),
('84b7d196d71422888d6566f58973f158', 'init|s:1:\"1\";csrfToken|s:40:\"a3cf2ebb48cc7155ad4dee13df6910a29825864d\";slim.flash|a:0:{}', 1733530497, '2024-12-06 20:50:57', 0, 0, 'Mozilla/5.0 (compatible; MJ12bot/v1.4.8; http://mj12bot.com/)', '195.26.249.12'),
('8560074cfdac23893cdf3e91e6931ada', 'init|s:1:\"1\";csrfToken|s:40:\"87c30e7f4d4203e389ee71d0dc657ee2842601e0\";slim.flash|a:0:{}', 1732694852, '2024-11-27 04:43:32', 0, 0, 'Mozilla/5.0 AppleWebKit/537.36 (KHTML, like Gecko; compatible; ClaudeBot/1.0; +claudebot@anthropic.com)', '18.226.200.93'),
('862751e2d756d6082ae197adef5f43ea', 'init|s:1:\"1\";slim.flash|a:0:{}', 1733827951, '2024-12-10 07:28:31', 0, 0, 'okhttp/3.12.1', '200.159.135.242'),
('863469dac241b02c25ae78dae9dd5624', 'init|s:1:\"1\";slim.flash|a:0:{}', 1733424823, '2024-12-05 15:29:43', 0, 0, 'okhttp/3.12.1', '200.159.135.242'),
('86567fe2832fadc1b1189ac87fc19ff0', 'init|s:1:\"1\";slim.flash|a:0:{}', 1733428423, '2024-12-05 16:29:43', 0, 0, 'okhttp/3.12.1', '200.159.135.242'),
('866d9ae3d848049ae553b9f7185782a2', 'init|s:1:\"1\";slim.flash|a:0:{}', 1733669203, '2024-12-08 11:22:43', 0, 0, 'okhttp/3.12.1', '200.159.135.242'),
('86c38d9b3dbb1639103398159c5781c5', 'init|s:1:\"1\";csrfToken|s:40:\"db729a145c41a92261c5419cdcd0d06f2d7098df\";slim.flash|a:0:{}', 1732450488, '2024-11-24 08:50:48', 0, 0, 'Mozilla/5.0 (compatible; SemrushBot/7~bl; +http://www.semrush.com/bot.html)', '185.191.171.9'),
('874435dff5ab850b466affc0990fbeee', 'init|s:1:\"1\";slim.flash|a:0:{}', 1733589852, '2024-12-07 13:20:12', 0, 0, 'okhttp/3.12.1', '200.159.135.242'),
('876b0e100f3a970ba97173144cd37f04', 'init|s:1:\"1\";slim.flash|a:0:{}', 1733698040, '2024-12-08 19:23:20', 0, 0, 'okhttp/3.12.1', '200.159.135.242'),
('87de400f00a3f0e90d772427ccd346c8', 'init|s:1:\"1\";slim.flash|a:0:{}', 1733233342, '2024-12-03 10:18:22', 0, 0, 'okhttp/3.12.1', '200.159.135.242'),
('88006c5ff06f12636801d6bd29296704', 'init|s:1:\"1\";csrfToken|s:40:\"a06c9c04468ad918ff1e3bd71fa98608fdfbf31d\";slim.flash|a:0:{}', 1732711664, '2024-11-27 09:23:44', 0, 0, 'Mozilla/5.0 AppleWebKit/537.36 (KHTML, like Gecko; compatible; ClaudeBot/1.0; +claudebot@anthropic.com)', '18.118.28.217'),
('8857db98a2a5ddb1a61c752f7717a22d', 'init|s:1:\"1\";slim.flash|a:0:{}', 1733817143, '2024-12-10 04:28:23', 0, 0, 'okhttp/3.12.1', '200.159.135.242'),
('88995dbf9f37d21c994181ec4b57c424', 'init|s:1:\"1\";slim.flash|a:0:{}', 1733114134, '2024-12-02 01:11:34', 0, 0, 'okhttp/3.12.1', '200.159.135.242'),
('88a32f333070fa9b1c31e58c08d10039', 'init|s:1:\"1\";csrfToken|s:40:\"3ab529b23193fa217d591537858035e861414caa\";slim.flash|a:0:{}', 1732978340, '2024-11-30 11:28:20', 0, 0, 'Mozilla/5.0 AppleWebKit/537.36 (KHTML, like Gecko; compatible; ClaudeBot/1.0; +claudebot@anthropic.com)', '13.59.95.170'),
('890d76bb266199777e0ec65026fdf647', 'init|s:1:\"1\";slim.flash|a:0:{}', 1732881130, '2024-11-29 08:28:10', 0, 0, 'okhttp/3.12.1', '200.159.135.242');
INSERT INTO `session` (`session_id`, `session_data`, `session_expiration`, `lastAccessed`, `userId`, `isExpired`, `userAgent`, `remoteAddr`) VALUES
('89a215704c06b84f590494baf3fea005', 'init|s:1:\"1\";slim.flash|a:0:{}', 1732743454, '2024-11-27 18:13:34', 0, 0, 'okhttp/3.12.1', '200.159.135.242'),
('89bb4515328ecc80071f21c99b1ad5a2', 'init|s:1:\"1\";slim.flash|a:0:{}', 1732722586, '2024-11-27 12:25:46', 0, 0, 'okhttp/3.12.1', '200.159.135.242'),
('89fe01ca1ce561955891d4aed6a2327e', 'init|s:1:\"1\";csrfToken|s:40:\"17d817ad0105f16bb372cb1ff2959320b7e857f2\";slim.flash|a:0:{}userid|i:1;', 1731414538, '2024-11-12 09:04:58', 1, 0, 'Mozilla/5.0 (Windows NT 10.0; Win64; x64) AppleWebKit/537.36 (KHTML, like Gecko) Chrome/130.0.0.0 Safari/537.36', '181.232.243.62'),
('8b5f1279f3c376ce05bbe9a531ffff1d', 'init|s:1:\"1\";slim.flash|a:0:{}', 1732599924, '2024-11-26 02:21:24', 0, 0, 'okhttp/3.12.1', '200.159.135.242'),
('8b91807b3fe7533e92e8656f4d2efe0f', 'init|s:1:\"1\";slim.flash|a:0:{}', 1733561032, '2024-12-07 05:19:52', 0, 0, 'okhttp/3.12.1', '200.159.135.242'),
('8be0e7e68da1838507c0e391ddef4e49', 'init|s:1:\"1\";slim.flash|a:0:{}', 1733813542, '2024-12-10 03:28:22', 0, 0, 'okhttp/3.12.1', '200.159.135.242'),
('8dba8e3a9cc13be8d42670c6dd185dbf', 'init|s:1:\"1\";slim.flash|a:0:{}', 1732958601, '2024-11-30 05:59:21', 0, 0, 'okhttp/3.12.1', '200.159.135.242'),
('8ed338ea7197285dda364351cc696fc2', 'init|s:1:\"1\";csrfToken|s:40:\"64caf1051fba38e06e87713464b5f764c717be3c\";slim.flash|a:0:{}', 1731529628, '2024-11-13 17:03:08', 0, 0, 'Mozilla/5.0 (iPhone; CPU iPhone OS 18_0 like Mac OS X) AppleWebKit/605.1.15 (KHTML, like Gecko) CriOS/130.0.6723.90 Mobile/15E148 Safari/604.1', '177.26.85.140'),
('8f69e9c14fa5519c425b42d55a6d2683', 'init|s:1:\"1\";slim.flash|a:0:{}', 1731373734, '2024-11-11 21:44:54', 0, 1, 'okhttp/3.12.1', '200.159.135.242'),
('8fa78410e390b21969acbc2755fce336', 'init|s:1:\"1\";slim.flash|a:0:{}', 1733651106, '2024-12-08 06:21:06', 0, 0, 'okhttp/3.12.1', '200.159.135.242'),
('901b084caed0745ebc330b568f3059d9', 'init|s:1:\"1\";slim.flash|a:0:{}', 1732937000, '2024-11-29 23:59:20', 0, 0, 'okhttp/3.12.1', '200.159.135.242'),
('90ae2eb5460a87d972fd8d8a02ddd86e', 'init|s:1:\"1\";slim.flash|a:0:{}', 1733150149, '2024-12-02 11:11:49', 0, 0, 'okhttp/3.12.1', '200.159.135.242'),
('90f3808d3ade9dc6d0cc174fa91daf09', 'init|s:1:\"1\";slim.flash|a:0:{}', 1733853153, '2024-12-10 14:28:33', 0, 0, 'okhttp/3.12.1', '200.159.135.242'),
('917e0ebb1a767210fae855961900b663', 'init|s:1:\"1\";slim.flash|a:0:{}', 1733454379, '2024-12-05 23:42:19', 0, 0, 'okhttp/3.12.1', '200.159.135.242'),
('91d264c576fe8b17715a1ff961e09494', 'init|s:1:\"1\";slim.flash|a:0:{}', 1731386613, '2024-11-12 01:19:33', 0, 0, 'okhttp/3.12.1', '200.159.135.242'),
('92b2f949d56320b03a8aa05d30c5139d', 'init|s:1:\"1\";slim.flash|a:0:{}', 1733287371, '2024-12-04 01:18:51', 0, 0, 'okhttp/3.12.1', '200.159.135.242'),
('93113002ef91210bd70f430df8ef3009', 'init|s:1:\"1\";slim.flash|a:0:{}', 1732765070, '2024-11-28 00:13:50', 0, 0, 'okhttp/3.12.1', '200.159.135.242'),
('93422acc3252a2c4fc7d44263a4d2662', 'init|s:1:\"1\";csrfToken|s:40:\"3a4802cb4f1febee9a17f040ee0cdf710442b9e3\";slim.flash|a:1:{s:10:\"priorRoute\";s:32:\"/midiatech/web/user/form/profile\";}', 1733515468, '2024-12-06 16:40:28', 0, 0, 'Mozilla/5.0 (compatible; SemrushBot/7~bl; +http://www.semrush.com/bot.html)', '185.191.171.11'),
('9397e27a8fe4512404f3371cad0ec5b6', 'init|s:1:\"1\";slim.flash|a:0:{}', 1733384975, '2024-12-05 04:25:35', 0, 0, 'okhttp/3.12.1', '200.159.135.242'),
('93b8abd3bcd61805b7aacb3ff626833c', 'init|s:1:\"1\";slim.flash|a:0:{}', 1733571841, '2024-12-07 08:20:01', 0, 0, 'okhttp/3.12.1', '200.159.135.242'),
('93c86a6431cb93ab2482c82b29265f08', 'init|s:1:\"1\";slim.flash|a:0:{}', 1733106934, '2024-12-01 23:11:34', 0, 0, 'okhttp/3.12.1', '200.159.135.242'),
('93fda4a4bb5e6c1559a9e063f6a10bcf', 'init|s:1:\"1\";slim.flash|a:0:{}', 1732783073, '2024-11-28 05:13:53', 0, 0, 'okhttp/3.12.1', '200.159.135.242'),
('940beb8a47dde95a0b51126f9dd18049', 'init|s:1:\"1\";slim.flash|a:0:{}', 1733459842, '2024-12-06 01:13:22', 0, 0, 'okhttp/3.12.1', '200.159.135.242'),
('945164cf4e24b37e2b0d3ed894d634b7', 'init|s:1:\"1\";slim.flash|a:0:{}', 1733535802, '2024-12-06 22:19:22', 0, 0, 'okhttp/3.12.1', '200.159.135.242'),
('949db89028802305ac5c5599377a18d0', 'init|s:1:\"1\";slim.flash|a:0:{}', 1732804673, '2024-11-28 11:13:53', 0, 0, 'okhttp/3.12.1', '200.159.135.242'),
('95545ca0514a0fd640df2d44c915ed60', 'init|s:1:\"1\";slim.flash|a:0:{}', 1733546632, '2024-12-07 01:19:52', 0, 0, 'okhttp/3.12.1', '200.159.135.242'),
('95b8ec398d36c76dc0dae175c654c23c', 'init|s:1:\"1\";slim.flash|a:0:{}', 1731389449, '2024-11-12 02:06:49', 0, 0, 'okhttp/3.12.1', '200.159.135.242'),
('9623843730d8fde27fd228d0c52d4445', 'init|s:1:\"1\";slim.flash|a:0:{}', 1733099719, '2024-12-01 21:11:19', 0, 0, 'okhttp/3.12.1', '200.159.135.242'),
('990dbe986b63ef5b07eed55a76969964', 'init|s:1:\"1\";csrfToken|s:40:\"71e962366c0a6c5a44cb847c065b9d35f81c19e9\";slim.flash|a:0:{}userid|i:1;', 1731412126, '2024-11-12 08:24:46', 1, 0, 'Mozilla/5.0 (Windows NT 10.0; Win64; x64) AppleWebKit/537.36 (KHTML, like Gecko) Chrome/130.0.0.0 Safari/537.36', '181.232.243.186'),
('99ac5e52c5f744129bb5aef6d24da59c', 'init|s:1:\"1\";csrfToken|s:40:\"c12e3d34570610fd3b14463916e13407be15692e\";slim.flash|a:0:{}', 1733397466, '2024-12-05 07:53:46', 0, 0, 'Mozilla/5.0 (compatible; MJ12bot/v1.4.8; http://mj12bot.com/)', '217.182.175.125'),
('99bf86f7f0e413dd390dafcbc53fb91a', 'init|s:1:\"1\";csrfToken|s:40:\"8f8d68f867ab6f577f4388b2ded0bf2d3e5df217\";slim.flash|a:0:{}', 1731939944, '2024-11-18 11:01:44', 0, 0, 'Mozilla/5.0 (iPhone; CPU iPhone OS 18_0_0 like Mac OS X) AppleWebKit/605.1.15 (KHTML, like Gecko) CriOS/131.0.6778.73 Mobile/15E148 Safari/604.1', '179.97.56.164'),
('99e57d98ece480f0b5f740bb279d1d5a', 'init|s:1:\"1\";csrfToken|s:40:\"e0b5ef06e9abf228a50c21f5eaad399c0fb2b87e\";slim.flash|a:1:{s:10:\"priorRoute\";s:15:\"/midiatech/web/\";}', 1733803105, '2024-12-10 00:34:25', 0, 0, 'Mozilla/5.0 (Macintosh; Intel Mac OS X 10_10_1) AppleWebKit/600.2.5 (KHTML, like Gecko) Version/8.0.2 Safari/600.2.5 (Amazonbot/0.1; +https://developer.amazon.com/support/amazonbot)', '34.236.185.101'),
('99fb8cdce0c6e8d9145cf807ab06d8e6', 'init|s:1:\"1\";slim.flash|a:0:{}', 1732991325, '2024-11-30 15:04:45', 0, 0, 'okhttp/3.12.1', '200.159.135.242'),
('9b514601b46372158a831b460bc9db46', 'init|s:1:\"1\";slim.flash|a:0:{}', 1733077998, '2024-12-01 15:09:18', 0, 0, 'okhttp/3.12.1', '200.159.135.242'),
('9b76a5765bf426af15f1f12506c19b1a', 'init|s:1:\"1\";slim.flash|a:0:{}', 1732870158, '2024-11-29 05:25:18', 0, 0, 'okhttp/3.12.1', '200.159.135.242'),
('9babbd3b27bdec01256ee7b3e6d389c2', 'init|s:1:\"1\";slim.flash|a:0:{}', 1733132135, '2024-12-02 06:11:35', 0, 0, 'okhttp/3.12.1', '200.159.135.242'),
('9bfd3a33fd5e5ce4f786ee7ad5d78ba8', 'init|s:1:\"1\";slim.flash|a:0:{}', 1733135737, '2024-12-02 07:11:37', 0, 0, 'okhttp/3.12.1', '200.159.135.242'),
('9c26e1fff29a0ba134824ca5033ed46d', 'init|s:1:\"1\";slim.flash|a:0:{}', 1732886529, '2024-11-29 09:58:09', 0, 0, 'okhttp/3.12.1', '200.159.135.242'),
('9c7c313d1ca082f7d5524859f6a2fdec', 'init|s:1:\"1\";slim.flash|a:0:{}', 1733600642, '2024-12-07 16:20:02', 0, 0, 'okhttp/3.12.1', '200.159.135.242'),
('9c9ff5bf0855a5b4e4e8bbf04391cce2', 'init|s:1:\"1\";slim.flash|a:0:{}', 1733579041, '2024-12-07 10:20:01', 0, 0, 'okhttp/3.12.1', '200.159.135.242'),
('9cc72a0502d8e1ebc5d2f0a2f6d4168c', 'init|s:1:\"1\";slim.flash|a:0:{}', 1731391737, '2024-11-12 02:44:57', 0, 0, 'okhttp/3.12.1', '200.159.135.242'),
('9d1b06345a8809301bc26121ece189e4', 'init|s:1:\"1\";slim.flash|a:0:{}', 1732672106, '2024-11-26 22:24:26', 0, 0, 'okhttp/3.12.1', '200.159.135.242'),
('9db8c9569130183bd5b3bcb80fc8886f', 'init|s:1:\"1\";slim.flash|a:0:{}', 1733341471, '2024-12-04 16:20:31', 0, 0, 'okhttp/3.12.1', '200.159.135.242'),
('9f6c6faf2c69d895597f27117701de7a', 'init|s:1:\"1\";slim.flash|a:0:{}', 1733002126, '2024-11-30 18:04:46', 0, 0, 'okhttp/3.12.1', '200.159.135.242'),
('9fadfe662624909e980e067390224d80', 'init|s:1:\"1\";slim.flash|a:0:{}', 1732882903, '2024-11-29 08:57:43', 0, 0, 'okhttp/3.12.1', '200.159.135.242'),
('9fbc7952f112545cae5eb369ecb5f3ce', 'init|s:1:\"1\";csrfToken|s:40:\"1db54d0d049080272067a9324e780f51e4714865\";slim.flash|a:0:{}', 1731757150, '2024-11-16 08:15:10', 0, 0, 'Mozilla/5.0 (X11; Linux x86_64) AppleWebKit/537.36 (KHTML, like Gecko) Chrome/130.0.0.0 Safari/537.36', '179.221.227.113'),
('9fe311514389e745c5944c128570f7a5', 'init|s:1:\"1\";slim.flash|a:0:{}', 1733849552, '2024-12-10 13:28:32', 0, 0, 'okhttp/3.12.1', '200.159.135.242'),
('a043bf8490d041fbda89e16a22870e8a', 'init|s:1:\"1\";slim.flash|a:0:{}', 1733269370, '2024-12-03 20:18:50', 0, 0, 'okhttp/3.12.1', '200.159.135.242'),
('a0a51b50d6a2bbf923390ac60b7b3429', 'init|s:1:\"1\";slim.flash|a:0:{}', 1733326990, '2024-12-04 12:19:10', 0, 0, 'okhttp/3.12.1', '200.159.135.242'),
('a0b75bdc9109769023be525546303685', 'init|s:1:\"1\";slim.flash|a:0:{}', 1733748650, '2024-12-09 09:26:50', 0, 0, 'okhttp/3.12.1', '200.159.135.242'),
('a0de7c51b9ea833c4556c6c893f5c0fe', 'init|s:1:\"1\";slim.flash|a:0:{}', 1731388136, '2024-11-12 01:44:56', 0, 0, 'okhttp/3.12.1', '200.159.135.242'),
('a11fe55b7222730622500ebebedfd803', 'init|s:1:\"1\";csrfToken|s:40:\"2202e0801a57f16bc20658418fbdbb14d9f971d6\";slim.flash|a:0:{}', 1732727048, '2024-11-27 13:40:08', 0, 0, 'Mozilla/5.0 AppleWebKit/537.36 (KHTML, like Gecko; compatible; ClaudeBot/1.0; +claudebot@anthropic.com)', '18.191.200.114'),
('a1b32ea4d294a12dba51f22bec0b268f', 'init|s:1:\"1\";slim.flash|a:0:{}', 1733687236, '2024-12-08 16:23:16', 0, 0, 'okhttp/3.12.1', '200.159.135.242'),
('a1f5a83bf986794804d6db2675deac20', 'init|s:1:\"1\";csrfToken|s:40:\"c2ffbbfe92f07c93df4b05a043d1849ff72922fc\";slim.flash|a:0:{}', 1732727542, '2024-11-27 13:48:22', 0, 0, 'Mozilla/5.0 AppleWebKit/537.36 (KHTML, like Gecko; compatible; ClaudeBot/1.0; +claudebot@anthropic.com)', '52.15.238.221'),
('a236d2b51e846bbee3f0e90d1e45c5a1', 'init|s:1:\"1\";slim.flash|a:0:{}', 1733506969, '2024-12-06 14:18:49', 0, 0, 'okhttp/3.12.1', '200.159.135.242'),
('a23990fd6f6e9ec3ce4391c028a930ef', 'init|s:1:\"1\";slim.flash|a:0:{}', 1733023730, '2024-12-01 00:04:50', 0, 0, 'okhttp/3.12.1', '200.159.135.242'),
('a281eb160a3f6dc1c42dac636be66388', 'init|s:1:\"1\";slim.flash|a:0:{}', 1733633045, '2024-12-08 01:20:05', 0, 0, 'okhttp/3.12.1', '200.159.135.242'),
('a2ab6bcf70e834f5e780987ea16a23b5', 'init|s:1:\"1\";slim.flash|a:0:{}', 1732929798, '2024-11-29 21:59:18', 0, 0, 'okhttp/3.12.1', '200.159.135.242'),
('a31f3c004b350dc85655b61ec7b2fddc', 'init|s:1:\"1\";slim.flash|a:0:{}', 1733406823, '2024-12-05 10:29:43', 0, 0, 'okhttp/3.12.1', '200.159.135.242'),
('a3a9bd8dde10ca6af5c4a137a3ec7d02', 'init|s:1:\"1\";csrfToken|s:40:\"8e4dd4f8891f3f69ed021ca1ed52faf24ce14cae\";slim.flash|a:0:{}', 1732958751, '2024-11-30 06:01:51', 0, 0, 'Mozilla/5.0 AppleWebKit/537.36 (KHTML, like Gecko; compatible; ClaudeBot/1.0; +claudebot@anthropic.com)', '3.133.128.227'),
('a40c717eb276f502be917809a3892df4', 'init|s:1:\"1\";slim.flash|a:0:{}', 1732893730, '2024-11-29 11:58:10', 0, 0, 'okhttp/3.12.1', '200.159.135.242'),
('a467577f4d8f38a0861b0cd062473660', 'init|s:1:\"1\";csrfToken|s:40:\"778b96bb9b7c36ca7b0c539a91cce16e58c64c1b\";slim.flash|a:1:{s:10:\"priorRoute\";s:36:\"/midiatech/web/user/form/preferences\";}', 1733491614, '2024-12-06 10:02:54', 0, 0, 'Mozilla/5.0 (compatible; SemrushBot/7~bl; +http://www.semrush.com/bot.html)', '185.191.171.17'),
('a56227ef2a7d6f8f4791c6a28b1eeff4', 'init|s:1:\"1\";slim.flash|a:0:{}', 1733625844, '2024-12-07 23:20:04', 0, 0, 'okhttp/3.12.1', '200.159.135.242'),
('a61d4758df876c99c1dc9e292a9df183', 'init|s:1:\"1\";slim.flash|a:0:{}', 1732768670, '2024-11-28 01:13:50', 0, 0, 'okhttp/3.12.1', '200.159.135.242'),
('a6ba1cad3de738538d6b6888bdb91636', 'init|s:1:\"1\";slim.flash|a:0:{}', 1733618644, '2024-12-07 21:20:04', 0, 0, 'okhttp/3.12.1', '200.159.135.242'),
('a9b5c44e3be85b131aa70592c658fa52', 'init|s:1:\"1\";slim.flash|a:0:{}', 1732790273, '2024-11-28 07:13:53', 0, 0, 'okhttp/3.12.1', '200.159.135.242'),
('a9f2a7aa791c7a2d550da011960c86cd', 'init|s:1:\"1\";slim.flash|a:0:{}', 1733392339, '2024-12-05 06:28:19', 0, 0, 'okhttp/3.12.1', '200.159.135.242'),
('ab66c3c839cd7ea2eb2bf6aa4cdf140e', 'init|s:1:\"1\";csrfToken|s:40:\"936101bd0ee58bb8a9d61315c5b21598e99d4fe9\";slim.flash|a:0:{}', 1732660852, '2024-11-26 19:16:52', 0, 0, 'Mozilla/5.0 AppleWebKit/537.36 (KHTML, like Gecko; compatible; ClaudeBot/1.0; +claudebot@anthropic.com)', '18.191.178.16'),
('ac484f4718a242bde08cb1647ef27d61', 'init|s:1:\"1\";csrfToken|s:40:\"d3acffb0263106283e92565270ec2ff9a549585b\";slim.flash|a:1:{s:10:\"priorRoute\";s:15:\"/midiatech/web/\";}', 1733400811, '2024-12-05 08:49:31', 0, 0, 'Mozilla/5.0 (compatible; MJ12bot/v1.4.8; http://mj12bot.com/)', '38.242.228.115'),
('ac76f4302de1cb4ff5a787e5ad228c02', 'init|s:1:\"1\";slim.flash|a:0:{}', 1732715374, '2024-11-27 10:25:34', 0, 0, 'okhttp/3.12.1', '200.159.135.242'),
('ad8e9332d5fcd2b6eea821cd153e7b38', 'init|s:1:\"1\";slim.flash|a:0:{}', 1732900942, '2024-11-29 13:58:22', 0, 0, 'okhttp/3.12.1', '200.159.135.242'),
('ade1eba37be7bebd2b1d1497b83adec1', 'init|s:1:\"1\";slim.flash|a:0:{}', 1732610802, '2024-11-26 05:22:42', 0, 0, 'okhttp/3.12.1', '200.159.135.242'),
('ae53bbe01bf7e364fc7b446f95768097', 'init|s:1:\"1\";slim.flash|a:0:{}', 1733636645, '2024-12-08 02:20:05', 0, 0, 'okhttp/3.12.1', '200.159.135.242'),
('ae5e4d09a30ebd0f4ded8e90ac1dbe7c', 'init|s:1:\"1\";slim.flash|a:0:{}', 1733737814, '2024-12-09 06:26:14', 0, 0, 'okhttp/3.12.1', '200.159.135.242'),
('ae9e2368956aa60082b95dfc94788208', 'init|s:1:\"1\";slim.flash|a:0:{}', 1731383391, '2024-11-12 00:25:51', 0, 0, 'okhttp/3.12.1', '200.159.135.242'),
('aebd03b5ac250fe516be2d0febd8ea9d', 'init|s:1:\"1\";slim.flash|a:0:{}', 1733370375, '2024-12-05 00:22:15', 0, 0, 'okhttp/3.12.1', '200.159.135.242'),
('af8892425135a0f841b89043f32fbf3d', 'init|s:1:\"1\";slim.flash|a:0:{}', 1733521401, '2024-12-06 18:19:21', 0, 0, 'okhttp/3.12.1', '200.159.135.242'),
('afa0f179d784bcb619215a0f3ff5ce80', 'init|s:1:\"1\";slim.flash|a:0:{}', 1733773856, '2024-12-09 16:26:56', 0, 0, 'okhttp/3.12.1', '200.159.135.242'),
('afbb7bb0c5fbe5a9e0e928918e2f9ca8', 'init|s:1:\"1\";csrfToken|s:40:\"d09023a78dd8d2e2da4d678d2eed67a1b81e5b25\";slim.flash|a:1:{s:10:\"priorRoute\";s:30:\"/midiatech/web/statusdashboard\";}', 1732583993, '2024-11-25 21:55:53', 0, 0, 'Mozilla/5.0 (Windows NT 10.0; Win64; x64) AppleWebKit/537.36 (KHTML, like Gecko) Chrome/131.0.0.0 Safari/537.36', '181.232.240.101'),
('b0d37dfa41ed2cf3d5c5daa5e0ff3a6d', 'init|s:1:\"1\";slim.flash|a:0:{}', 1732726187, '2024-11-27 13:25:47', 0, 0, 'okhttp/3.12.1', '200.159.135.242'),
('b17b16bc08fc42cd876f9462bc617cce', 'init|s:1:\"1\";slim.flash|a:0:{}', 1732844951, '2024-11-28 22:25:11', 0, 0, 'okhttp/3.12.1', '200.159.135.242'),
('b1c810a8bd5a1d8e2cd3972a5bde4883', 'init|s:1:\"1\";slim.flash|a:0:{}', 1732808272, '2024-11-28 12:13:52', 0, 0, 'okhttp/3.12.1', '200.159.135.242'),
('b1fa3278566e86e951a3534aca32cb0d', 'init|s:1:\"1\";slim.flash|a:0:{}', 1731379835, '2024-11-11 23:26:35', 0, 0, 'okhttp/3.12.1', '200.159.135.242'),
('b2c4d039edfbdfb94e515d14bbaaa1b9', 'init|s:1:\"1\";csrfToken|s:40:\"53aa79a97ad2a95f1d6652646468bf49e3fc78c3\";slim.flash|a:0:{}', 1731501684, '2024-11-13 09:17:24', 0, 0, 'Mozilla/5.0 (X11; Linux x86_64) AppleWebKit/537.36 (KHTML, like Gecko) Chrome/130.0.0.0 Safari/537.36', '187.69.78.88'),
('b2cfbf28d84816a8912bb780dc077899', 'init|s:1:\"1\";slim.flash|a:0:{}', 1733517801, '2024-12-06 17:19:21', 0, 0, 'okhttp/3.12.1', '200.159.135.242'),
('b3622ccffa19dc5053e71dfd9a233c5f', 'init|s:1:\"1\";slim.flash|a:0:{}', 1733615044, '2024-12-07 20:20:04', 0, 0, 'okhttp/3.12.1', '200.159.135.242'),
('b371a2710376b15eeeb8c159c096f89d', 'init|s:1:\"1\";slim.flash|a:0:{}', 1732965918, '2024-11-30 08:01:18', 0, 0, 'okhttp/3.12.1', '200.159.135.242'),
('b4c68646e8fdadafb5a0b067b1726653', 'init|s:1:\"1\";slim.flash|a:0:{}', 1731369728, '2024-11-11 20:38:08', 0, 1, 'okhttp/3.12.1', '200.159.135.242'),
('b57859c12fdf2fed8d2a72b041f5d25a', 'init|s:1:\"1\";slim.flash|a:0:{}', 1733254944, '2024-12-03 16:18:24', 0, 0, 'okhttp/3.12.1', '200.159.135.242'),
('b626eac9ae1b7112f2ea4396719dc91d', 'init|s:1:\"1\";csrfToken|s:40:\"bab901fd4bd824c8811567851f5d6ca8edbd79f1\";slim.flash|a:0:{}', 1732115951, '2024-11-20 11:55:11', 0, 0, 'Mozilla/5.0 (compatible; SemrushBot-BA; +http://www.semrush.com/bot.html)', '85.208.98.29'),
('b677f1301d4f83320385e35247e3dc63', 'init|s:1:\"1\";csrfToken|s:40:\"81da3195b48dd8457d5f84cbc27303fb592eee68\";slim.flash|a:0:{}', 1731419006, '2024-11-12 10:19:26', 0, 0, 'WhatsApp/2.23.20.0', '200.159.135.27'),
('b7856c48d6a829ac64982111af06cc7e', 'init|s:1:\"1\";slim.flash|a:0:{}', 1732801072, '2024-11-28 10:13:52', 0, 0, 'okhttp/3.12.1', '200.159.135.242'),
('b7c430bf0a7c045e62f1e1610c25bd2c', 'init|s:1:\"1\";csrfToken|s:40:\"706142df2086f11c0dfa8664d9c41dc7a6112bf7\";slim.flash|a:0:{}', 1733530492, '2024-12-06 20:50:52', 0, 0, 'Mozilla/5.0 (compatible; MJ12bot/v1.4.8; http://mj12bot.com/)', '195.26.249.12'),
('b7ee3f6c431ae36e1a7b3d64a307edae', 'init|s:1:\"1\";slim.flash|a:0:{}', 1733088889, '2024-12-01 18:10:49', 0, 0, 'okhttp/3.12.1', '200.159.135.242'),
('b8bc0206812f60c3fa4531109a1fcf5e', 'init|s:1:\"1\";slim.flash|a:0:{}', 1733672804, '2024-12-08 12:22:44', 0, 0, 'okhttp/3.12.1', '200.159.135.242'),
('b952ac80ab98e9bc7cb9aff4fbb81ecf', 'init|s:1:\"1\";slim.flash|a:0:{}', 1733117735, '2024-12-02 02:11:35', 0, 0, 'okhttp/3.12.1', '200.159.135.242'),
('b97a2a50c0485dcde78a963edf99c331', 'init|s:1:\"1\";slim.flash|a:0:{}', 1733301772, '2024-12-04 05:18:52', 0, 0, 'okhttp/3.12.1', '200.159.135.242'),
('ba1da87a886a8bb7c66b57a693bc0f45', 'init|s:1:\"1\";slim.flash|a:0:{}', 1732578322, '2024-11-25 20:21:22', 0, 0, 'okhttp/3.12.1', '200.159.135.242'),
('ba7aa2ab66cc034766f44d4fdd615546', 'init|s:1:\"1\";csrfToken|s:40:\"5d639db9ac1fe59cb8521e8acb5e2606b87f0dd4\";slim.flash|a:0:{}', 1733504095, '2024-12-06 13:30:55', 0, 0, 'Mozilla/5.0 (compatible; MJ12bot/v1.4.8; http://mj12bot.com/)', '100.42.177.144'),
('ba7baa939169ce43fcc08654d65fc17e', 'init|s:1:\"1\";csrfToken|s:40:\"ac812d5760575c85eb75086db5451845731fdf71\";slim.flash|a:0:{}', 1732197909, '2024-11-21 10:41:09', 5, 1, 'Mozilla/5.0 (Windows NT 10.0; Win64; x64) AppleWebKit/537.36 (KHTML, like Gecko) Chrome/131.0.0.0 Safari/537.36', '200.159.135.242'),
('bad9fb60cebdcba18594c0f73bcf8ded', 'init|s:1:\"1\";slim.flash|a:0:{}', 1732976719, '2024-11-30 11:01:19', 0, 0, 'okhttp/3.12.1', '200.159.135.242'),
('badb2dbb572e7bfe249a16aa54ae057f', 'init|s:1:\"1\";csrfToken|s:40:\"84fc43c00b8ea208876f5b7289f0d2672c8b157e\";slim.flash|a:1:{s:10:\"priorRoute\";s:36:\"/midiatech/web/user/form/preferences\";}', 1732890052, '2024-11-29 10:56:52', 0, 0, 'Mozilla/5.0 (compatible; SemrushBot/7~bl; +http://www.semrush.com/bot.html)', '185.191.171.19'),
('bb1c90da1a2e48f55a79957c9229c5ea', 'init|s:1:\"1\";slim.flash|a:0:{}', 1732852153, '2024-11-29 00:25:13', 0, 0, 'okhttp/3.12.1', '200.159.135.242'),
('bba741563c1157787ed43489c37424c0', 'init|s:1:\"1\";slim.flash|a:0:{}', 1732855754, '2024-11-29 01:25:14', 0, 0, 'okhttp/3.12.1', '200.159.135.242'),
('bc86feef7c85fe34b1cbdbd31e84598d', 'init|s:1:\"1\";slim.flash|a:0:{}', 1732636042, '2024-11-26 12:23:22', 0, 0, 'okhttp/3.12.1', '200.159.135.242'),
('bcbe32adf219289cdb95895fa8bd4e2a', 'init|s:1:\"1\";slim.flash|a:0:{}', 1732862956, '2024-11-29 03:25:16', 0, 0, 'okhttp/3.12.1', '200.159.135.242'),
('bce618ba38aaed2d771f8c45ceb357b0', 'init|s:1:\"1\";slim.flash|a:0:{}', 1732922583, '2024-11-29 19:59:03', 0, 0, 'okhttp/3.12.1', '200.159.135.242'),
('be3befddef8c781ff13e9dceda7e749d', 'init|s:1:\"1\";slim.flash|a:0:{}', 1733741449, '2024-12-09 07:26:49', 0, 0, 'okhttp/3.12.1', '200.159.135.242'),
('be62a6b9364d1ad7a0c7eda7b9108ef6', 'init|s:1:\"1\";csrfToken|s:40:\"0ccab525497f189e60213f810f47c25a55bbd598\";slim.flash|a:0:{}', 1732675517, '2024-11-26 23:21:17', 0, 0, 'Mozilla/5.0 AppleWebKit/537.36 (KHTML, like Gecko; compatible; ClaudeBot/1.0; +claudebot@anthropic.com)', '3.143.5.161'),
('be80b197ff0ddc54d2fac605aefb04cb', 'init|s:1:\"1\";slim.flash|a:0:{}', 1733272970, '2024-12-03 21:18:50', 0, 0, 'okhttp/3.12.1', '200.159.135.242'),
('bffc79470516129fef95e193c2f7729c', 'init|s:1:\"1\";slim.flash|a:0:{}', 1733755850, '2024-12-09 11:26:50', 0, 0, 'okhttp/3.12.1', '200.159.135.242'),
('c051445d995551d2efba7f2ef0865788', 'init|s:1:\"1\";slim.flash|a:0:{}', 1733726953, '2024-12-09 03:25:13', 0, 0, 'okhttp/3.12.1', '200.159.135.242'),
('c0ab8dec64194999c9c3ab053aebd9e3', 'init|s:1:\"1\";csrfToken|s:40:\"211a2424f286212f465decc2a58a896c01f03ac4\";slim.flash|a:1:{s:10:\"priorRoute\";s:15:\"/midiatech/web/\";}', 1733347862, '2024-12-04 18:07:02', 0, 0, 'Go-http-client/1.1', '51.89.167.1'),
('c1c12d67a0cd2aff9763f4aa827876e2', 'init|s:1:\"1\";csrfToken|s:40:\"57e5f017babed4630a12cfb0a17d626c5e454bb4\";slim.flash|a:0:{}', 1732024947, '2024-11-19 10:38:27', 5, 1, 'Mozilla/5.0 (Windows NT 10.0; Win64; x64) AppleWebKit/537.36 (KHTML, like Gecko) Chrome/131.0.0.0 Safari/537.36', '200.159.135.242'),
('c1ffeeeefa2353215f7d31d72300224b', 'init|s:1:\"1\";slim.flash|a:0:{}', 1732668506, '2024-11-26 21:24:26', 0, 0, 'okhttp/3.12.1', '200.159.135.242'),
('c234930060a250b563a5e34c8e321d31', 'init|s:1:\"1\";csrfToken|s:40:\"6aed1c31bdcb151e6b8a241f6b83d43a75f7d2c4\";slim.flash|a:0:{}userid|i:1;', 1731461197, '2024-11-12 22:02:37', 1, 0, 'Mozilla/5.0 (Windows NT 10.0; Win64; x64) AppleWebKit/537.36 (KHTML, like Gecko) Chrome/130.0.0.0 Safari/537.36', '181.232.243.21'),
('c28e204fb11784f3e9a0611081db4fa2', 'init|s:1:\"1\";slim.flash|a:0:{}', 1733680007, '2024-12-08 14:22:47', 0, 0, 'okhttp/3.12.1', '200.159.135.242'),
('c291d2d20f80289246c99b2d4919acb5', 'init|s:1:\"1\";slim.flash|a:0:{}', 1732819074, '2024-11-28 15:13:54', 0, 0, 'okhttp/3.12.1', '200.159.135.242'),
('c2b83bbc7a073b4f4ce6e2fdf9ebd913', 'init|s:1:\"1\";csrfToken|s:40:\"60c05de892eae5ba826a72b7daf134e67e6703b2\";slim.flash|a:0:{}', 1733691763, '2024-12-08 17:38:43', 0, 0, 'Mozilla/5.0 (compatible; MJ12bot/v1.4.8; http://mj12bot.com/)', '65.21.232.254'),
('c2c56920328cf3af7aec9934bb4d5fff', 'init|s:1:\"1\";slim.flash|a:0:{}', 1733244143, '2024-12-03 13:18:23', 0, 0, 'okhttp/3.12.1', '200.159.135.242'),
('c2cc7f2b5c3089df4a6457d930bacbb7', 'init|s:1:\"1\";slim.flash|a:0:{}', 1732833961, '2024-11-28 19:22:01', 0, 0, 'okhttp/3.12.1', '200.159.135.242'),
('c2e85bbfb3857a49c845e9b98625bb5d', 'init|s:1:\"1\";slim.flash|a:0:{}', 1733456207, '2024-12-06 00:12:47', 0, 0, 'okhttp/3.12.1', '200.159.135.242'),
('c3707c30faa0ebfee1936525cfad4ac7', 'init|s:1:\"1\";slim.flash|a:0:{}', 1732998525, '2024-11-30 17:04:45', 0, 0, 'okhttp/3.12.1', '200.159.135.242'),
('c3cee778ea2b3500f801493e8811b638', 'init|s:1:\"1\";csrfToken|s:40:\"9bea8bf7fb02de37eef2a4e7af61215679d8915e\";slim.flash|a:1:{s:10:\"priorRoute\";s:32:\"/midiatech/web/user/form/profile\";}', 1733691761, '2024-12-08 17:38:41', 0, 0, 'Mozilla/5.0 (compatible; MJ12bot/v1.4.8; http://mj12bot.com/)', '65.21.232.254'),
('c3d521f58af24f3117cb0887ece16502', 'init|s:1:\"1\";slim.flash|a:0:{}', 1733467101, '2024-12-06 03:14:21', 0, 0, 'okhttp/3.12.1', '200.159.135.242'),
('c3e7471a1bf322ea5d68203fffa1d50c', 'init|s:1:\"1\";csrfToken|s:40:\"c5c8b10a020b64155191f714f3e78eb86116e160\";slim.flash|a:0:{}', 1733570551, '2024-12-07 07:58:31', 0, 0, 'Mozilla/5.0 (compatible; SemrushBot/7~bl; +http://www.semrush.com/bot.html)', '85.208.96.203'),
('c5304aef4e1420dbdafd925725e6c584', 'init|s:1:\"1\";slim.flash|a:0:{}', 1731370132, '2024-11-11 20:44:52', 0, 1, 'okhttp/3.12.1', '200.159.135.242'),
('c546064326aa421985fcc1dbfb95e056', 'init|s:1:\"1\";slim.flash|a:0:{}', 1733701641, '2024-12-08 20:23:21', 0, 0, 'okhttp/3.12.1', '200.159.135.242'),
('c5c5420c6c728577623c0687fea22c99', 'init|s:1:\"1\";slim.flash|a:0:{}', 1732639642, '2024-11-26 13:23:22', 0, 0, 'okhttp/3.12.1', '200.159.135.242'),
('c63efe6df41392b518b35b50f3d627be', 'init|s:1:\"1\";slim.flash|a:0:{}', 1733204459, '2024-12-03 02:16:59', 0, 0, 'okhttp/3.12.1', '200.159.135.242'),
('c729fe8cb9f57a0be1b193a68cf874fc', 'init|s:1:\"1\";slim.flash|a:0:{}', 1733363140, '2024-12-04 22:21:40', 0, 0, 'okhttp/3.12.1', '200.159.135.242'),
('c7413027c6e09a91ddb636e64d55a71f', 'init|s:1:\"1\";slim.flash|a:0:{}', 1733352337, '2024-12-04 19:21:37', 0, 0, 'okhttp/3.12.1', '200.159.135.242'),
('c76aada45eca5e0df9427d7dc4e11753', 'init|s:1:\"1\";slim.flash|a:0:{}', 1733831551, '2024-12-10 08:28:31', 0, 0, 'okhttp/3.12.1', '200.159.135.242'),
('c90a39086c3cbf2e11fe317d11494cd1', 'init|s:1:\"1\";slim.flash|a:0:{}', 1732915382, '2024-11-29 17:59:02', 0, 0, 'okhttp/3.12.1', '200.159.135.242'),
('c960f9dceb8d6e3ec08d824306a084c0', 'init|s:1:\"1\";slim.flash|a:0:{}', 1732747054, '2024-11-27 19:13:34', 0, 0, 'okhttp/3.12.1', '200.159.135.242'),
('ca81b445a52fdf9f6fe388c65e01dfd2', 'init|s:1:\"1\";slim.flash|a:0:{}', 1731377336, '2024-11-11 22:44:56', 0, 1, 'okhttp/3.12.1', '200.159.135.242'),
('ca897e36a599cc725520acf35979003e', 'init|s:1:\"1\";slim.flash|a:0:{}', 1733403222, '2024-12-05 09:29:42', 0, 0, 'okhttp/3.12.1', '200.159.135.242'),
('cb28e0e51a6996d774d75400699da72b', 'init|s:1:\"1\";slim.flash|a:0:{}', 1733485180, '2024-12-06 08:15:40', 0, 0, 'okhttp/3.12.1', '200.159.135.242'),
('ccc2b4474fe79e9b33551699b5341c7d', 'init|s:1:\"1\";csrfToken|s:40:\"ae5d565b2e3f5ca8bb1875eeb350988f7d4114be\";slim.flash|a:0:{}', 1732669299, '2024-11-26 21:37:39', 0, 0, 'Mozilla/5.0 AppleWebKit/537.36 (KHTML, like Gecko; compatible; ClaudeBot/1.0; +claudebot@anthropic.com)', '3.145.196.150'),
('cccd0f6b63ad6d20f7e2159553b21c2a', 'init|s:1:\"1\";slim.flash|a:0:{}', 1733481580, '2024-12-06 07:15:40', 0, 0, 'okhttp/3.12.1', '200.159.135.242'),
('cd0d1634a1460852d5b80526b44949ae', 'init|s:1:\"1\";slim.flash|a:0:{}', 1733640258, '2024-12-08 03:20:18', 0, 0, 'okhttp/3.12.1', '200.159.135.242'),
('cd21754e3386385e7cb7913ec0da3f79', 'init|s:1:\"1\";csrfToken|s:40:\"0e834e119da73883a0895e101faa32c1e00f8668\";slim.flash|a:0:{}', 1733699435, '2024-12-08 19:46:35', 0, 0, 'Mozilla/5.0 (compatible; MJ12bot/v1.4.8; http://mj12bot.com/)', '91.137.27.140'),
('cd560b8323ee047fb9298f60fd956d3c', 'init|s:1:\"1\";slim.flash|a:0:{}', 1731384536, '2024-11-12 00:44:56', 0, 0, 'okhttp/3.12.1', '200.159.135.242'),
('d154191377f1996fe215b8972b34edd8', 'init|s:1:\"1\";slim.flash|a:0:{}', 1733323373, '2024-12-04 11:18:53', 0, 0, 'okhttp/3.12.1', '200.159.135.242'),
('d1d6e96efef87f6306fcbeef74aa5c07', 'init|s:1:\"1\";slim.flash|a:0:{}', 1733334218, '2024-12-04 14:19:38', 0, 0, 'okhttp/3.12.1', '200.159.135.242'),
('d22b62c20015c304d4e960285375777e', 'init|s:1:\"1\";slim.flash|a:0:{}', 1732926198, '2024-11-29 20:59:18', 0, 0, 'okhttp/3.12.1', '200.159.135.242'),
('d3309eddf00cb67c5a2813e63af360e6', 'init|s:1:\"1\";csrfToken|s:40:\"c048fc48f6a0307bf6ccd3d30879487dc85877a2\";slim.flash|a:0:{}', 1733471590, '2024-12-06 04:29:10', 0, 0, 'Mozilla/5.0 (compatible; SemrushBot/7~bl; +http://www.semrush.com/bot.html)', '185.191.171.2'),
('d38844af670931a3bd1c47ed36d7b1cb', 'init|s:1:\"1\";slim.flash|a:0:{}', 1733463501, '2024-12-06 02:14:21', 0, 0, 'okhttp/3.12.1', '200.159.135.242'),
('d391453bc801937d8ad7bf0605834f31', 'init|s:1:\"1\";slim.flash|a:0:{}', 1733586241, '2024-12-07 12:20:01', 0, 0, 'okhttp/3.12.1', '200.159.135.242'),
('d4be405f35cfb7cdc0bdcb75ac6a2fb6', 'init|s:1:\"1\";slim.flash|a:0:{}', 1733171919, '2024-12-02 17:14:39', 0, 0, 'okhttp/3.12.1', '200.159.135.242'),
('d56d5842ddb4d8e126d9f0c661ccb582', 'init|s:1:\"1\";slim.flash|a:0:{}', 1733265757, '2024-12-03 19:18:37', 0, 0, 'okhttp/3.12.1', '200.159.135.242'),
('d593ae0b3b6d0ea9a779efe64f5401bb', 'init|s:1:\"1\";slim.flash|a:0:{}', 1733175519, '2024-12-02 18:14:39', 0, 0, 'okhttp/3.12.1', '200.159.135.242'),
('d5c8968e42576b28e9019fc699894090', 'init|s:1:\"1\";slim.flash|a:0:{}', 1733096120, '2024-12-01 20:11:20', 0, 0, 'okhttp/3.12.1', '200.159.135.242'),
('d60f07c5a6a2a4020c12673f6a6fbb79', 'init|s:1:\"1\";slim.flash|a:0:{}', 1733009328, '2024-11-30 20:04:48', 0, 0, 'okhttp/3.12.1', '200.159.135.242'),
('d735cf58f4183eb6cfc2875a198fb8c3', 'init|s:1:\"1\";slim.flash|a:0:{}', 1733488945, '2024-12-06 09:18:25', 0, 0, 'okhttp/3.12.1', '200.159.135.242'),
('d7763c2b3f4fabb24c4cb893c87fea15', 'init|s:1:\"1\";slim.flash|a:0:{}', 1732625226, '2024-11-26 09:23:06', 0, 0, 'okhttp/3.12.1', '200.159.135.242'),
('d9765ec2c20d092c708b108282a2a921', 'init|s:1:\"1\";slim.flash|a:0:{}', 1733647507, '2024-12-08 05:21:07', 0, 0, 'okhttp/3.12.1', '200.159.135.242'),
('d9c3a4bf602f813db2ac8c51c24b58e5', 'init|s:1:\"1\";slim.flash|a:0:{}', 1733575441, '2024-12-07 09:20:01', 0, 0, 'okhttp/3.12.1', '200.159.135.242'),
('da4f3a8e0da0f2557923a8405d6bf624', 'init|s:1:\"1\";slim.flash|a:0:{}', 1733763050, '2024-12-09 13:26:50', 0, 0, 'okhttp/3.12.1', '200.159.135.242'),
('da906406902ea32475fbf20dd0c074ff', 'init|s:1:\"1\";slim.flash|a:0:{}', 1733474302, '2024-12-06 05:14:22', 0, 0, 'okhttp/3.12.1', '200.159.135.242'),
('dac6c4dbc3365b026c547d8c9f98ee60', 'init|s:1:\"1\";csrfToken|s:40:\"6cfa5418532dbe08d0691206c292ec50357cd0b6\";slim.flash|a:1:{s:10:\"priorRoute\";s:21:\"/midiatech/web/logout\";}', 1733530488, '2024-12-06 20:50:48', 0, 0, 'Mozilla/5.0 (compatible; MJ12bot/v1.4.8; http://mj12bot.com/)', '195.26.249.12'),
('db29ae0ceead0131188b8e532e7aa02d', 'init|s:1:\"1\";slim.flash|a:0:{}', 1732841350, '2024-11-28 21:25:10', 0, 0, 'okhttp/3.12.1', '200.159.135.242'),
('dbce6c8abceac01a3644793812996f14', 'init|s:1:\"1\";csrfToken|s:40:\"b50a71e3b195797af9fbf680ac05d43e032dc17c\";slim.flash|a:0:{}', 1733974606, '2024-12-12 00:12:46', 0, 0, 'Mozilla/5.0 (Windows NT 10.0; Win64; x64) AppleWebKit/537.36 (KHTML, like Gecko) Chrome/131.0.0.0 Safari/537.36 Edg/131.0.0.0', '179.221.227.113'),
('dc6ac840ca0f8b30f6da343cb2b4712f', 'init|s:1:\"1\";csrfToken|s:40:\"a1bb25c338e72c0864f1eb8821612f285c5439f0\";slim.flash|a:1:{s:10:\"priorRoute\";s:15:\"/midiatech/web/\";}', 1733041355, '2024-12-01 04:58:35', 0, 0, 'Mozilla/5.0 (Windows NT 10.0; rv:78.0) Gecko/20100101 Firefox/78.0', '34.140.130.14'),
('dd3fc2b99efd07cae082bf751e708346', 'init|s:1:\"1\";slim.flash|a:0:{}', 1732596324, '2024-11-26 01:21:24', 0, 0, 'okhttp/3.12.1', '200.159.135.242'),
('dfe8aa0438bdb02c34094eedb8517833', 'init|s:1:\"1\";slim.flash|a:0:{}', 1732650444, '2024-11-26 16:23:24', 0, 0, 'okhttp/3.12.1', '200.159.135.242'),
('e01184166ba98fc5322ee32fdd09863a', 'init|s:1:\"1\";slim.flash|a:0:{}', 1733705352, '2024-12-08 21:25:12', 0, 0, 'okhttp/3.12.1', '200.159.135.242'),
('e0d60a5790a7ccf24522d14c8bf050f2', 'init|s:1:\"1\";slim.flash|a:0:{}', 1733337819, '2024-12-04 15:19:39', 0, 0, 'okhttp/3.12.1', '200.159.135.242'),
('e0fa32ff0fb39aa1dcb2c799822ba001', 'init|s:1:\"1\";slim.flash|a:0:{}', 1733377651, '2024-12-05 02:23:31', 0, 0, 'okhttp/3.12.1', '200.159.135.242'),
('e237f7d89e0491b56e8942f52aee025e', 'init|s:1:\"1\";slim.flash|a:0:{}', 1733658398, '2024-12-08 08:22:38', 0, 0, 'okhttp/3.12.1', '200.159.135.242'),
('e25576dfbbaef75519a8dc7736df22e2', 'init|s:1:\"1\";slim.flash|a:0:{}', 1733283771, '2024-12-04 00:18:51', 0, 0, 'okhttp/3.12.1', '200.159.135.242'),
('e2f7ef7be4a7e8b32e69d52113857687', 'init|s:1:\"1\";slim.flash|a:0:{}', 1733809941, '2024-12-10 02:28:21', 0, 0, 'okhttp/3.12.1', '200.159.135.242'),
('e3df50bf64db3855ddc979c32106b2e8', 'init|s:1:\"1\";slim.flash|a:0:{}', 1733770256, '2024-12-09 15:26:56', 0, 0, 'okhttp/3.12.1', '200.159.135.242'),
('e46d6dbae33fdd1033c4aafad789c7e5', 'init|s:1:\"1\";slim.flash|a:0:{}', 1733139336, '2024-12-02 08:11:36', 0, 0, 'okhttp/3.12.1', '200.159.135.242'),
('e4efce7707260e646401e2c3386084e6', 'init|s:1:\"1\";slim.flash|a:0:{}', 1733236952, '2024-12-03 11:18:32', 0, 0, 'okhttp/3.12.1', '200.159.135.242'),
('e4f3fb285e470ecc4f99ae3c78d2b05d', 'init|s:1:\"1\";csrfToken|s:40:\"9d85006dd129a64a57ae5d589d348a26786e3b1a\";slim.flash|a:0:{}', 1732115995, '2024-11-20 11:55:55', 0, 0, 'Mozilla/5.0 (compatible; SemrushBot-BA; +http://www.semrush.com/bot.html)', '85.208.98.29'),
('e511434a6ec6a9e7f46514fbce79a0f6', 'init|s:1:\"1\";csrfToken|s:40:\"40d3d87acf00fc9a5ff477b8266a024048033f98\";slim.flash|a:0:{}', 1732846360, '2024-11-28 22:48:40', 0, 0, 'Mozilla/5.0 (compatible; SemrushBot/7~bl; +http://www.semrush.com/bot.html)', '185.191.171.6'),
('e547e36656bf66f3a0764d5e5aaaa676', 'init|s:1:\"1\";csrfToken|s:40:\"927b6b96d195a6425e1567b4723457c4126a5555\";slim.flash|a:1:{s:10:\"priorRoute\";s:15:\"/midiatech/web/\";}', 1733397464, '2024-12-05 07:53:44', 0, 0, 'Mozilla/5.0 (compatible; MJ12bot/v1.4.8; http://mj12bot.com/)', '217.182.175.125'),
('e557d77226da1b0592ad23ac8a01998f', 'init|s:1:\"1\";csrfToken|s:40:\"ea74a952715e8a0aefbf517b8173f3fb7d92c03b\";slim.flash|a:0:{}', 1733424350, '2024-12-05 15:21:50', 0, 0, 'Mozilla/5.0 (compatible; AhrefsBot/7.0; +http://ahrefs.com/robot/)', '51.222.253.9'),
('e563dd1a682b4dca30db977aa0ee62c8', 'init|s:1:\"1\";slim.flash|a:0:{}', 1732589124, '2024-11-25 23:21:24', 0, 0, 'okhttp/3.12.1', '200.159.135.242'),
('e59a323a4bc9d1d4d78a8e58dfaeba65', 'init|s:1:\"1\";slim.flash|a:0:{}', 1733629445, '2024-12-08 00:20:05', 0, 0, 'okhttp/3.12.1', '200.159.135.242'),
('e7d24d6de11e042b3fe04f1f7e523d16', 'init|s:1:\"1\";slim.flash|a:0:{}', 1733442823, '2024-12-05 20:29:43', 0, 0, 'okhttp/3.12.1', '200.159.135.242'),
('e7fcaddad0bfd7f35b090017767641ee', 'init|s:1:\"1\";slim.flash|a:0:{}', 1733290971, '2024-12-04 02:18:51', 0, 0, 'okhttp/3.12.1', '200.159.135.242'),
('ea30a3bb686a1ebb3e62d3455366c6c7', 'init|s:1:\"1\";slim.flash|a:0:{}', 1733193546, '2024-12-02 23:15:06', 0, 0, 'okhttp/3.12.1', '200.159.135.242'),
('eabd5532e63f06036a5d7705052270b4', 'init|s:1:\"1\";slim.flash|a:0:{}', 1733719753, '2024-12-09 01:25:13', 0, 0, 'okhttp/3.12.1', '200.159.135.242'),
('eac701ef9c3392af5946d9174cff6375', 'init|s:1:\"1\";slim.flash|a:0:{}', 1733142949, '2024-12-02 09:11:49', 0, 0, 'okhttp/3.12.1', '200.159.135.242'),
('eaf0122cf827a434a53f7f2410a4407d', 'init|s:1:\"1\";slim.flash|a:0:{}', 1733052541, '2024-12-01 08:05:01', 0, 0, 'okhttp/3.12.1', '200.159.135.242'),
('eb03b32347d735165631d9f7fb89968d', 'init|s:1:\"1\";slim.flash|a:0:{}', 1732908142, '2024-11-29 15:58:22', 0, 0, 'okhttp/3.12.1', '200.159.135.242'),
('eb596b50b551d4fce5887421044c43dc', 'init|s:1:\"1\";slim.flash|a:0:{}', 1732581922, '2024-11-25 21:21:22', 0, 0, 'okhttp/3.12.1', '200.159.135.242'),
('ebb7a4b1cf98da787bbdafe0968dce1c', 'init|s:1:\"1\";slim.flash|a:0:{}', 1733510580, '2024-12-06 15:19:00', 0, 0, 'okhttp/3.12.1', '200.159.135.242'),
('ebd54f143148e98be23adb52cb37bcd8', 'init|s:1:\"1\";slim.flash|a:0:{}', 1732618002, '2024-11-26 07:22:42', 0, 0, 'okhttp/3.12.1', '200.159.135.242'),
('ec14f2a1361bb72abea688f883c82016', 'init|s:1:\"1\";csrfToken|s:40:\"7cffac10a6c8fb10da9aaf70e2e5a298f3923f6b\";slim.flash|a:0:{}', 1732978276, '2024-11-30 11:27:16', 0, 0, 'Mozilla/5.0 AppleWebKit/537.36 (KHTML, like Gecko; compatible; ClaudeBot/1.0; +claudebot@anthropic.com)', '18.118.37.85'),
('ec4326c4b40b3e1a69f281436de0790e', 'init|s:1:\"1\";csrfToken|s:40:\"5c3bf9c25af32ad7bca9a6056fc6806883207647\";slim.flash|a:1:{s:10:\"priorRoute\";s:36:\"/midiatech/web/user/form/preferences\";}', 1733530494, '2024-12-06 20:50:54', 0, 0, 'Mozilla/5.0 (compatible; MJ12bot/v1.4.8; http://mj12bot.com/)', '195.26.249.12'),
('ec69c26004a0b8cbb52bf174e0e36501', 'init|s:1:\"1\";slim.flash|a:0:{}', 1732700971, '2024-11-27 06:25:31', 0, 0, 'okhttp/3.12.1', '200.159.135.242'),
('eca84df332cb73a1061fc13f5a97a1e8', 'init|s:1:\"1\";slim.flash|a:0:{}', 1732779472, '2024-11-28 04:13:52', 0, 0, 'okhttp/3.12.1', '200.159.135.242'),
('ed327215690e2088a768a2b3135768e2', 'init|s:1:\"1\";slim.flash|a:0:{}', 1733784665, '2024-12-09 19:27:05', 0, 0, 'okhttp/3.12.1', '200.159.135.242'),
('efab6729fc4cd138334446f80274c717', 'init|s:1:\"1\";slim.flash|a:0:{}', 1733294571, '2024-12-04 03:18:51', 0, 0, 'okhttp/3.12.1', '200.159.135.242'),
('f0c5a2bac17df17dec3d3a522772c518', 'init|s:1:\"1\";slim.flash|a:0:{}', 1733410423, '2024-12-05 11:29:43', 0, 0, 'okhttp/3.12.1', '200.159.135.242'),
('f25b0313d74bfb560ec19a8cda0ce2c6', 'init|s:1:\"1\";slim.flash|a:0:{}', 1733421223, '2024-12-05 14:29:43', 0, 0, 'okhttp/3.12.1', '200.159.135.242'),
('f2a3e2ad3b3fb0c7000d71194f444130', 'init|s:1:\"1\";slim.flash|a:0:{}', 1733690837, '2024-12-08 17:23:17', 0, 0, 'okhttp/3.12.1', '200.159.135.242'),
('f3bd315be3df3c8e2ef348d6784592d0', 'init|s:1:\"1\";slim.flash|a:0:{}', 1732897330, '2024-11-29 12:58:10', 0, 0, 'okhttp/3.12.1', '200.159.135.242'),
('f469bbd606a4346d64e0de2265056319', 'init|s:1:\"1\";slim.flash|a:0:{}', 1732545771, '2024-11-25 11:18:51', 0, 0, 'okhttp/3.12.1', '200.159.135.242'),
('f54a3bc12b11cb81f39be9a0112fdd87', 'init|s:1:\"1\";csrfToken|s:40:\"c3b21a6d12ae8a7f6e665fa8ae53cd87fea39bf2\";slim.flash|a:0:{}userid|i:4;', 1732636931, '2024-11-26 12:38:11', 4, 0, 'Mozilla/5.0 (Windows NT 10.0; Win64; x64) AppleWebKit/537.36 (KHTML, like Gecko) Chrome/131.0.0.0 Safari/537.36', '200.159.135.27'),
('f65e9d64f3372f6a0d2e1099e74304f5', 'init|s:1:\"1\";csrfToken|s:40:\"03c2a0977d13bef3a72cdde87e3cf59b56ac129d\";slim.flash|a:0:{}', 1731770887, '2024-11-16 12:04:07', 0, 0, 'Mozilla/5.0 (Macintosh; Intel Mac OS X 10_15_7) AppleWebKit/605.1.15 (KHTML, like Gecko) CriOS/130 Version/11.1.1 Safari/605.1.15', '177.192.13.62'),
('f7d399847161badabc499ec53d5c79a0', 'init|s:1:\"1\";slim.flash|a:0:{}', 1733146549, '2024-12-02 10:11:49', 0, 0, 'okhttp/3.12.1', '200.159.135.242'),
('f959656e56728b8f9658a48a1c437336', 'init|s:1:\"1\";csrfToken|s:40:\"497ce74563a6e8e034b1b53d910d174400ead5a3\";slim.flash|a:1:{s:10:\"priorRoute\";s:21:\"/midiatech/web/logout\";}', 1732846359, '2024-11-28 22:48:39', 0, 0, 'Mozilla/5.0 (compatible; SemrushBot/7~bl; +http://www.semrush.com/bot.html)', '185.191.171.3'),
('f9a0360384c6cf39a301416e5129b851', 'init|s:1:\"1\";slim.flash|a:0:{}', 1733182720, '2024-12-02 20:14:40', 0, 0, 'okhttp/3.12.1', '200.159.135.242'),
('f9e41e2faacf10a105a4668f5368b5e4', 'init|s:1:\"1\";slim.flash|a:0:{}', 1733240542, '2024-12-03 12:18:22', 0, 0, 'okhttp/3.12.1', '200.159.135.242'),
('fa052cc143af0e9eead350521c492c5f', 'init|s:1:\"1\";slim.flash|a:0:{}', 1733048940, '2024-12-01 07:05:00', 0, 0, 'okhttp/3.12.1', '200.159.135.242'),
('fa7c722a4a1788f851617ea08a4500ae', 'init|s:1:\"1\";slim.flash|a:0:{}', 1733499745, '2024-12-06 12:18:25', 0, 0, 'okhttp/3.12.1', '200.159.135.242'),
('faa336e307760a91205aac88b6403b4c', 'init|s:1:\"1\";csrfToken|s:40:\"b8346c64f9640e84d9efd39f7e753acea7afaa69\";slim.flash|a:0:{}', 1732676265, '2024-11-26 23:33:45', 0, 0, 'Mozilla/5.0 AppleWebKit/537.36 (KHTML, like Gecko; compatible; ClaudeBot/1.0; +claudebot@anthropic.com)', '18.117.154.134'),
('faeb05b5ffd196c76a6572cbabebe31f', 'init|s:1:\"1\";slim.flash|a:0:{}', 1732614402, '2024-11-26 06:22:42', 0, 0, 'okhttp/3.12.1', '200.159.135.242'),
('fbc011ada34cb63a466b410646a3af14', 'init|s:1:\"1\";slim.flash|a:0:{}', 1732918982, '2024-11-29 18:59:02', 0, 0, 'okhttp/3.12.1', '200.159.135.242'),
('fcda4ad106fa7da3e8624d488d2635aa', 'init|s:1:\"1\";slim.flash|a:0:{}', 1732822673, '2024-11-28 16:13:53', 0, 0, 'okhttp/3.12.1', '200.159.135.242'),
('fcf6a110155854b2d4a245b274442962', 'init|s:1:\"1\";slim.flash|a:0:{}', 1732718975, '2024-11-27 11:25:35', 0, 0, 'okhttp/3.12.1', '200.159.135.242'),
('fd2350b2cf4ee8361fa025106cd5fb22', 'init|s:1:\"1\";slim.flash|a:0:{}', 1731393053, '2024-11-12 03:06:53', 0, 0, 'okhttp/3.12.1', '200.159.135.242'),
('fd7f6ca1d64388e773f0b77602274300', 'init|s:1:\"1\";slim.flash|a:0:{}', 1733103319, '2024-12-01 22:11:19', 0, 0, 'okhttp/3.12.1', '200.159.135.242'),
('fd8176b350321ba174f3b9cb320d2055', 'init|s:1:\"1\";slim.flash|a:0:{}', 1733189920, '2024-12-02 22:14:40', 0, 0, 'okhttp/3.12.1', '200.159.135.242'),
('fe81b6cd707702d626aefa4ddd2b1d72', 'init|s:1:\"1\";slim.flash|a:0:{}', 1732567478, '2024-11-25 17:20:38', 0, 0, 'okhttp/3.12.1', '200.159.135.242'),
('fe834b94fd18b871be2cef8aedd6cd13', 'init|s:1:\"1\";csrfToken|s:40:\"e22bda3bb21aab3311b7bd64b91814bcd498e293\";slim.flash|a:0:{}', 1733288478, '2024-12-04 01:37:18', 0, 0, 'Mozilla/5.0 (compatible; SemrushBot/7~bl; +http://www.semrush.com/bot.html)', '85.208.96.212'),
('feaefc1be512e35232352a4747fb40cf', 'init|s:1:\"1\";csrfToken|s:40:\"f4c861cb89fc98c383e1819d7bda9dd7394f264f\";slim.flash|a:0:{}', 1732727693, '2024-11-27 13:50:53', 0, 0, 'Mozilla/5.0 AppleWebKit/537.36 (KHTML, like Gecko; compatible; ClaudeBot/1.0; +claudebot@anthropic.com)', '3.131.13.24');

-- --------------------------------------------------------

--
-- Estrutura para tabela `setting`
--

CREATE TABLE `setting` (
  `settingId` int(11) NOT NULL,
  `setting` varchar(50) NOT NULL,
  `value` varchar(1000) NOT NULL,
  `userSee` tinyint(4) NOT NULL DEFAULT '1',
  `userChange` tinyint(4) NOT NULL DEFAULT '0'
) ENGINE=InnoDB DEFAULT CHARSET=utf8;

--
-- Despejando dados para a tabela `setting`
--

INSERT INTO `setting` (`settingId`, `setting`, `value`, `userSee`, `userChange`) VALUES
(1, 'MEDIA_DEFAULT', 'private', 1, 1),
(2, 'LAYOUT_DEFAULT', 'private', 1, 1),
(3, 'defaultUsertype', 'User', 1, 1),
(7, 'userModule', 'module_user_general.php', 0, 0),
(11, 'defaultTimezone', 'America/Sao_Paulo', 1, 1),
(18, 'mail_to', 'mail@yoursite.com', 1, 1),
(19, 'mail_from', 'mail@yoursite.com', 1, 1),
(30, 'audit', 'emergency', 1, 1),
(33, 'LIBRARY_LOCATION', 'media/', 1, 1),
(34, 'SERVER_KEY', 'abcd1234', 1, 1),
(35, 'HELP_BASE', 'http://www.xibo.org.uk/manual/en/', 1, 1),
(36, 'PHONE_HOME', '0', 1, 1),
(37, 'PHONE_HOME_KEY', '44b9d800dfcf48a1e0c270648ee7867b', 0, 0),
(38, 'PHONE_HOME_URL', 'http://www.xibo.org.uk/stats/track.php', 0, 0),
(39, 'PHONE_HOME_DATE', '0', 0, 0),
(40, 'SERVER_MODE', 'Production', 1, 1),
(41, 'MAINTENANCE_ENABLED', 'Off', 1, 1),
(42, 'MAINTENANCE_EMAIL_ALERTS', '1', 1, 1),
(43, 'MAINTENANCE_KEY', 'changeme', 1, 1),
(44, 'MAINTENANCE_LOG_MAXAGE', '30', 1, 1),
(45, 'MAINTENANCE_STAT_MAXAGE', '30', 1, 1),
(46, 'MAINTENANCE_ALERT_TOUT', '12', 1, 1),
(47, 'SHOW_DISPLAY_AS_VNCLINK', '', 1, 1),
(48, 'SHOW_DISPLAY_AS_VNC_TGT', '_top', 1, 1),
(49, 'MAINTENANCE_ALWAYS_ALERT', '0', 1, 1),
(50, 'SCHEDULE_LOOKAHEAD', '1', 1, 0),
(51, 'REQUIRED_FILES_LOOKAHEAD', '172800', 1, 1),
(52, 'REGION_OPTIONS_COLOURING', 'Media Colouring', 1, 1),
(53, 'LAYOUT_COPY_MEDIA_CHECKB', '0', 1, 1),
(54, 'MAX_LICENSED_DISPLAYS', '0', 0, 0),
(55, 'LIBRARY_MEDIA_UPDATEINALL_CHECKB', '1', 1, 1),
(56, 'USER_PASSWORD_POLICY', '', 1, 1),
(57, 'USER_PASSWORD_ERROR', '', 1, 1),
(58, 'MODULE_CONFIG_LOCKED_CHECKB', '0', 0, 0),
(59, 'LIBRARY_SIZE_LIMIT_KB', '0', 1, 0),
(60, 'MONTHLY_XMDS_TRANSFER_LIMIT_KB', '0', 1, 0),
(61, 'DEFAULT_LANGUAGE', 'pt_BR', 1, 1),
(62, 'TRANSITION_CONFIG_LOCKED_CHECKB', '0', 1, 0),
(63, 'GLOBAL_THEME_NAME', 'mga', 1, 1),
(64, 'DEFAULT_LAT', '51.504', 1, 1),
(65, 'DEFAULT_LONG', '-0.104', 1, 1),
(66, 'SCHEDULE_WITH_VIEW_PERMISSION', '0', 1, 1),
(67, 'SETTING_IMPORT_ENABLED', '1', 1, 1),
(68, 'SETTING_LIBRARY_TIDY_ENABLED', '1', 1, 1),
(69, 'SENDFILE_MODE', 'Off', 1, 1),
(70, 'EMBEDDED_STATUS_WIDGET', '', 1, 0),
(71, 'PROXY_HOST', '', 1, 1),
(72, 'PROXY_PORT', '0', 1, 1),
(73, 'PROXY_AUTH', '', 1, 1),
(74, 'DATE_FORMAT', 'd-m-Y H:i', 1, 1),
(75, 'DETECT_LANGUAGE', '0', 1, 1),
(76, 'DEFAULTS_IMPORTED', '1', 0, 0),
(77, 'FORCE_HTTPS', '0', 1, 1),
(78, 'ISSUE_STS', '0', 1, 1),
(79, 'STS_TTL', '600', 1, 1),
(81, 'CALENDAR_TYPE', 'Gregorian', 1, 1),
(82, 'DASHBOARD_LATEST_NEWS_ENABLED', '0', 1, 1),
(83, 'LIBRARY_MEDIA_DELETEOLDVER_CHECKB', '1', 1, 1),
(84, 'PROXY_EXCEPTIONS', '', 1, 1),
(85, 'INSTANCE_SUSPENDED', '0', 0, 0),
(86, 'INHERIT_PARENT_PERMISSIONS', '1', 1, 1),
(87, 'XMR_ADDRESS', 'tcp://localhost:5555', 1, 1),
(88, 'XMR_PUB_ADDRESS', '', 1, 1),
(89, 'CDN_URL', '', 0, 0),
(90, 'ELEVATE_LOG_UNTIL', '1587564540', 1, 1),
(91, 'RESTING_LOG_LEVEL', 'emergency', 1, 1),
(92, 'TASK_CONFIG_LOCKED_CHECKB', '0', 0, 0),
(93, 'WHITELIST_LOAD_BALANCERS', '', 1, 1),
(94, 'DEFAULT_LAYOUT', '1', 1, 1),
(95, 'DISPLAY_PROFILE_STATS_DEFAULT', '0', 1, 1),
(96, 'DISPLAY_PROFILE_CURRENT_LAYOUT_STATUS_ENABLED', '1', 1, 1),
(97, 'DISPLAY_PROFILE_SCREENSHOT_INTERVAL_ENABLED', '1', 1, 1),
(98, 'DISPLAY_PROFILE_SCREENSHOT_SIZE_DEFAULT', '200', 1, 1),
(99, 'LATEST_NEWS_URL', 'http://xibo.org.uk/feed', 0, 0),
(100, 'DISPLAY_LOCK_NAME_TO_DEVICENAME', '0', 1, 1),
(101, 'mail_from_name', '', 1, 1),
(102, 'SCHEDULE_SHOW_LAYOUT_NAME', '0', 1, 1),
(103, 'DEFAULT_USERGROUP', '1', 1, 1),
(104, 'PASSWORD_REMINDER_ENABLED', 'Off', 1, 1),
(105, 'DISPLAY_AUTO_AUTH', '0', 0, 0),
(106, 'EVENT_SYNC', '0', 0, 0),
(107, 'DEFAULT_TRANSITION_DURATION', '1000', 1, 1),
(108, 'LAYOUT_STATS_ENABLED_DEFAULT', '0', 1, 1),
(109, 'DISPLAY_PROFILE_AGGREGATION_LEVEL_DEFAULT', 'Individual', 1, 1),
(110, 'MEDIA_STATS_ENABLED_DEFAULT', 'Inherit', 1, 1),
(111, 'WIDGET_STATS_ENABLED_DEFAULT', 'Inherit', 1, 1),
(112, 'NAVIGATION_MENU_POSITION', 'vertical', 1, 1),
(113, 'TWOFACTOR_ISSUER', '', 1, 1),
(114, 'PLAYLIST_STATS_ENABLED_DEFAULT', 'Inherit', 1, 1),
(115, 'DEFAULT_RESIZE_LIMIT', '6000', 1, 1),
(116, 'DEFAULT_RESIZE_THRESHOLD', '1920', 1, 1),
(117, 'DEFAULT_CASCADE_PERMISSION_CHECKB', '1', 1, 1),
(118, 'DEFAULT_TRANSITION_IN', 'fadeIn', 1, 1),
(119, 'DEFAULT_TRANSITION_OUT', 'fadeOut', 1, 1),
(120, 'DEFAULT_LAYOUT_AUTO_PUBLISH_CHECKB', '1', 1, 1),
(121, 'QUICK_CHART_URL', 'https://quickchart.io', 1, 1),
(122, 'DEFAULT_TRANSITION_AUTO_APPLY', '0', 1, 1);

-- --------------------------------------------------------

--
-- Estrutura para tabela `stat`
--

CREATE TABLE `stat` (
  `statId` int(11) NOT NULL,
  `type` varchar(20) NOT NULL,
  `statDate` int(11) NOT NULL,
  `scheduleId` int(11) NOT NULL,
  `displayId` int(11) NOT NULL,
  `campaignId` int(11) DEFAULT NULL,
  `layoutId` int(11) DEFAULT NULL,
  `mediaId` int(11) DEFAULT NULL,
  `widgetId` int(11) DEFAULT NULL,
  `start` int(11) NOT NULL,
  `end` int(11) NOT NULL,
  `tag` varchar(254) DEFAULT NULL,
  `duration` int(11) NOT NULL,
  `count` int(11) NOT NULL,
  `engagements` text
) ENGINE=InnoDB DEFAULT CHARSET=utf8;

-- --------------------------------------------------------

--
-- Estrutura para tabela `status`
--

CREATE TABLE `status` (
  `id` int(11) NOT NULL,
  `status` varchar(254) NOT NULL
) ENGINE=InnoDB DEFAULT CHARSET=utf8;

--
-- Despejando dados para a tabela `status`
--

INSERT INTO `status` (`id`, `status`) VALUES
(1, 'Published'),
(2, 'Draft'),
(3, 'Pending Approval');

-- --------------------------------------------------------

--
-- Estrutura para tabela `tag`
--

CREATE TABLE `tag` (
  `tagId` int(11) NOT NULL,
  `tag` varchar(50) NOT NULL,
  `isSystem` int(11) NOT NULL DEFAULT '0',
  `options` text,
  `isRequired` int(11) NOT NULL DEFAULT '0'
) ENGINE=InnoDB DEFAULT CHARSET=utf8;

--
-- Despejando dados para a tabela `tag`
--

INSERT INTO `tag` (`tagId`, `tag`, `isSystem`, `options`, `isRequired`) VALUES
(1, 'template', 1, NULL, 0),
(2, 'background', 1, NULL, 0),
(3, 'thumbnail', 1, NULL, 0),
(4, 'default', 0, NULL, 0),
(5, 'imported', 0, NULL, 0),
(6, '', 0, NULL, 0),
(7, 'VDG', 0, NULL, 0),
(8, 'SUPER REDE', 0, NULL, 0),
(9, 'SFSF', 0, NULL, 0),
(10, 'SUPER REDE 2', 0, NULL, 0),
(11, 'TV SUPERREDE VDG', 0, NULL, 0),
(12, 'PROIBIDO FUMAR', 0, NULL, 0),
(13, '07 DE FEV', 0, NULL, 0),
(14, '07 DE FEV 2', 0, NULL, 0),
(15, '08 DA CARNE', 0, NULL, 0),
(16, 'ATÉ DOMINGO', 0, NULL, 0),
(17, 'QUARTA DA FEIRA', 0, NULL, 0),
(18, 'QUARTA', 0, NULL, 0),
(19, 'INFORMATIVO', 0, NULL, 0),
(20, 'FRENTE DE LOJA', 0, NULL, 0),
(21, 'PAINEL FRENTE DE LOJA', 0, NULL, 0),
(22, 'AR MIDIATECH', 0, NULL, 0);

-- --------------------------------------------------------

--
-- Estrutura para tabela `task`
--

CREATE TABLE `task` (
  `taskId` int(11) NOT NULL,
  `name` varchar(254) NOT NULL,
  `class` varchar(254) NOT NULL,
  `status` tinyint(4) NOT NULL DEFAULT '2',
  `pid` int(11) DEFAULT NULL,
  `options` text,
  `schedule` varchar(254) NOT NULL,
  `lastRunDt` int(11) NOT NULL DEFAULT '0',
  `lastRunStartDt` int(11) DEFAULT NULL,
  `lastRunMessage` varchar(255) DEFAULT NULL,
  `lastRunStatus` tinyint(4) NOT NULL DEFAULT '0',
  `lastRunDuration` smallint(6) NOT NULL DEFAULT '0',
  `lastRunExitCode` smallint(6) NOT NULL DEFAULT '0',
  `isActive` tinyint(4) NOT NULL,
  `runNow` tinyint(4) NOT NULL DEFAULT '0',
  `configFile` varchar(254) NOT NULL
) ENGINE=InnoDB DEFAULT CHARSET=utf8;

--
-- Despejando dados para a tabela `task`
--

INSERT INTO `task` (`taskId`, `name`, `class`, `status`, `pid`, `options`, `schedule`, `lastRunDt`, `lastRunStartDt`, `lastRunMessage`, `lastRunStatus`, `lastRunDuration`, `lastRunExitCode`, `isActive`, `runNow`, `configFile`) VALUES
(1, 'Daily Maintenance', '\\Xibo\\XTR\\MaintenanceDailyTask', 2, 0, '[]', '0 0 * * * *', 1733507096, 1733507096, '# Manutenção Diária\n\n## Importar Layouts\n - Não requer.\n\n## Limpar registros\n - Concluído.\n\n## Tidy Cache\n - Concluído.\n\n## Purge Expired API Tokens\n - Concluído.\n\n', 4, 0, 0, 1, 0, '/tasks/maintenance-daily.task'),
(2, 'Regular Maintenance', '\\Xibo\\XTR\\MaintenanceRegularTask', 2, 0, '[]', '*/5 * * * * *', 1733507148, 1733507148, '# Ligar pela Rede\n - Done\n\n## Playlist Duration Updates\n - Done\n\n## Criar Layouts\n - Done\n\n## Avançado\n - Done\n\n## Publishing layouts with set publish dates\n - Done\n\n', 4, 0, 0, 1, 0, '/tasks/maintenance-regular.task'),
(3, 'Email Notifications', '\\Xibo\\XTR\\EmailNotificationsTask', 2, 0, '[]', '*/5 * * * * *', 1733507148, 1733507148, '# Notificações por Email\n\n## Notificações por Email\n - Done\n', 4, 0, 0, 1, 0, '/tasks/email-notifications.task'),
(4, 'Stats Archive', '\\Xibo\\XTR\\StatsArchiveTask', 2, 0, '{\"periodSizeInDays\":\"7\",\"maxPeriods\":\"4\",\"archiveStats\":\"On\"}', '0 0 * * Mon', 1733431697, 1733431697, '# Arquivo de Estatísticas\n\n - Concluído\n\n## Estatísicas do Tidy\n', 4, 0, 0, 1, 0, '/tasks/stats-archiver.task'),
(5, 'Remove old Notifications', '\\Xibo\\XTR\\NotificationTidyTask', 2, 0, '{\"maxAgeDays\":\"7\",\"systemOnly\":\"1\",\"readOnly\":\"0\"}', '15 0 * * *', 1733507095, 1733507095, '# Notification Tidy\n\nConcluído\n\n', 4, 0, 0, 1, 0, '/tasks/notification-tidy.task'),
(6, 'Fetch Remote DataSets', '\\Xibo\\XTR\\RemoteDataSetFetchTask', 2, 0, '[]', '30 * * * * *', 1733507095, 1733507095, '# Fetching Remote-DataSets\n\nConcluído\n', 4, 0, 0, 1, 0, '/tasks/remote-dataset.task'),
(7, 'Drop Player Cache', '\\Xibo\\XTR\\DropPlayerCacheTask', 2, 0, '[]', '0 0 1 1 *', 0, NULL, NULL, 0, 0, 0, 0, 1, '/tasks/drop-player-cache.task'),
(8, 'Sync Dynamic Playlists', '\\Xibo\\XTR\\DynamicPlaylistSyncTask', 2, 0, '[]', '* * * * * *', 1733507148, 1733507148, 'No library media/playlist updates since we last ran\n', 4, 0, 0, 1, 0, '/tasks/dynamic-playlist-sync.task'),
(9, 'Widget Sync', '\\Xibo\\XTR\\WidgetSyncTask', 2, 0, '[]', '*/3 * * * *', 1733507148, 1733507148, 'Synced 24 widgets across 5 layouts.\n', 4, 0, 0, 1, 0, '/tasks/widget-sync.task'),
(10, 'Report Schedule', '\\Xibo\\XTR\\ReportScheduleTask', 2, 0, '[]', '*/5 * * * * *', 1733507148, 1733507148, '# Report schedule\n\n', 4, 0, 0, 1, 0, '/tasks/report-schedule.task'),
(11, 'Statistics Migration', '\\Xibo\\XTR\\StatsMigrationTask', 2, 0, '{\"killSwitch\":\"0\",\"numberOfRecords\":\"5000\",\"numberOfLoops\":\"10\",\"pauseBetweenLoops\":\"1\",\"optimiseOnComplete\":\"1\"}', '*/10 * * * * *', 1630200605, 1630200605, '## Moving from stat_archive to stat (MySQL)\nDisabling Stats Archive Task.\n- Initial watermark is 1\n\n# End of records.\n- Dropping stat_archive.\nDone.\n\n# Disabling task.\nDone.\n\nEnabling Stats Archive Task.\n', 4, 0, 0, 0, 0, '/tasks/stats-migration.task'),
(12, 'Schedule Reminder', '\\Xibo\\XTR\\ScheduleReminderTask', 2, 0, '[]', '*/5 * * * * *', 1733507148, 1733507148, '# Schedule reminder\n\n', 4, 0, 0, 1, 0, '/tasks/schedule-reminder.task'),
(13, 'Image Processing', '\\Xibo\\XTR\\ImageProcessingTask', 2, 0, '[]', '*/5 * * * * *', 1733507148, 1733507148, '# Image Processing\n\nReleased and modified image count. 0\n', 4, 0, 0, 1, 0, '/tasks/image-processing.task');

-- --------------------------------------------------------

--
-- Estrutura para tabela `transition`
--

CREATE TABLE `transition` (
  `transitionId` int(11) NOT NULL,
  `transition` varchar(254) NOT NULL,
  `code` varchar(254) NOT NULL,
  `hasDuration` tinyint(4) NOT NULL,
  `hasDirection` tinyint(4) NOT NULL,
  `availableAsIn` tinyint(4) NOT NULL,
  `availableAsOut` tinyint(4) NOT NULL
) ENGINE=InnoDB DEFAULT CHARSET=utf8;

--
-- Despejando dados para a tabela `transition`
--

INSERT INTO `transition` (`transitionId`, `transition`, `code`, `hasDuration`, `hasDirection`, `availableAsIn`, `availableAsOut`) VALUES
(1, 'Fade In', 'fadeIn', 1, 0, 1, 0),
(2, 'Fade Out', 'fadeOut', 1, 0, 0, 1),
(3, 'Fly', 'fly', 1, 1, 1, 1);

-- --------------------------------------------------------

--
-- Estrutura para tabela `user`
--

CREATE TABLE `user` (
  `userId` int(11) NOT NULL,
  `userTypeId` int(11) NOT NULL,
  `userName` varchar(50) NOT NULL,
  `userPassword` varchar(255) NOT NULL,
  `lastAccessed` datetime DEFAULT NULL,
  `email` varchar(255) DEFAULT NULL,
  `homePageId` tinyint(4) NOT NULL DEFAULT '1',
  `retired` tinyint(4) NOT NULL DEFAULT '0',
  `csprng` tinyint(4) NOT NULL DEFAULT '0',
  `newUserWizard` tinyint(4) NOT NULL DEFAULT '0',
  `firstName` varchar(254) DEFAULT NULL,
  `lastName` varchar(254) DEFAULT NULL,
  `phone` varchar(254) DEFAULT NULL,
  `ref1` varchar(254) DEFAULT NULL,
  `ref2` varchar(254) DEFAULT NULL,
  `ref3` varchar(254) DEFAULT NULL,
  `ref4` varchar(254) DEFAULT NULL,
  `ref5` varchar(254) DEFAULT NULL,
  `isPasswordChangeRequired` tinyint(4) NOT NULL DEFAULT '0',
  `twoFactorTypeId` int(11) NOT NULL DEFAULT '0',
  `twoFactorSecret` text,
  `twoFactorRecoveryCodes` text,
  `showContentFrom` tinyint(4) NOT NULL DEFAULT '1'
) ENGINE=InnoDB DEFAULT CHARSET=utf8;

--
-- Despejando dados para a tabela `user`
--

INSERT INTO `user` (`userId`, `userTypeId`, `userName`, `userPassword`, `lastAccessed`, `email`, `homePageId`, `retired`, `csprng`, `newUserWizard`, `firstName`, `lastName`, `phone`, `ref1`, `ref2`, `ref3`, `ref4`, `ref5`, `isPasswordChangeRequired`, `twoFactorTypeId`, `twoFactorSecret`, `twoFactorRecoveryCodes`, `showContentFrom`) VALUES
(1, 1, 'admin', '$2y$10$/n3dMVKTGhbnIndFfh0sI.ZxbCWmJCbsOLuypLkfl5hBq8TnzjLdu', '2024-11-25 22:02:56', NULL, 29, 0, 2, 1, NULL, NULL, NULL, NULL, NULL, NULL, NULL, NULL, 0, 0, NULL, NULL, 1),
(4, 3, 'wanderley', '$2y$10$BdUq2obyEsugZ99199uR3uV8JhZ5LZe/.HxZ9/RFjLlnZ9flPwMqW', '2024-11-26 12:37:03', NULL, 24, 0, 2, 1, NULL, NULL, NULL, NULL, NULL, NULL, NULL, NULL, 0, 0, NULL, NULL, 1),
(5, 3, 'superredevidigal', '$2y$10$5rHb4D9VpTzy0ufxvSkrP.RI.8XLG85vH4soxXUmu/iQHsqSyjtwu', '2024-11-28 13:21:50', NULL, 1, 0, 2, 1, NULL, NULL, NULL, NULL, NULL, NULL, NULL, NULL, 0, 0, NULL, NULL, 1);

-- --------------------------------------------------------

--
-- Estrutura para tabela `useroption`
--

CREATE TABLE `useroption` (
  `userId` int(11) NOT NULL,
  `option` varchar(50) NOT NULL,
  `value` text
) ENGINE=InnoDB DEFAULT CHARSET=utf8;

--
-- Despejando dados para a tabela `useroption`
--

INSERT INTO `useroption` (`userId`, `option`, `value`) VALUES
(1, 'applicationsGrid', '{\"time\":1706738434089,\"start\":0,\"length\":10,\"order\":[[0,\"asc\"]],\"search\":{\"search\":\"\",\"smart\":true,\"regex\":false,\"caseInsensitive\":true},\"columns\":[{\"visible\":true,\"search\":{\"search\":\"\",\"smart\":true,\"regex\":false,\"caseInsensitive\":true}},{\"visible\":true,\"search\":{\"search\":\"\",\"smart\":true,\"regex\":false,\"caseInsensitive\":true}},{\"visible\":true,\"search\":{\"search\":\"\",\"smart\":true,\"regex\":false,\"caseInsensitive\":true}}]}'),
(1, 'auditlogGrid', '{\"time\":1677615620915,\"start\":0,\"length\":10,\"order\":[[0,\"desc\"]],\"search\":{\"search\":\"\",\"smart\":true,\"regex\":false,\"caseInsensitive\":true},\"columns\":[{\"visible\":true,\"search\":{\"search\":\"\",\"smart\":true,\"regex\":false,\"caseInsensitive\":true}},{\"visible\":true,\"search\":{\"search\":\"\",\"smart\":true,\"regex\":false,\"caseInsensitive\":true}},{\"visible\":true,\"search\":{\"search\":\"\",\"smart\":true,\"regex\":false,\"caseInsensitive\":true}},{\"visible\":true,\"search\":{\"search\":\"\",\"smart\":true,\"regex\":false,\"caseInsensitive\":true}},{\"visible\":true,\"search\":{\"search\":\"\",\"smart\":true,\"regex\":false,\"caseInsensitive\":true}},{\"visible\":true,\"search\":{\"search\":\"\",\"smart\":true,\"regex\":false,\"caseInsensitive\":true}},{\"visible\":true,\"search\":{\"search\":\"\",\"smart\":true,\"regex\":false,\"caseInsensitive\":true}}]}'),
(1, 'campaignGrid', '{\"time\":1722550172048,\"start\":0,\"length\":10,\"order\":[[0,\"asc\"]],\"search\":{\"search\":\"\",\"smart\":true,\"regex\":false,\"caseInsensitive\":true},\"columns\":[{\"visible\":true,\"search\":{\"search\":\"\",\"smart\":true,\"regex\":false,\"caseInsensitive\":true}},{\"visible\":true,\"search\":{\"search\":\"\",\"smart\":true,\"regex\":false,\"caseInsensitive\":true}},{\"visible\":true,\"search\":{\"search\":\"\",\"smart\":true,\"regex\":false,\"caseInsensitive\":true}},{\"visible\":true,\"search\":{\"search\":\"\",\"smart\":true,\"regex\":false,\"caseInsensitive\":true}},{\"visible\":true,\"search\":{\"search\":\"\",\"smart\":true,\"regex\":false,\"caseInsensitive\":true}}]}'),
(1, 'campaignLayoutAssignGrid', '{\"time\":1616477540559,\"start\":0,\"length\":50,\"order\":[[0,\"asc\"]],\"search\":{\"search\":\"\",\"smart\":true,\"regex\":false,\"caseInsensitive\":true},\"columns\":[{\"visible\":true,\"search\":{\"search\":\"\",\"smart\":true,\"regex\":false,\"caseInsensitive\":true}},{\"visible\":true,\"search\":{\"search\":\"\",\"smart\":true,\"regex\":false,\"caseInsensitive\":true}},{\"visible\":true,\"search\":{\"search\":\"\",\"smart\":true,\"regex\":false,\"caseInsensitive\":true}}]}'),
(1, 'commandGrid', '{\"time\":1706138973663,\"start\":0,\"length\":10,\"order\":[[1,\"asc\"]],\"search\":{\"search\":\"\",\"smart\":true,\"regex\":false,\"caseInsensitive\":true},\"columns\":[{\"visible\":true,\"search\":{\"search\":\"\",\"smart\":true,\"regex\":false,\"caseInsensitive\":true}},{\"visible\":true,\"search\":{\"search\":\"\",\"smart\":true,\"regex\":false,\"caseInsensitive\":true}},{\"visible\":true,\"search\":{\"search\":\"\",\"smart\":true,\"regex\":false,\"caseInsensitive\":true}},{\"visible\":true,\"search\":{\"search\":\"\",\"smart\":true,\"regex\":false,\"caseInsensitive\":true}},{\"visible\":true,\"search\":{\"search\":\"\",\"smart\":true,\"regex\":false,\"caseInsensitive\":true}}]}'),
(1, 'dataSetColumnGrid', '{\"time\":1677597093925,\"start\":0,\"length\":10,\"order\":[[0,\"asc\"]],\"search\":{\"search\":\"\",\"smart\":true,\"regex\":false,\"caseInsensitive\":true},\"columns\":[{\"visible\":true,\"search\":{\"search\":\"\",\"smart\":true,\"regex\":false,\"caseInsensitive\":true}},{\"visible\":true,\"search\":{\"search\":\"\",\"smart\":true,\"regex\":false,\"caseInsensitive\":true}},{\"visible\":true,\"search\":{\"search\":\"\",\"smart\":true,\"regex\":false,\"caseInsensitive\":true}},{\"visible\":true,\"search\":{\"search\":\"\",\"smart\":true,\"regex\":false,\"caseInsensitive\":true}},{\"visible\":true,\"search\":{\"search\":\"\",\"smart\":true,\"regex\":false,\"caseInsensitive\":true}},{\"visible\":true,\"search\":{\"search\":\"\",\"smart\":true,\"regex\":false,\"caseInsensitive\":true}}]}'),
(1, 'dataSetGrid', '{\"time\":1732072325561,\"start\":0,\"length\":100,\"order\":[[0,\"asc\"]],\"search\":{\"search\":\"\",\"smart\":true,\"regex\":false,\"caseInsensitive\":true},\"columns\":[{\"visible\":true,\"search\":{\"search\":\"\",\"smart\":true,\"regex\":false,\"caseInsensitive\":true}},{\"visible\":true,\"search\":{\"search\":\"\",\"smart\":true,\"regex\":false,\"caseInsensitive\":true}},{\"visible\":true,\"search\":{\"search\":\"\",\"smart\":true,\"regex\":false,\"caseInsensitive\":true}},{\"visible\":true,\"search\":{\"search\":\"\",\"smart\":true,\"regex\":false,\"caseInsensitive\":true}},{\"visible\":true,\"search\":{\"search\":\"\",\"smart\":true,\"regex\":false,\"caseInsensitive\":true}},{\"visible\":true,\"search\":{\"search\":\"\",\"smart\":true,\"regex\":false,\"caseInsensitive\":true}},{\"visible\":true,\"search\":{\"search\":\"\",\"smart\":true,\"regex\":false,\"caseInsensitive\":true}},{\"visible\":true,\"search\":{\"search\":\"\",\"smart\":true,\"regex\":false,\"caseInsensitive\":true}},{\"visible\":true,\"search\":{\"search\":\"\",\"smart\":true,\"regex\":false,\"caseInsensitive\":true}}]}'),
(1, 'daypartGrid', '{\"time\":1706139327993,\"start\":0,\"length\":10,\"order\":[[1,\"asc\"]],\"search\":{\"search\":\"\",\"smart\":true,\"regex\":false,\"caseInsensitive\":true},\"columns\":[{\"visible\":true,\"search\":{\"search\":\"\",\"smart\":true,\"regex\":false,\"caseInsensitive\":true}},{\"visible\":true,\"search\":{\"search\":\"\",\"smart\":true,\"regex\":false,\"caseInsensitive\":true}},{\"visible\":true,\"search\":{\"search\":\"\",\"smart\":true,\"regex\":false,\"caseInsensitive\":true}},{\"visible\":true,\"search\":{\"search\":\"\",\"smart\":true,\"regex\":false,\"caseInsensitive\":true}},{\"visible\":true,\"search\":{\"search\":\"\",\"smart\":true,\"regex\":false,\"caseInsensitive\":true}}]}'),
(1, 'displayGrid', '{\"time\":1731756665882,\"start\":0,\"length\":10,\"order\":[[2,\"asc\"]],\"search\":{\"search\":\"\",\"smart\":true,\"regex\":false,\"caseInsensitive\":true},\"columns\":[{\"visible\":true,\"search\":{\"search\":\"\",\"smart\":true,\"regex\":false,\"caseInsensitive\":true}},{\"visible\":true,\"search\":{\"search\":\"\",\"smart\":true,\"regex\":false,\"caseInsensitive\":true}},{\"visible\":true,\"search\":{\"search\":\"\",\"smart\":true,\"regex\":false,\"caseInsensitive\":true}},{\"visible\":true,\"search\":{\"search\":\"\",\"smart\":true,\"regex\":false,\"caseInsensitive\":true}},{\"visible\":false,\"search\":{\"search\":\"\",\"smart\":true,\"regex\":false,\"caseInsensitive\":true}},{\"visible\":false,\"search\":{\"search\":\"\",\"smart\":true,\"regex\":false,\"caseInsensitive\":true}},{\"visible\":false,\"search\":{\"search\":\"\",\"smart\":true,\"regex\":false,\"caseInsensitive\":true}},{\"visible\":false,\"search\":{\"search\":\"\",\"smart\":true,\"regex\":false,\"caseInsensitive\":true}},{\"visible\":false,\"search\":{\"search\":\"\",\"smart\":true,\"regex\":false,\"caseInsensitive\":true}},{\"visible\":false,\"search\":{\"search\":\"\",\"smart\":true,\"regex\":false,\"caseInsensitive\":true}},{\"visible\":false,\"search\":{\"search\":\"\",\"smart\":true,\"regex\":false,\"caseInsensitive\":true}},{\"visible\":false,\"search\":{\"search\":\"\",\"smart\":true,\"regex\":false,\"caseInsensitive\":true}},{\"visible\":false,\"search\":{\"search\":\"\",\"smart\":true,\"regex\":false,\"caseInsensitive\":true}},{\"visible\":false,\"search\":{\"search\":\"\",\"smart\":true,\"regex\":false,\"caseInsensitive\":true}},{\"visible\":false,\"search\":{\"search\":\"\",\"smart\":true,\"regex\":false,\"caseInsensitive\":true}},{\"visible\":true,\"search\":{\"search\":\"\",\"smart\":true,\"regex\":false,\"caseInsensitive\":true}},{\"visible\":true,\"search\":{\"search\":\"\",\"smart\":true,\"regex\":false,\"caseInsensitive\":true}},{\"visible\":false,\"search\":{\"search\":\"\",\"smart\":true,\"regex\":false,\"caseInsensitive\":true}},{\"visible\":false,\"search\":{\"search\":\"\",\"smart\":true,\"regex\":false,\"caseInsensitive\":true}},{\"visible\":false,\"search\":{\"search\":\"\",\"smart\":true,\"regex\":false,\"caseInsensitive\":true}},{\"visible\":true,\"search\":{\"search\":\"\",\"smart\":true,\"regex\":false,\"caseInsensitive\":true}},{\"visible\":true,\"search\":{\"search\":\"\",\"smart\":true,\"regex\":false,\"caseInsensitive\":true}},{\"visible\":false,\"search\":{\"search\":\"\",\"smart\":true,\"regex\":false,\"caseInsensitive\":true}},{\"visible\":false,\"search\":{\"search\":\"\",\"smart\":true,\"regex\":false,\"caseInsensitive\":true}},{\"visible\":false,\"search\":{\"search\":\"\",\"smart\":true,\"regex\":false,\"caseInsensitive\":true}},{\"visible\":true,\"search\":{\"search\":\"\",\"smart\":true,\"regex\":false,\"caseInsensitive\":true}},{\"visible\":true,\"search\":{\"search\":\"\",\"smart\":true,\"regex\":false,\"caseInsensitive\":true}},{\"visible\":false,\"search\":{\"search\":\"\",\"smart\":true,\"regex\":false,\"caseInsensitive\":true}},{\"visible\":false,\"search\":{\"search\":\"\",\"smart\":true,\"regex\":false,\"caseInsensitive\":true}},{\"visible\":false,\"search\":{\"search\":\"\",\"smart\":true,\"regex\":false,\"caseInsensitive\":true}},{\"visible\":true,\"search\":{\"search\":\"\",\"smart\":true,\"regex\":false,\"caseInsensitive\":true}},{\"visible\":true,\"search\":{\"search\":\"\",\"smart\":true,\"regex\":false,\"caseInsensitive\":true}},{\"visible\":true,\"search\":{\"search\":\"\",\"smart\":true,\"regex\":false,\"caseInsensitive\":true}}]}'),
(1, 'displayGroupGrid', '{\"time\":1706532816753,\"start\":0,\"length\":10,\"order\":[[1,\"asc\"]],\"search\":{\"search\":\"\",\"smart\":true,\"regex\":false,\"caseInsensitive\":true},\"columns\":[{\"visible\":true,\"search\":{\"search\":\"\",\"smart\":true,\"regex\":false,\"caseInsensitive\":true}},{\"visible\":true,\"search\":{\"search\":\"\",\"smart\":true,\"regex\":false,\"caseInsensitive\":true}},{\"visible\":true,\"search\":{\"search\":\"\",\"smart\":true,\"regex\":false,\"caseInsensitive\":true}},{\"visible\":true,\"search\":{\"search\":\"\",\"smart\":true,\"regex\":false,\"caseInsensitive\":true}},{\"visible\":true,\"search\":{\"search\":\"\",\"smart\":true,\"regex\":false,\"caseInsensitive\":true}},{\"visible\":true,\"search\":{\"search\":\"\",\"smart\":true,\"regex\":false,\"caseInsensitive\":true}},{\"visible\":true,\"search\":{\"search\":\"\",\"smart\":true,\"regex\":false,\"caseInsensitive\":true}},{\"visible\":true,\"search\":{\"search\":\"\",\"smart\":true,\"regex\":false,\"caseInsensitive\":true}}]}'),
(1, 'displayProfileGrid', '{\"time\":1722552735367,\"start\":0,\"length\":10,\"order\":[[1,\"desc\"]],\"search\":{\"search\":\"\",\"smart\":true,\"regex\":false,\"caseInsensitive\":true},\"columns\":[{\"visible\":true,\"search\":{\"search\":\"\",\"smart\":true,\"regex\":false,\"caseInsensitive\":true}},{\"visible\":true,\"search\":{\"search\":\"\",\"smart\":true,\"regex\":false,\"caseInsensitive\":true}},{\"visible\":true,\"search\":{\"search\":\"\",\"smart\":true,\"regex\":false,\"caseInsensitive\":true}},{\"visible\":true,\"search\":{\"search\":\"\",\"smart\":true,\"regex\":false,\"caseInsensitive\":true}}]}'),
(1, 'displaysGrid', '{\"time\":1732072078340,\"start\":0,\"length\":10,\"order\":[[1,\"asc\"]],\"search\":{\"search\":\"\",\"smart\":true,\"regex\":false,\"caseInsensitive\":true},\"columns\":[{\"visible\":true,\"search\":{\"search\":\"\",\"smart\":true,\"regex\":false,\"caseInsensitive\":true}},{\"visible\":true,\"search\":{\"search\":\"\",\"smart\":true,\"regex\":false,\"caseInsensitive\":true}},{\"visible\":true,\"search\":{\"search\":\"\",\"smart\":true,\"regex\":false,\"caseInsensitive\":true}},{\"visible\":true,\"search\":{\"search\":\"\",\"smart\":true,\"regex\":false,\"caseInsensitive\":true}},{\"visible\":false,\"search\":{\"search\":\"\",\"smart\":true,\"regex\":false,\"caseInsensitive\":true}},{\"visible\":false,\"search\":{\"search\":\"\",\"smart\":true,\"regex\":false,\"caseInsensitive\":true}},{\"visible\":false,\"search\":{\"search\":\"\",\"smart\":true,\"regex\":false,\"caseInsensitive\":true}},{\"visible\":false,\"search\":{\"search\":\"\",\"smart\":true,\"regex\":false,\"caseInsensitive\":true}},{\"visible\":false,\"search\":{\"search\":\"\",\"smart\":true,\"regex\":false,\"caseInsensitive\":true}},{\"visible\":false,\"search\":{\"search\":\"\",\"smart\":true,\"regex\":false,\"caseInsensitive\":true}},{\"visible\":false,\"search\":{\"search\":\"\",\"smart\":true,\"regex\":false,\"caseInsensitive\":true}},{\"visible\":false,\"search\":{\"search\":\"\",\"smart\":true,\"regex\":false,\"caseInsensitive\":true}},{\"visible\":false,\"search\":{\"search\":\"\",\"smart\":true,\"regex\":false,\"caseInsensitive\":true}},{\"visible\":true,\"search\":{\"search\":\"\",\"smart\":true,\"regex\":false,\"caseInsensitive\":true}},{\"visible\":true,\"search\":{\"search\":\"\",\"smart\":true,\"regex\":false,\"caseInsensitive\":true}},{\"visible\":false,\"search\":{\"search\":\"\",\"smart\":true,\"regex\":false,\"caseInsensitive\":true}},{\"visible\":false,\"search\":{\"search\":\"\",\"smart\":true,\"regex\":false,\"caseInsensitive\":true}},{\"visible\":false,\"search\":{\"search\":\"\",\"smart\":true,\"regex\":false,\"caseInsensitive\":true}},{\"visible\":false,\"search\":{\"search\":\"\",\"smart\":true,\"regex\":false,\"caseInsensitive\":true}},{\"visible\":true,\"search\":{\"search\":\"\",\"smart\":true,\"regex\":false,\"caseInsensitive\":true}},{\"visible\":false,\"search\":{\"search\":\"\",\"smart\":true,\"regex\":false,\"caseInsensitive\":true}},{\"visible\":false,\"search\":{\"search\":\"\",\"smart\":true,\"regex\":false,\"caseInsensitive\":true}},{\"visible\":false,\"search\":{\"search\":\"\",\"smart\":true,\"regex\":false,\"caseInsensitive\":true}},{\"visible\":false,\"search\":{\"search\":\"\",\"smart\":true,\"regex\":false,\"caseInsensitive\":true}},{\"visible\":false,\"search\":{\"search\":\"\",\"smart\":true,\"regex\":false,\"caseInsensitive\":true}},{\"visible\":true,\"search\":{\"search\":\"\",\"smart\":true,\"regex\":false,\"caseInsensitive\":true}}]}'),
(1, 'helpGrid', '{\"time\":1722552561405,\"start\":0,\"length\":10,\"order\":[[1,\"asc\"]],\"search\":{\"search\":\"\",\"smart\":true,\"regex\":false,\"caseInsensitive\":true},\"columns\":[{\"visible\":true,\"search\":{\"search\":\"\",\"smart\":true,\"regex\":false,\"caseInsensitive\":true}},{\"visible\":true,\"search\":{\"search\":\"\",\"smart\":true,\"regex\":false,\"caseInsensitive\":true}},{\"visible\":true,\"search\":{\"search\":\"\",\"smart\":true,\"regex\":false,\"caseInsensitive\":true}},{\"visible\":true,\"search\":{\"search\":\"\",\"smart\":true,\"regex\":false,\"caseInsensitive\":true}}]}'),
(1, 'layoutGrid', '{\"time\":1732583069252,\"start\":0,\"length\":100,\"order\":[[10,\"asc\"]],\"search\":{\"search\":\"\",\"smart\":true,\"regex\":false,\"caseInsensitive\":true},\"columns\":[{\"visible\":true,\"search\":{\"search\":\"\",\"smart\":true,\"regex\":false,\"caseInsensitive\":true}},{\"visible\":true,\"search\":{\"search\":\"\",\"smart\":true,\"regex\":false,\"caseInsensitive\":true}},{\"visible\":true,\"search\":{\"search\":\"\",\"smart\":true,\"regex\":false,\"caseInsensitive\":true}},{\"visible\":true,\"search\":{\"search\":\"\",\"smart\":true,\"regex\":false,\"caseInsensitive\":true}},{\"visible\":true,\"search\":{\"search\":\"\",\"smart\":true,\"regex\":false,\"caseInsensitive\":true}},{\"visible\":false,\"search\":{\"search\":\"\",\"smart\":true,\"regex\":false,\"caseInsensitive\":true}},{\"visible\":true,\"search\":{\"search\":\"\",\"smart\":true,\"regex\":false,\"caseInsensitive\":true}},{\"visible\":true,\"search\":{\"search\":\"\",\"smart\":true,\"regex\":false,\"caseInsensitive\":true}},{\"visible\":true,\"search\":{\"search\":\"\",\"smart\":true,\"regex\":false,\"caseInsensitive\":true}},{\"visible\":true,\"search\":{\"search\":\"\",\"smart\":true,\"regex\":false,\"caseInsensitive\":true}},{\"visible\":true,\"search\":{\"search\":\"\",\"smart\":true,\"regex\":false,\"caseInsensitive\":true}},{\"visible\":false,\"search\":{\"search\":\"\",\"smart\":true,\"regex\":false,\"caseInsensitive\":true}},{\"visible\":false,\"search\":{\"search\":\"\",\"smart\":true,\"regex\":false,\"caseInsensitive\":true}},{\"visible\":true,\"search\":{\"search\":\"\",\"smart\":true,\"regex\":false,\"caseInsensitive\":true}}]}'),
(1, 'libraryGrid', '{\"time\":1706462334826,\"start\":50,\"length\":50,\"order\":[[0,\"asc\"]],\"search\":{\"search\":\"\",\"smart\":true,\"regex\":false,\"caseInsensitive\":true},\"columns\":[{\"visible\":true,\"search\":{\"search\":\"\",\"smart\":true,\"regex\":false,\"caseInsensitive\":true}},{\"visible\":true,\"search\":{\"search\":\"\",\"smart\":true,\"regex\":false,\"caseInsensitive\":true}},{\"visible\":true,\"search\":{\"search\":\"\",\"smart\":true,\"regex\":false,\"caseInsensitive\":true}},{\"visible\":false,\"search\":{\"search\":\"\",\"smart\":true,\"regex\":false,\"caseInsensitive\":true}},{\"visible\":true,\"search\":{\"search\":\"\",\"smart\":true,\"regex\":false,\"caseInsensitive\":true}},{\"visible\":true,\"search\":{\"search\":\"\",\"smart\":true,\"regex\":false,\"caseInsensitive\":true}},{\"visible\":false,\"search\":{\"search\":\"\",\"smart\":true,\"regex\":false,\"caseInsensitive\":true}},{\"visible\":true,\"search\":{\"search\":\"\",\"smart\":true,\"regex\":false,\"caseInsensitive\":true}},{\"visible\":false,\"search\":{\"search\":\"\",\"smart\":true,\"regex\":false,\"caseInsensitive\":true}},{\"visible\":true,\"search\":{\"search\":\"\",\"smart\":true,\"regex\":false,\"caseInsensitive\":true}},{\"visible\":true,\"search\":{\"search\":\"\",\"smart\":true,\"regex\":false,\"caseInsensitive\":true}},{\"visible\":false,\"search\":{\"search\":\"\",\"smart\":true,\"regex\":false,\"caseInsensitive\":true}},{\"visible\":false,\"search\":{\"search\":\"\",\"smart\":true,\"regex\":false,\"caseInsensitive\":true}},{\"visible\":true,\"search\":{\"search\":\"\",\"smart\":true,\"regex\":false,\"caseInsensitive\":true}},{\"visible\":true,\"search\":{\"search\":\"\",\"smart\":true,\"regex\":false,\"caseInsensitive\":true}},{\"visible\":false,\"search\":{\"search\":\"\",\"smart\":true,\"regex\":false,\"caseInsensitive\":true}},{\"visible\":false,\"search\":{\"search\":\"\",\"smart\":true,\"regex\":false,\"caseInsensitive\":true}},{\"visible\":true,\"search\":{\"search\":\"\",\"smart\":true,\"regex\":false,\"caseInsensitive\":true}},{\"visible\":true,\"search\":{\"search\":\"\",\"smart\":true,\"regex\":false,\"caseInsensitive\":true}}]}'),
(1, 'logGrid', '{\"time\":1595862333984,\"start\":0,\"length\":10,\"order\":[[0,\"desc\"]],\"search\":{\"search\":\"\",\"smart\":true,\"regex\":false,\"caseInsensitive\":true},\"columns\":[{\"visible\":true,\"search\":{\"search\":\"\",\"smart\":true,\"regex\":false,\"caseInsensitive\":true}},{\"visible\":true,\"search\":{\"search\":\"\",\"smart\":true,\"regex\":false,\"caseInsensitive\":true}},{\"visible\":true,\"search\":{\"search\":\"\",\"smart\":true,\"regex\":false,\"caseInsensitive\":true}},{\"visible\":true,\"search\":{\"search\":\"\",\"smart\":true,\"regex\":false,\"caseInsensitive\":true}},{\"visible\":true,\"search\":{\"search\":\"\",\"smart\":true,\"regex\":false,\"caseInsensitive\":true}},{\"visible\":true,\"search\":{\"search\":\"\",\"smart\":true,\"regex\":false,\"caseInsensitive\":true}},{\"visible\":true,\"search\":{\"search\":\"\",\"smart\":true,\"regex\":false,\"caseInsensitive\":true}},{\"visible\":true,\"search\":{\"search\":\"\",\"smart\":true,\"regex\":false,\"caseInsensitive\":true}},{\"visible\":true,\"search\":{\"search\":\"\",\"smart\":true,\"regex\":false,\"caseInsensitive\":true}}]}'),
(1, 'moduleGrid', '{\"time\":1706738650970,\"start\":20,\"length\":10,\"order\":[[0,\"asc\"]],\"search\":{\"search\":\"\",\"smart\":true,\"regex\":false,\"caseInsensitive\":true},\"columns\":[{\"visible\":true,\"search\":{\"search\":\"\",\"smart\":true,\"regex\":false,\"caseInsensitive\":true}},{\"visible\":true,\"search\":{\"search\":\"\",\"smart\":true,\"regex\":false,\"caseInsensitive\":true}},{\"visible\":true,\"search\":{\"search\":\"\",\"smart\":true,\"regex\":false,\"caseInsensitive\":true}},{\"visible\":true,\"search\":{\"search\":\"\",\"smart\":true,\"regex\":false,\"caseInsensitive\":true}},{\"visible\":true,\"search\":{\"search\":\"\",\"smart\":true,\"regex\":false,\"caseInsensitive\":true}},{\"visible\":true,\"search\":{\"search\":\"\",\"smart\":true,\"regex\":false,\"caseInsensitive\":true}},{\"visible\":true,\"search\":{\"search\":\"\",\"smart\":true,\"regex\":false,\"caseInsensitive\":true}},{\"visible\":true,\"search\":{\"search\":\"\",\"smart\":true,\"regex\":false,\"caseInsensitive\":true}},{\"visible\":true,\"search\":{\"search\":\"\",\"smart\":true,\"regex\":false,\"caseInsensitive\":true}}]}'),
(1, 'playerSoftwareGrid', '{\"time\":1706738424703,\"start\":0,\"length\":10,\"order\":[[2,\"asc\"]],\"search\":{\"search\":\"\",\"smart\":true,\"regex\":false,\"caseInsensitive\":true},\"columns\":[{\"visible\":true,\"search\":{\"search\":\"\",\"smart\":true,\"regex\":false,\"caseInsensitive\":true}},{\"visible\":true,\"search\":{\"search\":\"\",\"smart\":true,\"regex\":false,\"caseInsensitive\":true}},{\"visible\":true,\"search\":{\"search\":\"\",\"smart\":true,\"regex\":false,\"caseInsensitive\":true}},{\"visible\":true,\"search\":{\"search\":\"\",\"smart\":true,\"regex\":false,\"caseInsensitive\":true}},{\"visible\":true,\"search\":{\"search\":\"\",\"smart\":true,\"regex\":false,\"caseInsensitive\":true}},{\"visible\":true,\"search\":{\"search\":\"\",\"smart\":true,\"regex\":false,\"caseInsensitive\":true}},{\"visible\":true,\"search\":{\"search\":\"\",\"smart\":true,\"regex\":false,\"caseInsensitive\":true}},{\"visible\":true,\"search\":{\"search\":\"\",\"smart\":true,\"regex\":false,\"caseInsensitive\":true}},{\"visible\":true,\"search\":{\"search\":\"\",\"smart\":true,\"regex\":false,\"caseInsensitive\":true}}]}'),
(1, 'playlistGrid', '{\"time\":1706405339825,\"start\":0,\"length\":10,\"order\":[[1,\"asc\"]],\"search\":{\"search\":\"\",\"smart\":true,\"regex\":false,\"caseInsensitive\":true},\"columns\":[{\"visible\":true,\"search\":{\"search\":\"\",\"smart\":true,\"regex\":false,\"caseInsensitive\":true}},{\"visible\":true,\"search\":{\"search\":\"\",\"smart\":true,\"regex\":false,\"caseInsensitive\":true}},{\"visible\":true,\"search\":{\"search\":\"\",\"smart\":true,\"regex\":false,\"caseInsensitive\":true}},{\"visible\":false,\"search\":{\"search\":\"\",\"smart\":true,\"regex\":false,\"caseInsensitive\":true}},{\"visible\":true,\"search\":{\"search\":\"\",\"smart\":true,\"regex\":false,\"caseInsensitive\":true}},{\"visible\":true,\"search\":{\"search\":\"\",\"smart\":true,\"regex\":false,\"caseInsensitive\":true}},{\"visible\":true,\"search\":{\"search\":\"\",\"smart\":true,\"regex\":false,\"caseInsensitive\":true}},{\"visible\":false,\"search\":{\"search\":\"\",\"smart\":true,\"regex\":false,\"caseInsensitive\":true}},{\"visible\":false,\"search\":{\"search\":\"\",\"smart\":true,\"regex\":false,\"caseInsensitive\":true}},{\"visible\":true,\"search\":{\"search\":\"\",\"smart\":true,\"regex\":false,\"caseInsensitive\":true}},{\"visible\":true,\"search\":{\"search\":\"\",\"smart\":true,\"regex\":false,\"caseInsensitive\":true}}]}'),
(1, 'proofOfPlayGrid', '{\"time\":1677615663673,\"start\":0,\"length\":10,\"order\":[[1,\"asc\"]],\"search\":{\"search\":\"\",\"smart\":true,\"regex\":false,\"caseInsensitive\":true},\"columns\":[{\"visible\":true,\"search\":{\"search\":\"\",\"smart\":true,\"regex\":false,\"caseInsensitive\":true}},{\"visible\":true,\"search\":{\"search\":\"\",\"smart\":true,\"regex\":false,\"caseInsensitive\":true}},{\"visible\":true,\"search\":{\"search\":\"\",\"smart\":true,\"regex\":false,\"caseInsensitive\":true}},{\"visible\":true,\"search\":{\"search\":\"\",\"smart\":true,\"regex\":false,\"caseInsensitive\":true}},{\"visible\":true,\"search\":{\"search\":\"\",\"smart\":true,\"regex\":false,\"caseInsensitive\":true}},{\"visible\":true,\"search\":{\"search\":\"\",\"smart\":true,\"regex\":false,\"caseInsensitive\":true}},{\"visible\":true,\"search\":{\"search\":\"\",\"smart\":true,\"regex\":false,\"caseInsensitive\":true}},{\"visible\":true,\"search\":{\"search\":\"\",\"smart\":true,\"regex\":false,\"caseInsensitive\":true}},{\"visible\":true,\"search\":{\"search\":\"\",\"smart\":true,\"regex\":false,\"caseInsensitive\":true}},{\"visible\":true,\"search\":{\"search\":\"\",\"smart\":true,\"regex\":false,\"caseInsensitive\":true}},{\"visible\":true,\"search\":{\"search\":\"\",\"smart\":true,\"regex\":false,\"caseInsensitive\":true}},{\"visible\":true,\"search\":{\"search\":\"\",\"smart\":true,\"regex\":false,\"caseInsensitive\":true}},{\"visible\":true,\"search\":{\"search\":\"\",\"smart\":true,\"regex\":false,\"caseInsensitive\":true}}]}'),
(1, 'reportscheduleGrid', '{\"time\":1706138814939,\"start\":0,\"length\":10,\"order\":[[1,\"asc\"]],\"search\":{\"search\":\"\",\"smart\":true,\"regex\":false,\"caseInsensitive\":true},\"columns\":[{\"visible\":true,\"search\":{\"search\":\"\",\"smart\":true,\"regex\":false,\"caseInsensitive\":true}},{\"visible\":true,\"search\":{\"search\":\"\",\"smart\":true,\"regex\":false,\"caseInsensitive\":true}},{\"visible\":true,\"search\":{\"search\":\"\",\"smart\":true,\"regex\":false,\"caseInsensitive\":true}},{\"visible\":true,\"search\":{\"search\":\"\",\"smart\":true,\"regex\":false,\"caseInsensitive\":true}},{\"visible\":true,\"search\":{\"search\":\"\",\"smart\":true,\"regex\":false,\"caseInsensitive\":true}},{\"visible\":true,\"search\":{\"search\":\"\",\"smart\":true,\"regex\":false,\"caseInsensitive\":true}},{\"visible\":false,\"search\":{\"search\":\"\",\"smart\":true,\"regex\":false,\"caseInsensitive\":true}},{\"visible\":false,\"search\":{\"search\":\"\",\"smart\":true,\"regex\":false,\"caseInsensitive\":true}},{\"visible\":false,\"search\":{\"search\":\"\",\"smart\":true,\"regex\":false,\"caseInsensitive\":true}},{\"visible\":true,\"search\":{\"search\":\"\",\"smart\":true,\"regex\":false,\"caseInsensitive\":true}},{\"visible\":true,\"search\":{\"search\":\"\",\"smart\":true,\"regex\":false,\"caseInsensitive\":true}}]}'),
(1, 'resolutionGrid', '{\"time\":1706139319541,\"start\":0,\"length\":10,\"order\":[[1,\"asc\"]],\"search\":{\"search\":\"\",\"smart\":true,\"regex\":false,\"caseInsensitive\":true},\"columns\":[{\"visible\":true,\"search\":{\"search\":\"\",\"smart\":true,\"regex\":false,\"caseInsensitive\":true}},{\"visible\":true,\"search\":{\"search\":\"\",\"smart\":true,\"regex\":false,\"caseInsensitive\":true}},{\"visible\":true,\"search\":{\"search\":\"\",\"smart\":true,\"regex\":false,\"caseInsensitive\":true}},{\"visible\":true,\"search\":{\"search\":\"\",\"smart\":true,\"regex\":false,\"caseInsensitive\":true}},{\"visible\":true,\"search\":{\"search\":\"\",\"smart\":true,\"regex\":false,\"caseInsensitive\":true}},{\"visible\":true,\"search\":{\"search\":\"\",\"smart\":true,\"regex\":false,\"caseInsensitive\":true}}]}'),
(1, 'sessionsGrid', '{\"time\":1677614429321,\"start\":0,\"length\":10,\"order\":[[1,\"asc\"]],\"search\":{\"search\":\"\",\"smart\":true,\"regex\":false,\"caseInsensitive\":true},\"columns\":[{\"visible\":true,\"search\":{\"search\":\"\",\"smart\":true,\"regex\":false,\"caseInsensitive\":true}},{\"visible\":true,\"search\":{\"search\":\"\",\"smart\":true,\"regex\":false,\"caseInsensitive\":true}},{\"visible\":true,\"search\":{\"search\":\"\",\"smart\":true,\"regex\":false,\"caseInsensitive\":true}},{\"visible\":true,\"search\":{\"search\":\"\",\"smart\":true,\"regex\":false,\"caseInsensitive\":true}},{\"visible\":true,\"search\":{\"search\":\"\",\"smart\":true,\"regex\":false,\"caseInsensitive\":true}},{\"visible\":true,\"search\":{\"search\":\"\",\"smart\":true,\"regex\":false,\"caseInsensitive\":true}},{\"visible\":true,\"search\":{\"search\":\"\",\"smart\":true,\"regex\":false,\"caseInsensitive\":true}}]}'),
(1, 'statusDashboardDisplays', '{\"time\":1677602306571,\"start\":0,\"length\":10,\"order\":[[0,\"asc\"]],\"search\":{\"search\":\"\",\"smart\":true,\"regex\":false,\"caseInsensitive\":true},\"columns\":[{\"visible\":true,\"search\":{\"search\":\"\",\"smart\":true,\"regex\":false,\"caseInsensitive\":true}},{\"visible\":true,\"search\":{\"search\":\"\",\"smart\":true,\"regex\":false,\"caseInsensitive\":true}},{\"visible\":true,\"search\":{\"search\":\"\",\"smart\":true,\"regex\":false,\"caseInsensitive\":true}}]}'),
(1, 'tagsGrid', '{\"time\":1677615565488,\"start\":0,\"length\":10,\"order\":[[1,\"desc\"]],\"search\":{\"search\":\"\",\"smart\":true,\"regex\":false,\"caseInsensitive\":true},\"columns\":[{\"visible\":true,\"search\":{\"search\":\"\",\"smart\":true,\"regex\":false,\"caseInsensitive\":true}},{\"visible\":true,\"search\":{\"search\":\"\",\"smart\":true,\"regex\":false,\"caseInsensitive\":true}},{\"visible\":true,\"search\":{\"search\":\"\",\"smart\":true,\"regex\":false,\"caseInsensitive\":true}},{\"visible\":true,\"search\":{\"search\":\"\",\"smart\":true,\"regex\":false,\"caseInsensitive\":true}},{\"visible\":true,\"search\":{\"search\":\"\",\"smart\":true,\"regex\":false,\"caseInsensitive\":true}}]}'),
(1, 'taskGrid', '{\"time\":1706139247431,\"start\":10,\"length\":10,\"order\":[[3,\"asc\"]],\"search\":{\"search\":\"\",\"smart\":true,\"regex\":false,\"caseInsensitive\":true},\"columns\":[{\"visible\":true,\"search\":{\"search\":\"\",\"smart\":true,\"regex\":false,\"caseInsensitive\":true}},{\"visible\":true,\"search\":{\"search\":\"\",\"smart\":true,\"regex\":false,\"caseInsensitive\":true}},{\"visible\":true,\"search\":{\"search\":\"\",\"smart\":true,\"regex\":false,\"caseInsensitive\":true}},{\"visible\":true,\"search\":{\"search\":\"\",\"smart\":true,\"regex\":false,\"caseInsensitive\":true}},{\"visible\":true,\"search\":{\"search\":\"\",\"smart\":true,\"regex\":false,\"caseInsensitive\":true}},{\"visible\":true,\"search\":{\"search\":\"\",\"smart\":true,\"regex\":false,\"caseInsensitive\":true}},{\"visible\":true,\"search\":{\"search\":\"\",\"smart\":true,\"regex\":false,\"caseInsensitive\":true}},{\"visible\":true,\"search\":{\"search\":\"\",\"smart\":true,\"regex\":false,\"caseInsensitive\":true}},{\"visible\":true,\"search\":{\"search\":\"\",\"smart\":true,\"regex\":false,\"caseInsensitive\":true}},{\"visible\":true,\"search\":{\"search\":\"\",\"smart\":true,\"regex\":false,\"caseInsensitive\":true}}]}'),
(1, 'templateGrid', '{\"time\":1732583004192,\"start\":0,\"length\":10,\"order\":[[1,\"asc\"]],\"search\":{\"search\":\"\",\"smart\":true,\"regex\":false,\"caseInsensitive\":true},\"columns\":[{\"visible\":true,\"search\":{\"search\":\"\",\"smart\":true,\"regex\":false,\"caseInsensitive\":true}},{\"visible\":true,\"search\":{\"search\":\"\",\"smart\":true,\"regex\":false,\"caseInsensitive\":true}},{\"visible\":true,\"search\":{\"search\":\"\",\"smart\":true,\"regex\":false,\"caseInsensitive\":true}},{\"visible\":true,\"search\":{\"search\":\"\",\"smart\":true,\"regex\":false,\"caseInsensitive\":true}},{\"visible\":true,\"search\":{\"search\":\"\",\"smart\":true,\"regex\":false,\"caseInsensitive\":true}},{\"visible\":true,\"search\":{\"search\":\"\",\"smart\":true,\"regex\":false,\"caseInsensitive\":true}},{\"visible\":true,\"search\":{\"search\":\"\",\"smart\":true,\"regex\":false,\"caseInsensitive\":true}}]}'),
(1, 'toolbar', '{\"libraryContent\":[{\"name\":\"Library Search 0\",\"filters\":{\"name\":{\"name\":\"Nome\",\"value\":\"\"},\"tag\":{\"name\":\"Tag\",\"value\":\"\"},\"type\":{\"name\":\"Tipo\",\"values\":[{\"type\":\"audio\",\"name\":\"Áudio\"},{\"type\":\"flash\",\"name\":\"Flash\"},{\"type\":\"htmlpackage\",\"name\":\"HTML Package\"},{\"type\":\"image\",\"name\":\"Imagem\"},{\"type\":\"pdf\",\"name\":\"PDF\"},{\"type\":\"powerpoint\",\"name\":\"PowerPoint\"},{\"type\":\"video\",\"name\":\"Video\"}]},\"owner\":{\"name\":\"Usuário\",\"values\":[{\"userId\":\"1\",\"name\":\"admin\"},{\"userId\":\"5\",\"name\":\"superredevidigal\"},{\"userId\":\"4\",\"name\":\"tabela\"}]}},\"hideElement\":false},{\"name\":\"Library Search 1 [video] \",\"filters\":{\"name\":{\"name\":\"Nome\",\"value\":\"\"},\"tag\":{\"name\":\"Tag\",\"value\":\"\"},\"type\":{\"name\":\"Tipo\",\"values\":[{\"type\":\"audio\",\"name\":\"Áudio\"},{\"type\":\"flash\",\"name\":\"Flash\"},{\"type\":\"htmlpackage\",\"name\":\"HTML Package\"},{\"type\":\"image\",\"name\":\"Imagem\"},{\"type\":\"pdf\",\"name\":\"PDF\"},{\"type\":\"powerpoint\",\"name\":\"PowerPoint\"},{\"type\":\"video\",\"name\":\"Video\"}],\"value\":\"video\"},\"owner\":{\"name\":\"Usuário\",\"values\":[{\"userId\":\"1\",\"name\":\"admin\"},{\"userId\":\"5\",\"name\":\"superredevidigal\"},{\"userId\":\"4\",\"name\":\"tabela\"}]}},\"hideElement\":false},{\"name\":\"Library Search 2 [video] \",\"filters\":{\"name\":{\"name\":\"Nome\",\"value\":\"\"},\"tag\":{\"name\":\"Tag\",\"value\":\"\"},\"type\":{\"name\":\"Tipo\",\"values\":[{\"type\":\"audio\",\"name\":\"Áudio\"},{\"type\":\"flash\",\"name\":\"Flash\"},{\"type\":\"htmlpackage\",\"name\":\"HTML Package\"},{\"type\":\"image\",\"name\":\"Imagem\"},{\"type\":\"pdf\",\"name\":\"PDF\"},{\"type\":\"powerpoint\",\"name\":\"PowerPoint\"},{\"type\":\"video\",\"name\":\"Video\"}],\"value\":\"video\"},\"owner\":{\"name\":\"Usuário\",\"values\":[{\"userId\":\"1\",\"name\":\"admin\"},{\"userId\":\"5\",\"name\":\"superredevidigal\"},{\"userId\":\"4\",\"name\":\"tabela\"}]}},\"hideElement\":false}],\"openedMenu\":2,\"displayTooltips\":1,\"favouriteModules\":[]}'),
(1, 'transitionGrid', '{\"time\":1615781648898,\"start\":0,\"length\":10,\"order\":[[0,\"asc\"]],\"search\":{\"search\":\"\",\"smart\":true,\"regex\":false,\"caseInsensitive\":true},\"columns\":[{\"visible\":true,\"search\":{\"search\":\"\",\"smart\":true,\"regex\":false,\"caseInsensitive\":true}},{\"visible\":true,\"search\":{\"search\":\"\",\"smart\":true,\"regex\":false,\"caseInsensitive\":true}},{\"visible\":true,\"search\":{\"search\":\"\",\"smart\":true,\"regex\":false,\"caseInsensitive\":true}},{\"visible\":true,\"search\":{\"search\":\"\",\"smart\":true,\"regex\":false,\"caseInsensitive\":true}},{\"visible\":true,\"search\":{\"search\":\"\",\"smart\":true,\"regex\":false,\"caseInsensitive\":true}},{\"visible\":true,\"search\":{\"search\":\"\",\"smart\":true,\"regex\":false,\"caseInsensitive\":true}}]}'),
(1, 'userGrid', '{\"time\":1731756829412,\"start\":0,\"length\":10,\"order\":[[0,\"asc\"]],\"search\":{\"search\":\"\",\"smart\":true,\"regex\":false,\"caseInsensitive\":true},\"columns\":[{\"visible\":true,\"search\":{\"search\":\"\",\"smart\":true,\"regex\":false,\"caseInsensitive\":true}},{\"visible\":true,\"search\":{\"search\":\"\",\"smart\":true,\"regex\":false,\"caseInsensitive\":true}},{\"visible\":true,\"search\":{\"search\":\"\",\"smart\":true,\"regex\":false,\"caseInsensitive\":true}},{\"visible\":true,\"search\":{\"search\":\"\",\"smart\":true,\"regex\":false,\"caseInsensitive\":true}},{\"visible\":false,\"search\":{\"search\":\"\",\"smart\":true,\"regex\":false,\"caseInsensitive\":true}},{\"visible\":false,\"search\":{\"search\":\"\",\"smart\":true,\"regex\":false,\"caseInsensitive\":true}},{\"visible\":true,\"search\":{\"search\":\"\",\"smart\":true,\"regex\":false,\"caseInsensitive\":true}},{\"visible\":false,\"search\":{\"search\":\"\",\"smart\":true,\"regex\":false,\"caseInsensitive\":true}},{\"visible\":false,\"search\":{\"search\":\"\",\"smart\":true,\"regex\":false,\"caseInsensitive\":true}},{\"visible\":false,\"search\":{\"search\":\"\",\"smart\":true,\"regex\":false,\"caseInsensitive\":true}},{\"visible\":false,\"search\":{\"search\":\"\",\"smart\":true,\"regex\":false,\"caseInsensitive\":true}},{\"visible\":false,\"search\":{\"search\":\"\",\"smart\":true,\"regex\":false,\"caseInsensitive\":true}},{\"visible\":false,\"search\":{\"search\":\"\",\"smart\":true,\"regex\":false,\"caseInsensitive\":true}},{\"visible\":false,\"search\":{\"search\":\"\",\"smart\":true,\"regex\":false,\"caseInsensitive\":true}},{\"visible\":false,\"search\":{\"search\":\"\",\"smart\":true,\"regex\":false,\"caseInsensitive\":true}},{\"visible\":false,\"search\":{\"search\":\"\",\"smart\":true,\"regex\":false,\"caseInsensitive\":true}},{\"visible\":true,\"search\":{\"search\":\"\",\"smart\":true,\"regex\":false,\"caseInsensitive\":true}}]}'),
(1, 'userGroupGrid', '{\"time\":1701549305976,\"start\":0,\"length\":10,\"order\":[[0,\"asc\"]],\"search\":{\"search\":\"\",\"smart\":true,\"regex\":false,\"caseInsensitive\":true},\"columns\":[{\"visible\":true,\"search\":{\"search\":\"\",\"smart\":true,\"regex\":false,\"caseInsensitive\":true}},{\"visible\":true,\"search\":{\"search\":\"\",\"smart\":true,\"regex\":false,\"caseInsensitive\":true}},{\"visible\":true,\"search\":{\"search\":\"\",\"smart\":true,\"regex\":false,\"caseInsensitive\":true}},{\"visible\":true,\"search\":{\"search\":\"\",\"smart\":true,\"regex\":false,\"caseInsensitive\":true}},{\"visible\":true,\"search\":{\"search\":\"\",\"smart\":true,\"regex\":false,\"caseInsensitive\":true}}]}'),
(4, 'dataSetGrid', '{\"time\":1732635425972,\"start\":0,\"length\":25,\"order\":[[0,\"asc\"]],\"search\":{\"search\":\"\",\"smart\":true,\"regex\":false,\"caseInsensitive\":true},\"columns\":[{\"visible\":true,\"search\":{\"search\":\"\",\"smart\":true,\"regex\":false,\"caseInsensitive\":true}},{\"visible\":true,\"search\":{\"search\":\"\",\"smart\":true,\"regex\":false,\"caseInsensitive\":true}},{\"visible\":true,\"search\":{\"search\":\"\",\"smart\":true,\"regex\":false,\"caseInsensitive\":true}},{\"visible\":true,\"search\":{\"search\":\"\",\"smart\":true,\"regex\":false,\"caseInsensitive\":true}},{\"visible\":true,\"search\":{\"search\":\"\",\"smart\":true,\"regex\":false,\"caseInsensitive\":true}},{\"visible\":true,\"search\":{\"search\":\"\",\"smart\":true,\"regex\":false,\"caseInsensitive\":true}},{\"visible\":true,\"search\":{\"search\":\"\",\"smart\":true,\"regex\":false,\"caseInsensitive\":true}},{\"visible\":true,\"search\":{\"search\":\"\",\"smart\":true,\"regex\":false,\"caseInsensitive\":true}},{\"visible\":true,\"search\":{\"search\":\"\",\"smart\":true,\"regex\":false,\"caseInsensitive\":true}}]}'),
(4, 'displaysGrid', '{\"time\":1616718998862,\"start\":0,\"length\":10,\"order\":[[1,\"asc\"]],\"search\":{\"search\":\"\",\"smart\":true,\"regex\":false,\"caseInsensitive\":true},\"columns\":[{\"visible\":true,\"search\":{\"search\":\"\",\"smart\":true,\"regex\":false,\"caseInsensitive\":true}},{\"visible\":true,\"search\":{\"search\":\"\",\"smart\":true,\"regex\":false,\"caseInsensitive\":true}},{\"visible\":true,\"search\":{\"search\":\"\",\"smart\":true,\"regex\":false,\"caseInsensitive\":true}},{\"visible\":true,\"search\":{\"search\":\"\",\"smart\":true,\"regex\":false,\"caseInsensitive\":true}},{\"visible\":false,\"search\":{\"search\":\"\",\"smart\":true,\"regex\":false,\"caseInsensitive\":true}},{\"visible\":false,\"search\":{\"search\":\"\",\"smart\":true,\"regex\":false,\"caseInsensitive\":true}},{\"visible\":false,\"search\":{\"search\":\"\",\"smart\":true,\"regex\":false,\"caseInsensitive\":true}},{\"visible\":false,\"search\":{\"search\":\"\",\"smart\":true,\"regex\":false,\"caseInsensitive\":true}},{\"visible\":false,\"search\":{\"search\":\"\",\"smart\":true,\"regex\":false,\"caseInsensitive\":true}},{\"visible\":false,\"search\":{\"search\":\"\",\"smart\":true,\"regex\":false,\"caseInsensitive\":true}},{\"visible\":false,\"search\":{\"search\":\"\",\"smart\":true,\"regex\":false,\"caseInsensitive\":true}},{\"visible\":false,\"search\":{\"search\":\"\",\"smart\":true,\"regex\":false,\"caseInsensitive\":true}},{\"visible\":false,\"search\":{\"search\":\"\",\"smart\":true,\"regex\":false,\"caseInsensitive\":true}},{\"visible\":true,\"search\":{\"search\":\"\",\"smart\":true,\"regex\":false,\"caseInsensitive\":true}},{\"visible\":true,\"search\":{\"search\":\"\",\"smart\":true,\"regex\":false,\"caseInsensitive\":true}},{\"visible\":false,\"search\":{\"search\":\"\",\"smart\":true,\"regex\":false,\"caseInsensitive\":true}},{\"visible\":false,\"search\":{\"search\":\"\",\"smart\":true,\"regex\":false,\"caseInsensitive\":true}},{\"visible\":false,\"search\":{\"search\":\"\",\"smart\":true,\"regex\":false,\"caseInsensitive\":true}},{\"visible\":false,\"search\":{\"search\":\"\",\"smart\":true,\"regex\":false,\"caseInsensitive\":true}},{\"visible\":true,\"search\":{\"search\":\"\",\"smart\":true,\"regex\":false,\"caseInsensitive\":true}},{\"visible\":false,\"search\":{\"search\":\"\",\"smart\":true,\"regex\":false,\"caseInsensitive\":true}},{\"visible\":false,\"search\":{\"search\":\"\",\"smart\":true,\"regex\":false,\"caseInsensitive\":true}},{\"visible\":false,\"search\":{\"search\":\"\",\"smart\":true,\"regex\":false,\"caseInsensitive\":true}},{\"visible\":false,\"search\":{\"search\":\"\",\"smart\":true,\"regex\":false,\"caseInsensitive\":true}},{\"visible\":false,\"search\":{\"search\":\"\",\"smart\":true,\"regex\":false,\"caseInsensitive\":true}},{\"visible\":true,\"search\":{\"search\":\"\",\"smart\":true,\"regex\":false,\"caseInsensitive\":true}}]}'),
(4, 'layoutGrid', '{\"time\":1732635436536,\"start\":0,\"length\":25,\"order\":[[10,\"desc\"]],\"search\":{\"search\":\"\",\"smart\":true,\"regex\":false,\"caseInsensitive\":true},\"columns\":[{\"visible\":false,\"search\":{\"search\":\"\",\"smart\":true,\"regex\":false,\"caseInsensitive\":true}},{\"visible\":false,\"search\":{\"search\":\"\",\"smart\":true,\"regex\":false,\"caseInsensitive\":true}},{\"visible\":false,\"search\":{\"search\":\"\",\"smart\":true,\"regex\":false,\"caseInsensitive\":true}},{\"visible\":false,\"search\":{\"search\":\"\",\"smart\":true,\"regex\":false,\"caseInsensitive\":true}},{\"visible\":false,\"search\":{\"search\":\"\",\"smart\":true,\"regex\":false,\"caseInsensitive\":true}},{\"visible\":false,\"search\":{\"search\":\"\",\"smart\":true,\"regex\":false,\"caseInsensitive\":true}},{\"visible\":false,\"search\":{\"search\":\"\",\"smart\":true,\"regex\":false,\"caseInsensitive\":true}},{\"visible\":true,\"search\":{\"search\":\"\",\"smart\":true,\"regex\":false,\"caseInsensitive\":true}},{\"visible\":true,\"search\":{\"search\":\"\",\"smart\":true,\"regex\":false,\"caseInsensitive\":true}},{\"visible\":true,\"search\":{\"search\":\"\",\"smart\":true,\"regex\":false,\"caseInsensitive\":true}},{\"visible\":true,\"search\":{\"search\":\"\",\"smart\":true,\"regex\":false,\"caseInsensitive\":true}},{\"visible\":false,\"search\":{\"search\":\"\",\"smart\":true,\"regex\":false,\"caseInsensitive\":true}},{\"visible\":false,\"search\":{\"search\":\"\",\"smart\":true,\"regex\":false,\"caseInsensitive\":true}},{\"visible\":true,\"search\":{\"search\":\"\",\"smart\":true,\"regex\":false,\"caseInsensitive\":true}}]}'),
(4, 'libraryGrid', '{\"time\":1725585148810,\"start\":0,\"length\":10,\"order\":[[14,\"asc\"]],\"search\":{\"search\":\"\",\"smart\":true,\"regex\":false,\"caseInsensitive\":true},\"columns\":[{\"visible\":true,\"search\":{\"search\":\"\",\"smart\":true,\"regex\":false,\"caseInsensitive\":true}},{\"visible\":true,\"search\":{\"search\":\"\",\"smart\":true,\"regex\":false,\"caseInsensitive\":true}},{\"visible\":true,\"search\":{\"search\":\"\",\"smart\":true,\"regex\":false,\"caseInsensitive\":true}},{\"visible\":true,\"search\":{\"search\":\"\",\"smart\":true,\"regex\":false,\"caseInsensitive\":true}},{\"visible\":false,\"search\":{\"search\":\"\",\"smart\":true,\"regex\":false,\"caseInsensitive\":true}},{\"visible\":true,\"search\":{\"search\":\"\",\"smart\":true,\"regex\":false,\"caseInsensitive\":true}},{\"visible\":false,\"search\":{\"search\":\"\",\"smart\":true,\"regex\":false,\"caseInsensitive\":true}},{\"visible\":false,\"search\":{\"search\":\"\",\"smart\":true,\"regex\":false,\"caseInsensitive\":true}},{\"visible\":false,\"search\":{\"search\":\"\",\"smart\":true,\"regex\":false,\"caseInsensitive\":true}},{\"visible\":true,\"search\":{\"search\":\"\",\"smart\":true,\"regex\":false,\"caseInsensitive\":true}},{\"visible\":true,\"search\":{\"search\":\"\",\"smart\":true,\"regex\":false,\"caseInsensitive\":true}},{\"visible\":false,\"search\":{\"search\":\"\",\"smart\":true,\"regex\":false,\"caseInsensitive\":true}},{\"visible\":false,\"search\":{\"search\":\"\",\"smart\":true,\"regex\":false,\"caseInsensitive\":true}},{\"visible\":false,\"search\":{\"search\":\"\",\"smart\":true,\"regex\":false,\"caseInsensitive\":true}},{\"visible\":true,\"search\":{\"search\":\"\",\"smart\":true,\"regex\":false,\"caseInsensitive\":true}},{\"visible\":false,\"search\":{\"search\":\"\",\"smart\":true,\"regex\":false,\"caseInsensitive\":true}},{\"visible\":false,\"search\":{\"search\":\"\",\"smart\":true,\"regex\":false,\"caseInsensitive\":true}},{\"visible\":false,\"search\":{\"search\":\"\",\"smart\":true,\"regex\":false,\"caseInsensitive\":true}},{\"visible\":true,\"search\":{\"search\":\"\",\"smart\":true,\"regex\":false,\"caseInsensitive\":true}}]}'),
(4, 'playlistGrid', '{\"time\":1725982310996,\"start\":0,\"length\":10,\"order\":[[1,\"asc\"]],\"search\":{\"search\":\"\",\"smart\":true,\"regex\":false,\"caseInsensitive\":true},\"columns\":[{\"visible\":true,\"search\":{\"search\":\"\",\"smart\":true,\"regex\":false,\"caseInsensitive\":true}},{\"visible\":true,\"search\":{\"search\":\"\",\"smart\":true,\"regex\":false,\"caseInsensitive\":true}},{\"visible\":true,\"search\":{\"search\":\"\",\"smart\":true,\"regex\":false,\"caseInsensitive\":true}},{\"visible\":false,\"search\":{\"search\":\"\",\"smart\":true,\"regex\":false,\"caseInsensitive\":true}},{\"visible\":true,\"search\":{\"search\":\"\",\"smart\":true,\"regex\":false,\"caseInsensitive\":true}},{\"visible\":true,\"search\":{\"search\":\"\",\"smart\":true,\"regex\":false,\"caseInsensitive\":true}},{\"visible\":true,\"search\":{\"search\":\"\",\"smart\":true,\"regex\":false,\"caseInsensitive\":true}},{\"visible\":false,\"search\":{\"search\":\"\",\"smart\":true,\"regex\":false,\"caseInsensitive\":true}},{\"visible\":false,\"search\":{\"search\":\"\",\"smart\":true,\"regex\":false,\"caseInsensitive\":true}},{\"visible\":true,\"search\":{\"search\":\"\",\"smart\":true,\"regex\":false,\"caseInsensitive\":true}},{\"visible\":true,\"search\":{\"search\":\"\",\"smart\":true,\"regex\":false,\"caseInsensitive\":true}}]}'),
(4, 'statusDashboardDisplays', '{\"time\":1616718998723,\"start\":0,\"length\":10,\"order\":[[0,\"asc\"]],\"search\":{\"search\":\"\",\"smart\":true,\"regex\":false,\"caseInsensitive\":true},\"columns\":[{\"visible\":true,\"search\":{\"search\":\"\",\"smart\":true,\"regex\":false,\"caseInsensitive\":true}},{\"visible\":true,\"search\":{\"search\":\"\",\"smart\":true,\"regex\":false,\"caseInsensitive\":true}},{\"visible\":true,\"search\":{\"search\":\"\",\"smart\":true,\"regex\":false,\"caseInsensitive\":true}}]}');
INSERT INTO `useroption` (`userId`, `option`, `value`) VALUES
(4, 'toolbar', '{\"libraryContent\":[{\"name\":\"Library Search 0\",\"filters\":{\"name\":{\"name\":\"Nome\",\"value\":\"\"},\"tag\":{\"name\":\"Tag\",\"value\":\"\"},\"type\":{\"name\":\"Tipo\",\"values\":[{\"type\":\"audio\",\"name\":\"Áudio\"},{\"type\":\"flash\",\"name\":\"Flash\"},{\"type\":\"htmlpackage\",\"name\":\"HTML Package\"},{\"type\":\"image\",\"name\":\"Imagem\"},{\"type\":\"pdf\",\"name\":\"PDF\"},{\"type\":\"powerpoint\",\"name\":\"PowerPoint\"},{\"type\":\"video\",\"name\":\"Video\"}]},\"owner\":{\"name\":\"Usuário\",\"values\":[{\"userId\":\"4\",\"name\":\"wanderley\"}]}},\"hideElement\":false},{\"name\":\"Library Search 1 [video] \",\"filters\":{\"name\":{\"name\":\"Nome\",\"value\":\"\"},\"tag\":{\"name\":\"Tag\",\"value\":\"\"},\"type\":{\"name\":\"Tipo\",\"values\":[{\"type\":\"audio\",\"name\":\"Áudio\"},{\"type\":\"flash\",\"name\":\"Flash\"},{\"type\":\"htmlpackage\",\"name\":\"HTML Package\"},{\"type\":\"image\",\"name\":\"Imagem\"},{\"type\":\"pdf\",\"name\":\"PDF\"},{\"type\":\"powerpoint\",\"name\":\"PowerPoint\"},{\"type\":\"video\",\"name\":\"Video\"}],\"value\":\"video\"},\"owner\":{\"name\":\"Usuário\",\"values\":[{\"userId\":\"4\",\"name\":\"wanderley\"}]}},\"hideElement\":false},{\"name\":\"Library Search 2 [video] \",\"filters\":{\"name\":{\"name\":\"Nome\",\"value\":\"\"},\"tag\":{\"name\":\"Tag\",\"value\":\"\"},\"type\":{\"name\":\"Tipo\",\"values\":[{\"type\":\"audio\",\"name\":\"Áudio\"},{\"type\":\"flash\",\"name\":\"Flash\"},{\"type\":\"htmlpackage\",\"name\":\"HTML Package\"},{\"type\":\"image\",\"name\":\"Imagem\"},{\"type\":\"pdf\",\"name\":\"PDF\"},{\"type\":\"powerpoint\",\"name\":\"PowerPoint\"},{\"type\":\"video\",\"name\":\"Video\"}],\"value\":\"video\"},\"owner\":{\"name\":\"Usuário\",\"values\":[{\"userId\":\"4\",\"name\":\"wanderley\"}]}},\"hideElement\":false},{\"name\":\"Library Search 3 [video] \",\"filters\":{\"name\":{\"name\":\"Nome\",\"value\":\"\"},\"tag\":{\"name\":\"Tag\",\"value\":\"\"},\"type\":{\"name\":\"Tipo\",\"values\":[{\"type\":\"audio\",\"name\":\"Áudio\"},{\"type\":\"flash\",\"name\":\"Flash\"},{\"type\":\"htmlpackage\",\"name\":\"HTML Package\"},{\"type\":\"image\",\"name\":\"Imagem\"},{\"type\":\"pdf\",\"name\":\"PDF\"},{\"type\":\"powerpoint\",\"name\":\"PowerPoint\"},{\"type\":\"video\",\"name\":\"Video\"}],\"value\":\"video\"},\"owner\":{\"name\":\"Usuário\",\"values\":[{\"userId\":\"4\",\"name\":\"wanderley\"}]}},\"hideElement\":false},{\"name\":\"Library Search 4 [video] \",\"filters\":{\"name\":{\"name\":\"Nome\",\"value\":\"\"},\"tag\":{\"name\":\"Tag\",\"value\":\"\"},\"type\":{\"name\":\"Tipo\",\"values\":[{\"type\":\"audio\",\"name\":\"Áudio\"},{\"type\":\"flash\",\"name\":\"Flash\"},{\"type\":\"htmlpackage\",\"name\":\"HTML Package\"},{\"type\":\"image\",\"name\":\"Imagem\"},{\"type\":\"pdf\",\"name\":\"PDF\"},{\"type\":\"powerpoint\",\"name\":\"PowerPoint\"},{\"type\":\"video\",\"name\":\"Video\"}],\"value\":\"video\"},\"owner\":{\"name\":\"Usuário\",\"values\":[{\"userId\":\"4\",\"name\":\"wanderley\"}],\"value\":\"\"}},\"hideElement\":false}],\"openedMenu\":2,\"displayTooltips\":1,\"favouriteModules\":[]}'),
(5, 'dataSetColumnGrid', '{\"time\":1726840456234,\"start\":0,\"length\":10,\"order\":[[0,\"asc\"]],\"search\":{\"search\":\"\",\"smart\":true,\"regex\":false,\"caseInsensitive\":true},\"columns\":[{\"visible\":true,\"search\":{\"search\":\"\",\"smart\":true,\"regex\":false,\"caseInsensitive\":true}},{\"visible\":true,\"search\":{\"search\":\"\",\"smart\":true,\"regex\":false,\"caseInsensitive\":true}},{\"visible\":true,\"search\":{\"search\":\"\",\"smart\":true,\"regex\":false,\"caseInsensitive\":true}},{\"visible\":true,\"search\":{\"search\":\"\",\"smart\":true,\"regex\":false,\"caseInsensitive\":true}},{\"visible\":true,\"search\":{\"search\":\"\",\"smart\":true,\"regex\":false,\"caseInsensitive\":true}},{\"visible\":true,\"search\":{\"search\":\"\",\"smart\":true,\"regex\":false,\"caseInsensitive\":true}}]}'),
(5, 'dataSetGrid', '{\"time\":1732810924245,\"start\":0,\"length\":100,\"order\":[[2,\"asc\"]],\"search\":{\"search\":\"\",\"smart\":true,\"regex\":false,\"caseInsensitive\":true},\"columns\":[{\"visible\":true,\"search\":{\"search\":\"\",\"smart\":true,\"regex\":false,\"caseInsensitive\":true}},{\"visible\":true,\"search\":{\"search\":\"\",\"smart\":true,\"regex\":false,\"caseInsensitive\":true}},{\"visible\":true,\"search\":{\"search\":\"\",\"smart\":true,\"regex\":false,\"caseInsensitive\":true}},{\"visible\":true,\"search\":{\"search\":\"\",\"smart\":true,\"regex\":false,\"caseInsensitive\":true}},{\"visible\":true,\"search\":{\"search\":\"\",\"smart\":true,\"regex\":false,\"caseInsensitive\":true}},{\"visible\":true,\"search\":{\"search\":\"\",\"smart\":true,\"regex\":false,\"caseInsensitive\":true}},{\"visible\":true,\"search\":{\"search\":\"\",\"smart\":true,\"regex\":false,\"caseInsensitive\":true}},{\"visible\":true,\"search\":{\"search\":\"\",\"smart\":true,\"regex\":false,\"caseInsensitive\":true}},{\"visible\":true,\"search\":{\"search\":\"\",\"smart\":true,\"regex\":false,\"caseInsensitive\":true}}]}'),
(5, 'displayGrid', '{\"time\":1724958507411,\"start\":0,\"length\":10,\"order\":[[15,\"desc\"]],\"search\":{\"search\":\"\",\"smart\":true,\"regex\":false,\"caseInsensitive\":true},\"columns\":[{\"visible\":true,\"search\":{\"search\":\"\",\"smart\":true,\"regex\":false,\"caseInsensitive\":true}},{\"visible\":true,\"search\":{\"search\":\"\",\"smart\":true,\"regex\":false,\"caseInsensitive\":true}},{\"visible\":true,\"search\":{\"search\":\"\",\"smart\":true,\"regex\":false,\"caseInsensitive\":true}},{\"visible\":true,\"search\":{\"search\":\"\",\"smart\":true,\"regex\":false,\"caseInsensitive\":true}},{\"visible\":false,\"search\":{\"search\":\"\",\"smart\":true,\"regex\":false,\"caseInsensitive\":true}},{\"visible\":false,\"search\":{\"search\":\"\",\"smart\":true,\"regex\":false,\"caseInsensitive\":true}},{\"visible\":false,\"search\":{\"search\":\"\",\"smart\":true,\"regex\":false,\"caseInsensitive\":true}},{\"visible\":false,\"search\":{\"search\":\"\",\"smart\":true,\"regex\":false,\"caseInsensitive\":true}},{\"visible\":true,\"search\":{\"search\":\"\",\"smart\":true,\"regex\":false,\"caseInsensitive\":true}},{\"visible\":false,\"search\":{\"search\":\"\",\"smart\":true,\"regex\":false,\"caseInsensitive\":true}},{\"visible\":false,\"search\":{\"search\":\"\",\"smart\":true,\"regex\":false,\"caseInsensitive\":true}},{\"visible\":false,\"search\":{\"search\":\"\",\"smart\":true,\"regex\":false,\"caseInsensitive\":true}},{\"visible\":false,\"search\":{\"search\":\"\",\"smart\":true,\"regex\":false,\"caseInsensitive\":true}},{\"visible\":false,\"search\":{\"search\":\"\",\"smart\":true,\"regex\":false,\"caseInsensitive\":true}},{\"visible\":false,\"search\":{\"search\":\"\",\"smart\":true,\"regex\":false,\"caseInsensitive\":true}},{\"visible\":true,\"search\":{\"search\":\"\",\"smart\":true,\"regex\":false,\"caseInsensitive\":true}},{\"visible\":true,\"search\":{\"search\":\"\",\"smart\":true,\"regex\":false,\"caseInsensitive\":true}},{\"visible\":false,\"search\":{\"search\":\"\",\"smart\":true,\"regex\":false,\"caseInsensitive\":true}},{\"visible\":false,\"search\":{\"search\":\"\",\"smart\":true,\"regex\":false,\"caseInsensitive\":true}},{\"visible\":false,\"search\":{\"search\":\"\",\"smart\":true,\"regex\":false,\"caseInsensitive\":true}},{\"visible\":false,\"search\":{\"search\":\"\",\"smart\":true,\"regex\":false,\"caseInsensitive\":true}},{\"visible\":true,\"search\":{\"search\":\"\",\"smart\":true,\"regex\":false,\"caseInsensitive\":true}},{\"visible\":false,\"search\":{\"search\":\"\",\"smart\":true,\"regex\":false,\"caseInsensitive\":true}},{\"visible\":false,\"search\":{\"search\":\"\",\"smart\":true,\"regex\":false,\"caseInsensitive\":true}},{\"visible\":false,\"search\":{\"search\":\"\",\"smart\":true,\"regex\":false,\"caseInsensitive\":true}},{\"visible\":false,\"search\":{\"search\":\"\",\"smart\":true,\"regex\":false,\"caseInsensitive\":true}},{\"visible\":false,\"search\":{\"search\":\"\",\"smart\":true,\"regex\":false,\"caseInsensitive\":true}},{\"visible\":false,\"search\":{\"search\":\"\",\"smart\":true,\"regex\":false,\"caseInsensitive\":true}},{\"visible\":false,\"search\":{\"search\":\"\",\"smart\":true,\"regex\":false,\"caseInsensitive\":true}},{\"visible\":false,\"search\":{\"search\":\"\",\"smart\":true,\"regex\":false,\"caseInsensitive\":true}},{\"visible\":false,\"search\":{\"search\":\"\",\"smart\":true,\"regex\":false,\"caseInsensitive\":true}},{\"visible\":true,\"search\":{\"search\":\"\",\"smart\":true,\"regex\":false,\"caseInsensitive\":true}},{\"visible\":true,\"search\":{\"search\":\"\",\"smart\":true,\"regex\":false,\"caseInsensitive\":true}}]}'),
(5, 'displayGroupGrid', '{\"time\":1726619127112,\"start\":0,\"length\":10,\"order\":[[1,\"asc\"]],\"search\":{\"search\":\"\",\"smart\":true,\"regex\":false,\"caseInsensitive\":true},\"columns\":[{\"visible\":true,\"search\":{\"search\":\"\",\"smart\":true,\"regex\":false,\"caseInsensitive\":true}},{\"visible\":true,\"search\":{\"search\":\"\",\"smart\":true,\"regex\":false,\"caseInsensitive\":true}},{\"visible\":true,\"search\":{\"search\":\"\",\"smart\":true,\"regex\":false,\"caseInsensitive\":true}},{\"visible\":true,\"search\":{\"search\":\"\",\"smart\":true,\"regex\":false,\"caseInsensitive\":true}},{\"visible\":true,\"search\":{\"search\":\"\",\"smart\":true,\"regex\":false,\"caseInsensitive\":true}},{\"visible\":true,\"search\":{\"search\":\"\",\"smart\":true,\"regex\":false,\"caseInsensitive\":true}},{\"visible\":true,\"search\":{\"search\":\"\",\"smart\":true,\"regex\":false,\"caseInsensitive\":true}},{\"visible\":true,\"search\":{\"search\":\"\",\"smart\":true,\"regex\":false,\"caseInsensitive\":true}}]}'),
(5, 'displayProfileGrid', '{\"time\":1726619131925,\"start\":0,\"length\":10,\"order\":[[1,\"asc\"]],\"search\":{\"search\":\"\",\"smart\":true,\"regex\":false,\"caseInsensitive\":true},\"columns\":[{\"visible\":true,\"search\":{\"search\":\"\",\"smart\":true,\"regex\":false,\"caseInsensitive\":true}},{\"visible\":true,\"search\":{\"search\":\"\",\"smart\":true,\"regex\":false,\"caseInsensitive\":true}},{\"visible\":true,\"search\":{\"search\":\"\",\"smart\":true,\"regex\":false,\"caseInsensitive\":true}},{\"visible\":true,\"search\":{\"search\":\"\",\"smart\":true,\"regex\":false,\"caseInsensitive\":true}}]}'),
(5, 'displaysGrid', '{\"time\":1657229811743,\"start\":0,\"length\":10,\"order\":[[1,\"asc\"]],\"search\":{\"search\":\"\",\"smart\":true,\"regex\":false,\"caseInsensitive\":true},\"columns\":[{\"visible\":true,\"search\":{\"search\":\"\",\"smart\":true,\"regex\":false,\"caseInsensitive\":true}},{\"visible\":true,\"search\":{\"search\":\"\",\"smart\":true,\"regex\":false,\"caseInsensitive\":true}},{\"visible\":true,\"search\":{\"search\":\"\",\"smart\":true,\"regex\":false,\"caseInsensitive\":true}},{\"visible\":true,\"search\":{\"search\":\"\",\"smart\":true,\"regex\":false,\"caseInsensitive\":true}},{\"visible\":false,\"search\":{\"search\":\"\",\"smart\":true,\"regex\":false,\"caseInsensitive\":true}},{\"visible\":false,\"search\":{\"search\":\"\",\"smart\":true,\"regex\":false,\"caseInsensitive\":true}},{\"visible\":false,\"search\":{\"search\":\"\",\"smart\":true,\"regex\":false,\"caseInsensitive\":true}},{\"visible\":false,\"search\":{\"search\":\"\",\"smart\":true,\"regex\":false,\"caseInsensitive\":true}},{\"visible\":false,\"search\":{\"search\":\"\",\"smart\":true,\"regex\":false,\"caseInsensitive\":true}},{\"visible\":false,\"search\":{\"search\":\"\",\"smart\":true,\"regex\":false,\"caseInsensitive\":true}},{\"visible\":false,\"search\":{\"search\":\"\",\"smart\":true,\"regex\":false,\"caseInsensitive\":true}},{\"visible\":false,\"search\":{\"search\":\"\",\"smart\":true,\"regex\":false,\"caseInsensitive\":true}},{\"visible\":false,\"search\":{\"search\":\"\",\"smart\":true,\"regex\":false,\"caseInsensitive\":true}},{\"visible\":true,\"search\":{\"search\":\"\",\"smart\":true,\"regex\":false,\"caseInsensitive\":true}},{\"visible\":true,\"search\":{\"search\":\"\",\"smart\":true,\"regex\":false,\"caseInsensitive\":true}},{\"visible\":false,\"search\":{\"search\":\"\",\"smart\":true,\"regex\":false,\"caseInsensitive\":true}},{\"visible\":false,\"search\":{\"search\":\"\",\"smart\":true,\"regex\":false,\"caseInsensitive\":true}},{\"visible\":false,\"search\":{\"search\":\"\",\"smart\":true,\"regex\":false,\"caseInsensitive\":true}},{\"visible\":false,\"search\":{\"search\":\"\",\"smart\":true,\"regex\":false,\"caseInsensitive\":true}},{\"visible\":true,\"search\":{\"search\":\"\",\"smart\":true,\"regex\":false,\"caseInsensitive\":true}},{\"visible\":false,\"search\":{\"search\":\"\",\"smart\":true,\"regex\":false,\"caseInsensitive\":true}},{\"visible\":false,\"search\":{\"search\":\"\",\"smart\":true,\"regex\":false,\"caseInsensitive\":true}},{\"visible\":false,\"search\":{\"search\":\"\",\"smart\":true,\"regex\":false,\"caseInsensitive\":true}},{\"visible\":false,\"search\":{\"search\":\"\",\"smart\":true,\"regex\":false,\"caseInsensitive\":true}},{\"visible\":false,\"search\":{\"search\":\"\",\"smart\":true,\"regex\":false,\"caseInsensitive\":true}},{\"visible\":true,\"search\":{\"search\":\"\",\"smart\":true,\"regex\":false,\"caseInsensitive\":true}}]}'),
(5, 'layoutGrid', '{\"time\":1726619229391,\"start\":0,\"length\":10,\"order\":[[1,\"asc\"]],\"search\":{\"search\":\"\",\"smart\":true,\"regex\":false,\"caseInsensitive\":true},\"columns\":[{\"visible\":true,\"search\":{\"search\":\"\",\"smart\":true,\"regex\":false,\"caseInsensitive\":true}},{\"visible\":true,\"search\":{\"search\":\"\",\"smart\":true,\"regex\":false,\"caseInsensitive\":true}},{\"visible\":true,\"search\":{\"search\":\"\",\"smart\":true,\"regex\":false,\"caseInsensitive\":true}},{\"visible\":true,\"search\":{\"search\":\"\",\"smart\":true,\"regex\":false,\"caseInsensitive\":true}},{\"visible\":true,\"search\":{\"search\":\"\",\"smart\":true,\"regex\":false,\"caseInsensitive\":true}},{\"visible\":false,\"search\":{\"search\":\"\",\"smart\":true,\"regex\":false,\"caseInsensitive\":true}},{\"visible\":true,\"search\":{\"search\":\"\",\"smart\":true,\"regex\":false,\"caseInsensitive\":true}},{\"visible\":true,\"search\":{\"search\":\"\",\"smart\":true,\"regex\":false,\"caseInsensitive\":true}},{\"visible\":true,\"search\":{\"search\":\"\",\"smart\":true,\"regex\":false,\"caseInsensitive\":true}},{\"visible\":true,\"search\":{\"search\":\"\",\"smart\":true,\"regex\":false,\"caseInsensitive\":true}},{\"visible\":true,\"search\":{\"search\":\"\",\"smart\":true,\"regex\":false,\"caseInsensitive\":true}},{\"visible\":false,\"search\":{\"search\":\"\",\"smart\":true,\"regex\":false,\"caseInsensitive\":true}},{\"visible\":false,\"search\":{\"search\":\"\",\"smart\":true,\"regex\":false,\"caseInsensitive\":true}},{\"visible\":true,\"search\":{\"search\":\"\",\"smart\":true,\"regex\":false,\"caseInsensitive\":true}}]}'),
(5, 'libraryGrid', '{\"time\":1720135690280,\"start\":0,\"length\":10,\"order\":[[1,\"asc\"]],\"search\":{\"search\":\"\",\"smart\":true,\"regex\":false,\"caseInsensitive\":true},\"columns\":[{\"visible\":true,\"search\":{\"search\":\"\",\"smart\":true,\"regex\":false,\"caseInsensitive\":true}},{\"visible\":true,\"search\":{\"search\":\"\",\"smart\":true,\"regex\":false,\"caseInsensitive\":true}},{\"visible\":true,\"search\":{\"search\":\"\",\"smart\":true,\"regex\":false,\"caseInsensitive\":true}},{\"visible\":false,\"search\":{\"search\":\"\",\"smart\":true,\"regex\":false,\"caseInsensitive\":true}},{\"visible\":true,\"search\":{\"search\":\"\",\"smart\":true,\"regex\":false,\"caseInsensitive\":true}},{\"visible\":true,\"search\":{\"search\":\"\",\"smart\":true,\"regex\":false,\"caseInsensitive\":true}},{\"visible\":false,\"search\":{\"search\":\"\",\"smart\":true,\"regex\":false,\"caseInsensitive\":true}},{\"visible\":true,\"search\":{\"search\":\"\",\"smart\":true,\"regex\":false,\"caseInsensitive\":true}},{\"visible\":false,\"search\":{\"search\":\"\",\"smart\":true,\"regex\":false,\"caseInsensitive\":true}},{\"visible\":true,\"search\":{\"search\":\"\",\"smart\":true,\"regex\":false,\"caseInsensitive\":true}},{\"visible\":true,\"search\":{\"search\":\"\",\"smart\":true,\"regex\":false,\"caseInsensitive\":true}},{\"visible\":false,\"search\":{\"search\":\"\",\"smart\":true,\"regex\":false,\"caseInsensitive\":true}},{\"visible\":false,\"search\":{\"search\":\"\",\"smart\":true,\"regex\":false,\"caseInsensitive\":true}},{\"visible\":true,\"search\":{\"search\":\"\",\"smart\":true,\"regex\":false,\"caseInsensitive\":true}},{\"visible\":true,\"search\":{\"search\":\"\",\"smart\":true,\"regex\":false,\"caseInsensitive\":true}},{\"visible\":false,\"search\":{\"search\":\"\",\"smart\":true,\"regex\":false,\"caseInsensitive\":true}},{\"visible\":false,\"search\":{\"search\":\"\",\"smart\":true,\"regex\":false,\"caseInsensitive\":true}},{\"visible\":true,\"search\":{\"search\":\"\",\"smart\":true,\"regex\":false,\"caseInsensitive\":true}},{\"visible\":true,\"search\":{\"search\":\"\",\"smart\":true,\"regex\":false,\"caseInsensitive\":true}}]}'),
(5, 'moduleGrid', '{\"time\":1720135480438,\"start\":0,\"length\":10,\"order\":[[0,\"asc\"]],\"search\":{\"search\":\"\",\"smart\":true,\"regex\":false,\"caseInsensitive\":true},\"columns\":[{\"visible\":true,\"search\":{\"search\":\"\",\"smart\":true,\"regex\":false,\"caseInsensitive\":true}},{\"visible\":true,\"search\":{\"search\":\"\",\"smart\":true,\"regex\":false,\"caseInsensitive\":true}},{\"visible\":true,\"search\":{\"search\":\"\",\"smart\":true,\"regex\":false,\"caseInsensitive\":true}},{\"visible\":true,\"search\":{\"search\":\"\",\"smart\":true,\"regex\":false,\"caseInsensitive\":true}},{\"visible\":true,\"search\":{\"search\":\"\",\"smart\":true,\"regex\":false,\"caseInsensitive\":true}},{\"visible\":true,\"search\":{\"search\":\"\",\"smart\":true,\"regex\":false,\"caseInsensitive\":true}},{\"visible\":true,\"search\":{\"search\":\"\",\"smart\":true,\"regex\":false,\"caseInsensitive\":true}},{\"visible\":true,\"search\":{\"search\":\"\",\"smart\":true,\"regex\":false,\"caseInsensitive\":true}},{\"visible\":true,\"search\":{\"search\":\"\",\"smart\":true,\"regex\":false,\"caseInsensitive\":true}}]}'),
(5, 'playerSoftwareGrid', '{\"time\":1720135455752,\"start\":0,\"length\":10,\"order\":[[2,\"asc\"]],\"search\":{\"search\":\"\",\"smart\":true,\"regex\":false,\"caseInsensitive\":true},\"columns\":[{\"visible\":true,\"search\":{\"search\":\"\",\"smart\":true,\"regex\":false,\"caseInsensitive\":true}},{\"visible\":true,\"search\":{\"search\":\"\",\"smart\":true,\"regex\":false,\"caseInsensitive\":true}},{\"visible\":true,\"search\":{\"search\":\"\",\"smart\":true,\"regex\":false,\"caseInsensitive\":true}},{\"visible\":true,\"search\":{\"search\":\"\",\"smart\":true,\"regex\":false,\"caseInsensitive\":true}},{\"visible\":true,\"search\":{\"search\":\"\",\"smart\":true,\"regex\":false,\"caseInsensitive\":true}},{\"visible\":true,\"search\":{\"search\":\"\",\"smart\":true,\"regex\":false,\"caseInsensitive\":true}},{\"visible\":true,\"search\":{\"search\":\"\",\"smart\":true,\"regex\":false,\"caseInsensitive\":true}},{\"visible\":true,\"search\":{\"search\":\"\",\"smart\":true,\"regex\":false,\"caseInsensitive\":true}},{\"visible\":true,\"search\":{\"search\":\"\",\"smart\":true,\"regex\":false,\"caseInsensitive\":true}}]}'),
(5, 'playlistGrid', '{\"time\":1720135687362,\"start\":0,\"length\":10,\"order\":[[1,\"asc\"]],\"search\":{\"search\":\"\",\"smart\":true,\"regex\":false,\"caseInsensitive\":true},\"columns\":[{\"visible\":true,\"search\":{\"search\":\"\",\"smart\":true,\"regex\":false,\"caseInsensitive\":true}},{\"visible\":true,\"search\":{\"search\":\"\",\"smart\":true,\"regex\":false,\"caseInsensitive\":true}},{\"visible\":true,\"search\":{\"search\":\"\",\"smart\":true,\"regex\":false,\"caseInsensitive\":true}},{\"visible\":false,\"search\":{\"search\":\"\",\"smart\":true,\"regex\":false,\"caseInsensitive\":true}},{\"visible\":true,\"search\":{\"search\":\"\",\"smart\":true,\"regex\":false,\"caseInsensitive\":true}},{\"visible\":true,\"search\":{\"search\":\"\",\"smart\":true,\"regex\":false,\"caseInsensitive\":true}},{\"visible\":true,\"search\":{\"search\":\"\",\"smart\":true,\"regex\":false,\"caseInsensitive\":true}},{\"visible\":false,\"search\":{\"search\":\"\",\"smart\":true,\"regex\":false,\"caseInsensitive\":true}},{\"visible\":false,\"search\":{\"search\":\"\",\"smart\":true,\"regex\":false,\"caseInsensitive\":true}},{\"visible\":true,\"search\":{\"search\":\"\",\"smart\":true,\"regex\":false,\"caseInsensitive\":true}},{\"visible\":true,\"search\":{\"search\":\"\",\"smart\":true,\"regex\":false,\"caseInsensitive\":true}}]}'),
(5, 'reportscheduleGrid', '{\"time\":1720135470939,\"start\":0,\"length\":10,\"order\":[[1,\"asc\"]],\"search\":{\"search\":\"\",\"smart\":true,\"regex\":false,\"caseInsensitive\":true},\"columns\":[{\"visible\":true,\"search\":{\"search\":\"\",\"smart\":true,\"regex\":false,\"caseInsensitive\":true}},{\"visible\":true,\"search\":{\"search\":\"\",\"smart\":true,\"regex\":false,\"caseInsensitive\":true}},{\"visible\":true,\"search\":{\"search\":\"\",\"smart\":true,\"regex\":false,\"caseInsensitive\":true}},{\"visible\":true,\"search\":{\"search\":\"\",\"smart\":true,\"regex\":false,\"caseInsensitive\":true}},{\"visible\":true,\"search\":{\"search\":\"\",\"smart\":true,\"regex\":false,\"caseInsensitive\":true}},{\"visible\":true,\"search\":{\"search\":\"\",\"smart\":true,\"regex\":false,\"caseInsensitive\":true}},{\"visible\":false,\"search\":{\"search\":\"\",\"smart\":true,\"regex\":false,\"caseInsensitive\":true}},{\"visible\":false,\"search\":{\"search\":\"\",\"smart\":true,\"regex\":false,\"caseInsensitive\":true}},{\"visible\":false,\"search\":{\"search\":\"\",\"smart\":true,\"regex\":false,\"caseInsensitive\":true}},{\"visible\":true,\"search\":{\"search\":\"\",\"smart\":true,\"regex\":false,\"caseInsensitive\":true}},{\"visible\":true,\"search\":{\"search\":\"\",\"smart\":true,\"regex\":false,\"caseInsensitive\":true}}]}'),
(5, 'resolutionGrid', '{\"time\":1720135332943,\"start\":0,\"length\":10,\"order\":[[1,\"asc\"]],\"search\":{\"search\":\"\",\"smart\":true,\"regex\":false,\"caseInsensitive\":true},\"columns\":[{\"visible\":true,\"search\":{\"search\":\"\",\"smart\":true,\"regex\":false,\"caseInsensitive\":true}},{\"visible\":true,\"search\":{\"search\":\"\",\"smart\":true,\"regex\":false,\"caseInsensitive\":true}},{\"visible\":true,\"search\":{\"search\":\"\",\"smart\":true,\"regex\":false,\"caseInsensitive\":true}},{\"visible\":true,\"search\":{\"search\":\"\",\"smart\":true,\"regex\":false,\"caseInsensitive\":true}},{\"visible\":true,\"search\":{\"search\":\"\",\"smart\":true,\"regex\":false,\"caseInsensitive\":true}},{\"visible\":true,\"search\":{\"search\":\"\",\"smart\":true,\"regex\":false,\"caseInsensitive\":true}}]}'),
(5, 'savedreportGrid', '{\"time\":1724885948222,\"start\":0,\"length\":10,\"order\":[[1,\"asc\"]],\"search\":{\"search\":\"\",\"smart\":true,\"regex\":false,\"caseInsensitive\":true},\"columns\":[{\"visible\":true,\"search\":{\"search\":\"\",\"smart\":true,\"regex\":false,\"caseInsensitive\":true}},{\"visible\":true,\"search\":{\"search\":\"\",\"smart\":true,\"regex\":false,\"caseInsensitive\":true}},{\"visible\":false,\"search\":{\"search\":\"\",\"smart\":true,\"regex\":false,\"caseInsensitive\":true}},{\"visible\":true,\"search\":{\"search\":\"\",\"smart\":true,\"regex\":false,\"caseInsensitive\":true}},{\"visible\":true,\"search\":{\"search\":\"\",\"smart\":true,\"regex\":false,\"caseInsensitive\":true}},{\"visible\":true,\"search\":{\"search\":\"\",\"smart\":true,\"regex\":false,\"caseInsensitive\":true}}]}'),
(5, 'statusDashboardDisplays', '{\"time\":1623444334043,\"start\":0,\"length\":10,\"order\":[[0,\"asc\"]],\"search\":{\"search\":\"\",\"smart\":true,\"regex\":false,\"caseInsensitive\":true},\"columns\":[{\"visible\":true,\"search\":{\"search\":\"\",\"smart\":true,\"regex\":false,\"caseInsensitive\":true}},{\"visible\":true,\"search\":{\"search\":\"\",\"smart\":true,\"regex\":false,\"caseInsensitive\":true}},{\"visible\":true,\"search\":{\"search\":\"\",\"smart\":true,\"regex\":false,\"caseInsensitive\":true}}]}'),
(5, 'toolbar', '{\"libraryContent\":[],\"openedMenu\":2,\"displayTooltips\":1,\"favouriteModules\":[]}'),
(5, 'userGroupGrid', '{\"time\":1720135474041,\"start\":0,\"length\":10,\"order\":[[0,\"asc\"]],\"search\":{\"search\":\"\",\"smart\":true,\"regex\":false,\"caseInsensitive\":true},\"columns\":[{\"visible\":true,\"search\":{\"search\":\"\",\"smart\":true,\"regex\":false,\"caseInsensitive\":true}},{\"visible\":true,\"search\":{\"search\":\"\",\"smart\":true,\"regex\":false,\"caseInsensitive\":true}},{\"visible\":true,\"search\":{\"search\":\"\",\"smart\":true,\"regex\":false,\"caseInsensitive\":true}},{\"visible\":true,\"search\":{\"search\":\"\",\"smart\":true,\"regex\":false,\"caseInsensitive\":true}},{\"visible\":true,\"search\":{\"search\":\"\",\"smart\":true,\"regex\":false,\"caseInsensitive\":true}}]}');

-- --------------------------------------------------------

--
-- Estrutura para tabela `usertype`
--

