-- https://www.phpmyadmin.net/
--
-- Tempo de geração: 12/12/2024 às 11:44
-- Versão do servidor: 5.7.44
-- Versão do PHP: 8.1.31

START TRANSACTION;



--
-- Banco de dados: `mgatv524_midiatech`
--

-- --------------------------------------------------------

--
-- Estrutura para tabela `auditlog`
--

CREATE TABLE `auditlog` (
  `logId` int(11) NOT NULL,
  `logDate` int(11) NOT NULL,
  `userId` int(11) NOT NULL,
  `message` varchar(255) NOT NULL,
  `entity` varchar(50) NOT NULL,
  `entityId` int(11) NOT NULL,
  `objectAfter` text
) ENGINE=InnoDB DEFAULT CHARSET=utf8;

-- --------------------------------------------------------

--
-- Estrutura para tabela `bandwidth`
--

CREATE TABLE `bandwidth` (
  `displayId` int(11) NOT NULL,
  `type` int(11) NOT NULL,
  `month` int(11) NOT NULL,
  `size` bigint(20) NOT NULL
) ENGINE=InnoDB DEFAULT CHARSET=utf8;

--
-- Despejando dados para a tabela `bandwidth`
--

INSERT INTO `bandwidth` (`displayId`, `type`, `month`, `size`) VALUES
(1, 1, 1593658800, 181),
(2, 1, 1606878000, 97571),
(2, 2, 1606878000, 278970),
(2, 3, 1606878000, 91209),
(2, 4, 1606878000, 16203886),
(2, 5, 1606878000, 1160817),
(2, 6, 1606878000, 529638),
(2, 7, 1606878000, 7311),
(2, 9, 1606878000, 19163),
(3, 1, 1606878000, 24190),
(3, 2, 1606878000, 45034),
(3, 3, 1606878000, 20837),
(3, 4, 1606878000, 13269947),
(3, 5, 1606878000, 231977),
(3, 6, 1606878000, 82476),
(3, 7, 1606878000, 2264),
(3, 9, 1606878000, 1870),
(4, 1, 1606878000, 1121),
(5, 1, 1606878000, 446861),
(5, 1, 1609556400, 77610183),
(5, 1, 1612234800, 82284977),
(5, 1, 1614654000, 38876433),
(5, 2, 1606878000, 1108683),
(5, 2, 1609556400, 163305630),
(5, 2, 1612234800, 191402964),
(5, 2, 1614654000, 90886896),
(5, 3, 1606878000, 358704),
(5, 3, 1609556400, 52846766),
(5, 3, 1612234800, 63035778),
(5, 3, 1614654000, 29946072),
(5, 4, 1606878000, 31896444),
(5, 4, 1609556400, 11519837),
(5, 5, 1606878000, 4776581),
(5, 5, 1609556400, 624553638),
(5, 5, 1612234800, 615361617),
(5, 5, 1614654000, 277066885),
(5, 6, 1606878000, 2453136),
(5, 6, 1609556400, 348793424),
(5, 6, 1612234800, 388861875),
(5, 6, 1614654000, 186296000),
(5, 7, 1606878000, 33328),
(5, 7, 1609556400, 5832004),
(5, 7, 1612234800, 6534744),
(5, 7, 1614654000, 3087300),
(5, 9, 1606878000, 46412),
(5, 9, 1609556400, 278678),
(5, 9, 1612234800, 116259),
(5, 9, 1614654000, 258616),
(6, 1, 1609556400, 2033424),
(6, 2, 1609556400, 4955501),
(6, 3, 1609556400, 1602291),
(6, 4, 1609556400, 8822712),
(6, 5, 1609556400, 15018840),
(6, 6, 1609556400, 4999960),
(6, 7, 1609556400, 110682),
(6, 9, 1609556400, 5881),
(7, 1, 1614654000, 1121),
(8, 1, 1614654000, 29943),
(8, 2, 1614654000, 32015),
(8, 3, 1614654000, 10284),
(8, 4, 1614654000, 13208911),
(8, 5, 1614654000, 324981),
(8, 6, 1614654000, 69588),
(8, 7, 1614654000, 2236),
(8, 9, 1614654000, 35749),
(9, 1, 1614654000, 3840148),
(9, 2, 1614654000, 1503453),
(9, 3, 1614654000, 457867),
(9, 4, 1614654000, 26257710),
(9, 5, 1614654000, 8488655),
(9, 6, 1614654000, 4377162),
(9, 7, 1614654000, 264373),
(9, 9, 1614654000, 12901),
(10, 1, 1614654000, 19315),
(10, 2, 1614654000, 20742),
(10, 3, 1614654000, 7516),
(10, 4, 1614654000, 19731),
(10, 5, 1614654000, 156459),
(10, 6, 1614654000, 69124),
(10, 7, 1614654000, 1755),
(10, 9, 1614654000, 79350),
(11, 1, 1614654000, 31114494),
(11, 1, 1617332400, 89916664),
(11, 1, 1619924400, 92049496),
(11, 1, 1622602800, 89090119),
(11, 1, 1625194800, 92442601),
(11, 1, 1627873200, 91408490),
(11, 1, 1630551600, 85578036),
(11, 1, 1633143600, 87153764),
(11, 1, 1635822000, 90610953),
(11, 1, 1638414000, 91909497),
(11, 1, 1641092400, 92990723),
(11, 1, 1643770800, 81205627),
(11, 1, 1646190000, 85082322),
(11, 1, 1648868400, 82606153),
(11, 1, 1651460400, 37656225),
(11, 1, 1654138800, 37146839),
(11, 1, 1656730800, 9120887),
(11, 1, 1659409200, 14282207),
(11, 1, 1662087600, 37664171),
(11, 1, 1664679600, 52498961),
(11, 1, 1667358000, 52835897),
(11, 1, 1669950000, 54416434),
(11, 1, 1672628400, 53653307),
(11, 1, 1675306800, 50012702),
(11, 1, 1677726000, 81181780),
(11, 1, 1680404400, 79046782),
(11, 1, 1682996400, 85611652),
(11, 1, 1685674800, 65035556),
(11, 1, 1688266800, 38899511),
(11, 1, 1690945200, 82931357),
(11, 1, 1693623600, 88022416),
(11, 1, 1696215600, 79449418),
(11, 1, 1698894000, 65285485),
(11, 1, 1701486000, 94239786),
(11, 1, 1704164400, 83648764),
(11, 1, 1706842800, 83080143),
(11, 1, 1709348400, 75563765),
(11, 1, 1712026800, 88052509),
(11, 1, 1714618800, 94246970),
(11, 1, 1717297200, 89819378),
(11, 1, 1719889200, 93778848),
(11, 1, 1722567600, 92060373),
(11, 1, 1725246000, 90761824),
(11, 1, 1727838000, 92150399),
(11, 1, 1730516400, 87143492),
(11, 1, 1733108400, 32602838),
(11, 2, 1614654000, 24730282),
(11, 2, 1617332400, 62905254),
(11, 2, 1619924400, 36790765),
(11, 2, 1622602800, 24617691),
(11, 2, 1625194800, 13279115),
(11, 2, 1627873200, 20617399),
(11, 2, 1630551600, 19392144),
(11, 2, 1633143600, 9894762),
(11, 2, 1635822000, 34605175),
(11, 2, 1638414000, 26246949),
(11, 2, 1641092400, 45109253),
(11, 2, 1643770800, 25538288),
(11, 2, 1646190000, 36532468),
(11, 2, 1648868400, 24988579),
(11, 2, 1651460400, 16378679),
(11, 2, 1654138800, 13014195),
(11, 2, 1656730800, 3384353),
(11, 2, 1659409200, 5867978),
(11, 2, 1662087600, 19663687),
(11, 2, 1664679600, 21226715),
(11, 2, 1667358000, 21928753),
(11, 2, 1669950000, 27856338),
(11, 2, 1672628400, 32499061),
(11, 2, 1675306800, 36141711),
(11, 2, 1677726000, 1794833),
(11, 2, 1680404400, 3039957),
(11, 2, 1682996400, 25399205),
(11, 2, 1685674800, 38141857),
(11, 2, 1688266800, 14749421),
(11, 2, 1690945200, 49679123),
(11, 2, 1693623600, 61083929),
(11, 2, 1696215600, 68355983),
(11, 2, 1698894000, 37857068),
(11, 2, 1701486000, 63262896),
(11, 2, 1704164400, 61673376),
(11, 2, 1706842800, 76230730),
(11, 2, 1709348400, 49712238),
(11, 2, 1712026800, 69442155),
(11, 2, 1714618800, 71111151),
(11, 2, 1717297200, 75833350),
(11, 2, 1719889200, 70117701),
(11, 2, 1722567600, 30194257),
(11, 2, 1725246000, 32591783),
(11, 2, 1727838000, 46930578),
(11, 2, 1730516400, 85529422),
(11, 2, 1733108400, 3291631),
(11, 3, 1614654000, 6425786),
(11, 3, 1617332400, 16325850),
(11, 3, 1619924400, 9546980),
(11, 3, 1622602800, 6406932),
(11, 3, 1625194800, 3448568),
(11, 3, 1627873200, 5359678),
(11, 3, 1630551600, 5052872),
(11, 3, 1633143600, 2571000),
(11, 3, 1635822000, 8971076),
(11, 3, 1638414000, 6809722),
(11, 3, 1641092400, 11734044),
(11, 3, 1643770800, 6645178),
(11, 3, 1646190000, 9545266),
(11, 3, 1648868400, 6545766),
(11, 3, 1651460400, 4276430),
(11, 3, 1654138800, 3438284),
(11, 3, 1656730800, 872426),
(11, 3, 1659409200, 1602590),
(11, 3, 1662087600, 5133430),
(11, 3, 1664679600, 5515652),
(11, 3, 1667358000, 5729902),
(11, 3, 1669950000, 7313638),
(11, 3, 1672628400, 8494584),
(11, 3, 1675306800, 9456138),
(11, 3, 1677726000, 467922),
(11, 3, 1680404400, 802152),
(11, 3, 1682996400, 6768586),
(11, 3, 1685674800, 10302854),
(11, 3, 1688266800, 3916490),
(11, 3, 1690945200, 13093246),
(11, 3, 1693623600, 15881924),
(11, 3, 1696215600, 17705620),
(11, 3, 1698894000, 9812650),
(11, 3, 1701486000, 16385840),
(11, 3, 1704164400, 16012188),
(11, 3, 1706842800, 19973242),
(11, 3, 1709348400, 12863570),
(11, 3, 1712026800, 17985002),
(11, 3, 1714618800, 18430642),
(11, 3, 1717297200, 19654438),
(11, 3, 1719889200, 18171828),
(11, 3, 1722567600, 7862118),
(11, 3, 1725246000, 8542576),
(11, 3, 1727838000, 12544766),
(11, 3, 1730516400, 22160306),
(11, 3, 1733108400, 659890),
(11, 4, 1614654000, 71421),
(11, 5, 1614654000, 190695217),
(11, 5, 1617332400, 541409447),
(11, 5, 1619924400, 498806228),
(11, 5, 1622602800, 475884226),
(11, 5, 1625194800, 453515087),
(11, 5, 1627873200, 458084502),
(11, 5, 1630551600, 425899265),
(11, 5, 1633143600, 419153069),
(11, 5, 1635822000, 500448472),
(11, 5, 1638414000, 463052066),
(11, 5, 1641092400, 524670572),
(11, 5, 1643770800, 413560108),
(11, 5, 1646190000, 452277402),
(11, 5, 1648868400, 418983406),
(11, 5, 1651460400, 200730371),
(11, 5, 1654138800, 187059189),
(11, 5, 1656730800, 70243754),
(11, 5, 1659409200, 115568602),
(11, 5, 1662087600, 199541128),
(11, 5, 1664679600, 271838915),
(11, 5, 1667358000, 275744134),
(11, 5, 1669950000, 299650882),
(11, 5, 1672628400, 303669855),
(11, 5, 1675306800, 293391165),
(11, 5, 1677726000, 378048868),
(11, 5, 1680404400, 365850683),
(11, 5, 1682996400, 515700867),
(11, 5, 1685674800, 471064203),
(11, 5, 1688266800, 234188577),
(11, 5, 1690945200, 505167799),
(11, 5, 1693623600, 578976864),
(11, 5, 1696215600, 561515585),
(11, 5, 1698894000, 404922654),
(11, 5, 1701486000, 623210594),
(11, 5, 1704164400, 614701249),
(11, 5, 1706842800, 553442404),
(11, 5, 1709348400, 464409393),
(11, 5, 1712026800, 643346291),
(11, 5, 1714618800, 728842513),
(11, 5, 1717297200, 691858482),
(11, 5, 1719889200, 679882805),
(11, 5, 1722567600, 546953104),
(11, 5, 1725246000, 551050439),
(11, 5, 1727838000, 587712599),
(11, 5, 1730516400, 584211584),
(11, 5, 1733108400, 157418895),
(11, 6, 1614654000, 109533453),
(11, 6, 1617332400, 293355306),
(11, 6, 1619924400, 165405519),
(11, 6, 1622602800, 133982724),
(11, 6, 1625194800, 59796171),
(11, 6, 1627873200, 87474591),
(11, 6, 1630551600, 84616884),
(11, 6, 1633143600, 40079790),
(11, 6, 1635822000, 154807440),
(11, 6, 1638414000, 107592369),
(11, 6, 1641092400, 203460351),
(11, 6, 1643770800, 101032224),
(11, 6, 1646190000, 155951721),
(11, 6, 1648868400, 100055691),
(11, 6, 1651460400, 67189065),
(11, 6, 1654138800, 39223077),
(11, 6, 1656730800, 7213164),
(11, 6, 1659409200, 15001464),
(11, 6, 1662087600, 43560561),
(11, 6, 1664679600, 86504049),
(11, 6, 1667358000, 94166538),
(11, 6, 1669950000, 132706641),
(11, 6, 1672628400, 143310711),
(11, 6, 1675306800, 149769009),
(11, 6, 1677726000, 5553657),
(11, 6, 1680404400, 13072362),
(11, 6, 1682996400, 164369076),
(11, 6, 1685674800, 218731410),
(11, 6, 1688266800, 74090697),
(11, 6, 1690945200, 218779338),
(11, 6, 1693623600, 267935493),
(11, 6, 1696215600, 306223974),
(11, 6, 1698894000, 170947194),
(11, 6, 1701486000, 265652922),
(11, 6, 1704164400, 306397713),
(11, 6, 1706842800, 293205531),
(11, 6, 1709348400, 205790850),
(11, 6, 1712026800, 299166576),
(11, 6, 1714618800, 355991211),
(11, 6, 1717297200, 357447024),
(11, 6, 1719889200, 329540946),
(11, 6, 1722567600, 147815943),
(11, 6, 1725246000, 180718515),
(11, 6, 1727838000, 231414357),
(11, 6, 1730516400, 279827628),
(11, 6, 1733108400, 10939566),
(11, 7, 1614654000, 2130399),
(11, 7, 1617332400, 6157550),
(11, 7, 1619924400, 6324574),
(11, 7, 1622602800, 6123532),
(11, 7, 1625194800, 6365600),
(11, 7, 1627873200, 6289826),
(11, 7, 1630551600, 5885260),
(11, 7, 1633143600, 6002790),
(11, 7, 1635822000, 6227484),
(11, 7, 1638414000, 6322530),
(11, 7, 1641092400, 6385164),
(11, 7, 1643770800, 5584208),
(11, 7, 1646190000, 5840876),
(11, 7, 1648868400, 5673268),
(11, 7, 1651460400, 2583324),
(11, 7, 1654138800, 2532370),
(11, 7, 1656730800, 529688),
(11, 7, 1659409200, 905200),
(11, 7, 1662087600, 2571352),
(11, 7, 1664679600, 3604740),
(11, 7, 1667358000, 3628100),
(11, 7, 1669950000, 3728402),
(11, 7, 1672628400, 3675842),
(11, 7, 1675306800, 3426182),
(11, 7, 1677726000, 5590340),
(11, 7, 1680404400, 5447260),
(11, 7, 1682996400, 5873580),
(11, 7, 1685674800, 4400440),
(11, 7, 1688266800, 2665960),
(11, 7, 1690945200, 5686408),
(11, 7, 1693623600, 6039436),
(11, 7, 1696215600, 5442880),
(11, 7, 1698894000, 4480594),
(11, 7, 1701486000, 6467800),
(11, 7, 1704164400, 5729186),
(11, 7, 1706842800, 5689182),
(11, 7, 1709348400, 5185482),
(11, 7, 1712026800, 6036954),
(11, 7, 1714618800, 6454806),
(11, 7, 1717297200, 6150834),
(11, 7, 1719889200, 6428672),
(11, 7, 1722567600, 6326910),
(11, 7, 1725246000, 6231718),
(11, 7, 1727838000, 6315084),
(11, 7, 1730516400, 5979138),
(11, 7, 1733108400, 2247086),
(11, 9, 1614654000, 115746),
(11, 9, 1617332400, 408969),
(11, 9, 1619924400, 362144),
(11, 9, 1622602800, 278258),
(11, 9, 1625194800, 203671),
(11, 9, 1627873200, 324278),
(11, 9, 1630551600, 454664),
(11, 9, 1633143600, 275706),
(11, 9, 1635822000, 80591),
(11, 9, 1638414000, 321435),
(11, 9, 1641092400, 134293),
(11, 9, 1643770800, 338643),
(11, 9, 1646190000, 637717),
(11, 9, 1648868400, 979771),
(11, 9, 1651460400, 987872),
(11, 9, 1654138800, 2127636),
(11, 9, 1656730800, 4587281),
(11, 9, 1659409200, 4279090),
(11, 9, 1662087600, 1671218),
(11, 9, 1664679600, 639732),
(11, 9, 1667358000, 750350),
(11, 9, 1669950000, 849720),
(11, 9, 1672628400, 678489),
(11, 9, 1675306800, 308612),
(11, 9, 1677726000, 1479455),
(11, 9, 1680404400, 1500104),
(11, 9, 1682996400, 1334828),
(11, 9, 1685674800, 2706895),
(11, 9, 1688266800, 3621559),
(11, 9, 1690945200, 215504),
(11, 9, 1693623600, 24771),
(11, 9, 1696215600, 30085),
(11, 9, 1698894000, 13504),
(11, 9, 1701486000, 22855),
(11, 9, 1704164400, 199116),
(11, 9, 1706842800, 369735),
(11, 9, 1709348400, 378979),
(11, 9, 1712026800, 134926),
(11, 9, 1714618800, 56226),
(11, 9, 1717297200, 63981),
(11, 9, 1719889200, 57557),
(11, 9, 1722567600, 71704),
(11, 9, 1725246000, 64927),
(11, 9, 1727838000, 166917),
(11, 9, 1730516400, 372384),
(11, 9, 1733108400, 76607),
(12, 1, 1614654000, 26187669),
(12, 1, 1617332400, 85340573),
(12, 1, 1619924400, 88079467),
(12, 1, 1622602800, 87687728),
(12, 1, 1625194800, 89348273),
(12, 1, 1627873200, 82953997),
(12, 1, 1630551600, 62960871),
(12, 1, 1633143600, 91502761),
(12, 1, 1635822000, 89264434),
(12, 1, 1638414000, 92333467),
(12, 1, 1641092400, 92098729),
(12, 1, 1643770800, 77516199),
(12, 1, 1646190000, 88427606),
(12, 1, 1648868400, 86792583),
(12, 1, 1651460400, 37974535),
(12, 1, 1654138800, 84318183),
(12, 1, 1656730800, 92685176),
(12, 1, 1659409200, 88421371),
(12, 1, 1662087600, 89465425),
(12, 1, 1664679600, 92215196),
(12, 1, 1667358000, 89174795),
(12, 1, 1669950000, 93307389),
(12, 1, 1672628400, 91945735),
(12, 1, 1675306800, 83373940),
(12, 1, 1677726000, 89663187),
(12, 1, 1680404400, 88010292),
(12, 1, 1682996400, 92270571),
(12, 1, 1685674800, 89341117),
(12, 1, 1688266800, 5498392),
(12, 1, 1690945200, 45664090),
(12, 1, 1693623600, 89738428),
(12, 1, 1696215600, 46195135),
(12, 1, 1698894000, 79036021),
(12, 1, 1701486000, 91028029),
(12, 1, 1704164400, 83925457),
(12, 1, 1706842800, 82926851),
(12, 1, 1709348400, 90656535),
(12, 1, 1712026800, 85276763),
(12, 1, 1714618800, 88768025),
(12, 1, 1717297200, 88343745),
(12, 1, 1719889200, 92512070),
(12, 1, 1722567600, 92606990),
(12, 1, 1725246000, 89647747),
(12, 1, 1727838000, 91674485),
(12, 1, 1730516400, 83708743),
(12, 1, 1733108400, 32500180),
(12, 2, 1614654000, 10910406),
(12, 2, 1617332400, 36419070),
(12, 2, 1619924400, 17796030),
(12, 2, 1622602800, 6487434),
(12, 2, 1625194800, 4913052),
(12, 2, 1627873200, 12350016),
(12, 2, 1630551600, 7914792),
(12, 2, 1633143600, 5721684),
(12, 2, 1635822000, 7810650),
(12, 2, 1638414000, 6322032),
(12, 2, 1641092400, 3669474),
(12, 2, 1643770800, 8747928),
(12, 2, 1646190000, 10487712),
(12, 2, 1648868400, 3804246),
(12, 2, 1651460400, 2487156),
(12, 2, 1654138800, 27848796),
(12, 2, 1656730800, 18598536),
(12, 2, 1659409200, 19554192),
(12, 2, 1662087600, 50986698),
(12, 2, 1664679600, 21704418),
(12, 2, 1667358000, 26458194),
(12, 2, 1669950000, 21863694),
(12, 2, 1672628400, 7694256),
(12, 2, 1675306800, 3203898),
(12, 2, 1677726000, 66203682),
(12, 2, 1680404400, 7669752),
(12, 2, 1682996400, 30054156),
(12, 2, 1685674800, 12135606),
(12, 2, 1688266800, 2352384),
(12, 2, 1690945200, 14775912),
(12, 2, 1693623600, 26948274),
(12, 2, 1696215600, 14690148),
(12, 2, 1698894000, 13121892),
(12, 2, 1701486000, 34299474),
(12, 2, 1704164400, 36382314),
(12, 2, 1706842800, 44180712),
(12, 2, 1709348400, 41301492),
(12, 2, 1712026800, 18047196),
(12, 2, 1714618800, 42624708),
(12, 2, 1717297200, 37828050),
(12, 2, 1719889200, 35016216),
(12, 2, 1722567600, 31855200),
(12, 2, 1725246000, 21404244),
(12, 2, 1727838000, 26476572),
(12, 2, 1730516400, 47868564),
(12, 2, 1733108400, 17722518),
(12, 3, 1614654000, 3095498),
(12, 3, 1617332400, 9923700),
(12, 3, 1619924400, 5057605),
(12, 3, 1622602800, 1836755),
(12, 3, 1625194800, 1375390),
(12, 3, 1627873200, 3511597),
(12, 3, 1630551600, 2205847),
(12, 3, 1633143600, 1599979),
(12, 3, 1635822000, 2219775),
(12, 3, 1638414000, 1786266),
(12, 3, 1641092400, 1037636),
(12, 3, 1643770800, 2484407),
(12, 3, 1646190000, 2985815),
(12, 3, 1648868400, 1075938),
(12, 3, 1651460400, 698141),
(12, 3, 1654138800, 7911104),
(12, 3, 1656730800, 5287417),
(12, 3, 1659409200, 5559013),
(12, 3, 1662087600, 14488602),
(12, 3, 1664679600, 6168363),
(12, 3, 1667358000, 7517638),
(12, 3, 1669950000, 6213629),
(12, 3, 1672628400, 2186696),
(12, 3, 1675306800, 901838),
(12, 3, 1677726000, 18809764),
(12, 3, 1680404400, 2179732),
(12, 3, 1682996400, 8543087),
(12, 3, 1685674800, 3448921),
(12, 3, 1688266800, 668544),
(12, 3, 1690945200, 4187105),
(12, 3, 1693623600, 7655177),
(12, 3, 1696215600, 4180141),
(12, 3, 1698894000, 3718776),
(12, 3, 1701486000, 9753082),
(12, 3, 1704164400, 10331094),
(12, 3, 1706842800, 12552610),
(12, 3, 1709348400, 11737822),
(12, 3, 1712026800, 5128986),
(12, 3, 1714618800, 12119101),
(12, 3, 1717297200, 10750675),
(12, 3, 1719889200, 9960261),
(12, 3, 1722567600, 9054941),
(12, 3, 1725246000, 6084795),
(12, 3, 1727838000, 7524602),
(12, 3, 1730516400, 13569354),
(12, 3, 1733108400, 5033231),
(12, 4, 1614654000, 12565976),
(12, 5, 1614654000, 84147218),
(12, 5, 1617332400, 260229401),
(12, 5, 1619924400, 271512134),
(12, 5, 1622602800, 315581912),
(12, 5, 1625194800, 309450138),
(12, 5, 1627873200, 231173898),
(12, 5, 1630551600, 168302351),
(12, 5, 1633143600, 275811555),
(12, 5, 1635822000, 312989442),
(12, 5, 1638414000, 258425886),
(12, 5, 1641092400, 267273393),
(12, 5, 1643770800, 216608540),
(12, 5, 1646190000, 262345439),
(12, 5, 1648868400, 260830244),
(12, 5, 1651460400, 131482074),
(12, 5, 1654138800, 248588189),
(12, 5, 1656730800, 372002170),
(12, 5, 1659409200, 279346386),
(12, 5, 1662087600, 308766506),
(12, 5, 1664679600, 374732573),
(12, 5, 1667358000, 343746184),
(12, 5, 1669950000, 304866547),
(12, 5, 1672628400, 298954593),
(12, 5, 1675306800, 273787030),
(12, 5, 1677726000, 283798928),
(12, 5, 1680404400, 272198830),
(12, 5, 1682996400, 294995444),
(12, 5, 1685674800, 292015933),
(12, 5, 1688266800, 13879306),
(12, 5, 1690945200, 125006826),
(12, 5, 1693623600, 236516634),
(12, 5, 1696215600, 117521510),
(12, 5, 1698894000, 219940962),
(12, 5, 1701486000, 242230737),
(12, 5, 1704164400, 216616257),
(12, 5, 1706842800, 198896202),
(12, 5, 1709348400, 207435426),
(12, 5, 1712026800, 185053953),
(12, 5, 1714618800, 225096387),
(12, 5, 1717297200, 229716708),
(12, 5, 1719889200, 231086783),
(12, 5, 1722567600, 226775255),
(12, 5, 1725246000, 222435124),
(12, 5, 1727838000, 229634281),
(12, 5, 1730516400, 209063315),
(12, 5, 1733108400, 82241494),
(12, 6, 1614654000, 70848470),
(12, 6, 1617332400, 218311500),
(12, 6, 1619924400, 123937605),
(12, 6, 1622602800, 45778755),
(12, 6, 1625194800, 31141330),
(12, 6, 1627873200, 79714250),
(12, 6, 1630551600, 45401015),
(12, 6, 1633143600, 41045895),
(12, 6, 1635822000, 47406370),
(12, 6, 1638414000, 43517870),
(12, 6, 1641092400, 22764390),
(12, 6, 1643770800, 56616560),
(12, 6, 1646190000, 66637780),
(12, 6, 1648868400, 34079925),
(12, 6, 1651460400, 27641680),
(12, 6, 1654138800, 130953570),
(12, 6, 1656730800, 101200990),
(12, 6, 1659409200, 111072225),
(12, 6, 1662087600, 149346175),
(12, 6, 1664679600, 145246585),
(12, 6, 1667358000, 175882410),
(12, 6, 1669950000, 143102355),
(12, 6, 1672628400, 48617360),
(12, 6, 1675306800, 27625015),
(12, 6, 1677726000, 185686985),
(12, 6, 1680404400, 48495150),
(12, 6, 1682996400, 191664165),
(12, 6, 1685674800, 75647990),
(12, 6, 1688266800, 14581875),
(12, 6, 1690945200, 102928595),
(12, 6, 1693623600, 171532845),
(12, 6, 1696215600, 90740925),
(12, 6, 1698894000, 91990800),
(12, 6, 1701486000, 166794430),
(12, 6, 1704164400, 226644000),
(12, 6, 1706842800, 198046860),
(12, 6, 1709348400, 154445665),
(12, 6, 1712026800, 86613560),
(12, 6, 1714618800, 240803695),
(12, 6, 1717297200, 240198200),
(12, 6, 1719889200, 222916595),
(12, 6, 1722567600, 208134740),
(12, 6, 1725246000, 137380705),
(12, 6, 1727838000, 167161060),
(12, 6, 1730516400, 154728970),
(12, 6, 1733108400, 87396815),
(12, 7, 1614654000, 2000523),
(12, 7, 1617332400, 6033475),
(12, 7, 1619924400, 6693736),
(12, 7, 1622602800, 6755077),
(12, 7, 1625194800, 6787760),
(12, 7, 1627873200, 6205745),
(12, 7, 1630551600, 4143979),
(12, 7, 1633143600, 6773753),
(12, 7, 1635822000, 6853609),
(12, 7, 1638414000, 6968563),
(12, 7, 1641092400, 7040852),
(12, 7, 1643770800, 5794390),
(12, 7, 1646190000, 6729639),
(12, 7, 1648868400, 6670713),
(12, 7, 1651460400, 2925370),
(12, 7, 1654138800, 6476547),
(12, 7, 1656730800, 7136808),
(12, 7, 1659409200, 6795488),
(12, 7, 1662087600, 6878725),
(12, 7, 1664679600, 7078687),
(12, 7, 1667358000, 6845881),
(12, 7, 1669950000, 7169652),
(12, 7, 1672628400, 7085288),
(12, 7, 1675306800, 6421163),
(12, 7, 1677726000, 6873573),
(12, 7, 1680404400, 6780354),
(12, 7, 1682996400, 7077721),
(12, 7, 1685674800, 6877759),
(12, 7, 1688266800, 421015),
(12, 7, 1690945200, 3500301),
(12, 7, 1693623600, 6882106),
(12, 7, 1696215600, 3543771),
(12, 7, 1698894000, 6079199),
(12, 7, 1701486000, 6980960),
(12, 7, 1704164400, 6421968),
(12, 7, 1706842800, 6354348),
(12, 7, 1709348400, 6962767),
(12, 7, 1712026800, 6554471),
(12, 7, 1714618800, 6796615),
(12, 7, 1717297200, 6762966),
(12, 7, 1719889200, 7089474),
(12, 7, 1722567600, 7096558),
(12, 7, 1725246000, 6885487),
(12, 7, 1727838000, 7029582),
(12, 7, 1730516400, 6429857),
(12, 7, 1733108400, 2488738),
(12, 9, 1614654000, 39470),
(12, 9, 1617332400, 1666751),
(12, 9, 1619924400, 505242),
(12, 9, 1622602800, 695209),
(12, 9, 1625194800, 624770),
(12, 9, 1627873200, 962763),
(12, 9, 1630551600, 1847548),
(12, 9, 1633143600, 1216806),
(12, 9, 1635822000, 336329),
(12, 9, 1638414000, 503333),
(12, 9, 1641092400, 412215),
(12, 9, 1643770800, 941642),
(12, 9, 1646190000, 775433),
(12, 9, 1648868400, 890037),
(12, 9, 1651460400, 473061),
(12, 9, 1654138800, 1544917),
(12, 9, 1656730800, 705166),
(12, 9, 1659409200, 500895),
(12, 9, 1662087600, 301268),
(12, 9, 1664679600, 469015),
(12, 9, 1667358000, 329409),
(12, 9, 1669950000, 46452),
(12, 9, 1672628400, 134334),
(12, 9, 1675306800, 261546),
(12, 9, 1677726000, 378841),
(12, 9, 1680404400, 128964),
(12, 9, 1682996400, 138160),
(12, 9, 1685674800, 81740),
(12, 9, 1688266800, 15725),
(12, 9, 1690945200, 369588),
(12, 9, 1693623600, 47883),
(12, 9, 1696215600, 234884),
(12, 9, 1698894000, 448429),
(12, 9, 1701486000, 152699),
(12, 9, 1704164400, 525588),
(12, 9, 1706842800, 387317),
(12, 9, 1709348400, 252082),
(12, 9, 1712026800, 300751),
(12, 9, 1714618800, 74330),
(12, 9, 1717297200, 66048),
(12, 9, 1719889200, 18750),
(12, 9, 1722567600, 74726),
(12, 9, 1725246000, 60539),
(12, 9, 1727838000, 147529),
(12, 9, 1730516400, 381253),
(12, 9, 1733108400, 74007),
(13, 1, 1614654000, 23917820),
(13, 1, 1617332400, 89462994),
(13, 1, 1619924400, 90957731),
(13, 1, 1622602800, 87691108),
(13, 1, 1625194800, 91622719),
(13, 1, 1627873200, 90290185),
(13, 1, 1630551600, 86883093),
(13, 1, 1633143600, 92141363),
(13, 1, 1635822000, 89349233),
(13, 1, 1638414000, 91636187),
(13, 1, 1641092400, 42688196),
(13, 2, 1614654000, 18974564),
(13, 2, 1617332400, 72239426),
(13, 2, 1619924400, 41466740),
(13, 2, 1622602800, 22800288),
(13, 2, 1625194800, 26305062),
(13, 2, 1627873200, 27794270),
(13, 2, 1630551600, 50446921),
(13, 2, 1633143600, 31504452),
(13, 2, 1635822000, 52045252),
(13, 2, 1638414000, 58149721),
(13, 2, 1641092400, 28660835),
(13, 3, 1614654000, 5071726),
(13, 3, 1617332400, 19304782),
(13, 3, 1619924400, 11087866),
(13, 3, 1622602800, 6094984),
(13, 3, 1625194800, 7027400),
(13, 3, 1627873200, 7301640),
(13, 3, 1630551600, 13475468),
(13, 3, 1633143600, 8417454),
(13, 3, 1635822000, 13903968),
(13, 3, 1638414000, 15533982),
(13, 3, 1641092400, 7680434),
(13, 4, 1614654000, 12349292),
(13, 5, 1614654000, 74070032),
(13, 5, 1617332400, 277109700),
(13, 5, 1619924400, 276860489),
(13, 5, 1622602800, 264569591),
(13, 5, 1625194800, 275154802),
(13, 5, 1627873200, 272870835),
(13, 5, 1630551600, 264968946),
(13, 5, 1633143600, 304344287),
(13, 5, 1635822000, 271502654),
(13, 5, 1638414000, 280263534),
(13, 5, 1641092400, 134679331),
(13, 6, 1614654000, 68598091),
(13, 6, 1617332400, 262766750),
(13, 6, 1619924400, 169012735),
(13, 6, 1622602800, 108103112),
(13, 6, 1625194800, 106163574),
(13, 6, 1627873200, 110936928),
(13, 6, 1630551600, 182827588),
(13, 6, 1633143600, 126360320),
(13, 6, 1635822000, 195481041),
(13, 6, 1638414000, 212692989),
(13, 6, 1641092400, 115814808),
(13, 7, 1614654000, 1783593),
(13, 7, 1617332400, 6862142),
(13, 7, 1619924400, 6994162),
(13, 7, 1622602800, 6751535),
(13, 7, 1625194800, 7056147),
(13, 7, 1627873200, 6917365),
(13, 7, 1630551600, 6661053),
(13, 7, 1633143600, 7084161),
(13, 7, 1635822000, 6866328),
(13, 7, 1638414000, 7039886),
(13, 7, 1641092400, 3275706),
(13, 9, 1614654000, 160075),
(13, 9, 1617332400, 129420),
(13, 9, 1619924400, 364765),
(13, 9, 1622602800, 317755),
(13, 9, 1625194800, 183122),
(13, 9, 1627873200, 365847),
(13, 9, 1630551600, 335803),
(13, 9, 1633143600, 665045),
(13, 9, 1635822000, 309063),
(13, 9, 1638414000, 213101),
(13, 9, 1641092400, 675599),
(14, 1, 1630551600, 5304746),
(14, 1, 1675306800, 38235),
(14, 2, 1630551600, 158963),
(14, 2, 1675306800, 24540),
(14, 3, 1630551600, 34640),
(14, 3, 1675306800, 6444),
(14, 4, 1630551600, 33087264),
(14, 4, 1675306800, 35366398),
(14, 5, 1630551600, 10366),
(14, 5, 1675306800, 10366),
(14, 6, 1630551600, 13925388),
(14, 6, 1675306800, 128685),
(14, 7, 1630551600, 401310),
(14, 7, 1675306800, 2833),
(14, 9, 1630551600, 56458),
(14, 9, 1675306800, 5890),
(15, 1, 1630551600, 21140130),
(15, 1, 1633143600, 10510355),
(15, 1, 1635822000, 3172287),
(15, 1, 1638414000, 23500147),
(15, 2, 1630551600, 18267373),
(15, 2, 1633143600, 9094140),
(15, 2, 1635822000, 629900),
(15, 2, 1638414000, 312594),
(15, 3, 1630551600, 2463654),
(15, 3, 1633143600, 1361970),
(15, 3, 1635822000, 89143),
(15, 3, 1638414000, 11454),
(15, 4, 1630551600, 190414933),
(15, 4, 1633143600, 34590275),
(15, 4, 1635822000, 31344994),
(15, 5, 1630551600, 16738181),
(15, 5, 1633143600, 8322041),
(15, 5, 1635822000, 667929),
(15, 6, 1630551600, 218980862),
(15, 6, 1633143600, 109583479),
(15, 6, 1635822000, 12001774),
(15, 6, 1638414000, 60318695),
(15, 7, 1630551600, 1468499),
(15, 7, 1633143600, 729930),
(15, 7, 1635822000, 219965),
(15, 7, 1638414000, 1630380),
(15, 9, 1630551600, 115078),
(15, 9, 1633143600, 27426),
(15, 9, 1635822000, 111323),
(15, 9, 1638414000, 57019),
(16, 1, 1675306800, 17268),
(16, 2, 1675306800, 13420),
(16, 3, 1675306800, 3222),
(16, 4, 1675306800, 5041885),
(16, 5, 1675306800, 67957),
(16, 6, 1675306800, 61000),
(16, 7, 1675306800, 1223),
(17, 1, 1675306800, 9946493),
(17, 1, 1677726000, 89197452),
(17, 1, 1680404400, 87776373),
(17, 1, 1682996400, 54026804),
(17, 1, 1688266800, 34897103),
(17, 1, 1690945200, 84183956),
(17, 1, 1693623600, 56482940),
(17, 1, 1696215600, 88627947),
(17, 1, 1698894000, 45160611),
(17, 1, 1701486000, 69329780),
(17, 1, 1704164400, 63482949),
(17, 2, 1675306800, 7582447),
(17, 2, 1677726000, 28079563),
(17, 2, 1680404400, 35759828),
(17, 2, 1682996400, 40303717),
(17, 2, 1688266800, 12873281),
(17, 2, 1690945200, 44866887),
(17, 2, 1693623600, 19698755),
(17, 2, 1696215600, 47148472),
(17, 2, 1698894000, 13747353),
(17, 2, 1701486000, 32745565),
(17, 2, 1704164400, 43176586),
(17, 3, 1675306800, 2027662),
(17, 3, 1677726000, 7502178),
(17, 3, 1680404400, 9538410),
(17, 3, 1682996400, 10813626),
(17, 3, 1688266800, 3481134),
(17, 3, 1690945200, 11989430),
(17, 3, 1693623600, 5303116),
(17, 3, 1696215600, 12620182),
(17, 3, 1698894000, 3674816),
(17, 3, 1701486000, 8924798),
(17, 3, 1704164400, 11658628),
(17, 4, 1675306800, 4094554931),
(17, 4, 1677726000, 13245854664),
(17, 4, 1680404400, 19420503690),
(17, 4, 1682996400, 20010064573),
(17, 4, 1688266800, 7473571226),
(17, 4, 1690945200, 23963598332),
(17, 4, 1693623600, 10283402468),
(17, 4, 1696215600, 30593383119),
(17, 4, 1698894000, 8860745442),
(17, 4, 1701486000, 13125303311),
(17, 4, 1704164400, 22964983188),
(17, 5, 1675306800, 31523262),
(17, 5, 1677726000, 268166226),
(17, 5, 1680404400, 268631153),
(17, 5, 1682996400, 204689990),
(17, 5, 1688266800, 107458873),
(17, 5, 1690945200, 273563960),
(17, 5, 1693623600, 181941567),
(17, 5, 1696215600, 271743981),
(17, 5, 1698894000, 145549430),
(17, 5, 1701486000, 228173134),
(17, 5, 1704164400, 212591978),
(17, 6, 1675306800, 54086398),
(17, 6, 1677726000, 175388821),
(17, 6, 1680404400, 257162995),
(17, 6, 1682996400, 265739934),
(17, 6, 1688266800, 98446071),
(17, 6, 1690945200, 317846145),
(17, 6, 1693623600, 131424024),
(17, 6, 1696215600, 361776100),
(17, 6, 1698894000, 106912677),
(17, 6, 1701486000, 171306500),
(17, 6, 1704164400, 302207894),
(17, 7, 1675306800, 758891),
(17, 7, 1677726000, 6878081),
(17, 7, 1680404400, 6772304),
(17, 7, 1682996400, 4058810),
(17, 7, 1688266800, 2672117),
(17, 7, 1690945200, 6450465),
(17, 7, 1693623600, 4310453),
(17, 7, 1696215600, 6814647),
(17, 7, 1698894000, 3479693),
(17, 7, 1701486000, 5275487),
(17, 7, 1704164400, 4827263),
(17, 9, 1675306800, 33662),
(17, 9, 1677726000, 372159),
(17, 9, 1680404400, 253752),
(17, 9, 1682996400, 4680162),
(17, 9, 1688266800, 2022592),
(17, 9, 1690945200, 1225863),
(17, 9, 1693623600, 3261018),
(17, 9, 1696215600, 2146851),
(17, 9, 1698894000, 2227466),
(17, 9, 1701486000, 3737733),
(17, 9, 1704164400, 1115592),
(18, 1, 1704164400, 181),
(19, 1, 1704164400, 17258531),
(19, 1, 1706842800, 73675254),
(19, 1, 1709348400, 62227385),
(19, 1, 1712026800, 59077563),
(19, 1, 1714618800, 35827769),
(19, 1, 1717297200, 43904292),
(19, 1, 1719889200, 63011284),
(19, 1, 1722567600, 85758484),
(19, 1, 1725246000, 44738550),
(19, 1, 1727838000, 66341391),
(19, 1, 1730516400, 32503806),
(19, 1, 1733108400, 14084848),
(19, 2, 1704164400, 11124888),
(19, 2, 1706842800, 7938756),
(19, 2, 1709348400, 4343504),
(19, 2, 1712026800, 6018272),
(19, 2, 1714618800, 2777664),
(19, 2, 1717297200, 619528),
(19, 2, 1719889200, 748006),
(19, 2, 1722567600, 1437290),
(19, 2, 1725246000, 380912),
(19, 2, 1727838000, 766608),
(19, 2, 1730516400, 498257),
(19, 2, 1733108400, 263410),
(19, 3, 1704164400, 2286909),
(19, 3, 1706842800, 1238842),
(19, 3, 1709348400, 118592),
(19, 3, 1712026800, 1521313),
(19, 3, 1714618800, 144534),
(19, 3, 1717297200, 37060),
(19, 3, 1719889200, 76208),
(19, 3, 1722567600, 111493),
(19, 3, 1725246000, 51118),
(19, 3, 1727838000, 78577),
(19, 3, 1730516400, 56672),
(19, 3, 1733108400, 16168),
(19, 4, 1704164400, 7058823876),
(19, 4, 1706842800, 22779200810),
(19, 4, 1709348400, 17237335567),
(19, 4, 1712026800, 13302497361),
(19, 4, 1714618800, 13849477299),
(19, 4, 1717297200, 16216647150),
(19, 4, 1719889200, 14345337100),
(19, 4, 1722567600, 30856337478),
(19, 4, 1725246000, 6409081345),
(19, 4, 1727838000, 14675751974),
(19, 4, 1730516400, 3933764124),
(19, 4, 1733108400, 168869137),
(19, 5, 1704164400, 28724969),
(19, 5, 1706842800, 203329),
(19, 5, 1709348400, 103193),
(19, 5, 1712026800, 22611),
(19, 5, 1714618800, 87213),
(19, 5, 1717297200, 16404),
(19, 5, 1719889200, 172006),
(19, 5, 1722567600, 166532),
(19, 5, 1725246000, 144523),
(19, 5, 1727838000, 139158),
(19, 5, 1730516400, 161834),
(19, 5, 1733108400, 5183),
(19, 6, 1704164400, 189066477),
(19, 6, 1706842800, 316205010),
(19, 6, 1709348400, 239389290),
(19, 6, 1712026800, 185225670),
(19, 6, 1714618800, 190926450),
(19, 6, 1717297200, 217933740),
(19, 6, 1719889200, 190977282),
(19, 6, 1722567600, 458222535),
(19, 6, 1725246000, 94965714),
(19, 6, 1727838000, 212267826),
(19, 6, 1730516400, 131567163),
(19, 6, 1733108400, 91957248),
(19, 7, 1704164400, 1316917),
(19, 7, 1706842800, 5651905),
(19, 7, 1709348400, 4774616),
(19, 7, 1712026800, 4539878),
(19, 7, 1714618800, 2740381),
(19, 7, 1717297200, 3362646),
(19, 7, 1719889200, 4680348),
(19, 7, 1722567600, 6515931),
(19, 7, 1725246000, 3445722),
(19, 7, 1727838000, 5094845),
(19, 7, 1730516400, 2497432),
(19, 7, 1733108400, 1078539),
(19, 9, 1704164400, 532608),
(19, 9, 1706842800, 967478),
(19, 9, 1709348400, 2068145),
(19, 9, 1712026800, 590387),
(19, 9, 1714618800, 6886736),
(19, 9, 1717297200, 1885447),
(19, 9, 1719889200, 3021939),
(19, 9, 1722567600, 1251206),
(19, 9, 1725246000, 6119009),
(19, 9, 1727838000, 5065662),
(19, 9, 1730516400, 8030504),
(19, 9, 1733108400, 1113473),
(20, 1, 1704164400, 66759),
(20, 2, 1704164400, 30483),
(20, 3, 1704164400, 11511),
(20, 4, 1704164400, 32252499),
(20, 5, 1704164400, 65087),
(20, 6, 1704164400, 242001),
(20, 7, 1704164400, 4736),
(20, 9, 1704164400, 212780),
(21, 1, 1704164400, 13487990),
(21, 1, 1706842800, 45605676),
(21, 1, 1709348400, 32888856),
(21, 1, 1712026800, 38499832),
(21, 1, 1714618800, 17429664),
(21, 1, 1717297200, 1866872),
(21, 1, 1719889200, 174048),
(21, 1, 1722567600, 35224),
(21, 2, 1704164400, 26654255),
(21, 2, 1706842800, 1526228),
(21, 3, 1704164400, 3915430),
(21, 3, 1706842800, 322630),
(21, 4, 1704164400, 5743089659),
(21, 4, 1706842800, 5925425131),
(21, 5, 1704164400, 43881985),
(21, 5, 1706842800, 5183),
(21, 6, 1704164400, 103297136),
(21, 6, 1706842800, 48066510),
(21, 7, 1704164400, 1496729),
(21, 7, 1706842800, 5086403),
(21, 7, 1709348400, 3014772),
(21, 7, 1712026800, 3543363),
(21, 7, 1714618800, 1845366),
(21, 7, 1717297200, 200526),
(21, 7, 1719889200, 2180),
(21, 7, 1722567600, 594),
(21, 9, 1704164400, 4656965),
(21, 9, 1706842800, 61112964),
(21, 9, 1709348400, 78359716),
(21, 9, 1712026800, 382191607),
(21, 9, 1714618800, 1974415),
(22, 1, 1704164400, 43045),
(22, 2, 1704164400, 6427),
(22, 3, 1704164400, 1714),
(22, 4, 1704164400, 5201171),
(22, 5, 1704164400, 49668),
(22, 6, 1704164400, 4003),
(22, 7, 1704164400, 2479),
(22, 9, 1704164400, 509),
(23, 1, 1704164400, 13253921),
(23, 1, 1706842800, 79752048),
(23, 1, 1709348400, 86798336),
(23, 1, 1712026800, 82223104),
(23, 1, 1714618800, 4542464),
(23, 2, 1704164400, 7062281),
(23, 2, 1706842800, 17674250),
(23, 3, 1704164400, 2235325),
(23, 3, 1706842800, 5509960),
(23, 4, 1704164400, 5686035233),
(23, 4, 1706842800, 11010418030),
(23, 5, 1704164400, 69759921),
(23, 5, 1706842800, 297394386),
(23, 5, 1709348400, 258681245),
(23, 5, 1712026800, 241634629),
(23, 5, 1714618800, 13398891),
(23, 6, 1704164400, 62769623),
(23, 6, 1706842800, 138436863),
(23, 6, 1709348400, 382860),
(23, 6, 1712026800, 361245),
(23, 6, 1714618800, 20040),
(23, 7, 1704164400, 1125222),
(23, 7, 1706842800, 6808450),
(23, 7, 1709348400, 7414098),
(23, 7, 1712026800, 7031899),
(23, 7, 1714618800, 387148),
(23, 9, 1704164400, 221569),
(23, 9, 1706842800, 431983),
(23, 9, 1709348400, 444028),
(23, 9, 1712026800, 275970),
(23, 9, 1714618800, 18243),
(24, 1, 1704164400, 316626),
(24, 7, 1704164400, 18176),
(24, 9, 1704164400, 13796),
(25, 1, 1704164400, 2719197),
(25, 1, 1706842800, 59700),
(25, 2, 1704164400, 522306),
(25, 3, 1704164400, 154771),
(25, 4, 1704164400, 1206269444),
(25, 5, 1704164400, 157085),
(25, 6, 1704164400, 9467716),
(25, 7, 1704164400, 339512),
(25, 7, 1706842800, 7716),
(25, 9, 1704164400, 455028),
(25, 9, 1706842800, 7740);

-- --------------------------------------------------------

--
-- Estrutura para tabela `bandwidthtype`
--

CREATE TABLE `bandwidthtype` (
  `bandwidthTypeId` int(11) NOT NULL,
  `name` varchar(25) NOT NULL
) ENGINE=InnoDB DEFAULT CHARSET=utf8;

--
-- Despejando dados para a tabela `bandwidthtype`
--

INSERT INTO `bandwidthtype` (`bandwidthTypeId`, `name`) VALUES
(1, 'Register'),
(2, 'Required Files'),
(3, 'Schedule'),
(4, 'Get File'),
(5, 'Get Resource'),
(6, 'Media Inventory'),
(7, 'Notify Status'),
(8, 'Submit Stats'),
(9, 'Submit Log'),
(10, 'Blacklist'),
(11, 'Screen Shot');

-- --------------------------------------------------------

--
-- Estrutura para tabela `blacklist`
--

CREATE TABLE `blacklist` (
  `blacklistId` int(11) NOT NULL,
  `mediaId` int(11) NOT NULL,
  `displayId` int(11) NOT NULL,
  `userId` int(11) DEFAULT NULL,
  `reportingDisplayId` int(11) DEFAULT NULL,
  `reason` text,
  `isIgnored` tinyint(4) NOT NULL DEFAULT '0'
) ENGINE=InnoDB DEFAULT CHARSET=utf8;

-- --------------------------------------------------------

--
-- Estrutura para tabela `campaign`
--

CREATE TABLE `campaign` (
  `campaignId` int(11) NOT NULL,
  `campaign` varchar(254) NOT NULL,
  `isLayoutSpecific` tinyint(4) NOT NULL,
  `userId` int(11) NOT NULL
) ENGINE=InnoDB DEFAULT CHARSET=utf8;

--
-- Despejando dados para a tabela `campaign`
--

INSERT INTO `campaign` (`campaignId`, `campaign`, `isLayoutSpecific`, `userId`) VALUES
(1, 'Default Layout', 1, 1),
(12, 'Campeonato Brasileiro', 1, 1),
(30, 'TABELA AÇOUGUE BOVINOS', 1, 1),
(32, 'PRODUTOS ESPECIAIS com OFERTAS', 1, 1),
(39, 'TABELA AVES', 1, 1),
(40, 'TABELA BOVINOS', 1, 1),
(44, 'TABELA - Açougue ÍTENS e OFERTAS BACKUP', 1, 1),
(46, 'teste template', 1, 1),
(48, 'SUPER REDE', 1, 1),
(49, 'SUPER REDE VDG', 1, 1),
(51, 'TABELA DIGITAL MERCADO', 1, 5),
(52, 'SUPER REDE VIDIGAL', 1, 1),
(53, 'SUPER REDE VIDIGAL Template', 1, 1),
(54, 'SUPER REDE VIDIGAL Template 2', 1, 1),
(56, 'TABELA - Açougue ÍTENS e OFERTAS Template 2', 1, 1),
(57, 'AR MIDIA TECH 2', 1, 1),
(59, 'Uol-Cotidiano', 1, 1),
(60, 'Uol-Celebridades', 1, 1),
(61, 'Uol-Destaques', 1, 1),
(62, 'Uol-Dicas', 1, 1),
(63, 'Uol-Economia', 1, 1),
(64, 'Uol-Entretenimento', 1, 1),
(65, 'Uol-Esportes', 1, 1),
(66, 'Uol-Internacional', 1, 1),
(67, 'Uol-Política', 1, 1),
(68, 'Uol-Televisão', 1, 1),
(69, 'PREVISÃO DO TEMPO 01', 1, 1),
(70, 'teste', 1, 1),
(71, 'AÇOUGUE SUPER REDE VIDIGAL', 1, 1),
(72, 'LATICINIO SUPER REDE VIDIGAL', 1, 1),
(73, 'AÇOUGUE SUPER REDE VIDIGAL 2', 1, 1),
(74, 'SUPER REDE VIDIGAL', 0, 1),
(75, 'FREZZE SUPER REDE VIDIGAL ', 1, 1),
(78, 'ANUNCIO SUPER REDE 26 A 28/03', 1, 1),
(79, 'PAINEL EXTERNO SUPER REDE VIDIGAL', 1, 1),
(80, 'TESTE', 1, 5),
(81, 'logo horizonte do mar', 1, 1),
(82, 'AR MIDIA TECH', 1, 1),
(83, 'TV SUPERREDE VDG', 1, 1),
(84, 'AR', 1, 1),
(85, 'radio superrede', 1, 1),
(90, 'MONITORES LOJA', 1, 4),
(91, 'AÇOUGUE SUPER REDE VIDIGAL 2 Template', 1, 1);

-- --------------------------------------------------------

--
-- Estrutura para tabela `command`
--

CREATE TABLE `command` (
  `commandId` int(11) NOT NULL,
  `command` varchar(254) NOT NULL,
  `code` varchar(50) NOT NULL,
  `description` varchar(1000) DEFAULT NULL,
  `userId` int(11) NOT NULL
) ENGINE=InnoDB DEFAULT CHARSET=utf8;

-- --------------------------------------------------------

--
-- Estrutura para tabela `dataset`
--

CREATE TABLE `dataset` (
  `dataSetId` int(11) NOT NULL,
  `dataSet` varchar(50) NOT NULL,
  `description` varchar(254) DEFAULT NULL,
  `userId` int(11) NOT NULL,
  `lastDataEdit` int(11) NOT NULL DEFAULT '0',
  `code` varchar(50) DEFAULT NULL,
  `isLookup` tinyint(4) NOT NULL,
  `isRemote` tinyint(4) NOT NULL DEFAULT '0',
  `method` enum('GET','POST') DEFAULT NULL,
  `uri` varchar(250) DEFAULT NULL,
  `postData` text,
  `authentication` varchar(10) DEFAULT NULL,
  `username` varchar(250) DEFAULT NULL,
  `password` varchar(250) DEFAULT NULL,
  `customHeaders` text,
  `refreshRate` int(11) NOT NULL DEFAULT '86400',
  `clearRate` int(11) NOT NULL DEFAULT '0',
  `runsAfter` int(11) DEFAULT NULL,
  `dataRoot` varchar(250) DEFAULT NULL,
  `lastSync` int(11) NOT NULL DEFAULT '0',
  `summarize` varchar(10) DEFAULT NULL,
  `summarizeField` varchar(250) DEFAULT NULL,
  `lastClear` int(11) NOT NULL DEFAULT '0',
  `ignoreFirstRow` tinyint(4) DEFAULT NULL,
  `sourceId` tinyint(4) DEFAULT NULL
) ENGINE=InnoDB DEFAULT CHARSET=utf8;

--
-- Despejando dados para a tabela `dataset`
--

INSERT INTO `dataset` (`dataSetId`, `dataSet`, `description`, `userId`, `lastDataEdit`, `code`, `isLookup`, `isRemote`, `method`, `uri`, `postData`, `authentication`, `username`, `password`, `customHeaders`, `refreshRate`, `clearRate`, `runsAfter`, `dataRoot`, `lastSync`, `summarize`, `summarizeField`, `lastClear`, `ignoreFirstRow`, `sourceId`) VALUES
(4, 'promo_produtos', 'Sistema de fonte de dados para produtos de padaria', 1, 1616012070, NULL, 0, 0, NULL, NULL, NULL, NULL, NULL, NULL, NULL, 86400, 0, NULL, NULL, 0, NULL, NULL, 0, NULL, NULL),
(6, 'TABELA BOVINOS', NULL, 1, 1616017362, NULL, 0, 0, NULL, NULL, NULL, NULL, NULL, NULL, NULL, 86400, 0, NULL, NULL, 0, NULL, NULL, 0, NULL, NULL),
(7, 'TABELA OFERTAS', NULL, 1, 1613846922, NULL, 0, 0, NULL, NULL, NULL, NULL, NULL, NULL, NULL, 86400, 0, NULL, NULL, 0, NULL, NULL, 0, NULL, NULL),
(8, 'TABELA Item e Preço', NULL, 1, 1608234413, NULL, 0, 0, NULL, NULL, NULL, NULL, NULL, NULL, NULL, 86400, 0, NULL, NULL, 0, NULL, NULL, 0, NULL, NULL),
(9, 'PRODUTOS ESPECIAIS COM OFERTAS', NULL, 1, 1608233846, NULL, 0, 0, NULL, NULL, NULL, NULL, NULL, NULL, NULL, 86400, 0, NULL, NULL, 0, NULL, NULL, 0, NULL, NULL),
(14, 'TABELA JARDIM AVE CENTRO', NULL, 1, 0, NULL, 0, 0, NULL, NULL, NULL, NULL, NULL, NULL, NULL, 86400, 0, NULL, NULL, 0, NULL, NULL, 0, NULL, NULL),
(15, 'TABELA SUINOS', NULL, 1, 1613847238, NULL, 0, 0, NULL, NULL, NULL, NULL, NULL, NULL, NULL, 86400, 0, NULL, NULL, 0, NULL, NULL, 0, NULL, NULL),
(16, 'TABELA FRANGO', NULL, 1, 1612298673, NULL, 0, 0, NULL, NULL, NULL, NULL, NULL, NULL, NULL, 86400, 0, NULL, NULL, 0, NULL, NULL, 0, NULL, NULL),
(17, 'TABELA RAÇÕES', NULL, 1, 1610022322, NULL, 0, 0, NULL, NULL, NULL, NULL, NULL, NULL, NULL, 86400, 0, NULL, NULL, 0, NULL, NULL, 0, NULL, NULL),
(18, 'TABELA PADARIA', NULL, 1, 1615042365, NULL, 0, 0, NULL, NULL, NULL, NULL, NULL, NULL, NULL, 86400, 0, NULL, NULL, 0, NULL, NULL, 0, NULL, NULL),
(19, 'SUPER REDE VIDIGAL', 'BOVINO', 1, 1616017939, 'AÇOUGUE', 0, 0, NULL, NULL, NULL, NULL, NULL, NULL, NULL, 86400, 0, NULL, NULL, 0, NULL, NULL, 0, NULL, NULL),
(20, 'AVES', 'AÇOUGUE', 1, 1732196389, 'SUPER REDE VIDIGAL', 0, 0, NULL, NULL, NULL, NULL, NULL, NULL, NULL, 86400, 0, NULL, NULL, 0, NULL, NULL, 0, NULL, NULL),
(21, 'CARNE DE 1ª', 'AÇOUGUE', 1, 1732645534, 'SUPER REDE VIDIGAL', 0, 0, NULL, NULL, NULL, NULL, NULL, NULL, NULL, 86400, 0, NULL, NULL, 0, NULL, NULL, 0, NULL, NULL),
(22, 'CARNE DE 2ª', 'AÇOUGUE', 1, 1732645689, 'SUPER REDE VIDIGAL', 0, 0, NULL, NULL, NULL, NULL, NULL, NULL, NULL, 86400, 0, NULL, NULL, 0, NULL, NULL, 0, NULL, NULL),
(23, 'SUINO', 'AÇOUGUE', 1, 1732196444, 'SUPER REDE VIDIGAL', 0, 0, NULL, NULL, NULL, NULL, NULL, NULL, NULL, 86400, 0, NULL, NULL, 0, NULL, NULL, 0, NULL, NULL),
(24, 'DIVERSOS', 'AÇOUGUE', 1, 1732022146, 'SUPER REDE VIDIGAL', 0, 0, NULL, NULL, NULL, NULL, NULL, NULL, NULL, 86400, 0, NULL, NULL, 0, NULL, NULL, 0, NULL, NULL),
(25, 'FRIOS', 'LATICINIOS', 1, 1732029556, 'SUPER REDE VIDIGAL', 0, 0, NULL, NULL, NULL, NULL, NULL, NULL, NULL, 86400, 0, NULL, NULL, 0, NULL, NULL, 0, NULL, NULL),
(26, 'DIVERÇOS.', 'LATICINIOS', 1, 1732023456, 'SUPER REDE VIDIGAL', 0, 0, NULL, NULL, NULL, NULL, NULL, NULL, NULL, 86400, 0, NULL, NULL, 0, NULL, NULL, 0, NULL, NULL),
(28, 'LASANHAS', 'FREZZER', 1, 1705149570, 'SUPER REDE VIDIGAL', 0, 0, NULL, NULL, NULL, NULL, NULL, NULL, NULL, 86400, 0, NULL, NULL, 0, NULL, NULL, 0, NULL, NULL),
(29, 'HAMBURGUER', 'FREZZER', 1, 1700591281, 'SUPER REDE VIDIGAL', 0, 0, NULL, NULL, NULL, NULL, NULL, NULL, NULL, 86400, 0, NULL, NULL, 0, NULL, NULL, 0, NULL, NULL),
(30, 'CONGELADOS', 'FREZZER', 1, 1694552765, 'SUPER REDE VIDIGAL', 0, 0, NULL, NULL, NULL, NULL, NULL, NULL, NULL, 86400, 0, NULL, NULL, 0, NULL, NULL, 0, NULL, NULL),
(31, 'OUTROS', 'FREZZER', 1, 1705149634, 'SUPER REDE VIDIGAL', 0, 0, NULL, NULL, NULL, NULL, NULL, NULL, NULL, 86400, 0, NULL, NULL, 0, NULL, NULL, 0, NULL, NULL);

-- --------------------------------------------------------

--
-- Estrutura para tabela `datasetcolumn`
--

CREATE TABLE `datasetcolumn` (
  `dataSetColumnId` int(11) NOT NULL,
  `dataSetId` int(11) NOT NULL,
  `heading` varchar(50) NOT NULL,
  `dataTypeId` int(11) NOT NULL,
  `dataSetColumnTypeId` int(11) NOT NULL,
  `listContent` varchar(1000) DEFAULT NULL,
  `columnOrder` smallint(6) NOT NULL,
  `formula` varchar(1000) DEFAULT NULL,
  `remoteField` varchar(250) DEFAULT NULL,
  `showFilter` tinyint(4) NOT NULL DEFAULT '1',
  `showSort` tinyint(4) NOT NULL DEFAULT '1'
) ENGINE=InnoDB DEFAULT CHARSET=utf8;

--
-- Despejando dados para a tabela `datasetcolumn`
--

INSERT INTO `datasetcolumn` (`dataSetColumnId`, `dataSetId`, `heading`, `dataTypeId`, `dataSetColumnTypeId`, `listContent`, `columnOrder`, `formula`, `remoteField`, `showFilter`, `showSort`) VALUES
(9, 4, 'Dia', 1, 1, '01,02,03,04,05,06,07,08,09,10,11,12,13,14,15,16,17,18,19,20,21,22,23,24,25,26,27,28,29,30,31', 1, NULL, NULL, 1, 1),
(10, 4, 'Mes', 1, 1, '01,02,03,04,05,06,07,08,09,10,11,12', 2, NULL, NULL, 1, 1),
(11, 4, 'MesDesc', 1, 2, NULL, 3, '(MONTHNAME(CONCAT(DATE_FORMAT(Curdate(),\'%Y\'),\'-\',Mes,\'-\',Dia)))', NULL, 1, 1),
(12, 4, 'DiaSemana', 1, 2, NULL, 4, '(CASE WEEKDAY(CONCAT(DATE_FORMAT(CurDate(), \'%Y\'),\'-\',Mes,\'-\',Dia)) when 0 then \'Segunda-feira\' when 1 then \'Terça-feira\' when 2 then \'Quarta-feira\' when 3 then \'Quinta-feira\' when 4 then \'Sexta-feira\' when 5 then \'Sábado\' when 6 then \'Domingo\' END) ', NULL, 1, 1),
(13, 4, 'Produto', 1, 1, NULL, 5, NULL, NULL, 1, 1),
(14, 4, 'Descricao', 1, 1, NULL, 6, NULL, NULL, 1, 1),
(15, 4, 'Preco', 1, 1, NULL, 7, NULL, NULL, 1, 1),
(16, 4, 'Imagem', 5, 1, NULL, 8, NULL, NULL, 1, 1),
(19, 6, 'Preco', 1, 1, NULL, 2, NULL, NULL, 0, 0),
(20, 6, 'Produto', 1, 1, NULL, 1, NULL, NULL, 0, 0),
(21, 6, 'Imagem', 5, 1, NULL, 3, NULL, NULL, 0, 0),
(22, 7, 'PRODUTO', 1, 1, NULL, 1, NULL, NULL, 0, 0),
(23, 7, 'PRECO', 1, 1, NULL, 2, NULL, NULL, 0, 0),
(24, 7, 'IMAGEM', 5, 1, NULL, 3, NULL, NULL, 0, 0),
(25, 8, 'Item', 1, 1, NULL, 1, NULL, NULL, 0, 0),
(26, 8, 'Preco', 1, 1, NULL, 2, NULL, NULL, 0, 0),
(27, 9, 'PRODUTO', 1, 1, NULL, 1, NULL, NULL, 0, 0),
(28, 9, 'PRECO', 1, 1, NULL, 2, NULL, NULL, 0, 0),
(29, 9, 'IMAGEM', 5, 1, NULL, 3, NULL, NULL, 0, 0),
(30, 9, 'OFERTA', 5, 1, NULL, 4, NULL, NULL, 0, 0),
(43, 14, 'Produto', 1, 1, NULL, 1, NULL, NULL, 0, 0),
(44, 14, 'Preco', 1, 1, NULL, 2, NULL, NULL, 0, 0),
(45, 15, 'Preco', 1, 1, NULL, 2, NULL, NULL, 0, 0),
(46, 15, 'Produto', 1, 1, NULL, 1, NULL, NULL, 0, 0),
(47, 15, 'Imagem', 5, 1, NULL, 3, NULL, NULL, 0, 0),
(48, 16, 'Produto', 1, 1, NULL, 1, NULL, NULL, 0, 0),
(49, 16, 'Preco', 1, 1, NULL, 2, NULL, NULL, 0, 0),
(50, 16, 'Imagem', 5, 1, NULL, 3, NULL, NULL, 0, 0),
(51, 17, 'Produto', 1, 1, NULL, 1, NULL, NULL, 0, 0),
(52, 17, 'Preco', 1, 1, NULL, 2, NULL, NULL, 0, 0),
(53, 17, 'Imagem', 5, 1, NULL, 3, NULL, NULL, 0, 0),
(54, 18, 'Produto', 1, 1, NULL, 1, NULL, NULL, 0, 0),
(55, 18, 'Preco', 1, 1, NULL, 2, NULL, NULL, 0, 0),
(56, 18, 'Imagem', 5, 1, NULL, 3, NULL, NULL, 0, 0),
(58, 19, 'Col1', 1, 1, NULL, 1, NULL, NULL, 0, 0),
(59, 20, 'Produto', 1, 1, NULL, 1, NULL, NULL, 0, 0),
(60, 20, 'Preco', 1, 1, NULL, 2, NULL, NULL, 0, 0),
(61, 20, 'Imagem', 5, 1, NULL, 3, NULL, NULL, 0, 0),
(62, 20, 'LATICINIOS', 1, 1, NULL, 4, NULL, NULL, 0, 0),
(63, 21, 'Produto', 1, 1, NULL, 1, NULL, NULL, 0, 0),
(64, 21, 'Preco', 1, 1, NULL, 2, NULL, NULL, 0, 0),
(65, 21, 'Imagem', 5, 1, NULL, 3, NULL, NULL, 0, 0),
(66, 21, 'LATICINIOS', 1, 1, NULL, 4, NULL, NULL, 0, 0),
(67, 22, 'Produto', 1, 1, NULL, 1, NULL, NULL, 0, 0),
(68, 22, 'Preco', 1, 1, NULL, 2, NULL, NULL, 0, 0),
(69, 22, 'Imagem', 5, 1, NULL, 3, NULL, NULL, 0, 0),
(71, 23, 'Produto', 1, 1, NULL, 1, NULL, NULL, 0, 0),
(72, 23, 'Preco', 1, 1, NULL, 2, NULL, NULL, 0, 0),
(73, 23, 'Imagem', 5, 1, NULL, 3, NULL, NULL, 0, 0),
(74, 23, 'LATICINIOS', 1, 1, NULL, 4, NULL, NULL, 0, 0),
(75, 24, 'Produto', 1, 1, NULL, 1, NULL, NULL, 0, 0),
(76, 24, 'Preco', 1, 1, NULL, 2, NULL, NULL, 0, 0),
(77, 24, 'Imagem', 5, 1, NULL, 3, NULL, NULL, 0, 0),
(78, 24, 'LATICINIOS', 1, 1, NULL, 4, NULL, NULL, 0, 0),
(79, 25, 'Produto', 1, 1, NULL, 1, NULL, NULL, 0, 0),
(80, 25, 'Preco', 1, 1, NULL, 2, NULL, NULL, 0, 0),
(81, 25, 'Imagem', 5, 1, NULL, 3, NULL, NULL, 0, 0),
(82, 25, 'LATICINIOS', 1, 1, NULL, 4, NULL, NULL, 0, 0),
(83, 26, 'Produto', 1, 1, NULL, 1, NULL, NULL, 0, 0),
(84, 26, 'Preco', 1, 1, NULL, 2, NULL, NULL, 0, 0),
(85, 26, 'Imagem', 5, 1, NULL, 3, NULL, NULL, 0, 0),
(86, 26, 'LATICINIOS', 1, 1, NULL, 4, NULL, NULL, 0, 0),
(88, 28, 'Produto', 1, 1, NULL, 1, NULL, NULL, 0, 0),
(89, 28, 'Preco', 1, 1, NULL, 2, NULL, NULL, 0, 0),
(90, 28, 'Imagem', 5, 1, NULL, 3, NULL, NULL, 0, 0),
(91, 28, 'LATICINIOS', 1, 1, NULL, 4, NULL, NULL, 0, 0),
(92, 29, 'Produto', 1, 1, NULL, 1, NULL, NULL, 0, 0),
(93, 29, 'Preco', 1, 1, NULL, 2, NULL, NULL, 0, 0),
(94, 29, 'Imagem', 5, 1, NULL, 3, NULL, NULL, 0, 0),
(95, 29, 'LATICINIOS', 1, 1, NULL, 4, NULL, NULL, 0, 0),
(96, 30, 'Produto', 1, 1, NULL, 1, NULL, NULL, 0, 0),
(97, 30, 'Preco', 1, 1, NULL, 2, NULL, NULL, 0, 0),
(98, 30, 'Imagem', 5, 1, NULL, 3, NULL, NULL, 0, 0),
(99, 30, 'LATICINIOS', 1, 1, NULL, 4, NULL, NULL, 0, 0),
(100, 31, 'Produto', 1, 1, NULL, 1, NULL, NULL, 0, 0),
(101, 31, 'Preco', 1, 1, NULL, 2, NULL, NULL, 0, 0),
(102, 31, 'Imagem', 5, 1, NULL, 3, NULL, NULL, 0, 0),
(103, 31, 'LATICINIOS', 1, 1, NULL, 4, NULL, NULL, 0, 0);

-- --------------------------------------------------------

--
-- Estrutura para tabela `datasetcolumntype`
--

CREATE TABLE `datasetcolumntype` (
  `dataSetColumnTypeId` int(11) NOT NULL,
  `dataSetColumnType` varchar(100) NOT NULL
) ENGINE=InnoDB DEFAULT CHARSET=utf8;

--
-- Despejando dados para a tabela `datasetcolumntype`
--

INSERT INTO `datasetcolumntype` (`dataSetColumnTypeId`, `dataSetColumnType`) VALUES
(1, 'Value'),
(2, 'Formula'),
(3, 'Remote');

-- --------------------------------------------------------

--
-- Estrutura para tabela `datasetrss`
--

CREATE TABLE `datasetrss` (
  `id` int(11) NOT NULL,
  `dataSetId` int(11) NOT NULL,
  `psk` varchar(254) NOT NULL,
  `title` varchar(254) NOT NULL,
  `author` varchar(254) NOT NULL,
  `titleColumnId` int(11) DEFAULT NULL,
  `summaryColumnId` int(11) DEFAULT NULL,
  `contentColumnId` int(11) DEFAULT NULL,
  `publishedDateColumnId` int(11) DEFAULT NULL,
  `sort` text,
  `filter` text
) ENGINE=InnoDB DEFAULT CHARSET=utf8;

--
-- Despejando dados para a tabela `datasetrss`
--

INSERT INTO `datasetrss` (`id`, `dataSetId`, `psk`, `title`, `author`, `titleColumnId`, `summaryColumnId`, `contentColumnId`, `publishedDateColumnId`, `sort`, `filter`) VALUES
(1, 6, '11aaadfd12451527221f27b1', 'BOVINO', 'SERRA AZUL', 20, 19, NULL, NULL, '{\"sort\":null,\"useOrderingClause\":0,\"orderClauses\":[{\"orderClause\":\"Produto\",\"orderClauseDirection\":\"ASC\"}]}', '{\"filter\":null,\"useFilteringClause\":0,\"filterClauses\":[]}');

-- --------------------------------------------------------

--
-- Estrutura para tabela `dataset_4`
--

CREATE TABLE `dataset_4` (
  `id` int(11) NOT NULL,
  `Dia` text,
  `Mes` text,
  `Produto` text,
  `Descricao` text,
  `Preco` text,
  `Imagem` int(11) DEFAULT NULL
) ENGINE=InnoDB DEFAULT CHARSET=utf8;

--
-- Despejando dados para a tabela `dataset_4`
--

INSERT INTO `dataset_4` (`id`, `Dia`, `Mes`, `Produto`, `Descricao`, `Preco`, `Imagem`) VALUES
(1, '01', '09', 'Empada', 'Frango com azeitona', '3,40', 105),
(2, '30', '09', 'Coxinha da asa', 'Presunto e muçarela', '9.80', 117),
(3, '30', '09', 'Panceta', 'Suina', '9.50', 114),
(4, '', '', 'Coxinha', 'Frango - Catupiry', '5,50', 103);

-- --------------------------------------------------------

--
-- Estrutura para tabela `dataset_6`
--

CREATE TABLE `dataset_6` (
  `id` int(11) NOT NULL,
  `Preco` text,
  `Produto` text,
  `Imagem` int(11) DEFAULT NULL
) ENGINE=InnoDB DEFAULT CHARSET=utf8;

--
-- Despejando dados para a tabela `dataset_6`
--

INSERT INTO `dataset_6` (`id`, `Preco`, `Produto`, `Imagem`) VALUES
(16, '24,90', 'Hamburguer Carne kg', NULL),
(17, '24,90', 'Hamburguer Frango kg', NULL),
(18, '59,90', 'Picanha Bovina KG', 0),
(19, '39,90', 'Contra-filé corte KG', 0),
(20, '23,90', 'Costela Bovina KG', 0),
(21, '39,90', 'Alcatra Bovina KG', 0),
(22, '49,90', 'Filé Mignon KG', 0),
(23, '28,90', 'Acém Bovino KG', 0),
(24, '29,90', 'Contra-filé Peça  KG', 0),
(25, '33,50', 'Patinho Bovino KG', 0),
(26, '31,90', 'Lagarto Plano KG', 0),
(27, '32,90', 'Lagarto Redondo KG', 0),
(28, '13,90', 'Fígado Bovino KG', 0),
(29, '28,90', 'Músculo Bovino 1ª KG', 0),
(30, '34,90', 'Chã Bovino KG', 0),
(31, '37,90', 'Bife a Rolê kg', NULL),
(32, '35,99', 'MORTADELA PERDIGÃO', NULL);

-- --------------------------------------------------------

--
-- Estrutura para tabela `dataset_7`
--

CREATE TABLE `dataset_7` (
  `id` int(11) NOT NULL,
  `PRODUTO` text,
  `PRECO` text,
  `IMAGEM` int(11) DEFAULT NULL
) ENGINE=InnoDB DEFAULT CHARSET=utf8;

--
-- Despejando dados para a tabela `dataset_7`
--

INSERT INTO `dataset_7` (`id`, `PRODUTO`, `PRECO`, `IMAGEM`) VALUES
(14, 'Nescau 400g', '4,99', 298),
(20, 'Cerveja Lokal latão 473ml', '1.99', 317),
(27, 'Contra-filé peça embalada kg', '29.90 ', 315),
(33, 'Pão de Sal kg', '7,99', NULL);

-- --------------------------------------------------------

--
-- Estrutura para tabela `dataset_8`
--

CREATE TABLE `dataset_8` (
  `id` int(11) NOT NULL,
  `Item` text,
  `Preco` text
) ENGINE=InnoDB DEFAULT CHARSET=utf8;

--
-- Despejando dados para a tabela `dataset_8`
--

INSERT INTO `dataset_8` (`id`, `Item`, `Preco`) VALUES
(1, 'Produto 01', '18,90'),
(2, 'Produto 02', '10,00'),
(3, 'Produto03', '14,50');

-- --------------------------------------------------------

--
-- Estrutura para tabela `dataset_9`
--

CREATE TABLE `dataset_9` (
  `id` int(11) NOT NULL,
  `PRODUTO` text,
  `PRECO` text,
  `IMAGEM` int(11) DEFAULT NULL,
  `OFERTA` int(11) DEFAULT NULL
) ENGINE=InnoDB DEFAULT CHARSET=utf8;

--
-- Despejando dados para a tabela `dataset_9`
--

INSERT INTO `dataset_9` (`id`, `PRODUTO`, `PRECO`, `IMAGEM`, `OFERTA`) VALUES
(1, 'Vinho Pérgola 1 L', '2,99', 276, 0),
(2, 'Cacildis 355ml Long Neck', '2,99', 270, 0),
(3, 'Cerveja petra 350ml', '2,49', 272, 0),
(4, 'Whisky Red Label 1 L', '74,99', 277, 0),
(6, 'baden baden CHOCOLATE', '13,99', 267, 0);

-- --------------------------------------------------------

--
-- Estrutura para tabela `dataset_14`
--

CREATE TABLE `dataset_14` (
  `id` int(11) NOT NULL,
  `Produto` text,
  `Preco` text
) ENGINE=InnoDB DEFAULT CHARSET=utf8;

--
-- Despejando dados para a tabela `dataset_14`
--

INSERT INTO `dataset_14` (`id`, `Produto`, `Preco`) VALUES
(1, 'CORAÇÃO KG', '27,38'),
(2, 'COXA E SOBRECOXA KG', '14,75'),
(3, 'COXINHA DA ASA KG', '14,39'),
(4, 'FILÉ DE PEITO SEM OSSO KG', '13,79'),
(5, 'MEIO DA ASA KG', '29,90'),
(6, 'SOBRECOXA KG', '14,98');

-- --------------------------------------------------------

--
-- Estrutura para tabela `dataset_15`
--

CREATE TABLE `dataset_15` (
  `id` int(11) NOT NULL,
  `Preco` text,
  `Produto` text,
  `Imagem` int(11) DEFAULT NULL
) ENGINE=InnoDB DEFAULT CHARSET=utf8;

--
-- Despejando dados para a tabela `dataset_15`
--

INSERT INTO `dataset_15` (`id`, `Preco`, `Produto`, `Imagem`) VALUES
(1, '26,90', 'Bacon', NULL),
(2, '19,90', 'Linguiça Pernil Promoção', 0),
(3, '17,90', 'Linguiça Calabresa', NULL),
(4, '19,90', 'Toucinho de Barriga suino', NULL),
(5, '9,90', 'Pé Suino fresco', NULL),
(6, '19,90', 'Linguiça de Pernil Seara', 0),
(7, '16,90', 'Pernil suino sem osso', 0),
(8, '16,90', 'Carré suino', NULL),
(9, '11,90', 'Toucinho suino comun', 0),
(10, '29,90', 'Linguiça Pura kg', 0),
(11, '18,90', 'Costelinha Suína kg', 0);

-- --------------------------------------------------------

--
-- Estrutura para tabela `dataset_16`
--

CREATE TABLE `dataset_16` (
  `id` int(11) NOT NULL,
  `Produto` text,
  `Preco` text,
  `Imagem` int(11) DEFAULT NULL
) ENGINE=InnoDB DEFAULT CHARSET=utf8;

--
-- Despejando dados para a tabela `dataset_16`
--

INSERT INTO `dataset_16` (`id`, `Produto`, `Preco`, `Imagem`) VALUES
(1, 'Hambúrguer de frango', '24,90', NULL),
(2, 'Peito de frango', '9,79', 0),
(3, 'Asa de frango', '12,90', 0),
(4, 'Filé de peito de frango', '13,80', 0),
(5, 'Frango fresco', '8,49', 0),
(6, 'Steak de Frango', '18,90', 0),
(7, 'Coxinha da Asa', '16,50', NULL);

-- --------------------------------------------------------

--
-- Estrutura para tabela `dataset_17`
--

CREATE TABLE `dataset_17` (
  `id` int(11) NOT NULL,
  `Produto` text,
  `Preco` text,
  `Imagem` int(11) DEFAULT NULL
) ENGINE=InnoDB DEFAULT CHARSET=utf8;

--
-- Despejando dados para a tabela `dataset_17`
--

INSERT INTO `dataset_17` (`id`, `Produto`, `Preco`, `Imagem`) VALUES
(1, 'Ração Pedigree kg', '11,80', NULL),
(2, 'Ração Wiskas kg', '17,90', NULL),
(3, 'Ração Cão Adulto Unicão kg', '5,95', 0),
(4, 'Ração Cachorro Filhote kg', '10,80', NULL),
(5, 'Ração de Gato Unicat kg', '11,80', NULL);

-- --------------------------------------------------------

--
-- Estrutura para tabela `dataset_18`
--

CREATE TABLE `dataset_18` (
  `id` int(11) NOT NULL,
  `Produto` text,
  `Preco` text,
  `Imagem` int(11) DEFAULT NULL
) ENGINE=InnoDB DEFAULT CHARSET=utf8;

--
-- Despejando dados para a tabela `dataset_18`
--

INSERT INTO `dataset_18` (`id`, `Produto`, `Preco`, `Imagem`) VALUES
(1, 'Pão Francês KG', '7,99', 0),
(2, 'Peito de Peru Defumado', '34,90', NULL),
(3, 'Queijo Prato kg', '39,90', NULL),
(4, 'Pão de Hamburguer Doce', '14,90', 0),
(5, 'Sonho Unidade', '2,95', 0),
(6, 'Queijo Mussarela Bolinha unidade', '14,90', 0),
(7, 'Queijo Mussarela pedaço kg', '24,90', 0),
(8, 'Queijo Minas Frescal kg', '28,90', NULL),
(9, 'Queijo Parmesão kg', '48,90', NULL),
(10, 'Queijo Mussarela kg', '36,90', 0),
(11, 'Presunto kg', '25,90', NULL),
(12, 'Mortadela kg', '21,90', NULL),
(13, 'Salsichão kg', '12,80', 0),
(14, 'Salsicha kg', '8,99', NULL),
(15, 'Torrada kg', '15,90', NULL),
(16, 'Pão Doce, Hamburguer, Integral', '16,90', 0),
(17, 'Presunto Pedaço kg ', '21,90', 0);

-- --------------------------------------------------------

--
-- Estrutura para tabela `dataset_19`
--

CREATE TABLE `dataset_19` (
  `id` int(11) NOT NULL,
  `Col1` text
) ENGINE=InnoDB DEFAULT CHARSET=utf8;

--
-- Despejando dados para a tabela `dataset_19`
--

INSERT INTO `dataset_19` (`id`, `Col1`) VALUES
(5, 'PRODUTO');

-- --------------------------------------------------------

--
-- Estrutura para tabela `dataset_20`
--

CREATE TABLE `dataset_20` (
  `id` int(11) NOT NULL,
  `Produto` text,
  `Preco` text,
  `Imagem` int(11) DEFAULT NULL,
  `LATICINIOS` text
) ENGINE=InnoDB DEFAULT CHARSET=utf8;

--
-- Despejando dados para a tabela `dataset_20`
--

INSERT INTO `dataset_20` (`id`, `Produto`, `Preco`, `Imagem`, `LATICINIOS`) VALUES
(1, 'PEITO DE FRANGO C/ OSSO KG', '17,69', 0, ''),
(2, 'COXA /SOBRE COXA C/DORSO KG', '11,90', 0, ''),
(3, 'DRUMETE KG', '17,70', 0, ''),
(4, 'ASA DE FRANGO KG', '19,50', 0, ''),
(5, 'FRANGO APASSARINHO KG', '12,99', 0, ''),
(6, 'STROGONOFF FRANGO KG', '24,99', 0, '');

-- --------------------------------------------------------

--
-- Estrutura para tabela `dataset_21`
--

CREATE TABLE `dataset_21` (
  `id` int(11) NOT NULL,
  `Produto` text,
  `Preco` text,
  `Imagem` int(11) DEFAULT NULL,
  `LATICINIOS` text
) ENGINE=InnoDB DEFAULT CHARSET=utf8;

--
-- Despejando dados para a tabela `dataset_21`
--

INSERT INTO `dataset_21` (`id`, `Produto`, `Preco`, `Imagem`, `LATICINIOS`) VALUES
(1, 'ALCATRA KG', '49,99', 0, ''),
(2, 'CONTRA FILÉ KG', '52,99', 0, ''),
(3, 'PICANHA KG', '70,99', 0, ''),
(4, 'CONTRA FILÉ GRILL KG', '54,99', 0, ''),
(6, 'PATINHO KG ', '39,99', 0, ''),
(7, 'BOLA DA PÁ KG ', '39,99', 0, ''),
(8, 'FILÉ MIGNON KG', '79,99', 0, ''),
(9, 'LAGARTO PLANO KG', '39,99', 0, ''),
(10, 'LAGARTO REDONDO KG', '39,99', 0, ''),
(11, 'CORAÇÃO DA ALCATRA KG', '51,99', 0, ''),
(12, 'CHA KG', '42,99', 0, ''),
(14, 'MAMINHA KG ', '48,99', 0, ''),
(15, 'FRALDINHA KG ', '37,99', 0, ''),
(16, 'BIFE ROLE KG', '39,99', 0, ''),
(17, 'STROGONOFF CARNE KG', '39,99', 0, '');

-- --------------------------------------------------------

--
-- Estrutura para tabela `dataset_22`
--

CREATE TABLE `dataset_22` (
  `id` int(11) NOT NULL,
  `Produto` text,
  `Preco` text,
  `Imagem` int(11) DEFAULT NULL
) ENGINE=InnoDB DEFAULT CHARSET=utf8;

--
-- Despejando dados para a tabela `dataset_22`
--

INSERT INTO `dataset_22` (`id`, `Produto`, `Preco`, `Imagem`) VALUES
(1, 'ACEM KG', '33,99', 0),
(3, 'PEITO BOVINO KG', '33,99', 0),
(4, 'COSTELA BOVINA KG', '25,99', 0),
(6, 'MÚSCULO BOVINO KG', '33,99', 0),
(10, 'PÁ BOVINA KG', '33,99', 0),
(13, 'OSSO BUCO KG', '27,99', 0),
(14, 'LOMBINHO KG', '34,99', 0),
(15, 'ALMONDEGAS KG', '30,99', 0);

-- --------------------------------------------------------

--
-- Estrutura para tabela `dataset_23`
--

CREATE TABLE `dataset_23` (
  `id` int(11) NOT NULL,
  `Produto` text,
  `Preco` text,
  `Imagem` int(11) DEFAULT NULL,
  `LATICINIOS` text
) ENGINE=InnoDB DEFAULT CHARSET=utf8;

--
-- Despejando dados para a tabela `dataset_23`
--

INSERT INTO `dataset_23` (`id`, `Produto`, `Preco`, `Imagem`, `LATICINIOS`) VALUES
(1, 'CARRÉ KG', '23,99', 0, ''),
(2, 'PERNIL KG', '22,99', 0, ''),
(3, 'COSTELA SUINA KG', '28,99', 0, ''),
(4, 'BIFE DE PERNIL KG', '27,99', 0, ''),
(5, 'LOMBINHO KG', '27,99', 0, ''),
(7, 'JOELHO KG', '19,99', 0, ''),
(8, 'TOUCINHO KG', '21,99', 0, ''),
(9, 'PERNIL F P/ CHURRASCO KG', '22,99', 0, '');

-- --------------------------------------------------------

--
-- Estrutura para tabela `dataset_24`
--

CREATE TABLE `dataset_24` (
  `id` int(11) NOT NULL,
  `Produto` text,
  `Preco` text,
  `Imagem` int(11) DEFAULT NULL,
  `LATICINIOS` text
) ENGINE=InnoDB DEFAULT CHARSET=utf8;

--
-- Despejando dados para a tabela `dataset_24`
--

INSERT INTO `dataset_24` (`id`, `Produto`, `Preco`, `Imagem`, `LATICINIOS`) VALUES
(1, 'RABADA BOVINA KG', '29,99', 0, ''),
(2, 'FIGADO BOVINO KG', '14,45', 0, ''),
(3, 'MOCOTO BOVINO KG', '11,70', 0, ''),
(4, 'LING. CAL. PERDIGÃO KG', '23,79', 0, ''),
(5, 'LINGUIÇA TOSC. SADIA KG', '20,79', 0, ''),
(6, 'LINGUA BOVINA KG', '11,89', 0, '');

-- --------------------------------------------------------

--
-- Estrutura para tabela `dataset_25`
--

CREATE TABLE `dataset_25` (
  `id` int(11) NOT NULL,
  `Produto` text,
  `Preco` text,
  `Imagem` int(11) DEFAULT NULL,
  `LATICINIOS` text
) ENGINE=InnoDB DEFAULT CHARSET=utf8;

--
-- Despejando dados para a tabela `dataset_25`
--

INSERT INTO `dataset_25` (`id`, `Produto`, `Preco`, `Imagem`, `LATICINIOS`) VALUES
(1, 'MORTADELA SEARA KG', '13,29', 0, ''),
(2, 'MORTADELA BOLOGNELA KG', '19,89', 0, ''),
(3, 'MORTADELA DEF SEARA KG', '21,19', 0, ''),
(4, 'MORTADELA PERD. OURO KG', '25,29', 0, ''),
(5, 'PRESUNTO SADIA KG', '30,89', 0, ''),
(6, 'PRESUNTO PERDIGÃO KG', '26,89', 0, ''),
(7, 'QUEIJO PRATO KG', '51,89', 0, ''),
(8, 'QUEIJO BOLA KG', '67,35', 0, ''),
(9, 'QUEIJO MINAS KG', '33,79', 0, ''),
(10, 'QUEIJO CHEDDAR KG', '51,49', 0, ''),
(11, 'QUEIJO MUSSARELA KG', '47,99', 0, ''),
(12, 'PEITO DE PERU SADIA KG', '71,29', 0, ''),
(13, 'SALSICHA PERDIGÃO KG', '10,99', 0, ''),
(15, 'SALSICHA WILSON KG', '10,40', 0, '');

-- --------------------------------------------------------

--
-- Estrutura para tabela `dataset_26`
--

CREATE TABLE `dataset_26` (
  `id` int(11) NOT NULL,
  `Produto` text,
  `Preco` text,
  `Imagem` int(11) DEFAULT NULL,
  `LATICINIOS` text
) ENGINE=InnoDB DEFAULT CHARSET=utf8;

--
-- Despejando dados para a tabela `dataset_26`
--

INSERT INTO `dataset_26` (`id`, `Produto`, `Preco`, `Imagem`, `LATICINIOS`) VALUES
(1, 'AZEITONAS C/ CAROÇO KG', '29,49', 0, ''),
(2, 'AZEITONAS S/ CAROÇO KG', '42,99', 0, ''),
(3, 'AZEITONAS FATIADAS KG', '36,49', 0, ''),
(4, 'SALAME PERDIGAO KG', '98,99', 0, ''),
(5, 'PRESUNTO COZIDO SEARA KG', '31,49', 0, ''),
(6, 'PEITO PERU SEARA KG', '62,29', 0, ''),
(7, 'BLANQUET PERU SADIA KG', '48,79', 0, ''),
(8, 'SALAME ITALIANO SADIA KG', '118,99', 0, ''),
(9, 'LOMBO CANADENSE RICA KG', '36,59', 0, ''),
(10, 'PEITO FRANGO SADIA KG', '36,29', 0, ''),
(11, 'SALSICHÃO RICA KG', '12,80', 0, ''),
(12, 'PRESUNTO FRIMESA KG', '28,90', 0, ''),
(13, 'SALAME SEARA KG', '89,49', 0, ''),
(15, 'RICOTA  KG', '17,99', 0, '');

-- --------------------------------------------------------

--
-- Estrutura para tabela `dataset_28`
--

CREATE TABLE `dataset_28` (
  `id` int(11) NOT NULL,
  `Produto` text,
  `Preco` text,
  `Imagem` int(11) DEFAULT NULL,
  `LATICINIOS` text
) ENGINE=InnoDB DEFAULT CHARSET=utf8;

--
-- Despejando dados para a tabela `dataset_28`
--

INSERT INTO `dataset_28` (`id`, `Produto`, `Preco`, `Imagem`, `LATICINIOS`) VALUES
(1, 'SADIA 600G', '16,79', 0, ''),
(2, 'PERDIGÃO 600G', '15,89', 0, ''),
(5, 'LASANHA REZENDE 600G', '9,69', 0, ''),
(6, 'SEARA 600G', '15,75', 0, '');

-- --------------------------------------------------------

--
-- Estrutura para tabela `dataset_29`
--

CREATE TABLE `dataset_29` (
  `id` int(11) NOT NULL,
  `Produto` text,
  `Preco` text,
  `Imagem` int(11) DEFAULT NULL,
  `LATICINIOS` text
) ENGINE=InnoDB DEFAULT CHARSET=utf8;

--
-- Despejando dados para a tabela `dataset_29`
--

INSERT INTO `dataset_29` (`id`, `Produto`, `Preco`, `Imagem`, `LATICINIOS`) VALUES
(1, 'PERDIGÃO 56G', '1,99', 0, ''),
(6, 'FRIBOI 120G PICANHA', '4,09', 0, ''),
(7, 'FRIBOI 120G CARNE', '3,35', 0, '');

-- --------------------------------------------------------

--
-- Estrutura para tabela `dataset_30`
--

CREATE TABLE `dataset_30` (
  `id` int(11) NOT NULL,
  `Produto` text,
  `Preco` text,
  `Imagem` int(11) DEFAULT NULL,
  `LATICINIOS` text
) ENGINE=InnoDB DEFAULT CHARSET=utf8;

--
-- Despejando dados para a tabela `dataset_30`
--

INSERT INTO `dataset_30` (`id`, `Produto`, `Preco`, `Imagem`, `LATICINIOS`) VALUES
(2, 'SOBRECOXA FGO SADIA 1KG BDJ', '10,99', 0, ''),
(3, 'SOBRECOXA FGO LEVIDA 1KG BDJ', '14,85', 0, ''),
(4, 'FILEZINHO FGO SADIA 1KG BDJ', '18,90', 0, ''),
(5, 'FILEZINHO FGO  LEVIDA 1KG BDJ', '19,29', 0, ''),
(6, 'FILE DE PEITO FGO UNIAVES 1KG BDJ', '18,99', 0, ''),
(8, 'COXIN DA ASA FGO LEVIDA 1KG BDJ', '18,20', 0, ''),
(9, 'MOELA DE FGO LEVIDA 1KG BDJ', '13,99', NULL, NULL),
(10, 'POSTA DE TILAPIA CONG 800G ', '28,30', NULL, NULL),
(11, 'CAMARÃO CINZA DESC B PESCA 200G', '20,30', NULL, NULL),
(12, 'FILE DE MERLUZA B PESCA 800G', '34,55', NULL, NULL),
(13, 'KANIKAMA FRESCATO 200G', '8,99', NULL, NULL),
(14, 'BATATA CONG BEM BRASIL 2,5KG', '38,89', NULL, NULL),
(15, 'BATATA  CONG PALITO SADIA 2KG', '33,09', NULL, NULL),
(16, 'BATATA CONG  QUALITY FRIES  400G', '8,10', NULL, NULL);

-- --------------------------------------------------------

--
-- Estrutura para tabela `dataset_31`
--

CREATE TABLE `dataset_31` (
  `id` int(11) NOT NULL,
  `Produto` text,
  `Preco` text,
  `Imagem` int(11) DEFAULT NULL,
  `LATICINIOS` text
) ENGINE=InnoDB DEFAULT CHARSET=utf8;

--
-- Despejando dados para a tabela `dataset_31`
--

INSERT INTO `dataset_31` (`id`, `Produto`, `Preco`, `Imagem`, `LATICINIOS`) VALUES
(1, 'NUGGET SADIA 300G', '11,19', 0, ''),
(2, 'NUGGET PERDIGÃO 275G', '9,49', 0, ''),
(3, 'STEAK SADIA 100G', '2,29', 0, ''),
(6, 'ALMOND. BOV SADIA 500G', '23,05', 0, ''),
(8, 'PÃO DE QUEIJO VO JOANA RECH 1KG', '34,99', 0, ''),
(9, 'PÃO DE  QUEIJO COQUETEL  1KG', '24,35', 0, ''),
(10, 'SALGADINHOS DELIMANIA  300G', '13,65', NULL, NULL);

-- --------------------------------------------------------

--
-- Estrutura para tabela `datatype`
--

CREATE TABLE `datatype` (
  `dataTypeId` int(11) NOT NULL,
  `dataType` varchar(100) NOT NULL
) ENGINE=InnoDB DEFAULT CHARSET=utf8;

--
-- Despejando dados para a tabela `datatype`
--

INSERT INTO `datatype` (`dataTypeId`, `dataType`) VALUES
(1, 'String'),
(2, 'Number'),
(3, 'Date'),
(4, 'External Image'),
(5, 'Library Image'),
(6, 'HTML');

-- --------------------------------------------------------

--
-- Estrutura para tabela `daypart`
--

CREATE TABLE `daypart` (
  `dayPartId` int(11) NOT NULL,
  `name` varchar(50) NOT NULL,
  `description` varchar(50) DEFAULT NULL,
  `isRetired` tinyint(4) NOT NULL DEFAULT '0',
  `userId` int(11) NOT NULL,
  `startTime` varchar(8) NOT NULL DEFAULT '00:00:00',
  `endTime` varchar(8) NOT NULL DEFAULT '00:00:00',
  `exceptions` text,
  `isAlways` tinyint(4) NOT NULL DEFAULT '0',
  `isCustom` tinyint(4) NOT NULL DEFAULT '0'
) ENGINE=InnoDB DEFAULT CHARSET=utf8;

--
-- Despejando dados para a tabela `daypart`
--

INSERT INTO `daypart` (`dayPartId`, `name`, `description`, `isRetired`, `userId`, `startTime`, `endTime`, `exceptions`, `isAlways`, `isCustom`) VALUES
(1, 'Custom', 'User specifies the from/to date', 0, 1, '', '', '', 0, 1),
(2, 'Always', 'Event runs always', 0, 1, '', '', '', 1, 0);

-- --------------------------------------------------------

--
-- Estrutura para tabela `display`
--

CREATE TABLE `display` (
  `displayId` int(11) NOT NULL,
  `display` varchar(50) NOT NULL,
  `auditingUntil` int(11) NOT NULL DEFAULT '0',
  `defaultLayoutId` int(11) NOT NULL,
  `license` varchar(40) DEFAULT NULL,
  `licensed` tinyint(4) NOT NULL DEFAULT '0',
  `loggedIn` tinyint(4) NOT NULL DEFAULT '0',
  `lastaccessed` int(11) DEFAULT NULL,
  `inc_schedule` tinyint(4) NOT NULL DEFAULT '0',
  `email_alert` int(11) DEFAULT '0',
  `alert_timeout` int(11) DEFAULT '0',
  `clientAddress` varchar(50) DEFAULT NULL,
  `mediaInventoryStatus` tinyint(4) NOT NULL DEFAULT '0',
  `macAddress` varchar(254) DEFAULT NULL,
  `lastChanged` int(11) DEFAULT NULL,
  `numberOfMacAddressChanges` int(11) DEFAULT '0',
  `lastWakeOnLanCommandSent` int(11) DEFAULT NULL,
  `wakeOnLan` tinyint(4) NOT NULL DEFAULT '0',
  `wakeOnLanTime` varchar(5) DEFAULT NULL,
  `broadCastAddress` varchar(100) DEFAULT NULL,
  `secureOn` varchar(17) DEFAULT NULL,
  `cidr` varchar(6) DEFAULT NULL,
  `geoLocation` point DEFAULT NULL,
  `client_type` varchar(20) DEFAULT NULL,
  `client_version` varchar(15) DEFAULT NULL,
  `client_code` smallint(6) DEFAULT NULL,
  `displayProfileId` int(11) DEFAULT NULL,
  `screenShotRequested` tinyint(4) NOT NULL DEFAULT '0',
  `storageAvailableSpace` bigint(20) DEFAULT NULL,
  `storageTotalSpace` bigint(20) DEFAULT NULL,
  `xmrChannel` varchar(254) DEFAULT NULL,
  `xmrPubKey` text,
  `lastCommandSuccess` tinyint(4) NOT NULL DEFAULT '2',
  `deviceName` varchar(254) DEFAULT NULL,
  `timeZone` varchar(254) DEFAULT NULL,
  `overrideConfig` text,
  `newCmsAddress` varchar(40) DEFAULT NULL,
  `newCmsKey` varchar(40) DEFAULT NULL,
  `orientation` varchar(10) DEFAULT NULL,
  `resolution` varchar(10) DEFAULT NULL,
  `commercialLicence` tinyint(4) DEFAULT NULL
) ENGINE=InnoDB DEFAULT CHARSET=utf8;

--
-- Despejando dados para a tabela `display`
--

INSERT INTO `display` (`displayId`, `display`, `auditingUntil`, `defaultLayoutId`, `license`, `licensed`, `loggedIn`, `lastaccessed`, `inc_schedule`, `email_alert`, `alert_timeout`, `clientAddress`, `mediaInventoryStatus`, `macAddress`, `lastChanged`, `numberOfMacAddressChanges`, `lastWakeOnLanCommandSent`, `wakeOnLan`, `wakeOnLanTime`, `broadCastAddress`, `secureOn`, `cidr`, `geoLocation`, `client_type`, `client_version`, `client_code`, `displayProfileId`, `screenShotRequested`, `storageAvailableSpace`, `storageTotalSpace`, `xmrChannel`, `xmrPubKey`, `lastCommandSuccess`, `deviceName`, `timeZone`, `overrideConfig`, `newCmsAddress`, `newCmsKey`, `orientation`, `resolution`, `commercialLicence`) VALUES
(11, 'Painel Açougue Superrede Vidigal', 0, 208, '557c9d2f-6cd0-334a-b326-21a1ca35478a', 1, 1, 1733973869, 0, 0, 0, '200.159.135.242', 1, '58:04:54:a0:ed:4d', 0, 0, 0, 0, NULL, NULL, NULL, NULL, NULL, 'android', '2', 210, NULL, 0, 1546915840, 4140040192, 'e9e27dee7c2a57f3220a9af182d128e2', '-----BEGIN PUBLIC KEY-----\nMIIBIjANBgkqhkiG9w0BAQEFAAOCAQ8AMIIBCgKCAQEAvgIcaMD3RmIAUOnSmbZD6R6vrQf+EpB5\ngBWxtAUM+zC3MF3u7SN1fURdIqM6ieucgvuDPylyoptgvcjKqdWd1Kaw5DH0TU5cLaloCPXUdT6H\n+umfOm6JwcXoQ6kjnYKJeks2fREzIqCYc4RHY4SWbR7m0Xb4JHdrpykD/kZhTQ8c63ennLdt2w8o\nAwmp2CmGym9RIr1uoQZ2eY5/GUq4crzAgEM9tTWmVZXOdnmjbMq7V+8NFWIpjps2zWNPPBzO9/q3\ntpRrtsqUnS1uC3G+lC/x0OQ7mfhY42clvuyY1jIJx/5jLgwzTApVxb8Hjg42UUcdWWbLgG2Gm/dn\n3kBVZwIDAQAB\n-----END PUBLIC KEY-----\n', 0, NULL, 'America/Argentina/Buenos_Aires', '[]', NULL, NULL, 'landscape', '1920x1080', NULL),
(12, 'Painel Laticinio Superrede Vidigal', 0, 209, '3a8e7c8f-b316-3133-954d-f2e092038c9f', 1, 1, 1733973837, 0, 0, 0, '200.159.135.242', 3, '98:c9:7c:5b:8d:e4', 0, 0, 0, 0, NULL, NULL, NULL, NULL, NULL, 'android', '2', 210, NULL, 0, 3386486784, 4477296640, '30f3961b509bfeafe3ec2391cf061925', '-----BEGIN PUBLIC KEY-----\nMIIBIjANBgkqhkiG9w0BAQEFAAOCAQ8AMIIBCgKCAQEAw+cKuEdNYfd1/z9/I/QedJR4wPvhfmQA\ngVNZeE0YQtpzquYuZ4fCtXZXz8wlOoMHeRuLnMg97skpnEvrrbppGso7JZCG5dC2EOf3VwZAKD3C\nPuLiSlDn1p0gQLxA6K5qBgVDZCPGm5EgoyRDwLEvfOD4/uFsUwldFJzHtfJDL5DOKc+PxVm/xApC\nOiVbRiTIKRWL+wL7YBNUrdwdW7tKOlDqhXDouLxFGbcnqRqMt3dCwJLQMOd6470vxURBVKvMqc/4\nn/UeNoBUMLn2j9/IK/kZNsAkP1Fa785YkTctWn0YlG1B81T3SQ0p9FBW9ypKUGb4+boOuntQcEU2\nkjQx8QIDAQAB\n-----END PUBLIC KEY-----\n', 0, '', 'America/New_York', '[]', NULL, NULL, 'landscape', '1280x720', NULL),
(19, 'PAINEL COLUNA MEIO DE LOJA', 0, 1, 'ec561de2-0cfc-34bb-91e9-1908ce95e8df', 1, 1, 1733973856, 0, 0, 0, '200.159.135.242', 2, '84:ea:97:8f:b9:b2', 0, 0, 0, 0, NULL, NULL, NULL, NULL, NULL, 'android', '2', 210, NULL, 0, 1277358080, 4160421888, '2cfdadabdb556f630b97796d12ad7000', '-----BEGIN PUBLIC KEY-----\nMIIBIjANBgkqhkiG9w0BAQEFAAOCAQ8AMIIBCgKCAQEA3bLgV/Btep4LUdZY+/wq1VOdnF3PdIeU\ns3J15/T+pJSrtakPh2AESWknnNXzFF/OjQkJvFBcDIHxhDItbhXc0eASJtjw7J+rxGxjp/k4cnC6\nUMdEOFszupo4rCSnbvOfkO7WrilaCcmcetIv4O/QHmP9nqXzT7oG0oJHKwHHg2boLo4571TZx23l\n9owFY26qKa/wjOqn3JsjxrNpL2OBcst3z4LikqhnFqjUb7rxbG7x+5PF/KYY5AudVjDRE/VBOIAg\nkeR/pviCXZO+nIMewuoj3Wk6xyZPelMxqI5f2hT8no76GYyZ+RPRrP8arqWnGDTP0aA7UwhW9ofD\nLX+LEwIDAQAB\n-----END PUBLIC KEY-----\n', 0, '', 'America/New_York', '[{\"name\":\"emailAddress\",\"value\":\"a.r.midiatech@gmail.com\"}]', NULL, NULL, 'landscape', '1280x720', NULL),
(21, 'PAINEL FRENTE DE LOJA 01', 0, 1, '8eab73d2-ddf2-36bc-8955-b3f81c013e9b', 1, 0, 1722556520, 0, 0, 0, '200.159.135.242', 3, '84:ea:97:8f:ba:72', 0, 0, 0, 0, NULL, NULL, NULL, NULL, 0x000000000101000000561f590a92fe36c0382b476d879e45c0, 'android', '4', 403, NULL, 0, 53391360, 4160421888, 'c683b7f60f3b172ac7b864c8d8a2b9b5', '-----BEGIN PUBLIC KEY-----\nMIIBIjANBgkqhkiG9w0BAQEFAAOCAQ8AMIIBCgKCAQEAvLcQF/+5/zzItZcv/+S74bstyVeMe/w/\ntrS5GHQeteijci1WYqKHEkV7qYLFaW0NSuOcp7GuYPyxXX56Bd/dAwQKttXuu/XermuTr20lSid5\nbxGRV3wD/axObu/dP85Kq8lO00KV41ui9HsZZUh9FxSkZuXAy8S26KrSOoRjYB6dtCeuTOiVWBDx\nIxFGx8ptRBDFufStufTcKACyDIgsdfERuGeCEpkCkIXpyecyFONuOSuE4Gvz5+HGcNIr+6xaPSCb\nCW+76gUW5wnjVHfyCrjjxVlJ3bOKGvEgKdREYEW74ngpcklXOTW3ZKyKra/D9ushKDT8v1EUOwNf\nY3DPrQIDAQAB\n-----END PUBLIC KEY-----\n', 0, '', 'America/Recife', '[]', NULL, NULL, 'landscape', '1280x720', 0),
(23, 'PAINEL ILHA CONGELADOS', 0, 251, '5765f7e6-45e5-33e0-9c43-1e3b4987b3e2', 1, 0, 1714667370, 0, 0, 0, '200.159.135.242', 3, '08:6f:48:02:48:42', 0, 0, 0, 0, NULL, NULL, NULL, NULL, NULL, 'android', '4', 403, NULL, 0, 9983688704, 11887927296, '75d0f889d315c28825cb5b7da65d6505', '-----BEGIN PUBLIC KEY-----\nMIIBIjANBgkqhkiG9w0BAQEFAAOCAQ8AMIIBCgKCAQEAyYenk+c0jK8fzf56wcjJ2G5VkabpMB01\ndLmJBfXpPSaTCHCyCa2WoZYTcj2cHIreZ4lpua2wt7s4LeNvCQNaOMAHHxpeMKiu/6tUaqQEsJSL\nkIAt2wFxfrImjJOeF+CJmT4C5zIKTQ+AaGDB5E6RsBcHv9PZguRrf4odHNaRfaSgQTfkxjt02zrg\nCcXcxdtTVYm3wrEZNW2pPAgLKTG+ZkWKQeEJifYEjSNJFzQ9g/EwKvEqI4Cy7yKuhF2gneLtXMnU\ncpfbU24huh62xRiE5soRqbWBGZEYwtmJv8w8zSrtOlIZ8TtTOerJsmBUQlG1DhqOxcBfd5QwTNLO\nXr8gewIDAQAB\n-----END PUBLIC KEY-----\n', 0, NULL, 'UTC', '[]', NULL, NULL, 'landscape', '1920x1080', 0),
(25, 'AR MIDIA TECH APRESENTAÇÃO', 0, 1, 'a8ad43dc-4bd2-3658-9c5f-f2a4ada562cd', 1, 0, 1708226208, 0, 0, 0, '179.97.56.185', 3, '08:6f:48:02:5e:5c', 0, 0, 0, 0, NULL, NULL, NULL, NULL, NULL, 'android', '4', 403, NULL, 0, 10738253824, 11887927296, 'e105073bd415faf9531206d2998c3823', '-----BEGIN PUBLIC KEY-----\nMIIBIjANBgkqhkiG9w0BAQEFAAOCAQ8AMIIBCgKCAQEA6xyK94oRIewhrjMbwBNDnzHQeBGmII3i\nytw4IiDmDRDu++HkyMbTwY1nYOCPwWrz61ZvP35voELUwnBH8imaOB+przDbgmB/vGHcNIhP0qts\n2vTxH1rxW74QR3nunX2dgHyFlfg0nALFOc0sXs0vupy7l8NnCskXWMtch8UMtAxL6iT4pudmJTFP\nLH5B1/kvHMdFgXCRYDTlLrJ50GJvxmfnl/A74EAjUNYyBHjS2sVTP4T3QOWRJ4WhL3zjj0s278wU\nOCvX7QPVPxlGKpZjaqvPy41xnmhoICpxQVrZfvJKUFewwz0L+v1rREQPUFBRiVLk1C/3HVNj0hsF\nuOyEbQIDAQAB\n-----END PUBLIC KEY-----\n', 0, NULL, NULL, '[]', NULL, NULL, 'landscape', '1920x1080', 0);

-- --------------------------------------------------------

--
-- Estrutura para tabela `displayevent`
--

CREATE TABLE `displayevent` (
  `displayEventId` int(11) NOT NULL,
  `eventDate` int(11) NOT NULL,
  `displayId` int(11) NOT NULL,
  `start` int(11) NOT NULL,
  `end` int(11) DEFAULT NULL
) ENGINE=InnoDB DEFAULT CHARSET=utf8;

--
-- Despejando dados para a tabela `displayevent`
--

INSERT INTO `displayevent` (`displayEventId`, `eventDate`, `displayId`, `start`, `end`) VALUES
(1, 1608234625, 3, 1608233497, NULL),
(2, 1608236457, 4, 1608236277, NULL),
(3, 1608236457, 2, 1608235115, 1608318761),
(4, 1608576506, 2, 1608318761, NULL),
(5, 1608576506, 5, 1608576393, 1608576698),
(6, 1608576775, 5, 1608576698, 1608576998),
(7, 1609174968, 5, 1609173466, 1609175113),
(8, 1609277493, 5, 1609250979, 1609345606),
(9, 1609789383, 5, 1609357841, 1609795633),
(10, 1609983011, 5, 1609976459, 1610041322),
(11, 1615751676, 6, 1610074718, NULL),
(12, 1615751676, 5, 1615745974, NULL),
(13, 1616167779, 7, 1616159558, NULL),
(14, 1616168084, 8, 1616167901, 1616213308),
(15, 1616170030, 9, 1616169924, 1616170055),
(16, 1616213460, 8, 1616213308, 1616213597),
(17, 1616213666, 8, 1616213599, 1616213666),
(18, 1616214002, 9, 1616213800, 1616214102),
(19, 1616262517, 8, 1616215034, NULL),
(20, 1616343234, 10, 1616342852, 1616343355),
(21, 1616343899, 10, 1616343723, NULL),
(22, 1616344330, 11, 1616344188, 1616344433),
(23, 1616444805, 12, 1616444529, 1616444829),
(24, 1616444990, 12, 1616444829, 1616445130),
(25, 1630200601, 13, 1630200506, 1630200626),
(26, 1630703143, 12, 1630488633, 1631226057),
(27, 1630705414, 11, 1630705321, 1630705422),
(28, 1632335391, 14, 1632335310, 1632335610),
(29, 1632342078, 11, 1632341965, 1632342143),
(30, 1632342078, 13, 1632341958, 1632342106),
(31, 1632342078, 12, 1632341949, 1632342098),
(32, 1632342311, 12, 1632342098, 1632343485),
(33, 1632345436, 12, 1632344951, 1632346995),
(34, 1632403144, 12, 1632401175, 1632403379),
(35, 1632414785, 12, 1632414107, 1632415224),
(36, 1636183219, 15, 1633367460, 1637584797),
(37, 1636183219, 14, 1632488792, 1677345150),
(38, 1648744856, 15, 1639251044, NULL),
(39, 1648744856, 13, 1642469514, NULL),
(40, 1652712431, 11, 1652557194, 1652736087),
(41, 1652712431, 12, 1652557205, 1654043372),
(42, 1653072567, 11, 1652786317, 1654043007),
(43, 1654261889, 11, 1654218392, 1654288941),
(44, 1654261889, 12, 1654218491, 1654284360),
(45, 1654515062, 11, 1654447069, 1654524653),
(46, 1656699885, 11, 1656698672, 1656700785),
(47, 1657040008, 11, 1657035913, 1657040603),
(48, 1657045038, 11, 1657043591, 1657139849),
(49, 1657204309, 11, 1657200756, 1657204788),
(50, 1657205651, 11, 1657204788, 1657207814),
(51, 1657229822, 11, 1657207814, 1657236933),
(52, 1657803380, 11, 1657726931, 1657875562),
(53, 1659123547, 11, 1659122683, 1659123589),
(54, 1659729944, 11, 1659729804, 1659779359),
(55, 1659942707, 11, 1659889928, 1659951991),
(56, 1660030012, 11, 1660006477, 1660033909),
(57, 1661544553, 11, 1661544150, 1661544835),
(58, 1663055315, 11, 1663029383, 1663088658),
(59, 1663485220, 11, 1663463306, 1663490513),
(60, 1665370738, 11, 1665335273, 1665390475),
(61, 1667658553, 11, 1667658462, 1667658572),
(62, 1670485588, 11, 1670462372, 1670488185),
(63, 1677345402, 11, 1677345315, 1677345416),
(64, 1677346650, 16, 1677346551, NULL),
(65, 1677402674, 11, 1677373095, 1677403458),
(66, 1687973140, 11, 1687972044, 1687975443),
(67, 1687973140, 17, 1685243408, 1689170425),
(68, 1693907660, 17, 1693602228, 1693930595),
(69, 1695129935, 17, 1695129843, 1695130017),
(70, 1695315441, 17, 1695311832, 1695317820),
(71, 1695330037, 17, 1695329956, 1695330144),
(72, 1697372968, 12, 1697142567, 1697661266),
(73, 1698024880, 11, 1697994385, 1698050837),
(74, 1698024880, 12, 1697695427, 1698187351),
(75, 1699027183, 17, 1698952822, 1699279960),
(76, 1699504367, 11, 1699479343, 1699521554),
(77, 1699562777, 17, 1699537067, 1699990277),
(78, 1700688739, 11, 1700487097, 1700848419),
(79, 1706136457, 17, 1706136390, 1706136517),
(80, 1706136928, 17, 1706136698, NULL),
(81, 1706139796, 19, 1706139696, 1706139813),
(82, 1706141998, 19, 1706141200, 1706142216),
(83, 1706142518, 19, 1706142273, 1706143115),
(84, 1706143442, 19, 1706143115, 1706143619),
(85, 1706144032, 19, 1706143831, 1706144132),
(86, 1706305545, 19, 1706304434, 1706308955),
(87, 1706305545, 21, 1706275453, 1706315169),
(88, 1706307424, 23, 1706307328, 1706307448),
(89, 1706308898, 24, 1706308777, 1706310662),
(90, 1706311016, 24, 1706310896, 1706311197),
(91, 1706315337, 24, 1706314585, 1706397803),
(92, 1706398958, 19, 1706398878, 1706398991),
(93, 1706399158, 25, 1706399071, 1706399243),
(94, 1706405692, 21, 1706405344, 1706432467),
(95, 1706476100, 25, 1706475815, 1706532484),
(96, 1706477464, 21, 1706477260, 1706477499),
(97, 1706737783, 21, 1706737637, 1706737818),
(98, 1706737783, 25, 1706540230, 1708225820),
(99, 1706737887, 21, 1706737818, 1706737935),
(100, 1706738095, 21, 1706737991, 1706738112),
(101, 1706839697, 21, 1706837344, 1706864550),
(102, 1707862926, 21, 1707772710, 1707901443),
(103, 1709017765, 25, 1708226208, NULL),
(104, 1709017765, 21, 1708735070, 1709041758),
(105, 1709103125, 21, 1709083755, 1709110824),
(106, 1710944205, 11, 1710921557, 1711034695),
(107, 1710944205, 21, 1710527112, 1710966592),
(108, 1711168320, 21, 1711070994, 1711271792),
(109, 1712079653, 12, 1712079532, 1712079663),
(110, 1712164846, 19, 1711715993, 1712176374),
(111, 1712164846, 21, 1712138641, 1712176493),
(112, 1712557007, 11, 1712512413, 1712567463),
(113, 1712557007, 19, 1712512433, 1712567517),
(114, 1712557007, 21, 1712512433, 1712567415),
(115, 1712557007, 23, 1712512430, 1712567455),
(116, 1712557007, 12, 1712512437, 1712567407),
(117, 1712675829, 21, 1712593375, 1712781440),
(118, 1712987257, 21, 1712971777, 1712999381),
(119, 1714083496, 19, 1714083319, 1714085229),
(120, 1714083496, 21, 1714083382, 1714085275),
(121, 1714111270, 21, 1714094967, 1714122079),
(122, 1714111270, 23, 1714105889, 1714159229),
(123, 1714287908, 19, 1714148749, 1714930346),
(124, 1714287908, 21, 1714129984, 1714431986),
(125, 1715309967, 21, 1715208435, 1715378087),
(126, 1715309967, 23, 1714667370, NULL),
(127, 1715388676, 19, 1715388315, 1715388688),
(128, 1715406414, 21, 1715390988, 1715418215),
(129, 1715846232, 21, 1715803881, 1717346629),
(130, 1716087047, 19, 1716075383, 1716495595),
(131, 1716573424, 19, 1716571039, 1717139215),
(132, 1717308339, 19, 1717259101, 1717427443),
(133, 1717382590, 21, 1717378201, 1717405397),
(134, 1717957916, 19, 1717868130, 1718067977),
(135, 1717957916, 21, 1717427295, 1720743060),
(136, 1718809687, 19, 1718666863, 1718825314),
(137, 1719149574, 19, 1719064454, 1719494509),
(138, 1719806031, 11, 1719768476, 1719822151),
(139, 1719806031, 19, 1719671244, 1719822065),
(140, 1719806031, 12, 1719768444, 1719822062),
(141, 1720044886, 19, 1720016222, 1720126352),
(142, 1720577528, 19, 1720466937, 1720644771),
(143, 1720815902, 21, 1720747757, 1722555626),
(144, 1721225207, 19, 1721048922, 1721253456),
(145, 1722045777, 19, 1722012694, 1722169094),
(146, 1722348893, 19, 1722348074, 1722349924),
(147, 1722550399, 19, 1722550326, 1722550471),
(148, 1722551936, 19, 1722551856, 1722551955),
(149, 1722556152, 21, 1722556063, 1722556205),
(150, 1722637127, 21, 1722556520, NULL),
(151, 1724814612, 19, 1724776616, 1724880436),
(152, 1725586507, 19, 1725489467, 1726175491),
(153, 1727036429, 19, 1726944060, 1727297451),
(154, 1729038234, 19, 1728926729, 1729113297),
(155, 1729596512, 19, 1729122633, 1729619900),
(156, 1730464533, 19, 1730441112, 1730623600),
(157, 1731596049, 19, 1731574798, 1732540815),
(158, 1732666998, 19, 1732637036, 1732827644),
(159, 1732845091, 19, 1732841704, 1732870426),
(160, 1732845091, 12, 1732828562, 1732881464),
(161, 1733431697, 19, 1732914391, 1733449145);

-- --------------------------------------------------------

--
-- Estrutura para tabela `displaygroup`
--

CREATE TABLE `displaygroup` (
  `displayGroupId` int(11) NOT NULL,
  `displayGroup` varchar(50) NOT NULL,
  `description` varchar(254) DEFAULT NULL,
  `isDisplaySpecific` tinyint(4) NOT NULL DEFAULT '0',
  `isDynamic` tinyint(4) NOT NULL DEFAULT '0',
  `dynamicCriteria` varchar(254) DEFAULT NULL,
  `userId` int(11) NOT NULL,
  `dynamicCriteriaTags` varchar(254) DEFAULT NULL,
  `bandwidthLimit` int(11) NOT NULL DEFAULT '0'
) ENGINE=InnoDB DEFAULT CHARSET=utf8;

--
-- Despejando dados para a tabela `displaygroup`
--

INSERT INTO `displaygroup` (`displayGroupId`, `displayGroup`, `description`, `isDisplaySpecific`, `isDynamic`, `dynamicCriteria`, `userId`, `dynamicCriteriaTags`, `bandwidthLimit`) VALUES
(15, 'Painel Açougue Superrede Vidigal', NULL, 1, 0, NULL, 1, NULL, 0),
(16, 'Painel Laticinio Superrede Vidigal', 'LATICINIOS', 1, 0, NULL, 1, NULL, 0),
(25, 'PAINEL COLUNA MEIO DE LOJA', NULL, 1, 0, NULL, 1, NULL, 0),
(27, 'PAINEL FRENTE DE LOJA 01', NULL, 1, 0, NULL, 1, NULL, 0),
(29, 'PAINEL ILHA CONGELADOS', NULL, 1, 0, NULL, 1, NULL, 0),
(31, 'AR MIDIA TECH APRESENTAÇÃO', NULL, 1, 0, NULL, 1, NULL, 0),
(33, 'TV SUPER REDE VIDIGAL.', 'TV SUPER REDE VIDIGAL', 0, 0, NULL, 1, NULL, 0);

-- --------------------------------------------------------

--
-- Estrutura para tabela `displayprofile`
--

CREATE TABLE `displayprofile` (
  `displayProfileId` int(11) NOT NULL,
  `name` varchar(50) NOT NULL,
  `type` varchar(15) NOT NULL,
  `config` text,
  `isDefault` tinyint(4) NOT NULL DEFAULT '0',
  `userId` int(11) NOT NULL
) ENGINE=InnoDB DEFAULT CHARSET=utf8;

--
-- Despejando dados para a tabela `displayprofile`
--

INSERT INTO `displayprofile` (`displayProfileId`, `name`, `type`, `config`, `isDefault`, `userId`) VALUES
(1, 'Windows', 'windows', '[{\"name\":\"sizeX\",\"value\":0},{\"name\":\"sizeY\",\"value\":0},{\"name\":\"offsetX\",\"value\":0},{\"name\":\"offsetY\",\"value\":0},{\"name\":\"collectInterval\",\"value\":60}]', 1, 1),
(2, 'Android', 'android', '[{\"name\":\"emailAddress\",\"value\":\"contato@mgatv.com.br\"},{\"name\":\"blacklistVideo\",\"value\":0},{\"name\":\"collectInterval\",\"value\":60}]', 1, 1),
(3, 'webOS', 'lg', '[]', 1, 1),
(4, 'Tizen', 'sssp', '[]', 1, 1),
(5, 'Linux', 'linux', '[]', 1, 1),
(6, 'Windows 2 TELA FULL', 'windows', '[{\"name\":\"sizeX\",\"value\":1920},{\"name\":\"sizeY\",\"value\":1080},{\"name\":\"offsetX\",\"value\":1920},{\"name\":\"offsetY\",\"value\":0}]', 0, 1),
(7, 'Android CELULAR', 'android', '[{\"name\":\"emailAddress\",\"value\":\"contato@mgatv.com.br\"},{\"name\":\"blacklistVideo\",\"value\":0},{\"name\":\"collectInterval\",\"value\":60},{\"name\":\"startOnBoot\",\"value\":0},{\"name\":\"autoRestart\",\"value\":0},{\"name\":\"actionBarMode\",\"value\":0}]', 0, 1);

-- --------------------------------------------------------

--
-- Estrutura para tabela `group`
--

CREATE TABLE `group` (
  `groupId` int(11) NOT NULL,
  `group` varchar(50) NOT NULL,
  `isUserSpecific` tinyint(4) NOT NULL DEFAULT '0',
  `isEveryone` tinyint(4) NOT NULL DEFAULT '0',
  `libraryQuota` int(11) DEFAULT NULL,
  `isSystemNotification` tinyint(4) NOT NULL DEFAULT '0',
  `isDisplayNotification` tinyint(4) NOT NULL DEFAULT '0'
) ENGINE=InnoDB DEFAULT CHARSET=utf8;

--
-- Despejando dados para a tabela `group`
--

INSERT INTO `group` (`groupId`, `group`, `isUserSpecific`, `isEveryone`, `libraryQuota`, `isSystemNotification`, `isDisplayNotification`) VALUES
(1, 'Users', 0, 0, NULL, 0, 0),
(2, 'Everyone', 0, 1, NULL, 0, 0),
(3, 'admin', 1, 0, 0, 1, 0),
(4, 'System Notifications', 0, 0, NULL, 1, 0),
(5, 'Playlist Dashboard User', 0, 0, NULL, 0, 0),
(8, 'wanderley', 1, 0, 0, 0, 0),
(10, 'superredevidigal', 1, 0, 512000, 0, 0);

-- --------------------------------------------------------

--
-- Estrutura para tabela `help`
--

CREATE TABLE `help` (
  `helpId` int(11) NOT NULL,
  `topic` varchar(254) NOT NULL,
  `category` varchar(254) NOT NULL DEFAULT 'General',
  `link` varchar(254) NOT NULL
) ENGINE=InnoDB DEFAULT CHARSET=utf8;

--
-- Despejando dados para a tabela `help`
--

INSERT INTO `help` (`helpId`, `topic`, `category`, `link`) VALUES
(1, 'Layout', 'General', 'layouts.html'),
(2, 'Content', 'General', 'media.html'),
(4, 'Schedule', 'General', 'scheduling.html'),
(5, 'Group', 'General', 'users_groups.html'),
(6, 'Admin', 'General', 'cms_settings.html'),
(7, 'Report', 'General', 'troubleshooting.html'),
(8, 'Dashboard', 'General', 'tour.html'),
(9, 'User', 'General', 'users.html'),
(10, 'Display', 'General', 'displays.html'),
(11, 'DisplayGroup', 'General', 'displays_groups.html'),
(12, 'Layout', 'Add', 'layouts.html#Add_Layout'),
(13, 'Layout', 'Background', 'layouts_designer.html#Background'),
(14, 'Content', 'Assign', 'layouts_playlists.html#Assigning_Content'),
(15, 'Layout', 'RegionOptions', 'layouts_regions.html'),
(16, 'Content', 'AddtoLibrary', 'media_library.html'),
(17, 'Display', 'Edit', 'displays.html#Display_Edit'),
(18, 'Display', 'Delete', 'displays.html#Display_Delete'),
(19, 'Displays', 'Groups', 'displays_groups.html#Group_Members'),
(20, 'UserGroup', 'Add', 'users_groups.html#Adding_Group'),
(21, 'User', 'Add', 'users_administration.html#Add_User'),
(22, 'User', 'Delete', 'users_administration.html#Delete_User'),
(23, 'Content', 'Config', 'cms_settings.html#Content'),
(24, 'LayoutMedia', 'Permissions', 'users_permissions.html'),
(25, 'Region', 'Permissions', 'users_permissions.html'),
(26, 'Library', 'Assign', 'layouts_playlists.html#Add_From_Library'),
(27, 'Media', 'Delete', 'media_library.html#Delete'),
(28, 'DisplayGroup', 'Add', 'displays_groups.html#Add_Group'),
(29, 'DisplayGroup', 'Edit', 'displays_groups.html#Edit_Group'),
(30, 'DisplayGroup', 'Delete', 'displays_groups.html#Delete_Group'),
(31, 'DisplayGroup', 'Members', 'displays_groups.html#Group_Members'),
(32, 'DisplayGroup', 'Permissions', 'users_permissions.html'),
(34, 'Schedule', 'ScheduleNow', 'scheduling_now.html'),
(35, 'Layout', 'Delete', 'layouts.html#Delete_Layout'),
(36, 'Layout', 'Copy', 'layouts.html#Copy_Layout'),
(37, 'Schedule', 'Edit', 'scheduling_events.html#Edit'),
(38, 'Schedule', 'Add', 'scheduling_events.html#Add'),
(39, 'Layout', 'Permissions', 'users_permissions.html'),
(40, 'Display', 'MediaInventory', 'displays.html#Media_Inventory'),
(41, 'User', 'ChangePassword', 'users.html#Change_Password'),
(42, 'Schedule', 'Delete', 'scheduling_events.html'),
(43, 'Layout', 'Edit', 'layouts_designer.html#Edit_Layout'),
(44, 'Media', 'Permissions', 'users_permissions.html'),
(45, 'Display', 'DefaultLayout', 'displays.html#DefaultLayout'),
(46, 'UserGroup', 'Edit', 'users_groups.html#Edit_Group'),
(47, 'UserGroup', 'Members', 'users_groups.html#Group_Member'),
(48, 'User', 'PageSecurity', 'users_permissions.html#Page_Security'),
(49, 'User', 'MenuSecurity', 'users_permissions.html#Menu_Security'),
(50, 'UserGroup', 'Delete', 'users_groups.html#Delete_Group'),
(51, 'User', 'Edit', 'users_administration.html#Edit_User'),
(52, 'User', 'Applications', 'users_administration.html#Users_MyApplications'),
(53, 'User', 'SetHomepage', 'users_administration.html#Media_Dashboard'),
(54, 'DataSet', 'General', 'media_datasets.html'),
(55, 'DataSet', 'Add', 'media_datasets.html#Create_Dataset'),
(56, 'DataSet', 'Edit', 'media_datasets.html#Edit_Dataset'),
(57, 'DataSet', 'Delete', 'media_datasets.html#Delete_Dataset'),
(58, 'DataSet', 'AddColumn', 'media_datasets.html#Dataset_Column'),
(59, 'DataSet', 'EditColumn', 'media_datasets.html#Dataset_Column'),
(60, 'DataSet', 'DeleteColumn', 'media_datasets.html#Dataset_Column'),
(61, 'DataSet', 'Data', 'media_datasets.html#Dataset_Row'),
(62, 'DataSet', 'Permissions', 'users_permissions.html'),
(63, 'Fault', 'General', 'troubleshooting.html#Report_Fault'),
(65, 'Stats', 'General', 'displays_metrics.html'),
(66, 'Resolution', 'General', 'layouts_resolutions.html'),
(67, 'Template', 'General', 'layouts_templates.html'),
(68, 'Services', 'Register', '#Registered_Applications'),
(69, 'OAuth', 'General', 'api_oauth.html'),
(70, 'Services', 'Log', 'api_oauth.html#oAuthLog'),
(71, 'Module', 'Edit', 'media_modules.html'),
(72, 'Module', 'General', 'media_modules.html'),
(73, 'Campaign', 'General', 'layouts_campaigns.html'),
(74, 'License', 'General', 'licence_information.html'),
(75, 'DataSet', 'ViewColumns', 'media_datasets.html#Dataset_Column'),
(76, 'Campaign', 'Permissions', 'users_permissions.html'),
(77, 'Transition', 'Edit', 'layouts_transitions.html'),
(78, 'User', 'SetPassword', 'users_administration.html#Set_Password'),
(79, 'DataSet', 'ImportCSV', 'media_datasets.htmlmedia_datasets.html#Import_CSV'),
(80, 'DisplayGroup', 'FileAssociations', 'displays_fileassociations.html'),
(81, 'Statusdashboard', 'General', 'tour_status_dashboard.html'),
(82, 'Displayprofile', 'General', 'displays_settings.html'),
(83, 'DisplayProfile', 'Edit', 'displays_settings.html#edit'),
(84, 'DisplayProfile', 'Delete', 'displays_settings.html#delete');

-- --------------------------------------------------------

--
-- Estrutura para tabela `layout`
--

CREATE TABLE `layout` (
  `layoutId` int(11) NOT NULL,
  `layout` varchar(254) NOT NULL,
  `userId` int(11) NOT NULL,
  `createdDt` datetime NOT NULL,
  `modifiedDt` datetime NOT NULL,
  `description` varchar(254) DEFAULT NULL,
  `retired` tinyint(4) NOT NULL DEFAULT '0',
  `duration` int(11) NOT NULL,
  `backgroundImageId` int(11) DEFAULT NULL,
  `status` tinyint(4) NOT NULL DEFAULT '0',
  `width` decimal(10,0) NOT NULL,
  `height` decimal(10,0) NOT NULL,
  `backgroundColor` varchar(25) DEFAULT NULL,
  `backgroundzIndex` int(11) NOT NULL DEFAULT '1',
  `schemaVersion` tinyint(4) NOT NULL DEFAULT '2',
  `statusMessage` text,
  `parentId` int(11) DEFAULT NULL,
  `publishedStatusId` int(11) NOT NULL DEFAULT '1',
  `enableStat` int(11) DEFAULT NULL,
  `publishedDate` datetime DEFAULT NULL,
  `autoApplyTransitions` tinyint(4) NOT NULL DEFAULT '0'
) ENGINE=InnoDB DEFAULT CHARSET=utf8;

--
-- Despejando dados para a tabela `layout`
--

INSERT INTO `layout` (`layoutId`, `layout`, `userId`, `createdDt`, `modifiedDt`, `description`, `retired`, `duration`, `backgroundImageId`, `status`, `width`, `height`, `backgroundColor`, `backgroundzIndex`, `schemaVersion`, `statusMessage`, `parentId`, `publishedStatusId`, `enableStat`, `publishedDate`, `autoApplyTransitions`) VALUES
(1, 'Default Layout', 1, '2020-04-22 10:08:22', '2020-12-14 12:34:23', '', 0, 15, NULL, 1, 1920, 1080, '#000000', 0, 3, NULL, NULL, 2, 0, NULL, 0),
(41, 'Default Layout', 1, '2020-12-14 12:34:22', '2020-12-14 12:34:50', '', 0, 15, NULL, 1, 1920, 1080, '#000000', 0, 3, NULL, 1, 2, 0, NULL, 0),
(71, 'TABELA AVES', 1, '2021-01-06 10:45:27', '2021-08-28 22:30:04', NULL, 0, 60, 351, 1, 1920, 1080, '#d5f700', 3, 3, NULL, NULL, 1, 0, NULL, 0),
(72, 'TABELA AÇOUGUE BOVINOS', 1, '2021-01-06 10:46:46', '2021-08-28 22:30:04', '', 0, 20, 262, 1, 1920, 1080, '#000000', 0, 3, NULL, NULL, 1, 0, NULL, 0),
(76, 'TABELA BOVINOS', 1, '2021-01-06 13:35:37', '2021-08-28 22:30:04', NULL, 0, 20, 262, 1, 1920, 1080, '#000000', 0, 3, NULL, NULL, 1, 0, NULL, 0),
(120, 'TABELA - Açougue ÍTENS e OFERTAS BACKUP', 1, '2021-03-17 12:09:37', '2021-08-28 22:30:04', NULL, 0, 115, 321, 1, 1920, 1080, '#000000', 0, 3, NULL, NULL, 1, 0, NULL, 0),
(121, 'SUPER REDE', 1, '2021-03-17 13:57:52', '2021-08-28 22:30:03', NULL, 1, 160, 321, 1, 1920, 1080, '#000000', 0, 3, NULL, NULL, 1, 0, '2021-03-17 14:38:09', 0),
(126, 'TABELA DIGITAL MERCADO', 5, '2021-03-17 23:32:19', '2021-03-19 02:54:16', NULL, 0, 10, 355, 2, 1920, 1080, '#ffffff', 0, 3, '[\"LOGO 2 is pending conversion\"]', NULL, 2, 0, '2021-03-19 03:24:20', 0),
(129, 'SUPER REDE VDG', 1, '2021-03-18 14:08:02', '2021-03-19 13:21:34', NULL, 1, 140, 355, 4, 1920, 1080, '#e81515', 0, 3, '[\"Regi\\u00e3o Vazia\"]', NULL, 2, 1, '2021-03-18 16:00:44', 0),
(130, 'SUPER REDE VDG', 1, '2021-03-18 15:14:04', '2021-03-18 20:23:40', NULL, 0, 50, 355, 1, 1920, 1080, '#e81515', 0, 3, NULL, 129, 2, 1, NULL, 0),
(141, 'SUPER REDE VIDIGAL Template', 1, '2021-03-19 02:53:46', '2024-11-25 22:04:08', NULL, 0, 0, 355, 4, 1920, 1080, '#ffffff', 0, 3, '[\"Regi\\u00e3o Vazia\"]', NULL, 1, 1, NULL, 1),
(142, 'TABELA DIGITAL MERCADO', 5, '2021-03-19 02:54:15', '2021-03-19 02:54:20', NULL, 0, 10, 355, 2, 1920, 1080, '#ffffff', 0, 3, '[\"LOGO 2 is pending conversion\"]', 126, 2, 0, NULL, 0),
(143, 'SUPER REDE VIDIGAL Template 2', 1, '2021-03-19 02:55:31', '2021-03-19 02:55:55', NULL, 0, 300, 355, 1, 1920, 1080, '#ffffff', 0, 3, NULL, NULL, 1, 1, NULL, 1),
(144, 'SUPER REDE VIDIGAL', 1, '2021-03-19 12:48:32', '2021-03-19 13:21:13', NULL, 1, 300, 355, 1, 1920, 1080, '#ffffff', 0, 3, NULL, NULL, 1, 1, NULL, 1),
(147, 'TABELA - Açougue ÍTENS e OFERTAS Template 2', 1, '2021-03-19 14:12:06', '2021-03-19 19:17:56', NULL, 1, 0, 321, 4, 1920, 1080, '#000000', 0, 3, '[\"Regi\\u00e3o Vazia\"]', NULL, 1, 0, NULL, 0),
(153, 'AR MIDIA TECH 2', 1, '2021-03-19 19:18:34', '2021-08-28 22:30:04', NULL, 0, 90, 355, 1, 1920, 1080, NULL, 0, 3, NULL, NULL, 1, 1, NULL, 1),
(159, 'Uol-Destaques', 1, '2021-03-19 20:40:05', '2021-08-28 22:30:03', 'UOL - O Conteúdo é dividido em 11 blocos com dez notícias cada, em média. Os horários de atualização são: 6h30 / 8h / 9h30 / 11h / 12h30 / 14h / 15h30 / 17h / 18h30 / 20h / 22h, de segunda a sexta-feira', 0, 5, NULL, 1, 1920, 1080, '#000000', 0, 3, NULL, NULL, 1, 0, NULL, 0),
(160, 'Uol-Dicas', 1, '2021-03-19 20:40:07', '2024-07-11 21:53:11', 'UOL - O Conteúdo é dividido em 11 blocos com dez notícias cada, em média. Os horários de atualização são: 6h30 / 8h / 9h30 / 11h / 12h30 / 14h / 15h30 / 17h / 18h30 / 20h / 22h, de segunda a sexta-feira', 1, 5, NULL, 1, 1920, 1080, '#000000', 0, 3, NULL, NULL, 1, 1, NULL, 0),
(164, 'Uol-Internacional', 1, '2021-03-19 20:40:14', '2024-07-11 21:51:36', 'UOL - O Conteúdo é dividido em 11 blocos com dez notícias cada, em média. Os horários de atualização são: 6h30 / 8h / 9h30 / 11h / 12h30 / 14h / 15h30 / 17h / 18h30 / 20h / 22h, de segunda a sexta-feira', 1, 5, NULL, 1, 1920, 1080, '#000000', 0, 3, NULL, NULL, 1, 1, NULL, 0),
(165, 'Uol-Política', 1, '2021-03-19 20:40:17', '2021-08-28 22:30:03', 'UOL - O Conteúdo é dividido em 11 blocos com dez notícias cada, em média. Os horários de atualização são: 6h30 / 8h / 9h30 / 11h / 12h30 / 14h / 15h30 / 17h / 18h30 / 20h / 22h, de segunda a sexta-feira', 0, 5, NULL, 1, 1920, 1080, '#000000', 0, 3, NULL, NULL, 1, 0, NULL, 0),
(166, 'Uol-Televisão', 1, '2021-03-19 20:40:19', '2021-08-28 22:30:03', 'UOL - O Conteúdo é dividido em 11 blocos com dez notícias cada, em média. Os horários de atualização são: 6h30 / 8h / 9h30 / 11h / 12h30 / 14h / 15h30 / 17h / 18h30 / 20h / 22h, de segunda a sexta-feira', 0, 5, NULL, 1, 1920, 1080, '#000000', 0, 3, NULL, NULL, 1, 0, NULL, 0),
(168, 'Uol-Cotidiano', 1, '2021-03-19 20:44:02', '2021-08-28 22:30:05', 'UOL - O Conteúdo é dividido em 11 blocos com dez notícias cada, em média. Os horários de atualização são: 6h30 / 8h / 9h30 / 11h / 12h30 / 14h / 15h30 / 17h / 18h30 / 20h / 22h, de segunda a sexta-feira', 0, 14, NULL, 1, 1920, 1080, '#000000', 0, 3, NULL, NULL, 1, 0, NULL, 0),
(172, 'teste', 1, '2021-03-19 21:31:06', '2021-08-28 22:30:03', NULL, 0, 0, NULL, 4, 1920, 1080, '#000', 0, 3, '[\"Regi\\u00e3o Vazia\"]', NULL, 2, 0, '2021-03-19 22:01:09', 0),
(173, 'teste', 1, '2021-03-19 21:31:06', '2021-03-19 21:31:09', NULL, 0, 0, NULL, 4, 1920, 1080, '#000', 0, 3, '[\"Regi\\u00e3o Vazia\"]', 172, 2, 0, NULL, 0),
(198, 'AÇOUGUE SUPER REDE VIDIGAL', 1, '2021-03-22 03:43:53', '2021-08-28 22:30:04', NULL, 0, 90, 355, 1, 1920, 1080, NULL, 0, 3, NULL, NULL, 1, 1, NULL, 1),
(208, 'AÇOUGUE SUPER REDE VIDIGAL 2', 1, '2021-03-24 10:00:56', '2021-03-24 10:16:07', NULL, 0, 180, 355, 1, 1920, 1080, NULL, 0, 3, NULL, NULL, 1, 1, NULL, 1),
(209, 'LATICINIO SUPER REDE VIDIGAL', 1, '2021-03-24 10:17:36', '2021-03-24 10:18:02', NULL, 0, 300, 406, 1, 1920, 1080, '#ffffff', 0, 3, NULL, NULL, 1, 1, NULL, 1),
(220, 'ANUNCIO SUPER REDE 26 A 28/03', 1, '2021-03-26 16:00:42', '2021-09-22 16:38:37', NULL, 0, 0, NULL, 4, 1920, 1080, '#000', 0, 3, '[\"Regi\\u00e3o Vazia\"]', NULL, 2, 0, '2021-09-22 17:22:34', 0),
(221, 'ANUNCIO SUPER REDE 26 A 28/03', 1, '2021-09-22 16:38:37', '2021-09-22 16:52:34', NULL, 0, 0, NULL, 4, 1920, 1080, '#000', 0, 3, '[\"Regi\\u00e3o Vazia\"]', 220, 2, 0, NULL, 0),
(232, 'PAINEL EXTERNO SUPER REDE VIDIGAL', 1, '2021-09-23 10:28:34', '2022-03-31 13:40:56', NULL, 0, 129, 412, 4, 1920, 1080, '#ffffff', 0, 3, '[\"Por favor entre com o caminho absoluto com a localiza\\u00e7\\u00e3o desse v\\u00eddeo no cliente\"]', NULL, 1, 1, NULL, 1),
(237, 'logo horizonte do mar', 1, '2021-09-23 19:21:39', '2021-09-23 19:22:14', NULL, 0, 10, NULL, 1, 1920, 1080, '#000', 0, 3, NULL, NULL, 1, 0, NULL, 0),
(242, 'Uol-Economia', 1, '2021-09-27 16:48:34', '2021-09-27 16:49:58', 'UOL - O Conteúdo é dividido em 11 blocos com dez notícias cada, em média. Os horários de atualização são: 6h30 / 8h / 9h30 / 11h / 12h30 / 14h / 15h30 / 17h / 18h30 / 20h / 22h, de segunda a sexta-feira', 0, 5, NULL, 1, 1920, 1080, '#000000', 0, 3, NULL, NULL, 1, 0, NULL, 0),
(243, 'Uol-Celebridades', 1, '2021-11-22 13:21:24', '2022-03-31 13:40:57', 'UOL - O Conteúdo é dividido em 11 blocos com dez notícias cada, em média. Os horários de atualização são: 6h30 / 8h / 9h30 / 11h / 12h30 / 14h / 15h30 / 17h / 18h30 / 20h / 22h, de segunda a sexta-feira', 0, 14, NULL, 1, 1920, 1080, '#000000', 0, 3, NULL, NULL, 1, 0, NULL, 0),
(245, 'AR MIDIA TECH', 1, '2021-11-22 13:44:11', '2021-11-22 13:44:59', NULL, 0, 90, NULL, 1, 1920, 1080, '#000', 0, 3, NULL, NULL, 1, 0, NULL, 0),
(251, 'FREZZE SUPER REDE VIDIGAL ', 1, '2023-02-28 16:26:02', '2023-02-28 16:27:58', NULL, 0, 200, 406, 1, 1920, 1080, '#ffffff', 0, 3, NULL, NULL, 1, 1, NULL, 1),
(252, 'teste template', 1, '2023-02-28 16:37:04', '2023-03-20 13:37:04', NULL, 0, 160, 321, 1, 1920, 1080, '#000000', 0, 3, NULL, NULL, 1, 0, NULL, 0),
(253, 'Campeonato Brasileiro', 1, '2024-01-24 21:10:08', '2024-01-24 21:10:19', 'Tabela do campeonato Brasileiro', 0, 5, NULL, 1, 1280, 720, '#000000', 0, 3, NULL, NULL, 1, 0, NULL, 0),
(255, 'TV SUPERREDE VDG', 1, '2024-01-24 22:20:58', '2024-01-24 22:43:54', NULL, 0, 30, NULL, 2, 3840, 2160, '#000', 0, 3, NULL, NULL, 1, 0, NULL, 0),
(256, 'PRODUTOS ESPECIAIS com OFERTAS', 1, '2024-01-24 22:28:46', '2024-02-13 19:22:17', '', 1, 5, 278, 1, 1920, 1080, '#000000', 0, 3, NULL, NULL, 1, 0, NULL, 0),
(257, 'PREVISÃO DO TEMPO 01', 1, '2024-01-26 19:59:43', '2024-01-26 20:06:30', '', 0, 15, 355, 1, 1920, 1080, '#000000', 0, 3, NULL, NULL, 2, 1, NULL, 1),
(258, 'PREVISÃO DO TEMPO 01', 1, '2024-01-26 20:06:30', '2024-01-26 20:06:30', '', 0, 0, 355, 3, 1920, 1080, '#000000', 0, 3, NULL, 257, 2, 1, NULL, 1),
(267, 'AR', 1, '2024-01-27 22:24:03', '2024-01-27 22:24:26', NULL, 0, 30, NULL, 1, 1920, 1080, '#000000', 0, 3, NULL, NULL, 1, 0, NULL, 0),
(281, 'radio superrede', 1, '2024-01-28 17:31:47', '2024-01-28 17:43:39', 'tv ', 0, 92, NULL, 1, 1920, 1080, '#000000', 0, 3, NULL, NULL, 1, 1, NULL, 1),
(305, 'Uol-Entretenimento', 1, '2024-07-09 22:20:27', '2024-07-11 21:51:08', 'UOL - O Conteúdo é dividido em 11 blocos com dez notícias cada, em média. Os horários de atualização são: 6h30 / 8h / 9h30 / 11h / 12h30 / 14h / 15h30 / 17h / 18h30 / 20h / 22h, de segunda a sexta-feira', 1, 5, NULL, 1, 1920, 1080, '#000000', 0, 3, NULL, NULL, 1, 1, NULL, 0),
(307, 'Uol-Esportes', 1, '2024-07-10 22:19:29', '2024-07-12 17:25:02', 'UOL - O Conteúdo é dividido em 11 blocos com dez notícias cada, em média. Os horários de atualização são: 6h30 / 8h / 9h30 / 11h / 12h30 / 14h / 15h30 / 17h / 18h30 / 20h / 22h, de segunda a sexta-feira', 1, 5, NULL, 1, 1920, 1080, '#000000', 0, 3, NULL, NULL, 1, 0, NULL, 0),
(343, 'TESTE', 5, '2024-09-17 21:25:08', '2024-09-19 15:40:16', NULL, 0, 14, NULL, 1, 1920, 1080, '#000', 0, 3, NULL, NULL, 1, 0, NULL, 0),
(359, 'AÇOUGUE SUPER REDE VIDIGAL 2 Template', 1, '2024-11-20 00:06:49', '2024-11-20 00:06:49', NULL, 0, 0, 355, 3, 1920, 1080, NULL, 0, 3, NULL, NULL, 1, 1, NULL, 1),
(361, 'MONITORES LOJA', 4, '2024-11-26 10:30:00', '2024-11-26 12:38:05', NULL, 0, 253, NULL, 1, 1920, 1080, '#000000', 0, 3, NULL, NULL, 1, 1, NULL, 1);

-- --------------------------------------------------------

--
-- Estrutura para tabela `layouthistory`
--

CREATE TABLE `layouthistory` (
  `layoutHistoryId` int(11) NOT NULL,
  `campaignId` int(11) NOT NULL,
  `layoutId` int(11) NOT NULL,
  `publishedDate` datetime NOT NULL
) ENGINE=InnoDB DEFAULT CHARSET=utf8;

--
-- Despejando dados para a tabela `layouthistory`
--

INSERT INTO `layouthistory` (`layoutHistoryId`, `campaignId`, `layoutId`, `publishedDate`) VALUES
(1, 1, 1, '2020-04-22 10:08:22'),
(12, 12, 15, '2020-04-22 10:14:12'),
(30, 30, 43, '2020-12-17 14:45:19'),
(32, 32, 45, '2020-12-17 14:47:27'),
(34, 32, 46, '2020-12-17 16:27:58'),
(36, 32, 49, '2020-12-17 16:35:40'),
(40, 30, 53, '2020-12-17 18:57:03'),
(49, 30, 59, '2020-12-17 19:15:11'),
(50, 39, 69, '2020-12-18 15:39:52'),
(51, 39, 70, '2020-12-21 15:49:18'),
(53, 30, 67, '2020-12-21 15:49:46'),
(54, 40, 73, '2021-01-06 10:47:49'),
(56, 40, 75, '2021-01-06 13:35:10'),
(67, 32, 87, '2021-01-06 22:48:11'),
(68, 32, 88, '2021-01-06 22:59:51'),
(77, 32, 99, '2021-01-07 11:19:42'),
(80, 44, 102, '2021-01-07 12:44:33'),
(85, 32, 107, '2021-01-07 13:11:11'),
(87, 32, 109, '2021-01-09 09:10:17'),
(90, 46, 112, '2021-01-09 09:23:34'),
(93, 32, 117, '2021-01-14 10:05:59'),
(94, 48, 121, '2021-03-17 13:57:52'),
(95, 49, 123, '2021-03-17 17:41:16'),
(96, 51, 125, '2021-03-17 23:31:56'),
(97, 49, 124, '2021-03-18 14:05:40'),
(98, 49, 128, '2021-03-18 14:07:37'),
(99, 49, 129, '2021-03-18 15:06:26'),
(100, 51, 126, '2021-03-18 22:00:15'),
(101, 52, 131, '2021-03-18 22:34:20'),
(102, 52, 132, '2021-03-18 22:37:24'),
(103, 52, 133, '2021-03-19 00:55:17'),
(104, 52, 134, '2021-03-19 01:12:19'),
(105, 52, 135, '2021-03-19 02:07:04'),
(106, 53, 136, '2021-03-19 02:07:25'),
(107, 52, 137, '2021-03-19 02:16:14'),
(108, 52, 138, '2021-03-19 02:21:42'),
(109, 52, 139, '2021-03-19 02:31:41'),
(110, 52, 140, '2021-03-19 02:52:24'),
(111, 54, 143, '2021-03-19 02:55:31'),
(112, 52, 144, '2021-03-19 13:11:05'),
(116, 56, 147, '2021-03-19 14:12:06'),
(120, 57, 151, '2021-03-19 18:20:12'),
(121, 57, 152, '2021-03-19 19:00:54'),
(124, 59, 157, '2021-03-19 20:40:00'),
(125, 60, 158, '2021-03-19 20:40:03'),
(126, 61, 159, '2021-03-19 20:40:05'),
(127, 62, 160, '2021-03-19 20:40:07'),
(128, 63, 161, '2021-03-19 20:40:09'),
(129, 64, 162, '2021-03-19 20:40:11'),
(130, 65, 163, '2021-03-19 20:40:13'),
(131, 66, 164, '2021-03-19 20:40:14'),
(132, 67, 165, '2021-03-19 20:40:17'),
(133, 68, 166, '2021-03-19 20:40:19'),
(134, 69, 169, '2021-03-19 20:49:17'),
(136, 70, 172, '2021-03-19 21:31:06'),
(139, 69, 170, '2021-03-19 23:58:15'),
(140, 71, 175, '2021-03-20 00:51:21'),
(141, 71, 176, '2021-03-20 01:00:13'),
(142, 72, 177, '2021-03-20 01:10:07'),
(143, 72, 178, '2021-03-20 01:13:56'),
(144, 71, 179, '2021-03-20 14:34:29'),
(145, 71, 180, '2021-03-20 14:39:54'),
(146, 71, 181, '2021-03-20 15:00:54'),
(147, 71, 183, '2021-03-20 15:03:26'),
(148, 71, 184, '2021-03-20 15:27:26'),
(149, 71, 185, '2021-03-20 15:47:21'),
(150, 71, 186, '2021-03-20 15:56:46'),
(151, 73, 187, '2021-03-20 19:32:50'),
(152, 73, 188, '2021-03-20 19:43:33'),
(153, 73, 189, '2021-03-20 21:24:02'),
(154, 72, 190, '2021-03-22 01:46:55'),
(155, 72, 191, '2021-03-22 02:20:03'),
(156, 72, 192, '2021-03-22 02:25:33'),
(157, 72, 193, '2021-03-22 02:29:42'),
(158, 72, 194, '2021-03-22 02:40:33'),
(159, 72, 195, '2021-03-22 02:49:56'),
(160, 72, 196, '2021-03-22 03:01:45'),
(161, 72, 197, '2021-03-22 03:38:03'),
(162, 73, 199, '2021-03-22 03:59:23'),
(163, 73, 200, '2021-03-22 20:48:51'),
(164, 75, 201, '2021-03-23 00:30:05'),
(165, 75, 202, '2021-03-23 01:49:44'),
(166, 75, 203, '2021-03-23 02:18:17'),
(167, 72, 204, '2021-03-23 02:19:37'),
(171, 73, 208, '2021-03-24 10:16:07'),
(172, 72, 209, '2021-03-24 10:18:02'),
(173, 75, 210, '2021-03-24 10:22:54'),
(174, 75, 211, '2021-03-24 12:36:42'),
(178, 78, 215, '2021-03-26 15:23:00'),
(179, 78, 216, '2021-03-26 15:25:23'),
(180, 78, 217, '2021-03-26 15:54:06'),
(181, 78, 218, '2021-03-26 15:58:48'),
(182, 78, 219, '2021-03-26 15:59:28'),
(183, 78, 220, '2021-03-26 16:03:13'),
(184, 71, 198, '2021-08-28 22:30:04'),
(185, 57, 153, '2021-08-28 22:30:04'),
(186, 12, 90, '2021-08-28 22:30:04'),
(187, 32, 119, '2021-08-28 22:30:04'),
(188, 44, 120, '2021-08-28 22:30:04'),
(189, 30, 72, '2021-08-28 22:30:04'),
(190, 39, 71, '2021-08-28 22:30:04'),
(191, 40, 76, '2021-08-28 22:30:04'),
(192, 46, 113, '2021-08-28 22:30:05'),
(193, 60, 167, '2021-08-28 22:30:05'),
(194, 59, 168, '2021-08-28 22:30:05'),
(195, 79, 222, '2021-09-22 16:54:51'),
(196, 79, 223, '2021-09-22 17:14:49'),
(197, 79, 224, '2021-09-22 17:44:53'),
(198, 79, 225, '2021-09-22 18:11:48'),
(199, 79, 226, '2021-09-22 18:28:49'),
(200, 80, 227, '2021-09-22 18:30:29'),
(201, 80, 228, '2021-09-22 18:32:55'),
(202, 79, 229, '2021-09-22 18:49:55'),
(203, 79, 230, '2021-09-22 23:04:00'),
(204, 79, 231, '2021-09-22 23:12:53'),
(206, 69, 233, '2021-09-23 14:15:23'),
(207, 69, 234, '2021-09-23 14:23:43'),
(208, 81, 235, '2021-09-23 19:18:09'),
(209, 81, 236, '2021-09-23 19:21:19'),
(210, 81, 237, '2021-09-23 19:22:14'),
(211, 82, 238, '2021-09-27 15:52:42'),
(212, 82, 239, '2021-09-27 15:56:45'),
(213, 82, 240, '2021-09-27 16:04:27'),
(214, 82, 241, '2021-09-27 16:06:32'),
(215, 63, 242, '2021-09-27 16:49:58'),
(216, 79, 232, '2021-11-06 04:20:21'),
(217, 82, 244, '2021-11-22 13:41:28'),
(218, 82, 245, '2021-11-22 13:44:59'),
(219, 69, 246, '2021-11-22 13:48:07'),
(220, 60, 243, '2022-03-31 13:40:57'),
(221, 75, 247, '2023-02-28 12:21:22'),
(222, 75, 248, '2023-02-28 16:21:00'),
(223, 75, 249, '2023-02-28 16:22:57'),
(224, 75, 250, '2023-02-28 16:24:50'),
(225, 75, 251, '2023-02-28 16:27:58'),
(226, 46, 252, '2023-03-20 13:37:04'),
(227, 12, 253, '2024-01-24 21:10:19'),
(228, 83, 254, '2024-01-24 22:20:58'),
(229, 83, 255, '2024-01-24 22:43:54'),
(230, 69, 257, '2024-01-26 20:03:30'),
(231, 84, 259, '2024-01-27 21:07:54'),
(232, 84, 260, '2024-01-27 21:23:20'),
(233, 84, 261, '2024-01-27 21:28:03'),
(234, 84, 262, '2024-01-27 21:30:12'),
(235, 84, 263, '2024-01-27 21:56:41'),
(236, 84, 264, '2024-01-27 21:59:33'),
(237, 84, 265, '2024-01-27 22:06:59'),
(238, 84, 266, '2024-01-27 22:13:27'),
(239, 84, 267, '2024-01-27 22:24:26'),
(240, 85, 269, '2024-01-27 22:31:18'),
(241, 85, 270, '2024-01-27 22:33:49'),
(242, 85, 271, '2024-01-27 22:41:18'),
(243, 85, 272, '2024-01-27 22:47:32'),
(244, 85, 273, '2024-01-27 22:49:45'),
(245, 85, 274, '2024-01-27 22:51:34'),
(246, 85, 275, '2024-01-27 22:54:26'),
(247, 85, 276, '2024-01-27 23:00:39'),
(248, 85, 277, '2024-01-28 14:14:49'),
(249, 85, 278, '2024-01-28 14:17:02'),
(250, 85, 279, '2024-01-28 14:30:40'),
(251, 85, 280, '2024-01-28 17:26:35'),
(252, 85, 281, '2024-01-28 17:33:53'),
(272, 32, 256, '2024-02-13 19:22:17'),
(273, 65, 268, '2024-02-13 19:22:18'),
(274, 65, 303, '2024-04-12 22:16:25'),
(276, 64, 305, '2024-07-09 23:12:09'),
(278, 65, 307, '2024-07-11 18:35:42'),
(279, 90, 308, '2024-07-11 22:10:12'),
(280, 90, 309, '2024-07-23 10:19:14'),
(281, 90, 310, '2024-07-23 10:27:00'),
(282, 90, 311, '2024-07-24 09:44:21'),
(283, 90, 312, '2024-07-26 23:02:57'),
(284, 90, 313, '2024-07-30 19:53:58'),
(285, 90, 314, '2024-07-30 19:57:45'),
(287, 90, 317, '2024-08-01 19:06:51'),
(290, 90, 320, '2024-08-01 20:03:41'),
(291, 90, 321, '2024-08-01 20:10:53'),
(293, 90, 322, '2024-08-01 20:27:39'),
(294, 90, 323, '2024-08-02 19:18:47'),
(295, 90, 324, '2024-08-09 22:10:00'),
(296, 90, 325, '2024-08-09 22:12:05'),
(297, 90, 326, '2024-08-09 22:13:53'),
(298, 90, 327, '2024-08-09 22:14:31'),
(299, 90, 328, '2024-08-17 01:53:36'),
(300, 90, 329, '2024-08-18 07:30:27'),
(301, 90, 330, '2024-08-23 13:44:02'),
(302, 90, 331, '2024-08-27 22:09:17'),
(303, 90, 332, '2024-08-27 22:16:45'),
(304, 90, 333, '2024-08-29 22:10:27'),
(305, 90, 334, '2024-08-29 22:17:09'),
(306, 90, 335, '2024-08-30 10:19:30'),
(307, 90, 336, '2024-09-03 22:07:08'),
(308, 90, 337, '2024-09-05 22:22:57'),
(309, 90, 338, '2024-09-10 12:36:03'),
(310, 90, 339, '2024-09-12 12:07:39'),
(311, 90, 340, '2024-09-12 12:09:48'),
(312, 90, 341, '2024-09-13 11:44:09'),
(313, 90, 342, '2024-09-13 16:08:11'),
(314, 90, 344, '2024-09-18 22:26:25'),
(315, 90, 345, '2024-09-18 22:28:10'),
(316, 80, 343, '2024-09-19 15:40:16'),
(317, 90, 346, '2024-09-26 12:37:07'),
(318, 90, 347, '2024-10-01 22:05:04'),
(319, 90, 348, '2024-10-05 01:49:48'),
(320, 90, 349, '2024-10-24 11:23:48'),
(321, 90, 350, '2024-10-24 11:26:08'),
(322, 90, 351, '2024-11-04 00:18:52'),
(323, 90, 352, '2024-11-04 00:21:42'),
(324, 90, 353, '2024-11-04 00:22:35'),
(325, 90, 354, '2024-11-04 15:38:30'),
(326, 90, 355, '2024-11-04 15:39:09'),
(327, 90, 356, '2024-11-05 23:58:41'),
(328, 90, 357, '2024-11-05 23:59:43'),
(329, 90, 358, '2024-11-12 10:21:21'),
(330, 91, 359, '2024-11-20 00:06:49'),
(331, 53, 141, '2024-11-25 22:04:08'),
(332, 90, 360, '2024-11-26 10:21:05'),
(333, 90, 361, '2024-11-26 12:38:05');

-- --------------------------------------------------------

--
-- Estrutura para tabela `lkcampaignlayout`
--

CREATE TABLE `lkcampaignlayout` (
  `lkCampaignLayoutId` int(11) NOT NULL,
  `campaignId` int(11) NOT NULL,
  `layoutId` int(11) NOT NULL,
  `displayOrder` int(11) NOT NULL
) ENGINE=InnoDB DEFAULT CHARSET=utf8;

--
-- Despejando dados para a tabela `lkcampaignlayout`
--

INSERT INTO `lkcampaignlayout` (`lkCampaignLayoutId`, `campaignId`, `layoutId`, `displayOrder`) VALUES
(52, 1, 1, 1),
(53, 1, 41, 2),
(431, 12, 253, 1),
(103, 30, 72, 1),
(436, 32, 256, 1),
(101, 39, 71, 1),
(109, 40, 76, 1),
(196, 44, 120, 2),
(430, 46, 252, 1),
(198, 48, 121, 1),
(214, 49, 129, 2),
(213, 49, 130, 1),
(236, 51, 126, 2),
(235, 51, 142, 1),
(239, 52, 144, 2),
(234, 53, 141, 2),
(237, 54, 143, 1),
(243, 56, 147, 1),
(253, 57, 153, 1),
(273, 59, 168, 2),
(413, 60, 243, 1),
(262, 61, 159, 1),
(263, 62, 160, 1),
(412, 63, 242, 2),
(528, 64, 305, 2),
(532, 65, 307, 2),
(267, 66, 164, 1),
(268, 67, 165, 1),
(269, 68, 166, 1),
(441, 69, 257, 2),
(440, 69, 258, 1),
(280, 70, 172, 1),
(281, 70, 173, 2),
(332, 71, 198, 2),
(352, 72, 209, 2),
(350, 73, 208, 2),
(314, 74, 208, 1),
(429, 75, 251, 2),
(374, 78, 220, 2),
(373, 78, 221, 1),
(393, 79, 232, 1),
(592, 80, 343, 1),
(402, 81, 237, 1),
(418, 82, 245, 2),
(435, 83, 255, 2),
(457, 84, 267, 1),
(484, 85, 281, 1),
(625, 90, 361, 2),
(621, 91, 359, 1);

-- --------------------------------------------------------

--
-- Estrutura para tabela `lkcommanddisplayprofile`
--

CREATE TABLE `lkcommanddisplayprofile` (
  `commandId` int(11) NOT NULL,
  `displayProfileId` int(11) NOT NULL,
  `commandString` varchar(1000) NOT NULL,
  `validationString` varchar(1000) DEFAULT NULL
) ENGINE=InnoDB DEFAULT CHARSET=utf8;

-- --------------------------------------------------------

--
-- Estrutura para tabela `lkdgdg`
--

CREATE TABLE `lkdgdg` (
  `parentId` int(11) NOT NULL,
  `childId` int(11) NOT NULL,
  `depth` int(11) NOT NULL
) ENGINE=InnoDB DEFAULT CHARSET=utf8;

--
-- Despejando dados para a tabela `lkdgdg`
--

INSERT INTO `lkdgdg` (`parentId`, `childId`, `depth`) VALUES
(15, 15, 0),
(16, 16, 0),
(25, 25, 0),
(27, 27, 0),
(29, 29, 0),
(31, 31, 0),
(33, 33, 0);

-- --------------------------------------------------------

--
-- Estrutura para tabela `lkdisplaydg`
--

CREATE TABLE `lkdisplaydg` (
  `LkDisplayDGID` int(11) NOT NULL,
  `displayGroupId` int(11) NOT NULL,
  `displayId` int(11) NOT NULL
) ENGINE=InnoDB DEFAULT CHARSET=utf8;

--
-- Despejando dados para a tabela `lkdisplaydg`
--

INSERT INTO `lkdisplaydg` (`LkDisplayDGID`, `displayGroupId`, `displayId`) VALUES
(45, 15, 11),
(46, 16, 12),
(54, 25, 19),
(60, 27, 21),
(64, 29, 23),
(66, 31, 25);

-- --------------------------------------------------------

--
-- Estrutura para tabela `lklayoutdisplaygroup`
--

CREATE TABLE `lklayoutdisplaygroup` (
  `id` int(11) NOT NULL,
  `displayGroupId` int(11) NOT NULL,
  `layoutId` int(11) NOT NULL
) ENGINE=InnoDB DEFAULT CHARSET=utf8;

--
-- Despejando dados para a tabela `lklayoutdisplaygroup`
--

INSERT INTO `lklayoutdisplaygroup` (`id`, `displayGroupId`, `layoutId`) VALUES
(17, 25, 153);

-- --------------------------------------------------------

--
-- Estrutura para tabela `lkmediadisplaygroup`
--

CREATE TABLE `lkmediadisplaygroup` (
  `id` int(11) NOT NULL,
  `displayGroupId` int(11) NOT NULL,
  `mediaId` int(11) NOT NULL
) ENGINE=InnoDB DEFAULT CHARSET=utf8;

-- --------------------------------------------------------

--
-- Estrutura para tabela `lknotificationdg`
--

CREATE TABLE `lknotificationdg` (
  `lkNotificationDgId` int(11) NOT NULL,
  `notificationId` int(11) NOT NULL,
  `displayGroupId` int(11) NOT NULL
) ENGINE=InnoDB DEFAULT CHARSET=utf8;

-- --------------------------------------------------------

--
-- Estrutura para tabela `lknotificationgroup`
--

CREATE TABLE `lknotificationgroup` (
  `lkNotificationGroupId` int(11) NOT NULL,
  `notificationId` int(11) NOT NULL,
  `groupId` int(11) NOT NULL
) ENGINE=InnoDB DEFAULT CHARSET=utf8;

--
-- Despejando dados para a tabela `lknotificationgroup`
--

INSERT INTO `lknotificationgroup` (`lkNotificationGroupId`, `notificationId`, `groupId`) VALUES
(1339, 670, 3),
(1340, 670, 4),
(1341, 671, 3),
(1342, 671, 4),
(1343, 672, 3),
(1344, 672, 4),
(1345, 673, 3),
(1346, 673, 4),
(1347, 674, 3),
(1348, 674, 4),
(1349, 675, 3),
(1350, 675, 4),
(1351, 676, 3),
(1352, 676, 4),
(1353, 677, 3),
(1354, 677, 4);

-- --------------------------------------------------------

--
-- Estrutura para tabela `lknotificationuser`
--

CREATE TABLE `lknotificationuser` (
  `lkNotificationUserId` int(11) NOT NULL,
  `notificationId` int(11) NOT NULL,
  `userId` int(11) NOT NULL,
  `read` tinyint(4) NOT NULL,
  `readDt` int(11) NOT NULL,
  `emailDt` int(11) NOT NULL
) ENGINE=InnoDB DEFAULT CHARSET=utf8;

--
-- Despejando dados para a tabela `lknotificationuser`
--

INSERT INTO `lknotificationuser` (`lkNotificationUserId`, `notificationId`, `userId`, `read`, `readDt`, `emailDt`) VALUES
(2481, 670, 1, 0, 0, 1733507095),
(2482, 670, 4, 0, 0, 1733507095),
(2485, 671, 1, 0, 0, 1733507095),
(2486, 671, 4, 0, 0, 1733507095),
(2489, 672, 1, 0, 0, 1733507095),
(2490, 672, 4, 0, 0, 1733507095),
(2493, 673, 1, 0, 0, 1733507095),
(2494, 673, 4, 0, 0, 1733507095),
(2497, 674, 1, 0, 0, 1733507148),
(2498, 674, 4, 0, 0, 1733507148),
(2501, 675, 1, 0, 0, 1733507148),
(2502, 675, 4, 0, 0, 1733507148),
(2505, 676, 1, 0, 0, 1733507148),
(2506, 676, 4, 0, 0, 1733507148),
(2509, 677, 1, 0, 0, 1733507148),
(2510, 677, 4, 0, 0, 1733507148);

-- --------------------------------------------------------

--
-- Estrutura para tabela `lkplaylistplaylist`
--

CREATE TABLE `lkplaylistplaylist` (
  `parentId` int(11) NOT NULL,
  `childId` int(11) NOT NULL,
  `depth` int(11) NOT NULL
) ENGINE=InnoDB DEFAULT CHARSET=utf8;

--
-- Despejando dados para a tabela `lkplaylistplaylist`
--

INSERT INTO `lkplaylistplaylist` (`parentId`, `childId`, `depth`) VALUES
(1, 1, 0),
(2, 2, 0),
(106, 106, 0),
(107, 107, 0),
(209, 209, 0),
(210, 210, 0),
(211, 211, 0),
(212, 212, 0),
(213, 213, 0),
(226, 226, 0),
(227, 227, 0),
(228, 228, 0),
(359, 359, 0),
(360, 360, 0),
(361, 361, 0),
(362, 362, 0),
(363, 363, 0),
(364, 364, 0),
(384, 384, 0),
(385, 385, 0),
(386, 386, 0),
(397, 397, 0),
(398, 398, 0),
(399, 399, 0),
(400, 400, 0),
(401, 401, 0),
(402, 402, 0),
(403, 403, 0),
(404, 404, 0),
(405, 405, 0),
(406, 406, 0),
(407, 407, 0),
(408, 408, 0),
(409, 409, 0),
(410, 410, 0),
(411, 411, 0),
(413, 413, 0),
(414, 414, 0),
(415, 415, 0),
(416, 416, 0),
(417, 417, 0),
(418, 418, 0),
(511, 511, 0),
(512, 512, 0),
(513, 513, 0),
(514, 514, 0),
(515, 515, 0),
(516, 516, 0),
(517, 517, 0),
(518, 518, 0),
(519, 519, 0),
(520, 520, 0),
(521, 521, 0),
(522, 522, 0),
(523, 523, 0),
(524, 524, 0),
(525, 525, 0),
(526, 526, 0),
(527, 527, 0),
(528, 528, 0),
(529, 529, 0),
(530, 530, 0),
(531, 531, 0),
(532, 532, 0),
(533, 533, 0),
(534, 534, 0),
(535, 535, 0),
(536, 536, 0),
(537, 537, 0),
(538, 538, 0),
(539, 539, 0),
(540, 540, 0),
(541, 541, 0),
(542, 542, 0),
(543, 543, 0),
(544, 544, 0),
(545, 545, 0),
(546, 546, 0),
(565, 565, 0),
(566, 566, 0),
(567, 567, 0),
(615, 615, 0),
(616, 616, 0),
(617, 617, 0),
(618, 618, 0),
(619, 619, 0),
(620, 620, 0),
(621, 621, 0),
(622, 622, 0),
(623, 623, 0),
(629, 629, 0),
(630, 630, 0),
(634, 634, 0),
(635, 635, 0),
(636, 636, 0),
(638, 638, 0),
(650, 650, 0),
(651, 651, 0),
(891, 891, 0),
(892, 892, 0),
(893, 893, 0),
(894, 894, 0),
(895, 895, 0),
(896, 896, 0),
(897, 897, 0),
(898, 898, 0),
(899, 899, 0),
(900, 900, 0),
(901, 901, 0),
(902, 902, 0),
(965, 965, 0),
(966, 966, 0),
(967, 967, 0),
(968, 968, 0),
(969, 969, 0),
(970, 970, 0),
(971, 971, 0),
(972, 972, 0),
(973, 973, 0),
(974, 974, 0),
(975, 975, 0),
(976, 976, 0),
(977, 977, 0),
(978, 978, 0),
(979, 979, 0),
(980, 980, 0),
(981, 981, 0),
(982, 982, 0),
(983, 983, 0),
(1012, 1012, 0),
(1013, 1013, 0),
(1045, 1045, 0),
(1050, 1050, 0),
(1055, 1055, 0),
(1056, 1056, 0),
(1058, 1058, 0),
(1100, 1100, 0),
(1101, 1101, 0),
(1102, 1102, 0),
(1103, 1103, 0),
(1104, 1104, 0),
(1105, 1105, 0),
(1106, 1106, 0),
(1107, 1107, 0),
(1108, 1108, 0),
(1109, 1109, 0),
(1110, 1110, 0),
(1111, 1111, 0),
(1112, 1112, 0),
(1113, 1113, 0),
(1116, 1116, 0),
(1117, 1117, 0),
(1119, 1119, 0),
(1120, 1120, 0),
(1121, 1121, 0),
(1136, 1136, 0),
(1151, 1151, 0),
(1175, 1175, 0),
(1176, 1176, 0),
(1178, 1178, 0),
(1214, 1214, 0),
(1230, 1230, 0),
(1231, 1231, 0),
(1232, 1232, 0),
(1233, 1233, 0),
(1234, 1234, 0),
(1235, 1235, 0),
(1236, 1236, 0),
(1237, 1237, 0),
(1238, 1238, 0),
(1239, 1239, 0),
(1240, 1240, 0),
(1241, 1241, 0),
(1243, 1243, 0);

-- --------------------------------------------------------

--
-- Estrutura para tabela `lkscheduledisplaygroup`
--

CREATE TABLE `lkscheduledisplaygroup` (
  `eventId` int(11) NOT NULL,
  `displayGroupId` int(11) NOT NULL
) ENGINE=InnoDB DEFAULT CHARSET=utf8;

--
-- Despejando dados para a tabela `lkscheduledisplaygroup`
--

INSERT INTO `lkscheduledisplaygroup` (`eventId`, `displayGroupId`) VALUES
(23, 25),
(23, 27),
(22, 29);

-- --------------------------------------------------------

--
-- Estrutura para tabela `lktagcampaign`
--

CREATE TABLE `lktagcampaign` (
  `lkTagCampaignId` int(11) NOT NULL,
  `tagId` int(11) NOT NULL,
  `campaignId` int(11) NOT NULL,
  `value` text
) ENGINE=InnoDB DEFAULT CHARSET=utf8;

-- --------------------------------------------------------

--
-- Estrutura para tabela `lktagdisplaygroup`
--

CREATE TABLE `lktagdisplaygroup` (
  `lkTagDisplayGroupId` int(11) NOT NULL,
  `tagId` int(11) NOT NULL,
  `displayGroupId` int(11) NOT NULL,
  `value` text
) ENGINE=InnoDB DEFAULT CHARSET=utf8;

-- --------------------------------------------------------

--
-- Estrutura para tabela `lktaglayout`
--

CREATE TABLE `lktaglayout` (
  `lkTagLayoutId` int(11) NOT NULL,
  `tagId` int(11) NOT NULL,
  `layoutId` int(11) NOT NULL,
  `value` text
) ENGINE=InnoDB DEFAULT CHARSET=utf8;

--
-- Despejando dados para a tabela `lktaglayout`
--

INSERT INTO `lktaglayout` (`lkTagLayoutId`, `tagId`, `layoutId`, `value`) VALUES
(1, 4, 1, NULL),
(2, 5, 1, NULL),
(13, 5, 253, NULL),
(31, 5, 72, NULL),
(33, 5, 256, NULL),
(41, 5, 71, NULL),
(42, 5, 76, NULL),
(43, 6, 76, NULL),
(50, 5, 120, NULL),
(51, 6, 120, NULL),
(54, 7, 129, ' V'),
(55, 5, 126, NULL),
(56, 1, 126, NULL),
(57, 6, 126, NULL),
(58, 1, 141, NULL),
(59, 1, 143, NULL),
(60, 5, 147, NULL),
(61, 1, 147, NULL),
(62, 5, 168, NULL),
(63, 5, 243, NULL),
(64, 5, 159, NULL),
(65, 5, 160, NULL),
(66, 5, 242, NULL),
(67, 5, 305, NULL),
(68, 5, 307, NULL),
(69, 5, 164, NULL),
(70, 5, 165, NULL),
(71, 5, 166, NULL),
(72, 5, 257, NULL),
(73, 11, 255, NULL),
(74, 21, 361, NULL),
(75, 1, 359, NULL);

-- --------------------------------------------------------

--
-- Estrutura para tabela `lktagmedia`
--

CREATE TABLE `lktagmedia` (
  `lkTagMediaId` int(11) NOT NULL,
  `tagId` int(11) NOT NULL,
  `mediaId` int(11) NOT NULL,
  `value` text
) ENGINE=InnoDB DEFAULT CHARSET=utf8;

--
-- Despejando dados para a tabela `lktagmedia`
--

INSERT INTO `lktagmedia` (`lkTagMediaId`, `tagId`, `mediaId`, `value`) VALUES
(18, 5, 177, NULL),
(19, 5, 178, NULL),
(20, 5, 179, NULL),
(21, 5, 180, NULL),
(22, 5, 181, NULL),
(23, 5, 182, NULL),
(24, 5, 183, NULL),
(57, 5, 216, NULL),
(58, 5, 217, NULL),
(60, 5, 253, NULL),
(61, 5, 254, NULL),
(62, 5, 255, NULL),
(63, 5, 256, NULL),
(64, 5, 257, NULL),
(65, 5, 258, NULL),
(66, 5, 259, NULL),
(67, 5, 260, NULL),
(68, 5, 261, NULL),
(69, 5, 262, NULL),
(70, 5, 263, NULL),
(71, 5, 264, NULL),
(72, 5, 265, NULL),
(73, 5, 266, NULL),
(74, 5, 267, NULL),
(75, 5, 268, NULL),
(76, 5, 269, NULL),
(77, 5, 270, NULL),
(78, 5, 271, NULL),
(79, 5, 272, NULL),
(80, 5, 273, NULL),
(81, 5, 274, NULL),
(82, 5, 275, NULL),
(83, 5, 276, NULL),
(84, 5, 277, NULL),
(85, 5, 278, NULL),
(86, 5, 283, NULL),
(87, 5, 284, NULL),
(89, 5, 286, NULL),
(90, 7, 351, NULL),
(91, 8, 352, NULL),
(92, 8, 354, NULL),
(95, 10, 359, NULL),
(96, 13, 1648, NULL),
(97, 14, 1649, NULL),
(100, 17, 1676, NULL),
(101, 19, 1677, NULL),
(102, 20, 1750, NULL),
(103, 22, 1755, NULL);

-- --------------------------------------------------------

--
-- Estrutura para tabela `lktagplaylist`
--

CREATE TABLE `lktagplaylist` (
  `lkTagPlaylistId` int(11) NOT NULL,
  `tagId` int(11) NOT NULL,
  `playlistId` int(11) NOT NULL,
  `value` text
) ENGINE=InnoDB DEFAULT CHARSET=utf8;

--
-- Despejando dados para a tabela `lktagplaylist`
--

INSERT INTO `lktagplaylist` (`lkTagPlaylistId`, `tagId`, `playlistId`, `value`) VALUES
(1, 18, 1175, NULL);

-- --------------------------------------------------------

--
-- Estrutura para tabela `lkusergroup`
--

CREATE TABLE `lkusergroup` (
  `lkUserGroupID` int(11) NOT NULL,
  `groupId` int(11) NOT NULL,
  `userId` int(11) NOT NULL
) ENGINE=InnoDB DEFAULT CHARSET=utf8;

--
-- Despejando dados para a tabela `lkusergroup`
--

INSERT INTO `lkusergroup` (`lkUserGroupID`, `groupId`, `userId`) VALUES
(7, 1, 4),
(11, 1, 5),
(1, 3, 1),
(8, 4, 4),
(6, 8, 4),
(9, 10, 5);

-- --------------------------------------------------------

--
-- Estrutura para tabela `lkwidgetaudio`
--

CREATE TABLE `lkwidgetaudio` (
  `widgetId` int(11) NOT NULL,
  `mediaId` int(11) NOT NULL,
  `volume` tinyint(4) NOT NULL,
  `loop` tinyint(4) NOT NULL
) ENGINE=InnoDB DEFAULT CHARSET=utf8;

-- --------------------------------------------------------

--
-- Estrutura para tabela `lkwidgetmedia`
--

CREATE TABLE `lkwidgetmedia` (
  `widgetId` int(11) NOT NULL,
  `mediaId` int(11) NOT NULL
) ENGINE=InnoDB DEFAULT CHARSET=utf8;

--
-- Despejando dados para a tabela `lkwidgetmedia`
--

INSERT INTO `lkwidgetmedia` (`widgetId`, `mediaId`) VALUES
(572, 258),
(583, 258),
(1418, 258),
(572, 264),
(583, 264),
(1418, 264),
(1478, 273),
(1432, 281),
(218, 282),
(233, 282),
(572, 298),
(583, 298),
(1418, 298),
(1431, 298),
(572, 299),
(583, 299),
(1418, 299),
(1431, 299),
(572, 300),
(583, 300),
(1418, 300),
(1431, 300),
(572, 301),
(583, 301),
(1418, 301),
(1431, 301),
(572, 305),
(583, 305),
(1418, 305),
(1431, 305),
(572, 306),
(583, 306),
(1418, 306),
(1431, 306),
(572, 307),
(583, 307),
(1418, 307),
(1431, 307),
(572, 311),
(583, 311),
(1418, 311),
(1431, 311),
(572, 314),
(583, 314),
(1418, 314),
(1431, 314),
(572, 315),
(583, 315),
(1418, 315),
(1431, 315),
(572, 316),
(583, 316),
(1418, 316),
(1431, 316),
(572, 317),
(583, 317),
(1418, 317),
(1431, 317),
(572, 318),
(583, 318),
(1418, 318),
(1431, 318),
(572, 319),
(583, 319),
(1418, 319),
(1431, 319),
(572, 320),
(583, 320),
(1418, 320),
(1431, 320),
(572, 344),
(583, 344),
(1418, 344),
(1431, 344),
(1431, 346),
(1431, 347),
(1431, 349),
(1431, 350),
(684, 354),
(695, 354),
(810, 354),
(819, 354),
(893, 354),
(1174, 354),
(1250, 354),
(1262, 354),
(1405, 354),
(709, 359),
(801, 359),
(1181, 401),
(1257, 401),
(1265, 408),
(1266, 409),
(1408, 409),
(1455, 410),
(1480, 410),
(1661, 413),
(1330, 414),
(1329, 415),
(1332, 416),
(1482, 416),
(1331, 417),
(1334, 437),
(1338, 554),
(1359, 554),
(1357, 727),
(905, 1284),
(905, 1285),
(905, 1286),
(905, 1287),
(905, 1288),
(905, 1289),
(905, 1290),
(905, 1291),
(905, 1292),
(905, 1293),
(905, 1294),
(905, 1295),
(905, 1296),
(905, 1297),
(905, 1298),
(905, 1299),
(905, 1300),
(905, 1301),
(905, 1302),
(905, 1303),
(1358, 1315),
(1360, 1315),
(912, 1316),
(912, 1326),
(912, 1333),
(912, 1334),
(912, 1336),
(912, 1337),
(912, 1338),
(912, 1339),
(912, 1340),
(1349, 1341),
(1349, 1342),
(1349, 1343),
(1349, 1344),
(1349, 1345),
(1349, 1346),
(1348, 1358),
(1348, 1359),
(1348, 1366),
(1348, 1367),
(1348, 1368),
(1348, 1369),
(1348, 1370),
(1348, 1372),
(1348, 1374),
(1348, 1375),
(1348, 1377),
(1348, 1379),
(1348, 1381),
(1348, 1440),
(912, 1442),
(912, 1443),
(912, 1444),
(912, 1445),
(912, 1446),
(912, 1447),
(914, 1472),
(1348, 1488),
(912, 1495),
(912, 1497),
(1348, 1498),
(1348, 1499),
(1349, 1504),
(1349, 1505),
(1349, 1506),
(912, 1521),
(1349, 1522),
(1349, 1523),
(1349, 1524),
(1481, 1527),
(1349, 1533),
(1349, 1534),
(914, 1538),
(914, 1539),
(914, 1540),
(912, 1541),
(914, 1544),
(914, 1545),
(914, 1546),
(914, 1547),
(914, 1548),
(914, 1549),
(1349, 1550),
(1349, 1551),
(914, 1555),
(914, 1556),
(914, 1557),
(914, 1558),
(1349, 1561),
(1348, 1562),
(914, 1563),
(914, 1564),
(914, 1565),
(914, 1566),
(1349, 1567),
(1349, 1568),
(1349, 1569),
(914, 1571),
(1348, 1576),
(1348, 1584),
(910, 1629),
(910, 1630),
(910, 1631),
(910, 1632),
(910, 1633),
(910, 1634),
(910, 1635),
(910, 1636),
(910, 1637),
(910, 1638),
(910, 1639),
(910, 1640),
(910, 1641),
(910, 1642),
(910, 1643),
(910, 1644),
(910, 1645),
(910, 1646),
(910, 1647),
(1508, 1676),
(1511, 1680),
(1511, 1681),
(1511, 1682),
(1511, 1683),
(1511, 1684),
(1511, 1685),
(1511, 1686),
(1511, 1687),
(1511, 1688),
(1511, 1689),
(1511, 1690),
(1511, 1691),
(1511, 1692),
(1511, 1693),
(1511, 1694),
(1511, 1695),
(1511, 1696),
(1511, 1697),
(1511, 1698),
(1511, 1699),
(1513, 1701),
(1513, 1710),
(1513, 1711),
(1513, 1712),
(1513, 1713),
(1513, 1714),
(1513, 1715),
(1513, 1716),
(1513, 1717),
(1513, 1718),
(1513, 1719),
(1513, 1721),
(1513, 1722),
(1513, 1723),
(1513, 1724),
(1513, 1725),
(1513, 1726),
(1513, 1727),
(1513, 1728),
(906, 1730),
(906, 1731),
(906, 1732),
(906, 1733),
(906, 1734),
(906, 1735),
(906, 1736),
(906, 1737),
(906, 1738),
(906, 1739),
(906, 1740),
(906, 1741),
(906, 1742),
(906, 1743),
(906, 1744),
(906, 1745),
(906, 1746),
(906, 1747),
(906, 1748),
(906, 1749),
(1758, 1751),
(1759, 1755),
(1760, 1756),
(1761, 1762),
(1762, 1763),
(1764, 1764),
(1765, 1765);

-- --------------------------------------------------------

--
-- Estrutura para tabela `log`
--

CREATE TABLE `log` (
  `logId` int(11) NOT NULL,
  `runNo` varchar(10) NOT NULL,
  `logDate` datetime NOT NULL,
  `channel` varchar(20) NOT NULL,
  `type` varchar(254) NOT NULL,
  `page` varchar(50) NOT NULL,
  `function` varchar(50) DEFAULT NULL,
  `message` longtext NOT NULL,
  `userId` int(11) NOT NULL DEFAULT '0',
  `displayId` int(11) DEFAULT NULL
) ENGINE=InnoDB DEFAULT CHARSET=utf8;

-- --------------------------------------------------------

--
-- Estrutura para tabela `media`
--

CREATE TABLE `media` (
  `mediaId` int(11) NOT NULL,
  `name` varchar(100) NOT NULL,
  `type` varchar(15) NOT NULL,
  `duration` int(11) NOT NULL,
  `originalFileName` varchar(254) DEFAULT NULL,
  `storedAs` varchar(254) DEFAULT NULL,
  `md5` varchar(32) DEFAULT NULL,
  `fileSize` bigint(20) DEFAULT NULL,
  `userId` int(11) NOT NULL,
  `retired` tinyint(4) NOT NULL DEFAULT '0',
  `isEdited` tinyint(4) NOT NULL DEFAULT '0',
  `editedMediaId` int(11) DEFAULT NULL,
  `moduleSystemFile` tinyint(4) NOT NULL DEFAULT '0',
  `valid` tinyint(4) NOT NULL DEFAULT '1',
  `expires` int(11) DEFAULT NULL,
  `released` tinyint(4) NOT NULL DEFAULT '1',
  `apiRef` varchar(254) DEFAULT NULL,
  `createdDt` datetime NOT NULL,
  `modifiedDt` datetime NOT NULL,
  `enableStat` varchar(255) DEFAULT NULL
) ENGINE=InnoDB DEFAULT CHARSET=utf8;

--
-- Despejando dados para a tabela `media`
--

INSERT INTO `media` (`mediaId`, `name`, `type`, `duration`, `originalFileName`, `storedAs`, `md5`, `fileSize`, `userId`, `retired`, `isEdited`, `editedMediaId`, `moduleSystemFile`, `valid`, `expires`, `released`, `apiRef`, `createdDt`, `modifiedDt`, `enableStat`) VALUES
(1, 'jquery-1.11.1.min.js', 'module', 0, 'jquery-1.11.1.min.js', 'jquery-1.11.1.min.js', '3c9137d88a00b1ae0b41ff6a70571615', 95785, 1, 0, 0, 0, 1, 1, 0, 1, NULL, '2020-04-22 10:08:22', '2024-12-06 14:44:56', NULL),
(2, 'moment.js', 'module', 0, 'moment.js', 'moment.js', '67bb26c11dba6c366834e65f5933aff2', 160251, 1, 0, 0, 0, 1, 1, 0, 1, NULL, '2020-04-22 10:08:22', '2024-12-06 14:44:56', NULL),
(3, 'xibo-layout-scaler.js', 'module', 0, 'xibo-layout-scaler.js', 'xibo-layout-scaler.js', '5752497a5715d4aceeba4896fea99c62', 3694, 1, 0, 0, 0, 1, 1, 0, 1, NULL, '2020-04-22 10:08:22', '2024-12-06 14:44:56', NULL),
(4, 'xibo-text-render.js', 'module', 0, 'xibo-text-render.js', 'xibo-text-render.js', '8d72e0c1775cba38c44bf02aee0c8d83', 12150, 1, 0, 0, 0, 1, 1, 0, 1, NULL, '2020-04-22 10:08:22', '2024-12-06 14:44:56', NULL),
(5, 'Chart.min.js', 'module', 0, 'Chart.min.js', 'Chart.min.js', 'f6c8efa65711e0cbbc99ba72997ecd0e', 159638, 1, 0, 0, 0, 1, 1, 0, 1, NULL, '2020-04-22 10:08:22', '2024-12-06 14:44:56', NULL),
(6, 'jquery-cycle-2.1.6.min.js', 'module', 0, 'jquery-cycle-2.1.6.min.js', 'jquery-cycle-2.1.6.min.js', '212480cf1292db459557814e2d7a571d', 28876, 1, 0, 0, 0, 1, 1, 0, 1, NULL, '2020-04-22 10:08:22', '2024-12-06 14:44:56', NULL),
(7, 'flipclock.min.js', 'module', 0, 'flipclock.min.js', 'flipclock.min.js', 'b9d7742384bdf912c51b6a1b5d674f7a', 21107, 1, 0, 0, 0, 1, 1, 0, 1, NULL, '2020-04-22 10:08:22', '2024-12-06 14:44:56', NULL),
(8, 'xibo-countdown-render.js', 'module', 0, 'xibo-countdown-render.js', 'xibo-countdown-render.js', 'db15414501ff0a084b61fc1273e73e2f', 6744, 1, 0, 0, 0, 1, 1, 0, 1, NULL, '2020-04-22 10:08:22', '2024-12-06 14:44:56', NULL),
(9, 'jquery.marquee.min.js', 'module', 0, 'jquery.marquee.min.js', 'jquery.marquee.min.js', '2286bb4f44d9ea301131a25c5204ca0a', 2248, 1, 0, 0, 0, 1, 1, 0, 1, NULL, '2020-04-22 10:08:22', '2024-12-06 14:44:56', NULL),
(10, 'xibo-image-render.js', 'module', 0, 'xibo-image-render.js', 'xibo-image-render.js', '6152d3e99b2c61bb3db365d108337483', 2988, 1, 0, 0, 0, 1, 1, 0, 1, NULL, '2020-04-22 10:08:22', '2024-12-06 14:44:56', NULL),
(11, 'xibo-dataset-render.js', 'module', 0, 'xibo-dataset-render.js', 'xibo-dataset-render.js', 'e04ad2bff2a293cc7c7e162a9ef1a4c8', 1687, 1, 0, 0, 0, 1, 1, 0, 1, NULL, '2020-04-22 10:08:22', '2024-12-06 14:44:56', NULL),
(12, 'Aileron Heavy Regular', 'font', 0, 'Aileron-Heavy.otf', '12.otf', '621ba5aaf66e52f3def0cf69807104b9', 30060, 1, 0, 0, NULL, 0, 1, 0, 1, NULL, '2020-04-22 10:08:22', '2020-04-22 10:08:22', NULL),
(13, 'Aileron Regular', 'font', 0, 'Aileron-Regular.otf', '13.otf', 'd321fa78bb7190a8ca7e14213ef63203', 27644, 1, 0, 0, NULL, 0, 1, 0, 1, NULL, '2020-04-22 10:08:22', '2020-04-22 10:08:22', NULL),
(14, 'Dancing Script Regular', 'font', 0, 'DancingScript-Regular.ttf', '14.ttf', '86aadd0451f9e7dafa957e1e61dd2ed7', 116580, 1, 0, 0, NULL, 0, 1, 0, 1, NULL, '2020-04-22 10:08:22', '2020-04-22 10:08:22', NULL),
(15, 'Railway Regular', 'font', 0, 'Railway.ttf', '15.ttf', '58963d3a57da7a70ac36d331416746c5', 45884, 1, 0, 0, NULL, 0, 1, 0, 1, NULL, '2020-04-22 10:08:22', '2020-04-22 10:08:22', NULL),
(16, 'Linear Regular', 'font', 0, 'linear-by-braydon-fuller.otf', '16.otf', 'afb33470c582079834acd8b9f979ce1a', 19684, 1, 0, 0, NULL, 0, 1, 0, 1, NULL, '2020-04-22 10:08:22', '2020-04-22 10:08:22', NULL),
(17, 'pdf.js', 'module', 0, 'pdf.js', 'pdf.js', 'dec9b89b936438760291e401c09f52aa', 333388, 1, 0, 0, 0, 1, 1, 0, 1, NULL, '2020-04-22 10:08:22', '2024-12-06 14:44:56', NULL),
(18, 'pdf.worker.js', 'module', 0, 'pdf.worker.js', 'pdf.worker.js', '926affd0ae3d3b69e6071b26875638c8', 1337459, 1, 0, 0, 0, 1, 1, 0, 1, NULL, '2020-04-22 10:08:22', '2024-12-06 14:44:56', NULL),
(19, 'compatibility.js', 'module', 0, 'compatibility.js', 'compatibility.js', '758c582a7fd2f30ec9dd8f91803a9882', 18126, 1, 0, 0, 0, 1, 1, 0, 1, NULL, '2020-04-22 10:08:23', '2024-12-06 14:44:56', NULL),
(20, 'xibo-webpage-render.js', 'module', 0, 'xibo-webpage-render.js', 'xibo-webpage-render.js', 'd59f5fc84ef7747f27baddc07fe81487', 4832, 1, 0, 0, 0, 1, 1, 0, 1, NULL, '2020-04-22 10:08:23', '2024-12-06 14:44:56', NULL),
(21, 'bootstrap.min.css', 'module', 0, 'bootstrap.min.css', 'bootstrap.min.css', 'ec3bb52a00e176a7181d454dffaea219', 121200, 1, 0, 0, 0, 1, 1, 0, 1, NULL, '2020-04-22 10:10:46', '2024-12-06 14:44:56', NULL),
(22, 'WeatherIcons-Regular.otf', 'module', 0, 'WeatherIcons-Regular.otf', 'WeatherIcons-Regular.otf', '145ba08b1886ec06ed80385eb768a050', 40668, 1, 0, 0, 0, 1, 1, 0, 1, NULL, '2020-04-22 10:10:46', '2024-12-06 14:44:56', NULL),
(23, 'animate.css', 'module', 0, 'animate.css', 'animate.css', '07f146141537e04ee282a965d8053198', 72259, 1, 0, 0, 0, 1, 1, 0, 1, NULL, '2020-04-22 10:10:46', '2024-12-06 14:44:56', NULL),
(24, 'font-awesome.min.css', 'module', 0, 'font-awesome.min.css', 'font-awesome.min.css', '04425bbdc6243fc6e54bf8984fe50330', 23739, 1, 0, 0, 0, 1, 1, 0, 1, NULL, '2020-04-22 10:10:46', '2024-12-06 14:44:56', NULL),
(25, 'weather-icons.min.css', 'module', 0, 'weather-icons.min.css', 'weather-icons.min.css', '96dff559d6119c163e149280ef1db88c', 26633, 1, 0, 0, 0, 1, 1, 0, 1, NULL, '2020-04-22 10:10:46', '2024-12-06 14:44:56', NULL),
(26, 'weathericons-regular-webfont.eot', 'module', 0, 'weathericons-regular-webfont.eot', 'weathericons-regular-webfont.eot', '8c0f6fd19bfa5763a0860b5930a66e14', 35151, 1, 0, 0, 0, 1, 1, 0, 1, NULL, '2020-04-22 10:10:46', '2024-12-06 14:44:56', NULL),
(27, 'weathericons-regular-webfont.svg', 'module', 0, 'weathericons-regular-webfont.svg', 'weathericons-regular-webfont.svg', 'fe45297f78b1ab6d8ed9b623d2634530', 127706, 1, 0, 0, 0, 1, 1, 0, 1, NULL, '2020-04-22 10:10:46', '2024-12-06 14:44:56', NULL),
(28, 'weathericons-regular-webfont.ttf', 'module', 0, 'weathericons-regular-webfont.ttf', 'weathericons-regular-webfont.ttf', 'cd287dcbb4564b57692cfed0e2e58345', 67016, 1, 0, 0, 0, 1, 1, 0, 1, NULL, '2020-04-22 10:10:46', '2024-12-06 14:44:56', NULL),
(29, 'weathericons-regular-webfont.woff', 'module', 0, 'weathericons-regular-webfont.woff', 'weathericons-regular-webfont.woff', 'c90a4c420dd010a5e95dedb8927a29e7', 40408, 1, 0, 0, 0, 1, 1, 0, 1, NULL, '2020-04-22 10:10:46', '2024-12-06 14:44:56', NULL),
(30, 'weathericons-regular-webfont.woff2', 'module', 0, 'weathericons-regular-webfont.woff2', 'weathericons-regular-webfont.woff2', '1cd48d78f06d33973d9d761d426e69bf', 44720, 1, 0, 0, 0, 1, 1, 0, 1, NULL, '2020-04-22 10:10:46', '2024-12-06 14:44:56', NULL),
(31, 'wi-cloudy.jpg', 'module', 0, 'wi-cloudy.jpg', 'wi-cloudy.jpg', '1766972e4d03a6c1056b503c41e94430', 379804, 1, 0, 0, 0, 1, 1, 0, 1, NULL, '2020-04-22 10:10:46', '2024-12-06 14:44:56', NULL),
(32, 'wi-day-cloudy.jpg', 'module', 0, 'wi-day-cloudy.jpg', 'wi-day-cloudy.jpg', '49b09eb3738e0a16b488297f2b6ede24', 2628732, 1, 0, 0, 0, 1, 1, 0, 1, NULL, '2020-04-22 10:10:46', '2024-12-06 14:44:56', NULL),
(33, 'wi-day-sunny.jpg', 'module', 0, 'wi-day-sunny.jpg', 'wi-day-sunny.jpg', '503ca21fd5014ddefc2cd5159766af32', 1445897, 1, 0, 0, 0, 1, 1, 0, 1, NULL, '2020-04-22 10:10:47', '2024-12-06 14:44:56', NULL),
(34, 'wi-fog.jpg', 'module', 0, 'wi-fog.jpg', 'wi-fog.jpg', '4168dc58a5eb3aa3826d8eae85088804', 597609, 1, 0, 0, 0, 1, 1, 0, 1, NULL, '2020-04-22 10:10:47', '2024-12-06 14:44:56', NULL),
(35, 'wi-hail.jpg', 'module', 0, 'wi-hail.jpg', 'wi-hail.jpg', '8c4e4024b6242eecdb754344fcfa8b6c', 827270, 1, 0, 0, 0, 1, 1, 0, 1, NULL, '2020-04-22 10:10:48', '2024-12-06 14:44:56', NULL),
(36, 'wi-night-clear.jpg', 'module', 0, 'wi-night-clear.jpg', 'wi-night-clear.jpg', 'ebdb8828051637c91109a329b2138f10', 738913, 1, 0, 0, 0, 1, 1, 0, 1, NULL, '2020-04-22 10:10:48', '2024-12-06 14:44:56', NULL),
(37, 'wi-night-partly-cloudy.jpg', 'module', 0, 'wi-night-partly-cloudy.jpg', 'wi-night-partly-cloudy.jpg', 'd50d13f4bedad3dedd108d4baad60494', 220168, 1, 0, 0, 0, 1, 1, 0, 1, NULL, '2020-04-22 10:10:48', '2024-12-06 14:44:56', NULL),
(38, 'wi-rain.jpg', 'module', 0, 'wi-rain.jpg', 'wi-rain.jpg', '637dfc650fff4976910ea46917734925', 655983, 1, 0, 0, 0, 1, 1, 0, 1, NULL, '2020-04-22 10:10:49', '2024-12-06 14:44:56', NULL),
(39, 'wi-snow.jpg', 'module', 0, 'wi-snow.jpg', 'wi-snow.jpg', '6e3def73254a72ff0b4ff45c7bba7501', 782263, 1, 0, 0, 0, 1, 1, 0, 1, NULL, '2020-04-22 10:10:49', '2024-12-06 14:44:56', NULL),
(40, 'wi-windy.jpg', 'module', 0, 'wi-windy.jpg', 'wi-windy.jpg', 'a4951eb27a8aa834469621674d193f30', 339716, 1, 0, 0, 0, 1, 1, 0, 1, NULL, '2020-04-22 10:10:49', '2024-12-06 14:44:56', NULL),
(41, 'ticker_108aefef83e1780ac8c8ec89d78bc27e', 'module', 0, 'imagens-de-drones-mostram-corpos-sendo-enterrados-em-hart-island-em-nova-york-onde-o-departamento-de-correcoes-esta-lidando-com-mais-enterros-em-geral-em-meio-ao-surto-de-doenca-por-coronavirus-1586554698566_v2_1920x1080.jpg', NULL, NULL, NULL, 1, 0, 0, NULL, 0, 0, NULL, 1, NULL, '2020-04-22 10:11:34', '2020-04-22 10:11:34', NULL),
(42, 'ticker_0388843a4b6c4689dc40c88ca5b429cc', 'module', 0, 'voluntarios-vestidos-pocong-na-indonesia-a-figura-representa-as-almas-dos-mortos-que-ficaram-presas-aos-corpos-e-roupas-1586854543203_1920x1080.jpg', NULL, NULL, NULL, 1, 0, 0, NULL, 0, 0, NULL, 1, NULL, '2020-04-22 10:11:34', '2020-04-22 10:11:34', NULL),
(43, 'ticker_81ade20b4791718a60303b384d6cc74b', 'module', 0, 'mulher-amamentando-bebe-1520954419146_v2_1920x1080.jpg', NULL, NULL, NULL, 1, 0, 0, NULL, 0, 0, NULL, 1, NULL, '2020-04-22 10:11:34', '2020-04-22 10:11:34', NULL),
(44, 'ticker_297e3eac21352a3ca0541f59d5361a58', 'module', 0, 'enfermeira-prepara-leito-de-uti-com-capsula-de-protecao-em-hospital-de-campanha-de-manaus-am-nesta-segunda-feira-1586865772826_1920x1080.jpg', NULL, NULL, NULL, 1, 0, 0, NULL, 0, 0, NULL, 1, NULL, '2020-04-22 10:11:34', '2020-04-22 10:11:34', NULL),
(45, 'ticker_b4b6faa44d15b1a45effc5fff3a7ddd2', 'module', 0, 'autismo-crianca-menino-1522447108767_v2_1920x1080.jpg', NULL, NULL, NULL, 1, 0, 0, NULL, 0, 0, NULL, 1, NULL, '2020-04-22 10:11:34', '2020-04-22 10:11:34', NULL),
(61, 'ticker_108aefef83e1780ac8c8ec89d78bc27e', 'module', 0, 'imagens-de-drones-mostram-corpos-sendo-enterrados-em-hart-island-em-nova-york-onde-o-departamento-de-correcoes-esta-lidando-com-mais-enterros-em-geral-em-meio-ao-surto-de-doenca-por-coronavirus-1586554698566_v2_1920x1080.jpg', NULL, NULL, NULL, 1, 0, 0, NULL, 0, 0, NULL, 1, NULL, '2020-04-22 10:11:45', '2020-04-22 10:11:45', NULL),
(62, 'ticker_0388843a4b6c4689dc40c88ca5b429cc', 'module', 0, 'voluntarios-vestidos-pocong-na-indonesia-a-figura-representa-as-almas-dos-mortos-que-ficaram-presas-aos-corpos-e-roupas-1586854543203_1920x1080.jpg', NULL, NULL, NULL, 1, 0, 0, NULL, 0, 0, NULL, 1, NULL, '2020-04-22 10:11:45', '2020-04-22 10:11:45', NULL),
(63, 'ticker_81ade20b4791718a60303b384d6cc74b', 'module', 0, 'mulher-amamentando-bebe-1520954419146_v2_1920x1080.jpg', NULL, NULL, NULL, 1, 0, 0, NULL, 0, 0, NULL, 1, NULL, '2020-04-22 10:11:45', '2020-04-22 10:11:45', NULL),
(64, 'ticker_297e3eac21352a3ca0541f59d5361a58', 'module', 0, 'enfermeira-prepara-leito-de-uti-com-capsula-de-protecao-em-hospital-de-campanha-de-manaus-am-nesta-segunda-feira-1586865772826_1920x1080.jpg', NULL, NULL, NULL, 1, 0, 0, NULL, 0, 0, NULL, 1, NULL, '2020-04-22 10:11:45', '2020-04-22 10:11:45', NULL),
(65, 'ticker_b4b6faa44d15b1a45effc5fff3a7ddd2', 'module', 0, 'autismo-crianca-menino-1522447108767_v2_1920x1080.jpg', NULL, NULL, NULL, 1, 0, 0, NULL, 0, 0, NULL, 1, NULL, '2020-04-22 10:11:45', '2020-04-22 10:11:45', NULL),
(81, 'ticker_108aefef83e1780ac8c8ec89d78bc27e', 'module', 0, 'imagens-de-drones-mostram-corpos-sendo-enterrados-em-hart-island-em-nova-york-onde-o-departamento-de-correcoes-esta-lidando-com-mais-enterros-em-geral-em-meio-ao-surto-de-doenca-por-coronavirus-1586554698566_v2_1920x1080.jpg', NULL, NULL, NULL, 1, 0, 0, NULL, 0, 0, NULL, 1, NULL, '2020-04-22 10:12:06', '2020-04-22 10:12:06', NULL),
(82, 'ticker_0388843a4b6c4689dc40c88ca5b429cc', 'module', 0, 'voluntarios-vestidos-pocong-na-indonesia-a-figura-representa-as-almas-dos-mortos-que-ficaram-presas-aos-corpos-e-roupas-1586854543203_1920x1080.jpg', NULL, NULL, NULL, 1, 0, 0, NULL, 0, 0, NULL, 1, NULL, '2020-04-22 10:12:06', '2020-04-22 10:12:06', NULL),
(83, 'ticker_81ade20b4791718a60303b384d6cc74b', 'module', 0, 'mulher-amamentando-bebe-1520954419146_v2_1920x1080.jpg', NULL, NULL, NULL, 1, 0, 0, NULL, 0, 0, NULL, 1, NULL, '2020-04-22 10:12:06', '2020-04-22 10:12:06', NULL),
(84, 'ticker_297e3eac21352a3ca0541f59d5361a58', 'module', 0, 'enfermeira-prepara-leito-de-uti-com-capsula-de-protecao-em-hospital-de-campanha-de-manaus-am-nesta-segunda-feira-1586865772826_1920x1080.jpg', NULL, NULL, NULL, 1, 0, 0, NULL, 0, 0, NULL, 1, NULL, '2020-04-22 10:12:06', '2020-04-22 10:12:06', NULL),
(85, 'ticker_b4b6faa44d15b1a45effc5fff3a7ddd2', 'module', 0, 'autismo-crianca-menino-1522447108767_v2_1920x1080.jpg', NULL, NULL, NULL, 1, 0, 0, NULL, 0, 0, NULL, 1, NULL, '2020-04-22 10:12:06', '2020-04-22 10:12:06', NULL),
(86, 'ticker_0268253583917e479c65e74ab1ffcd50', 'module', 0, 'amaranto-1481138362845_v2_1920x1080.jpg', NULL, NULL, NULL, 1, 0, 0, NULL, 0, 0, NULL, 1, NULL, '2020-04-22 10:12:06', '2020-04-22 10:12:06', NULL),
(87, 'ticker_56839c026c8ac7fee8af183025f8a715', 'module', 0, 'mulher-usando-uma-mascara-facial-assina-seu-autografo-no-lendario-john-lennon-wall-em-praga-republica-tcheca-1586213726970_v2_1920x1080.jpg', NULL, NULL, NULL, 1, 0, 0, NULL, 0, 0, NULL, 1, NULL, '2020-04-22 10:12:06', '2020-04-22 10:12:06', NULL),
(88, 'ticker_fd7c0470ed3229e8818e7c9272bafabc', 'module', 0, 'foto-conceitual-do-medicamento-hidroxicloroquina-que-esta-sendo-usado-no-combate-a-covid-19-cloroquina-contra-o-coronavirus-1586703804119_v2_1920x1080.jpg', NULL, NULL, NULL, 1, 0, 0, NULL, 0, 0, NULL, 1, NULL, '2020-04-22 10:12:06', '2020-04-22 10:12:06', NULL),
(89, 'ticker_b94bd69a989a2fd4e15ae0afdfc7473a', 'module', 0, 'medico-cardiologista-dr-roberto-kalil-filho-1586855950281_1920x1080.jpg', NULL, NULL, NULL, 1, 0, 0, NULL, 0, 0, NULL, 1, NULL, '2020-04-22 10:12:06', '2020-04-22 10:12:06', NULL),
(90, 'ticker_1cea7400e2d504cca6dfb1e55e89ca54', 'module', 0, 'bola-com-mascara-futebol-e-coronavirus-1585174024159_v2_1920x1080.jpg', NULL, NULL, NULL, 1, 0, 0, NULL, 0, 0, NULL, 1, NULL, '2020-04-22 10:12:06', '2020-04-22 10:12:06', NULL),
(92, 'ticker_c010f574f606e9f16017d7e764edc5f7', 'module', 0, 'covid-19-aeroporto-de-toquio-oferece-camas-de-papelao-para-quem-aguarda-teste-1586781672022_1920x1080.jpg', NULL, NULL, NULL, 1, 0, 0, NULL, 0, 0, NULL, 1, NULL, '2020-04-22 10:12:06', '2020-04-22 10:12:06', NULL),
(93, 'ticker_e438d6dcff7798ddcc7ca1b1bcf5f6d9', 'module', 0, 'empresas-de-vigilancia-sao-obrigadas-pela-justica-a-disponibilizar-mascaras-a-funcionarios-1586380756759_v2_1920x1080.jpg', NULL, NULL, NULL, 1, 0, 0, NULL, 0, 0, NULL, 1, NULL, '2020-04-22 10:12:06', '2020-04-22 10:12:06', NULL),
(95, 'ticker_b1b777189e5475b92c9c8912622462a8', 'module', 0, 'alcool-gel-1580381803861_1920x1080.jpg', NULL, NULL, NULL, 1, 0, 0, NULL, 0, 0, NULL, 1, NULL, '2020-04-22 10:12:06', '2020-04-22 10:12:06', NULL),
(96, 'ticker_60a8657662922799999485ed0afeeca7', 'module', 0, 'arredores-da-catedral-de-milao-sem-visitantes-no-comeco-de-marco-de-2020-em-meio-ao-surto-do-coronavirus-na-italia-1583789397070_v2_1920x1080.jpg', NULL, NULL, NULL, 1, 0, 0, NULL, 0, 0, NULL, 1, NULL, '2020-04-22 10:12:06', '2020-04-22 10:12:06', NULL),
(177, 'Ligue01.png', 'image', 10, 'Ligue01.png', '177.png', 'b7daa14dec6d5c96a1862cbe98af3ad2', 168477, 1, 0, 0, NULL, 0, 1, 0, 1, NULL, '2020-04-22 10:17:50', '2020-04-22 10:17:50', 'Inherit'),
(178, 'Ligue02.png', 'image', 10, 'Ligue02.png', '178.png', '60e64bc4579397495974b4a09e2c1b3d', 176639, 1, 0, 0, NULL, 0, 1, 0, 1, NULL, '2020-04-22 10:17:50', '2020-04-22 10:17:50', 'Inherit'),
(179, 'Medicos_Lateral.png', 'image', 10, 'Medicos_Lateral.png', '179.png', 'ccb6ebf15617b97fdcefb77c1c6d89e7', 48109, 1, 0, 0, NULL, 0, 1, 0, 1, NULL, '2020-04-22 10:17:50', '2020-04-22 10:17:50', 'Inherit'),
(180, 'Missao lateral.png', 'image', 10, 'Missao lateral.png', '180.png', '3fcab912a3b79085b7ee2d3c2740f2e0', 57103, 1, 0, 0, NULL, 0, 1, 0, 1, NULL, '2020-04-22 10:17:50', '2020-04-22 10:17:50', 'Inherit'),
(181, 'somos uma rede.png', 'image', 10, 'somos uma rede.png', '181.png', '180bbdb120d6096823d042c325471876', 45900, 1, 0, 0, NULL, 0, 1, 0, 1, NULL, '2020-04-22 10:17:50', '2020-04-22 10:17:50', 'Inherit'),
(182, 'Trofeu Lateral.png', 'image', 10, 'Trofeu Lateral.png', '182.png', '0efd4acc89246639728910455fdb6d7e', 214685, 1, 0, 0, NULL, 0, 1, 0, 1, NULL, '2020-04-22 10:17:50', '2020-04-22 10:17:50', 'Inherit'),
(183, 'verdwe.jpeg', 'image', 10, 'verdwe.jpeg', '183.jpeg', 'cc8a8c58219b10ebdfc70b1dabdf6008', 466, 1, 0, 0, NULL, 0, 1, 0, 1, NULL, '2020-04-22 10:17:50', '2020-04-22 10:17:50', 'Inherit'),
(216, 'black.jpg', 'image', 10, 'black.jpg', '216.jpg', '26ecb616d4b3d578f097251d37c3e1bf', 20062, 1, 0, 0, NULL, 0, 1, 0, 1, NULL, '2020-04-22 10:18:16', '2020-04-22 10:18:16', 'Inherit'),
(217, 'inbox.png', 'image', 10, 'inbox.png', '217.png', '1c8c94003d1e1de2e62ae46bf414551a', 16403, 1, 0, 0, NULL, 0, 1, 0, 1, NULL, '2020-04-22 10:18:16', '2020-04-22 10:18:16', 'Inherit'),
(253, 'Coxinha da asa.png', 'image', 10, 'Coxinha da asa.png', '253.png', 'a90f1ef4c839fd64793432f90fff8e3e', 58103, 1, 0, 0, NULL, 0, 1, 0, 1, NULL, '2020-12-17 14:44:28', '2020-12-17 14:44:28', 'Inherit'),
(254, 'coxinha_crop2.png', 'image', 10, 'coxinha_crop2.png', '254.png', 'df5c36fb9dfeb4c0b97f210956625f40', 371502, 1, 0, 0, NULL, 0, 1, 0, 1, NULL, '2020-12-17 14:44:28', '2020-12-17 14:44:28', 'Inherit'),
(255, 'empada_crop.png', 'image', 10, 'empada_crop.png', '255.png', '969b9b8d31eee36485ed5b8f61208daf', 536460, 1, 0, 0, NULL, 0, 1, 0, 1, NULL, '2020-12-17 14:44:28', '2020-12-17 14:44:28', 'Inherit'),
(256, 'hamburguer_crop3.png', 'image', 10, 'hamburguer_crop3.png', '256.png', '8db53fe04beab82842e52077efebaa3d', 716948, 1, 0, 0, NULL, 0, 1, 0, 1, NULL, '2020-12-17 14:44:28', '2020-12-17 14:44:28', 'Inherit'),
(257, 'LOGO SHIMODA.png', 'image', 10, 'LOGO SHIMODA.png', '257.png', '32c813723602c153a1dc313f051a744e', 87054, 1, 0, 0, NULL, 0, 1, 0, 1, NULL, '2020-12-17 14:44:28', '2020-12-17 14:44:28', 'Inherit'),
(258, 'mistoquente_crop.png', 'image', 10, 'mistoquente_crop.png', '258.png', 'de12a3d08e89911e74e2ba975da72f2f', 570812, 1, 0, 0, NULL, 0, 1, 0, 1, NULL, '2020-12-17 14:44:28', '2020-12-17 14:44:28', 'Inherit'),
(259, 'panceta barriga_montagem.png', 'image', 10, 'panceta barriga_montagem.png', '259.png', 'cd6d278d220571f884c8bcaa841ad1e1', 73189, 1, 0, 0, NULL, 0, 1, 0, 1, NULL, '2020-12-17 14:44:28', '2020-12-17 14:44:28', 'Inherit'),
(260, 'losa.jpg', 'image', 10, 'losa.jpg', '260.jpg', '8a381ab30c8a8b07ed905fcee02b0a96', 553314, 1, 0, 0, NULL, 0, 1, 0, 1, NULL, '2020-12-17 14:44:28', '2020-12-17 14:44:28', 'Inherit'),
(261, 'Bramillogo.png', 'image', 10, 'Sem título-1.png', '261.png', '54fdae310fe2b54bce28583544663fbc', 38015, 1, 0, 1, 282, 0, 1, 0, 1, NULL, '2020-12-17 14:45:18', '2020-12-17 16:53:34', 'Inherit'),
(262, 'acougue01.jpg', 'image', 10, 'acougue01.jpg', '262.jpg', 'f6874be0b444770f5ed173891ce8d561', 104680, 1, 0, 0, NULL, 0, 1, 0, 1, NULL, '2020-12-17 14:45:18', '2020-12-17 14:45:18', 'Inherit'),
(263, 'Logomarca.png', 'image', 10, 'Logomarca.png', '263.png', '4ba74a14443df28030f14b04293315d0', 170871, 1, 0, 1, 280, 0, 1, 0, 1, NULL, '2020-12-17 14:45:31', '2020-12-17 16:32:42', 'Inherit'),
(264, 'Manteiga_1024x1024pxManteiga_200g.png', 'image', 10, 'Manteiga_1024x1024pxManteiga_200g.png', '264.png', '0664eb21e13d4e72e39e4f58b62fba22', 935437, 1, 0, 0, NULL, 0, 1, 0, 1, NULL, '2020-12-17 14:45:31', '2020-12-17 14:45:31', 'Inherit'),
(265, 'Tabelado 06.jpg', 'image', 10, 'Tabela - Ofertas.jpg', '265.jpg', 'a2e45ed76f0ba3554ff6f84f7ddb8db7', 594192, 1, 0, 1, 321, 0, 1, 0, 0, NULL, '2020-12-17 14:45:31', '2021-01-06 23:08:55', 'Inherit'),
(266, '002 OFERTA.png', 'image', 10, '002 OFERTA.png', '266.png', '630c7ca6c559861f8dd8a5a104a38973', 46284, 1, 0, 0, NULL, 0, 1, 0, 1, NULL, '2020-12-17 14:47:26', '2020-12-17 14:47:26', 'Inherit'),
(267, 'baden baden chocolate.png', 'image', 10, 'baden baden chocolate.png', '267.png', '9cc63cb26fc3d45b0f113cdef9c8b2bd', 227054, 1, 0, 0, NULL, 0, 1, 0, 1, NULL, '2020-12-17 14:47:26', '2020-12-17 14:47:26', 'Inherit'),
(268, 'baden baden IPA.png', 'image', 10, 'baden baden IPA.png', '268.png', 'b56f28788902dbb74f66c525c7733504', 226736, 1, 0, 0, NULL, 0, 1, 0, 1, NULL, '2020-12-17 14:47:26', '2020-12-17 14:47:26', 'Inherit'),
(269, 'Cerveja-Baden-Baden-Witbier-600ml.png', 'image', 10, 'Cerveja-Baden-Baden-Witbier-600ml.png', '269.png', 'dc8227071f1509c7ad219d2a78bab222', 271412, 1, 0, 0, NULL, 0, 1, 0, 1, NULL, '2020-12-17 14:47:26', '2020-12-17 14:47:26', 'Inherit'),
(270, 'Cerveja-Cacildis-355ml.png', 'image', 10, 'Cerveja-Cacildis-355ml.png', '270.png', '145badd25c61bb25f9ff6502a4abb8b2', 159652, 1, 0, 0, NULL, 0, 1, 0, 1, NULL, '2020-12-17 14:47:26', '2020-12-17 14:47:26', 'Inherit'),
(271, 'Mega da Virada 2020.mp4', 'video', 60, 'Mega da Virada 2020.mp4', '271.mp4', '02a42b5465c3e29e77153fd42e2fa5fd', 35717855, 1, 0, 0, NULL, 0, 1, 0, 1, NULL, '2020-12-17 14:47:26', '2020-12-17 14:47:26', 'Inherit'),
(272, 'petra 350.png', 'image', 10, 'petra 350.png', '272.png', 'bfa2a5405855acd797c5f8fce8c6e18f', 429035, 1, 0, 0, NULL, 0, 1, 0, 1, NULL, '2020-12-17 14:47:26', '2020-12-17 14:47:26', 'Inherit'),
(273, 'PRINCESA 2020 3 42 50.mp4', 'video', 30, 'PRINCESA 2020 3 42 50.mp4', '273.mp4', 'cf4a40884404349f37f9220100e68b1c', 8782803, 1, 0, 0, NULL, 0, 1, 0, 1, NULL, '2020-12-17 14:47:26', '2020-12-17 14:47:26', 'Inherit'),
(274, 'SUPERCOMPRAS LOGO', 'image', 10, 'COMPRAS LOGO HORIZONTAL.png', '274.png', '1bf96b164b03de27d75ca319bed07e2e', 327577, 1, 0, 1, 281, 0, 1, 0, 0, NULL, '2020-12-17 14:47:26', '2020-12-17 16:34:42', 'Inherit'),
(275, 'Victor & Leo - Borboletas (Ao Vivo).mp4', 'video', 365, 'Victor & Leo - Borboletas (Ao Vivo).mp4', '275.mp4', '0bed1b4f95464717ed2e7a3d6b3a9eff', 173137672, 1, 0, 0, NULL, 0, 1, 0, 1, NULL, '2020-12-17 14:47:27', '2020-12-17 14:47:27', 'Inherit'),
(276, 'Vinho-Brasileiro-Pergola-Tinto-Suave-1l.png', 'image', 10, 'Vinho-Brasileiro-Pergola-Tinto-Suave-1l.png', '276.png', 'e66c3a8f34176279ecca20ad72dcede1', 90398, 1, 0, 0, NULL, 0, 1, 0, 1, NULL, '2020-12-17 14:47:27', '2020-12-17 14:47:27', 'Inherit'),
(277, 'whisky red label 1l.png', 'image', 10, 'whisky red label 1l.png', '277.png', '22093e1b791ff3d23df9501b860e3abd', 195446, 1, 0, 0, NULL, 0, 1, 0, 1, NULL, '2020-12-17 14:47:27', '2020-12-17 14:47:27', 'Inherit'),
(278, 'tags de preço 05large.jpg', 'image', 10, 'tags de preço 05large.jpg', '278.jpg', '084af77ee52f35659824bcb60698ad21', 418444, 1, 0, 0, NULL, 0, 1, 0, 1, NULL, '2020-12-17 14:47:27', '2020-12-17 14:47:27', 'Inherit'),
(280, 'Logomarca.png', 'image', 10, 'Untitled-1.png', '280.png', '3a0f4924eeebf153c5ae84d5e4b89ecc', 187028, 1, 0, 0, NULL, 0, 1, 0, 1, NULL, '2020-12-17 16:32:42', '2020-12-17 16:32:42', 'Inherit'),
(281, 'SUPERCOMPRAS LOGO', 'image', 10, 'Untitled-1.png', '281.png', '3a0f4924eeebf153c5ae84d5e4b89ecc', 187028, 1, 0, 0, NULL, 0, 1, 0, 1, NULL, '2020-12-17 16:34:42', '2020-12-17 16:34:42', 'Inherit'),
(282, 'Bramillogo.png', 'image', 10, 'Untitled-4.png', '282.png', '3a0f4924eeebf153c5ae84d5e4b89ecc', 187028, 1, 0, 0, NULL, 0, 1, 0, 1, NULL, '2020-12-17 16:53:34', '2020-12-17 16:53:34', 'Inherit'),
(283, 'import_TABELA AÇOUGUE BOVINOS MASTER_5fdbd73679a7a', 'image', 10, 'Untitled-4.png', '283.png', '3a0f4924eeebf153c5ae84d5e4b89ecc', 187028, 1, 0, 0, NULL, 0, 1, 0, 1, NULL, '2020-12-17 19:09:58', '2020-12-17 19:09:58', 'Inherit'),
(284, 'import_TABELA AÇOUGUE BOVINOS MASTER_5fdbd7367c71a', 'image', 10, 'acougue01.jpg', '284.jpg', 'f6874be0b444770f5ed173891ce8d561', 104680, 1, 0, 0, NULL, 0, 1, 0, 1, NULL, '2020-12-17 19:09:58', '2020-12-17 19:09:58', 'Inherit'),
(286, 'JARDIM-AVES.png', 'image', 10, 'JARDIM-AVES.png', '286.png', 'd2e81693bc6f26d17d5b46f896ef9d76', 311232, 1, 0, 0, NULL, 0, 1, 0, 1, NULL, '2020-12-18 15:39:51', '2020-12-18 15:39:51', 'Inherit'),
(287, 'Copy of Bramillogo.png on 2021-01-06 10:48:09', 'image', 10, '282.png', '287.png', '3a0f4924eeebf153c5ae84d5e4b89ecc', 187028, 1, 0, 0, NULL, 0, 1, 0, 1, NULL, '2021-01-06 10:48:09', '2021-01-06 10:48:09', 'Inherit'),
(288, 'Copy of acougue01.jpg on 2021-01-06 10:48:09', 'image', 10, '262.jpg', '288.jpg', 'f6874be0b444770f5ed173891ce8d561', 104680, 1, 0, 0, NULL, 0, 1, 0, 1, NULL, '2021-01-06 10:48:09', '2021-01-06 10:48:09', 'Inherit'),
(298, 'nescau2.png', 'image', 10, 'nescau2.png', '298.png', 'f82d30a130bfb763ae5ba05ca94e462e', 252945, 1, 0, 0, NULL, 0, 1, 0, 1, NULL, '2021-01-06 20:20:38', '2021-01-06 20:20:38', 'Inherit'),
(299, 'cerveja SKOL-350ML.png', 'image', 10, 'cerveja SKOL-350ML.png', '299.png', '03952272f17d7e966b0cb838b210318b', 453999, 1, 0, 0, NULL, 0, 1, 0, 1, NULL, '2021-01-06 20:21:08', '2021-01-06 20:21:08', 'Inherit'),
(300, 'Cerveja antartica vidro 300ml.png', 'image', 10, 'Cerveja antartica vidro 300ml.png', '300.png', '311713d5f0d5190a4eb819f03fb774f4', 73682, 1, 0, 0, NULL, 0, 1, 0, 1, NULL, '2021-01-06 20:21:29', '2021-01-06 20:21:29', 'Inherit'),
(301, 'arroz polidinho.png', 'image', 10, 'arroz polidinho01.png', '301.png', '672d15de8688da186f44ef36225dc64c', 939062, 1, 0, 0, NULL, 0, 1, 0, 1, NULL, '2021-01-06 20:22:01', '2021-01-06 20:22:01', 'Inherit'),
(305, 'Cerveja-Itaipava-473ml-Lata.png', 'image', 10, 'Cerveja-Itaipava-473ml-Lata.png', '305.png', '4288cec7372a16b3b6e431dd7e8a68e6', 108553, 1, 0, 0, NULL, 0, 1, 0, 1, NULL, '2021-01-06 21:10:12', '2021-01-06 21:10:12', 'Inherit'),
(306, 'Cerveja Bohemia longneck.png', 'image', 10, 'Cerveja Bohemia longneck.png', '306.png', '6dbeb0c45df82f5e61903ea14e28b808', 110806, 1, 0, 0, NULL, 0, 1, 0, 1, NULL, '2021-01-06 21:10:12', '2021-01-06 21:10:12', 'Inherit'),
(307, 'Cerveja brhma latao 473ml.png', 'image', 10, 'Cerveja brhma latao 473ml.png', '307.png', '19a43e4799b874353cb7bcfc1358cd86', 173246, 1, 0, 0, NULL, 0, 1, 0, 1, NULL, '2021-01-06 21:10:12', '2021-01-06 21:10:12', 'Inherit'),
(311, 'Refrig coca cola 2l.png', 'image', 10, 'Refrig coca cola 2l.png', '311.png', '65c45a23c2817c2577065dae934067ac', 329522, 1, 0, 0, NULL, 0, 1, 0, 1, NULL, '2021-01-06 21:10:17', '2021-01-06 21:10:17', 'Inherit'),
(313, 'arroz polidinho01.png', 'image', 10, 'arroz polidinho01.png', '313.png', '672d15de8688da186f44ef36225dc64c', 939062, 1, 0, 0, NULL, 0, 1, 0, 1, NULL, '2021-01-06 21:48:50', '2021-01-06 21:48:50', 'Inherit'),
(314, 'bombom-garoto_1_x200-1.png', 'image', 10, 'bombom-garoto_1_x200-1.png', '314.png', '000b965a5ddcb7460cb73d32581ae07f', 82274, 1, 0, 0, NULL, 0, 1, 0, 1, NULL, '2021-01-06 21:49:43', '2021-01-06 21:49:43', 'Inherit'),
(315, 'Contra file.png', 'image', 10, 'Contra file.png', '315.png', '1cb93e6872e8168186d659181a6ec27c', 181882, 1, 0, 0, NULL, 0, 1, 0, 1, NULL, '2021-01-06 21:50:10', '2021-01-06 21:50:10', 'Inherit'),
(316, 'Cerveja-Imperio-Puro-Malte-473ml-Lata.png', 'image', 10, 'Cerveja-Imperio-Puro-Malte-473ml-Lata.png', '316.png', '582a55d40235f3ea5f74012950dcc6d3', 309626, 1, 0, 0, NULL, 0, 1, 0, 1, NULL, '2021-01-06 21:50:36', '2021-01-06 21:50:36', 'Inherit'),
(317, 'Cerveja-LoKal-473ml-Lata.png', 'image', 10, 'Cerveja-LoKal-473ml-Lata.png', '317.png', '30d2f958713c50e82ce3ad4b89a0f5c4', 163708, 1, 0, 0, NULL, 0, 1, 0, 1, NULL, '2021-01-06 21:51:00', '2021-01-06 21:51:00', 'Inherit'),
(318, 'cerveja stella-artois_550ml.png', 'image', 10, 'cerveja stella-artois_550ml.png', '318.png', '7e9adea1d0a19714d1975da440d47ca2', 185954, 1, 0, 0, NULL, 0, 1, 0, 1, NULL, '2021-01-06 21:55:59', '2021-01-06 21:55:59', 'Inherit'),
(319, 'mac.sta.amalia_500g_sem.espaguete_8.png', 'image', 10, 'mac.sta.amalia_500g_sem.espaguete_8.png', '319.png', '0de6ed4f59b562a5f27bfed7cbb2a387', 178830, 1, 0, 0, NULL, 0, 1, 0, 1, NULL, '2021-01-06 21:56:36', '2021-01-06 21:56:36', 'Inherit'),
(320, 'Sabao em po omo 800gr.png', 'image', 10, 'Omo-Lavagem-Perfeita.png', '320.png', '9823aa41d8b66318aa4f9e0c3901afff', 528393, 1, 0, 0, NULL, 0, 1, 0, 1, NULL, '2021-01-06 22:20:01', '2021-01-06 22:20:01', 'Inherit'),
(321, 'Tabelado 06.jpg', 'image', 10, 'bgtabela 01.jpg', '321.jpg', 'b575d0f2986047680879130ee5b22db3', 823522, 1, 0, 0, NULL, 0, 1, 0, 1, NULL, '2021-01-06 23:08:55', '2021-01-06 23:08:55', 'Inherit'),
(344, 'Margarina-Qualy-Com-Sal-500g.png', 'image', 10, 'Margarina-Qualy-Com-Sal-500g.png', '344.png', '69a056f9aea859ac3261b564a47cc6f0', 390568, 1, 0, 0, NULL, 0, 1, 0, 1, NULL, '2021-01-07 11:18:13', '2021-01-07 11:18:13', 'Inherit'),
(346, 'Italac_imagens_1024x1024px_export_0005s_0001_3D-LEITE-CONDENSADO-395.png', 'image', 10, 'Italac_imagens_1024x1024px_export_0005s_0001_3D-LEITE-CONDENSADO-395.png', '346.png', '8e7830f05f0a2435d4fe7e6d12d0426d', 738395, 1, 0, 0, NULL, 0, 1, 0, 1, NULL, '2021-01-27 22:30:41', '2021-01-27 22:30:41', 'Inherit'),
(347, 'Leite Ibituruna 1l.png', 'image', 10, 'Leite Ibituruna 1l.png', '347.png', '2ddd79dc2af76535a38ee850a1a63bd4', 192734, 1, 0, 0, NULL, 0, 1, 0, 1, NULL, '2021-01-27 22:34:00', '2021-01-27 22:34:00', 'Inherit'),
(349, 'Leite Condensado Moça Semi_405g.png', 'image', 10, 'Leite Condensado Moça Semi_405g.png', '349.png', '1471e62107979390b779b39168285313', 236215, 1, 0, 0, NULL, 0, 1, 0, 1, NULL, '2021-01-27 22:41:35', '2021-01-27 22:41:35', 'Inherit'),
(350, 'Refrigerantes mil.png', 'image', 10, 'Refrigerantes mil3.png', '350.png', 'e23a8440d1b37463b2c1da2c371019a5', 253989, 1, 0, 0, NULL, 0, 1, 0, 1, NULL, '2021-01-27 22:45:37', '2021-01-27 22:45:37', 'Inherit'),
(351, 'SUPER REDE VDG', 'image', 10, 'TABELA AÇOUGUE SUPER REDE JPG.jpg', '351.jpg', 'a25553e2695372ae5bac2d844f3b65dd', 155174, 1, 0, 0, NULL, 0, 1, 0, 1, NULL, '2021-03-17 13:05:20', '2021-03-17 13:05:20', 'Inherit'),
(352, 'FRIOS ', 'image', 10, 'TABELA PADARIA 17-12-2020.jpg', '352.jpg', 'b21b9bdb6751a724be5dced1767fa473', 94558, 1, 0, 0, NULL, 0, 1, 0, 1, NULL, '2021-03-17 17:28:04', '2021-03-17 17:28:04', 'Inherit'),
(353, 'Apresentação2.png', 'image', 10, 'Apresentação2.png', '353.png', 'ebce48524f1b51052559ae81569e65bf', 1402864, 1, 0, 0, NULL, 0, 1, 0, 1, NULL, '2021-03-17 17:38:41', '2021-03-17 17:38:41', 'Inherit'),
(354, 'LOGO', 'image', 10, 'unnamed  RRER.png', '354.png', 'b0c520bfc3d85d288c81fc5110b51ab9', 25927, 1, 0, 0, NULL, 0, 1, 0, 1, NULL, '2021-03-17 19:34:27', '2021-03-17 19:34:27', 'Inherit'),
(355, 'FUNDO PAINEL', 'image', 10, 'fundo-fotografico-em-tecido-textura-cinza-2-20x1-50-decoracao.jpg', '355.jpg', '0878ebf61ca7a69821a4a81647dd781b', 219610, 1, 0, 0, NULL, 0, 1, 0, 1, NULL, '2021-03-17 20:35:10', '2021-03-17 20:35:10', 'Inherit'),
(356, 'Copy of Tabelado 06.jpg on 2021-03-17 23:31:56', 'image', 10, '321.jpg', '356.jpg', 'b575d0f2986047680879130ee5b22db3', 823522, 1, 0, 0, NULL, 0, 1, 0, 1, NULL, '2021-03-17 23:31:56', '2021-03-17 23:31:56', 'Inherit'),
(359, 'LOGO 2', 'image', 10, 'LOGO SUPER REDE ALTA EFEITO.png', '359.png', '', 0, 1, 0, 0, NULL, 0, 1, 0, 1, NULL, '2021-03-18 21:16:01', '2021-08-28 22:30:05', 'Inherit'),
(400, 'Casa-de-Carnes-da-Ponte-carnes-1.png', 'image', 10, 'Casa-de-Carnes-da-Ponte-carnes-1.png', '400.png', 'bc196a00b6d5442276ca223680707936', 1139262, 1, 0, 0, NULL, 0, 1, 0, 1, NULL, '2021-03-19 23:37:52', '2021-03-19 23:37:52', 'Inherit'),
(401, '1428851268842612.png', 'image', 10, '1428851268842612.png', '401.png', '5918ddbb966dac2024f8e4f7f11c942f', 561310, 1, 0, 0, NULL, 0, 1, 0, 1, NULL, '2021-03-19 23:47:40', '2021-03-19 23:47:40', 'Inherit'),
(404, 'texturas-de-lona-amarela_74190-7299.jpg', 'image', 10, 'texturas-de-lona-amarela_74190-7299.jpg', '404.jpg', '4ef619acf2a1c027cbc65302d5770d7a', 57311, 1, 0, 0, NULL, 0, 1, 0, 1, NULL, '2021-03-22 01:31:18', '2021-03-22 01:31:18', 'Inherit'),
(405, 'IMPRESSÃO_Adesivo_TRASEIRA_Fiorino_SUPER REDE6.jpg', 'image', 10, 'IMPRESSÃO_Adesivo_TRASEIRA_Fiorino_SUPER REDE6.jpg', '405.jpg', '604cd114984f3422f0341536125add2b', 57449503, 1, 0, 0, NULL, 0, 1, 0, 2, NULL, '2021-03-22 01:56:21', '2021-03-22 01:56:21', 'Inherit'),
(406, 'FUNDO LATICINIO SUPERREDE.jpg', 'image', 10, 'FUNDO LATICINIO SUPERREDE.jpg', '406.jpg', 'd09e0b2ee006ca60860293c88f335f8f', 275843, 1, 0, 0, NULL, 0, 1, 0, 1, NULL, '2021-03-22 02:04:24', '2021-03-22 02:04:24', 'Inherit'),
(407, 'BONECO LOGO.png', 'image', 10, 'BONECO LOGO.png', '407.png', '2c096161ffaab850c45b7e93d4654223', 383762, 1, 0, 0, NULL, 0, 1, 0, 1, NULL, '2021-03-22 02:06:08', '2021-03-22 02:06:08', 'Inherit'),
(408, 'unnamed (1).png', 'image', 10, 'unnamed (1).png', '408.png', '7f8990c48a587b3e56a11a52950f3fbf', 249923, 1, 0, 0, NULL, 0, 1, 0, 1, NULL, '2021-03-22 02:18:18', '2021-03-22 02:18:18', 'Inherit'),
(409, 'BONECO PNG ', 'image', 10, 'BONECO LOGO.png', '409.png', '0a849e40d3b5d4369b2cb94e2f05876b', 343729, 1, 0, 0, NULL, 0, 1, 0, 1, NULL, '2021-03-22 02:38:02', '2021-03-22 02:38:02', 'Inherit'),
(410, 'PROMO 22/09/21', 'video', 30, 'WhatsApp Video 2021-09-22 at 16.50.43 (1).mp4', '410.mp4', 'ccdd25b4271fa313e68bf14537e71a28', 9812376, 1, 0, 0, NULL, 0, 1, 0, 1, NULL, '2021-09-22 17:19:55', '2021-09-22 17:19:55', 'Inherit'),
(411, 'AR MIDIA TECH', 'image', 10, 'WhatsApp Image 2021-09-22 at 18.02.55.jpeg', '411.jpeg', '6dea784371d8e4b8dd4692f8ae62fbad', 287335, 1, 0, 0, NULL, 0, 1, 0, 1, NULL, '2021-09-22 18:09:57', '2021-09-22 18:09:57', 'Inherit'),
(412, 'fundo-fotografico-em-tecido-textura-cinza-2-20x1-50-decoracao.jpg', 'image', 10, 'fundo-fotografico-em-tecido-textura-cinza-2-20x1-50-decoracao.jpg', '412.jpg', '0878ebf61ca7a69821a4a81647dd781b', 219610, 1, 0, 0, NULL, 0, 1, 0, 1, NULL, '2021-09-22 18:11:26', '2021-09-22 18:11:26', 'Inherit'),
(413, 'CENTRO COMERCIAL HORIZONTE DO MAR', 'video', 14, 'WhatsApp Video 2021-09-22 at 12.21.17.mp4', '413.mp4', 'ee73f4720c5c939394eae22805193289', 620676, 5, 0, 0, NULL, 0, 1, 0, 1, NULL, '2021-09-22 18:32:29', '2021-09-22 18:32:29', 'Inherit'),
(414, 'LOGO HORIZONTE DO MAR', 'image', 10, 'WhatsApp Image 2021-09-22 at 18.44.02.jpeg', '414.jpeg', '3d75c33987da9431c16625fd93b53619', 160671, 5, 0, 0, NULL, 0, 1, 0, 1, NULL, '2021-09-22 18:48:55', '2021-09-22 18:48:55', 'Inherit'),
(415, 'PROMO 23/09/21', 'video', 30, 'WhatsApp Video 2021-09-22 at 18.50.56.mp4', '415.mp4', '992cf55b62253232a4ac98d4750856f6', 9789572, 5, 0, 0, NULL, 0, 1, 0, 1, NULL, '2021-09-22 22:52:33', '2021-09-22 22:52:33', 'Inherit'),
(416, 'Horizonte do mar videos 24h', 'video', 14, 'WhatsApp Video 2021-09-22 at 12.21.17.mp4', '416.mp4', 'ee73f4720c5c939394eae22805193289', 620676, 5, 0, 0, NULL, 0, 1, 0, 1, NULL, '2021-09-22 22:56:31', '2021-09-22 22:56:31', 'Inherit'),
(417, 'AR MIDIA TECH', 'image', 10, 'WhatsApp Image 2021-09-22 at 22.58.19.jpeg', '417.jpeg', '2f217b9780ae9c642a4c223ca01273d3', 262884, 5, 0, 0, NULL, 0, 1, 0, 1, NULL, '2021-09-22 23:09:52', '2021-09-22 23:09:52', 'Inherit'),
(437, 'CODEIRO', 'image', 10, 'WhatsApp Image 2021-09-22 at 18.44.01.jpeg', '437.jpeg', 'a49fd96239b3bfd43b65804ef949f12d', 117091, 1, 0, 0, NULL, 0, 1, 0, 1, NULL, '2021-09-23 10:38:33', '2021-09-23 10:38:33', 'Inherit'),
(554, 'HORIZONTE DO MAR', 'image', 10, 'WhatsApp Image 2021-09-22 at 18.44.02.jpeg', '554.jpeg', '3d75c33987da9431c16625fd93b53619', 160671, 1, 0, 0, NULL, 0, 1, 0, 1, NULL, '2021-09-23 19:20:32', '2021-09-23 19:20:32', 'Inherit'),
(726, 'XEROX IMPRESSOES', 'image', 10, 'WhatsApp Image 2021-09-27 at 15.49.42.jpeg', '726.jpeg', '103509af7852c20723303f6c2aa0b932', 228276, 1, 0, 0, NULL, 0, 1, 0, 1, NULL, '2021-09-27 15:55:27', '2021-09-27 15:55:27', 'Inherit'),
(727, 'FAICHADA LOJA', 'image', 10, 'WhatsApp Image 2021-09-27 at 15.50.27.jpeg', '727.jpeg', 'c85548ce373e4350d85c006c84ab2c7d', 281162, 1, 0, 0, NULL, 0, 1, 0, 1, NULL, '2021-09-27 15:58:12', '2021-09-27 15:58:12', 'Inherit'),
(1150, 'ticker_31d32863b2789f1567f88ad28267b46a', 'module', 0, 'caragua-nao-recebe-vacina-desde-o-dia-13-1631786433071_v2_1920x1080.png', NULL, NULL, NULL, 1, 0, 0, NULL, 0, 0, NULL, 1, NULL, '2021-11-06 04:20:25', '2021-11-06 04:20:25', NULL),
(1284, 'ticker_736d73eedbbc0729a4034616172ca020', 'module', 0, 'concepcao-artistica-do-asteroide-2021-ph27-1629905560058_v2_1920x1080.jpg', 'ticker_736d73eedbbc0729a4034616172ca020', '43275c567c32899122a5a80f8eaed81f', 162588, 1, 0, 0, 0, 0, 1, 1637684375, 1, NULL, '2021-11-22 09:48:04', '2021-11-22 13:19:35', NULL),
(1285, 'ticker_25ef9b48933e66d4dadeeff7fce13ce7', 'module', 0, 'recem-nascido-pes-1589228277242_v2_1920x1080.jpg', 'ticker_25ef9b48933e66d4dadeeff7fce13ce7', '9319f713c80c0f57e6de3634f7d47547', 90028, 1, 0, 0, 0, 0, 1, 1637684375, 1, NULL, '2021-11-22 09:48:04', '2021-11-22 13:19:35', NULL),
(1286, 'ticker_8e67da8c77ca140eb01c7ffc8fb34f3a', 'module', 0, 'beleza-limpeza-de-pele-lavar-rosto-esfoliacao-1594159472965_v2_1920x1080.jpg', 'ticker_8e67da8c77ca140eb01c7ffc8fb34f3a', '381753c2d184e6140d734f6f39edbc60', 124702, 1, 0, 0, 0, 0, 1, 1637684375, 1, NULL, '2021-11-22 09:48:04', '2021-11-22 13:19:35', NULL),
(1287, 'ticker_72311d1932e095a02eca78ceffc50970', 'module', 0, '17mai2013---poiaeiro-de-chicomendes-nome-popular-de-especie-a-ser-descrita-da-familia-tyrannidae-1368814444414_1920x1080.jpg', 'ticker_72311d1932e095a02eca78ceffc50970', '2aea348c849ff66446006f101472bf63', 316916, 1, 0, 0, 0, 0, 1, 1637684375, 1, NULL, '2021-11-22 09:48:04', '2021-11-22 13:19:35', NULL),
(1288, 'ticker_46c43e14332a7d987c2f499ffbf4eaa6', 'module', 0, 'saude-mental-trabalho-pandemia-preocupacao-mulher-usando-mascara-no-escritorio-1635166757115_v2_1920x1080.jpg', 'ticker_46c43e14332a7d987c2f499ffbf4eaa6', 'bf51a9c05dd0d8404e9e5468c78e3908', 143172, 1, 0, 0, 0, 0, 1, 1637684375, 1, NULL, '2021-11-22 09:48:04', '2021-11-22 13:19:35', NULL),
(1289, 'ticker_a1c1bfd35b91f6e7cd62f9b2dad107f8', 'module', 0, 'doencas-cardiovasculares-1587149352956_v2_80x80.jpg', 'ticker_a1c1bfd35b91f6e7cd62f9b2dad107f8', 'a76c0be7ba95addb20513c2975992b75', 4031, 1, 0, 0, 0, 0, 1, 1637684375, 1, NULL, '2021-11-22 09:48:04', '2021-11-22 13:19:35', NULL),
(1290, 'ticker_202c80fbb01365129cf7e24f3fb8a9e8', 'module', 0, 'fiador-fora-de-moda-aluguel-sofre-queda-em-marco-e-muda-padrao-de-garantia-1620232397043_v2_1920x1080.jpg', 'ticker_202c80fbb01365129cf7e24f3fb8a9e8', 'd6540b1e7d3b0df044c1684d5efed836', 139535, 1, 0, 0, 0, 0, 1, 1637684375, 1, NULL, '2021-11-22 09:48:04', '2021-11-22 13:19:35', NULL),
(1291, 'ticker_4b7be1e4c63c1301d3dd949eb67c602d', 'module', 0, 'balas-de-arma-de-fogo-violencia-revolver-1628462898224_v2_1920x1080.jpg', 'ticker_4b7be1e4c63c1301d3dd949eb67c602d', 'ac5c1f503548893d363404567706b2b3', 135404, 1, 0, 0, 0, 0, 1, 1637684375, 1, NULL, '2021-11-22 09:48:04', '2021-11-22 13:19:35', NULL),
(1292, 'ticker_cf208520e648634a2a45ca6857c7f741', 'module', 0, 'imagem-do-eclipse-capturada-em-toledo-pr-1637331169025_v2_1920x1080.jpg', 'ticker_cf208520e648634a2a45ca6857c7f741', '7a3aad0aad568880c0d7d283ab78081f', 106368, 1, 0, 0, 0, 0, 1, 1637684375, 1, NULL, '2021-11-22 09:48:04', '2021-11-22 13:19:35', NULL),
(1293, 'ticker_a760c5ffa386fd636a5a9d7e474daa92', 'module', 0, 'fiat-toro-ranch-1636379637088_v2_1920x1080.jpg', 'ticker_a760c5ffa386fd636a5a9d7e474daa92', 'bbe5c90c2e7310ae403b807b8c443f05', 207487, 1, 0, 0, 0, 0, 1, 1637684375, 1, NULL, '2021-11-22 09:48:04', '2021-11-22 13:19:35', NULL),
(1294, 'ticker_635a742f00817e1de71a1d4be54de720', 'module', 0, 'londres-e-o-big-ben-seus-onibus-de-dois-andares-e-cabines-de-telefone-1636659122874_v2_1920x1080.jpg', 'ticker_635a742f00817e1de71a1d4be54de720', '329d67f97ba779f76a2025ff4874f58e', 325606, 1, 0, 0, 0, 0, 1, 1637684375, 1, NULL, '2021-11-22 09:48:04', '2021-11-22 13:19:35', NULL),
(1295, 'ticker_25b12592a5e5c766f6e3da2aea9ab9f1', 'module', 0, 'o-dificil-primeiro-emprego-desemprego-atinge-31-dos-jovens-do-pais-1622127825536_v2_1920x1080.jpg', 'ticker_25b12592a5e5c766f6e3da2aea9ab9f1', '5a07213d46b2ebc86fafca7ce64d73cb', 144310, 1, 0, 0, 0, 0, 1, 1637684375, 1, NULL, '2021-11-22 09:48:04', '2021-11-22 13:19:35', NULL),
(1296, 'ticker_8ec321446cbe9d153a9a9f6f3ffad05b', 'module', 0, 'na-bahia-lavouras-de-cafe-sao-irrigadas-para-suprir-a-necessidade-hidrica-das-plantas-1626289715661_v2_1920x1080.jpg', 'ticker_8ec321446cbe9d153a9a9f6f3ffad05b', 'fc3a700abf8404edf02b83a6a665bc1c', 332626, 1, 0, 0, 0, 0, 1, 1637684375, 1, NULL, '2021-11-22 09:48:04', '2021-11-22 13:19:35', NULL),
(1297, 'ticker_c237cc39f6b0a81cb42eb0c6731fa6a3', 'module', 0, 'atendimento-medico-na-uti-de-atendimento-a-pacientes-com-covid-19-no-hospital-geral-de-itapecerica-da-serra-na-grande-sao-paulo-1615423766500_v2_1920x1080.jpg', 'ticker_c237cc39f6b0a81cb42eb0c6731fa6a3', '47f0111bed50509a54fed455b708ebae', 256289, 1, 0, 0, 0, 0, 1, 1637684375, 1, NULL, '2021-11-22 09:48:04', '2021-11-22 13:19:35', NULL),
(1298, 'ticker_672336ba00fd9ddd84e4fda729ac132e', 'module', 0, 'fumante-fumo-1569327238627_v2_1920x1080.jpg', 'ticker_672336ba00fd9ddd84e4fda729ac132e', '1274d2a128fd7ca8121319429d540e7a', 116082, 1, 0, 0, 0, 0, 1, 1637684375, 1, NULL, '2021-11-22 09:48:04', '2021-11-22 13:19:35', NULL),
(1299, 'ticker_42b6dcf372659f734e4908b9affccf47', 'module', 0, 'teto-de-gruta-desabou-em-altinopolis-sp-deixando-26-pessoas-soterradas-1635766872559_v2_1920x1080.jpg', 'ticker_42b6dcf372659f734e4908b9affccf47', '3f48ce81a2f715be33c7ed97d2ea2cec', 134219, 1, 0, 0, 0, 0, 1, 1637684375, 1, NULL, '2021-11-22 09:48:04', '2021-11-22 13:19:35', NULL),
(1300, 'ticker_0c214702a1bbdee4735b6763a3c5f8b1', 'module', 0, 'dna-teste-de-dna-1545256083989_v2_1920x1080.jpg', 'ticker_0c214702a1bbdee4735b6763a3c5f8b1', '3c252216a127358d50928fdb647c3653', 123800, 1, 0, 0, 0, 0, 1, 1637684375, 1, NULL, '2021-11-22 09:48:04', '2021-11-22 13:19:35', NULL),
(1301, 'ticker_68f7dd6bce2a67f994ee2d071aa24a8a', 'module', 0, 'samsung-planeja-investir-us-116-bilhoes-em-chips-1556118628093_v2_1920x1080.jpg', 'ticker_68f7dd6bce2a67f994ee2d071aa24a8a', 'da400774278b7849c6c64f3bddcf6519', 231641, 1, 0, 0, 0, 0, 1, 1637684375, 1, NULL, '2021-11-22 09:48:04', '2021-11-22 13:19:35', NULL),
(1302, 'ticker_c7558d8c9aad2502d43763ccfc162ba2', 'module', 0, 'bebe-dormindo-1515079932715_v2_1920x1080.jpg', 'ticker_c7558d8c9aad2502d43763ccfc162ba2', '84cf5315db00fd95d02fcfcffd35f3a2', 65353, 1, 0, 0, 0, 0, 1, 1637684375, 1, NULL, '2021-11-22 09:48:04', '2021-11-22 13:19:35', NULL),
(1303, 'ticker_07069bca575793895e8d341a91c79078', 'module', 0, 'dengue-febre-amarela-mosquito-1612959329908_v2_1920x1080.jpg', 'ticker_07069bca575793895e8d341a91c79078', '57d9d1f955e43fbe47c5cb0bb2fb4395', 94069, 1, 0, 0, 0, 0, 1, 1706464088, 1, NULL, '2021-11-22 09:48:04', '2024-01-28 10:48:08', NULL),
(1315, 'concerto de celular', 'image', 10, 'placa-painel-de-led-qconserto-celularq-mpl-6618-efeito-neon-127v_7740.jpg', '1315.jpg', 'fc6ea246b3591d087f96df8050865229', 138491, 1, 0, 0, NULL, 0, 1, 0, 1, NULL, '2021-11-22 13:27:03', '2021-11-22 13:27:03', 'Inherit'),
(1316, 'ticker_11458cef2b69d10bd4942168f4063576', 'module', 0, 'bbb-boninho-e-citado-em-acao-trabalhista-coletiva-na-justica-do-rio-1643135991993_v2_1920x1080.jpg', 'ticker_11458cef2b69d10bd4942168f4063576', '5dad2532b1982824daea86c1a097d3a9', 193200, 1, 0, 0, 0, 0, 1, 1706561479, 1, NULL, '2024-01-24 21:45:43', '2024-01-28 17:51:19', NULL),
(1326, 'ticker_4cacf5af96e28502c0d688680e7cbdb2', 'module', 0, 'bbb-yasmin-brunet-se-esquece-de-comprar-acucar-e-culpa-rival-reclama-com-ele-1706120819290_v2_1920x1080.png', 'ticker_4cacf5af96e28502c0d688680e7cbdb2', 'a3ea99c311550dbc30473da480ed1995', 848932, 1, 0, 0, 0, 0, 1, 1706561479, 1, NULL, '2024-01-24 21:45:43', '2024-01-28 17:51:19', NULL),
(1333, 'ticker_1835227130ea8a5267d0510ebff39d04', 'module', 0, 'bbb-24-vinicius-em-noite-de-quinta-eliminacao-1706085532496_v2_1920x1080.jpg', 'ticker_1835227130ea8a5267d0510ebff39d04', '2a00faccc10258b20a76936be88ae4bc', 115361, 1, 0, 0, 0, 0, 1, 1706561479, 1, NULL, '2024-01-24 21:45:43', '2024-01-28 17:51:19', NULL),
(1334, 'ticker_e75e2902e1b8beee6e4c2c2700199612', 'module', 0, 'bbb-24-vanessa-lopes-tem-dr-com-nizam-1705255835331_v2_1920x1080.png', 'ticker_e75e2902e1b8beee6e4c2c2700199612', 'e51211b9ee90890c2c540f4f4261c43f', 842923, 1, 0, 0, 0, 0, 1, 1706561479, 1, NULL, '2024-01-24 21:45:43', '2024-01-28 17:51:19', NULL),
(1336, 'ticker_23a9b24f4dac8339be06c87d87058cd2', 'module', 0, 'bbb-24-rodriguinho-fala-de-suas-tatuagens-e-sister-critica-coisa-horrosa-1706128138923_v2_1920x1080.png', 'ticker_23a9b24f4dac8339be06c87d87058cd2', '315cbf109036123cac86ea3422255b4d', 740923, 1, 0, 0, 0, 0, 1, 1706561479, 1, NULL, '2024-01-25 07:19:30', '2024-01-28 17:51:19', NULL),
(1337, 'ticker_a466711a447cfd143197071b38a32905', 'module', 0, 'bbb-24-ary-fontoura-aperta-botao-no-programa-1706182743970_v2_1920x1080.jpg', 'ticker_a466711a447cfd143197071b38a32905', '0fa13f1a2815e5d91f07cdb9266dd30f', 197006, 1, 0, 0, 0, 0, 1, 1706561479, 1, NULL, '2024-01-25 10:22:07', '2024-01-28 17:51:19', NULL),
(1338, 'ticker_66e0e43e123f264e5a301149dcae9806', 'module', 0, 'beca-milano-e-formada-em-farmacia-e-bioquimica-e-apaixonada-pela-arte-de-confeitar-1587756370850_v2_1920x1080.jpg', 'ticker_66e0e43e123f264e5a301149dcae9806', '08d9c11d80483d9889e8df6357de945b', 202275, 1, 0, 0, 0, 0, 1, 1706561479, 1, NULL, '2024-01-25 15:00:05', '2024-01-28 17:51:19', NULL),
(1339, 'ticker_7b9983e08a8895c3884584b7e54312fd', 'module', 0, 'yasmin-brunet-reclamou-de-comida-da-xepa-e-diz-que-tem-sindrome-do-intestino-irritado-1705589859644_v2_1920x1080.png', 'ticker_7b9983e08a8895c3884584b7e54312fd', '6dde0a0057afd993a7a9ab41a3779923', 783934, 1, 0, 0, 0, 0, 1, 1706561479, 1, NULL, '2024-01-25 19:33:12', '2024-01-28 17:51:19', NULL),
(1340, 'ticker_7116336b7a7f2dbca7772d2e37fad7ce', 'module', 0, 'bbb-24-mc-bin-laden-seleciona-seu-vip-1706260565511_v2_1920x1080.jpg', 'ticker_7116336b7a7f2dbca7772d2e37fad7ce', '637ade91e7710f53772515e7f5d536a8', 160248, 1, 0, 0, 0, 0, 1, 1706561479, 1, NULL, '2024-01-26 07:40:22', '2024-01-28 17:51:19', NULL),
(1341, 'ticker_3aa2f446e130a41e285f4e3e631e1f51', 'module', 0, 'taylor-swift-1701475958213_v2_1920x1080.jpg', 'ticker_3aa2f446e130a41e285f4e3e631e1f51', '494e901629b18ce038034852c0d5f28f', 198328, 1, 0, 0, 0, 0, 1, 1706543104, 1, NULL, '2024-01-26 19:46:38', '2024-01-29 08:45:04', NULL),
(1342, 'ticker_428023cc9fa6a4b3b6c2b70ca08216ce', 'module', 0, 'solange-almeida-falou-sobre-xand-aviao-no-faustao-na-band-1643420144228_v2_1920x1080.jpg', 'ticker_428023cc9fa6a4b3b6c2b70ca08216ce', '891af8e6ebd57d8c85f2e6b504cb87dd', 267196, 1, 0, 0, 0, 0, 1, 1706543104, 1, NULL, '2024-01-26 19:46:38', '2024-01-29 08:45:04', NULL),
(1343, 'ticker_4ceb63ad990b4312b9021fcdf745698a', 'module', 0, 'vanessa-lopes-e-um-dos-fenomenos-do-tiktok-1662406031077_v2_1920x1080.jpg', 'ticker_4ceb63ad990b4312b9021fcdf745698a', '0fb6b277707bb2e454e0d42c00941aaa', 205885, 1, 0, 0, 0, 0, 1, 1706543104, 1, NULL, '2024-01-26 19:46:38', '2024-01-29 08:45:04', NULL),
(1344, 'ticker_970d5efd15c1f5857bf518f7c7c4af1a', 'module', 0, 'mariana-lima-e-enrique-diaz-estao-casados-ha-mais-de-20-anos-e-hoje-mantem-o-relacionamento-aberto-1706271136702_v2_1920x1080.jpg', 'ticker_970d5efd15c1f5857bf518f7c7c4af1a', '13eb10e5201a5fe4820aa8eb36d4d869', 107731, 1, 0, 0, 0, 0, 1, 1706543104, 1, NULL, '2024-01-26 19:46:38', '2024-01-29 08:45:04', NULL),
(1345, 'ticker_46d8128297ec908fb43cd8284932f3b7', 'module', 0, 'sandy-completa-40-anos-em-2023-1674843488764_v2_1920x1080.jpg', 'ticker_46d8128297ec908fb43cd8284932f3b7', 'b9f359bd112c8b1b1641025955c31088', 172449, 1, 0, 0, 0, 0, 1, 1706543104, 1, NULL, '2024-01-26 19:46:38', '2024-01-29 08:45:04', NULL),
(1346, 'ticker_838c68d8d0e0063fe88f9abb48fa9ac0', 'module', 0, '26mar2014---1395882988956_1920x1080.jpg', 'ticker_838c68d8d0e0063fe88f9abb48fa9ac0', '3e3a97439b7507f17265436c9faccd40', 687020, 1, 0, 0, 0, 0, 1, 1706543104, 1, NULL, '2024-01-26 19:46:38', '2024-01-29 08:45:04', NULL),
(1358, 'ticker_bf49da29a778dce029e5d01f5327f990', 'module', 0, 'pessoa-abre-carteira-com-dinheiro-em-especie-dentro-1668108242287_v2_1920x1080.jpg', 'ticker_bf49da29a778dce029e5d01f5327f990', '1d0717879e826345147c3b3f48ddd78a', 135881, 1, 0, 0, 0, 0, 1, 1706619034, 1, NULL, '2024-01-26 19:49:37', '2024-01-29 09:50:34', NULL),
(1359, 'ticker_b5b7b31b0d4e21ed0dedbbe6353ff324', 'module', 0, 'usina-hidreletrica-de-itaipu-binacional-em-foz-do-iguacu-pr-1576262557439_v2_1920x1080.jpg', 'ticker_b5b7b31b0d4e21ed0dedbbe6353ff324', '09ca1793a9c99b680b3cff06b0940c42', 296962, 1, 0, 0, 0, 0, 1, 1706619034, 1, NULL, '2024-01-26 19:49:37', '2024-01-29 09:50:34', NULL),
(1366, 'ticker_0c9ba361c18e712545def98c216013dc', 'module', 0, 'lula-durante-encontro-com-o-presidente-do-paraguai-santiago-pena-1695684229114_v2_1920x1080.jpg', 'ticker_0c9ba361c18e712545def98c216013dc', 'a1c53805df1d9d262e8526b2bf944846', 170544, 1, 0, 0, 0, 0, 1, 1706619034, 1, NULL, '2024-01-26 19:49:37', '2024-01-29 09:50:34', NULL),
(1367, 'ticker_4c5c18a2f76beb8fb540770f0d1e1d54', 'module', 0, 'bairro-da-mooca-sao-paulo-1706196063265_v2_1920x1080.jpg', 'ticker_4c5c18a2f76beb8fb540770f0d1e1d54', '7770ac34d2d3cdc59e2f8ab297a42458', 264955, 1, 0, 0, 0, 0, 1, 1706619034, 1, NULL, '2024-01-26 19:49:37', '2024-01-29 09:50:34', NULL),
(1368, 'ticker_22ea4d8a7385ae4695d5869c17745adb', 'module', 0, 'rua-25-de-marco-tem-varias-opcoes-de-fantasias-para-o-carnaval-1706232139329_1920x1080.jpg', 'ticker_22ea4d8a7385ae4695d5869c17745adb', 'e5aa46d9ed0aa4e03bff6ba7000910d7', 756775, 1, 0, 0, 0, 0, 1, 1706619034, 1, NULL, '2024-01-26 19:49:37', '2024-01-29 09:50:34', NULL),
(1369, 'ticker_3479790f7288eab893de60c1b9a2953e', 'module', 0, 'vista-da-hidreletrica-de-itaipu-em-foz-do-iguacu-brasil-1623181598532_v2_1920x1080.jpg', 'ticker_3479790f7288eab893de60c1b9a2953e', '15500e22bae0112f8a911527da245630', 279930, 1, 0, 0, 0, 0, 1, 1706619034, 1, NULL, '2024-01-26 19:49:37', '2024-01-29 09:50:34', NULL),
(1370, 'ticker_7123167948549080676e1ec67e2e245b', 'module', 0, 'medida-preve-trabalho-aos-domingos-e-feriados-e-repouso-semanal-de-24h-1565868670719_v2_1920x1080.jpg', 'ticker_7123167948549080676e1ec67e2e245b', '89d2a1ffeb96a6afd2f9a9edaecafa50', 144674, 1, 0, 0, 0, 0, 1, 1706619034, 1, NULL, '2024-01-26 19:49:37', '2024-01-29 09:50:34', NULL);
INSERT INTO `media` (`mediaId`, `name`, `type`, `duration`, `originalFileName`, `storedAs`, `md5`, `fileSize`, `userId`, `retired`, `isEdited`, `editedMediaId`, `moduleSystemFile`, `valid`, `expires`, `released`, `apiRef`, `createdDt`, `modifiedDt`, `enableStat`) VALUES
(1372, 'ticker_7dcede53ab1e3f9892a5c84b23c65676', 'module', 0, 'bandeira-do-mercosul-1600803941596_v2_1920x1080.jpg', 'ticker_7dcede53ab1e3f9892a5c84b23c65676', '149346cd178cad9c544b917c311f57b7', 172865, 1, 0, 0, 0, 0, 1, 1706619034, 1, NULL, '2024-01-26 19:49:37', '2024-01-29 09:50:34', NULL),
(1374, 'ticker_afc28b5df5b626f5b7f1db29dd616ae5', 'module', 0, '25jul2015---navio-cargueiro-cruza-o-canal-de-suez-no-egito-1438802333081_1920x1080.jpg', 'ticker_afc28b5df5b626f5b7f1db29dd616ae5', 'c237992d4ea1e7255af75f2a99500ed1', 653478, 1, 0, 0, 0, 0, 1, 1706619034, 1, NULL, '2024-01-26 19:49:37', '2024-01-29 09:50:34', NULL),
(1375, 'ticker_4bd702379f92bc3ae862d236b13b2a4b', 'module', 0, '12jan2023---ministro-da-fazenda-fernando-haddad-ao-lado-do-presidente-lula-durante-uma-reuniao-no-palacio-do-planalto-em-brasilia-1679081011513_v2_1920x1080.jpg', 'ticker_4bd702379f92bc3ae862d236b13b2a4b', 'e57daa8f03d36faf4c67ebfe250fd1db', 150320, 1, 0, 0, 0, 0, 1, 1706619034, 1, NULL, '2024-01-26 19:49:37', '2024-01-29 09:50:34', NULL),
(1377, 'ticker_336c5fb1ea784f7a43a89ceada42bdee', 'module', 0, 'aviao-da-gol-durante-pouso-no-aeroporto-de-congonhas-em-sao-paulo-1706226276530_v2_1920x1080.jpg', 'ticker_336c5fb1ea784f7a43a89ceada42bdee', 'b844c6027bca7cac7e0bf7c64e8d9b70', 199238, 1, 0, 0, 0, 0, 1, 1706619034, 1, NULL, '2024-01-26 19:49:37', '2024-01-29 09:50:34', NULL),
(1379, 'ticker_a464ddec9e5c131b15f88937b9bf94d6', 'module', 0, 'encomendas-da-shein-produzidas-na-china-1706262901778_v2_1920x1080.jpg', 'ticker_a464ddec9e5c131b15f88937b9bf94d6', 'd833330786c9fe66e4db1ad7fd48508b', 149946, 1, 0, 0, 0, 0, 1, 1706619034, 1, NULL, '2024-01-26 19:49:37', '2024-01-29 09:50:34', NULL),
(1381, 'ticker_66f11bb63ebfc9032089b6bc8a15db8b', 'module', 0, 'gabarito-concurso-1695076506600_v2_1920x1080.jpg', 'ticker_66f11bb63ebfc9032089b6bc8a15db8b', '2c279cab819c93d465d10ed01abb83dd', 111184, 1, 0, 0, 0, 0, 1, 1706619034, 1, NULL, '2024-01-26 19:49:37', '2024-01-29 09:50:34', NULL),
(1440, 'ticker_6a53a43f6d1d772c26c250514f94b269', 'module', 0, '123milhas-1693484323193_v2_1920x1080.jpg', 'ticker_6a53a43f6d1d772c26c250514f94b269', 'e01242af189ac1076be1b77a67962cf4', 76484, 1, 0, 0, 0, 0, 1, 1706619034, 1, NULL, '2024-01-26 21:22:51', '2024-01-29 09:50:34', NULL),
(1442, 'ticker_2aa74d5e535d28f18ffa850952d95b0d', 'module', 0, 'isabelle-1705067217433_v2_1920x1080.jpg', 'ticker_2aa74d5e535d28f18ffa850952d95b0d', 'ac11946d36858dd91b006a6c13e355a4', 84196, 1, 0, 0, 0, 0, 1, 1706561479, 1, NULL, '2024-01-26 21:26:10', '2024-01-28 17:51:19', NULL),
(1443, 'ticker_72af1705b29dc63539e3f18b0db6e9fe', 'module', 0, 'leo-do-vasco-comemora-seu-gol-contra-o-madureira-pelo-carioca-1706234955194_v2_1920x1080.jpg', 'ticker_72af1705b29dc63539e3f18b0db6e9fe', '93cd2ea489c7a9152c31f8e520f97148', 231329, 1, 0, 0, 0, 0, 1, 1706561479, 1, NULL, '2024-01-26 21:26:10', '2024-01-28 17:51:19', NULL),
(1444, 'ticker_7d0894abc4a11ad68089b96e4613f7b6', 'module', 0, 'bbb-24-deniziane-senta-no-colo-de-matteus-em-festa-1706171524746_v2_1920x1080.png', 'ticker_7d0894abc4a11ad68089b96e4613f7b6', 'e6d426c3ec031a8677389c4da27bf79c', 758549, 1, 0, 0, 0, 0, 1, 1706561479, 1, NULL, '2024-01-26 21:26:10', '2024-01-28 17:51:19', NULL),
(1445, 'ticker_fc55b485f161eae5240d683884ffb5aa', 'module', 0, 'bbb-24-fernanda-opina-sobre-sister-1705868307528_v2_1920x1080.png', 'ticker_fc55b485f161eae5240d683884ffb5aa', 'f712155df07126d1d87ac8f2812f6c72', 1000341, 1, 0, 0, 0, 0, 1, 1706561479, 1, NULL, '2024-01-26 21:26:10', '2024-01-28 17:51:19', NULL),
(1446, 'ticker_9842f3a00b82d658014d90acadc6c11a', 'module', 0, 'bbb-24-luigi-disputa-prova-do-anjo-1706288993265_v2_1920x1080.png', 'ticker_9842f3a00b82d658014d90acadc6c11a', '755dd9088d77dba850bbef0b2789cd81', 849783, 1, 0, 0, 0, 0, 1, 1706561479, 1, NULL, '2024-01-26 21:26:10', '2024-01-28 17:51:19', NULL),
(1447, 'ticker_7fb951b6f450ca92d176af0fe71024bd', 'module', 0, 'bbb-24-fernanda-cai-no-choro-e-diz-estar-isolada-1706123968623_v2_1920x1080.png', 'ticker_7fb951b6f450ca92d176af0fe71024bd', '03d378637c588252106f9bbb3b98eaf8', 856607, 1, 0, 0, 0, 0, 1, 1706561479, 1, NULL, '2024-01-26 21:26:10', '2024-01-28 17:51:19', NULL),
(1472, 'ticker_c36e41d6d81890420c33100d11b37090', 'module', 0, 'dengue-mosquito-picada-1669642027973_v2_1920x1080.jpg', 'ticker_c36e41d6d81890420c33100d11b37090', '97745d38b55a106285c09370c56e0517', 147913, 1, 0, 0, 0, 0, 1, 1706542859, 1, NULL, '2024-01-26 21:38:17', '2024-01-29 08:40:59', NULL),
(1488, 'ticker_f4b5e264da489299fb3c7fe8906837e5', 'module', 0, '281223---o-ministro-da-fazenda-fernando-haddad-durante-coletiva-de-imprensa-no-ministerio-1706037054785_v2_1920x1080.jpg', 'ticker_f4b5e264da489299fb3c7fe8906837e5', 'c6d63b49ff8eb9577490477c95f9feb0', 164969, 1, 0, 0, 0, 0, 1, 1706619034, 1, NULL, '2024-01-26 22:54:59', '2024-01-29 09:50:34', NULL),
(1495, 'ticker_16e8f1af6f8b3b824d83f20d3cc5386b', 'module', 0, 'o-narrador-esportivo-oliveira-andrade-1398466247334_1920x1080.jpg', 'ticker_16e8f1af6f8b3b824d83f20d3cc5386b', '6ea3d47eff4593cf2e1825c63e567e43', 474038, 1, 0, 0, 0, 0, 1, 1706561479, 1, NULL, '2024-01-27 06:08:15', '2024-01-28 17:51:19', NULL),
(1497, 'ticker_ffa93cb989b10222d804a68380cd34e9', 'module', 0, 'marcus-vinicius-esta-confirmado-no-bbb-24-1704488628719_v2_1920x1080.jpg', 'ticker_ffa93cb989b10222d804a68380cd34e9', '3288880f24e1b654007bcbebd41da8f8', 166453, 1, 0, 0, 0, 0, 1, 1706561479, 1, NULL, '2024-01-27 12:33:10', '2024-01-28 17:51:19', NULL),
(1498, 'ticker_0861586b05d1b060dff62f4bcf53cde0', 'module', 0, 'petrobras-reduz-precos-da-gasolina-e-do-diesel-1670345994365_v2_1920x1080.jpg', 'ticker_0861586b05d1b060dff62f4bcf53cde0', '2695dc17d215c9dca6c67df912f36f4c', 270256, 1, 0, 0, 0, 0, 1, 1706619034, 1, NULL, '2024-01-27 12:50:06', '2024-01-29 09:50:34', NULL),
(1499, 'ticker_55278e38f3bdd5fba2d0ca47f4d8cb60', 'module', 0, 'fila-de-avioes-aguardando-momento-da-decolagem-no-aeroporto-de-congonhas-em-sao-paulo-1706242119996_v2_1920x1080.jpg', 'ticker_55278e38f3bdd5fba2d0ca47f4d8cb60', '41bfdf6a84458fb63ff34b94d65442b9', 172891, 1, 0, 0, 0, 0, 1, 1706619034, 1, NULL, '2024-01-27 12:50:06', '2024-01-29 09:50:34', NULL),
(1504, 'ticker_8d0ee3aa3fd1c3688d946feb84fdbb9b', 'module', 0, 'ze-felipe-1660225464254_v2_1920x1080.jpg', 'ticker_8d0ee3aa3fd1c3688d946feb84fdbb9b', '46d1e1128957439d1a85a13f5891deac', 195132, 1, 0, 0, 0, 0, 1, 1706543104, 1, NULL, '2024-01-27 13:10:15', '2024-01-29 08:45:04', NULL),
(1505, 'ticker_c161c20bd1cdb51e1db767c764fd16ae', 'module', 0, 'regina-case-marca-presenca-no-velorio-de-ze-celso-no-teatro-oficina-1688681640471_v2_1920x1080.jpg', 'ticker_c161c20bd1cdb51e1db767c764fd16ae', 'f471be91a1179515fe3f303339683a05', 153848, 1, 0, 0, 0, 0, 1, 1706543104, 1, NULL, '2024-01-27 13:10:15', '2024-01-29 08:45:04', NULL),
(1506, 'ticker_dbb37657c22aebf733907ca133dfaca2', 'module', 0, 'drew-barrymore-aproveita-post-de-leonardo-dicaprio-e-da-cantada-no-astro-1626359607527_v2_1920x1080.jpg', 'ticker_dbb37657c22aebf733907ca133dfaca2', 'dee52115ebe669671d15bb51756be4d8', 130248, 1, 0, 0, 0, 0, 1, 1706543104, 1, NULL, '2024-01-27 13:10:15', '2024-01-29 08:45:04', NULL),
(1521, 'ticker_e11e9694a0de6e5aed57ff6c926fa970', 'module', 0, 'galvao-bueno-se-emociona-em-despedida-na-transmissao-da-final-da-copa-1671389622714_v2_1920x1080.jpg', 'ticker_e11e9694a0de6e5aed57ff6c926fa970', 'e6d7814253212e45fd787521bc9a5691', 147557, 1, 0, 0, 0, 0, 1, 1706561479, 1, NULL, '2024-01-27 19:11:12', '2024-01-28 17:51:19', NULL),
(1522, 'ticker_14cacef1d70a491245d94bdbc46f8a68', 'module', 0, 'ex-bbb-gleici-damasceno-participara-de-novo-programa-com-marcia-sensitiva-1652806104981_v2_1920x1080.jpg', 'ticker_14cacef1d70a491245d94bdbc46f8a68', '9989e76ef715f502975950ab5bd1f42e', 195255, 1, 0, 0, 0, 0, 1, 1706543104, 1, NULL, '2024-01-27 19:25:07', '2024-01-29 08:45:04', NULL),
(1523, 'ticker_9e4f5124a925a9d58e3439906a631d91', 'module', 0, 'leo-santana-em-show-no-carnatal-em-natal-rio-grande-do-norte-1702498888535_v2_1920x1080.jpg', 'ticker_9e4f5124a925a9d58e3439906a631d91', 'd85be27cb3d796ed14c7fb16d65e7ec6', 116739, 1, 0, 0, 0, 0, 1, 1706543104, 1, NULL, '2024-01-27 19:25:07', '2024-01-29 08:45:04', NULL),
(1524, 'ticker_d86d707512765cbefd5b840e8315e4e0', 'module', 0, '50-cent-durante-show-do-intervalo-do-super-bowl-56-1644844876298_v2_1920x1080.jpg', 'ticker_d86d707512765cbefd5b840e8315e4e0', '40ca6f264d57ace8b995f5e0e65fc01e', 228489, 1, 0, 0, 0, 0, 1, 1706543104, 1, NULL, '2024-01-27 19:25:07', '2024-01-29 08:45:04', NULL),
(1527, 'TESTE 2222', 'video', 18, 'WhatsApp Video 2024-01-21 at 10.21.28.mp4', '1527.mp4', '35cc8b9dd82e15bb9bfc23ad55d510be', 3895122, 1, 0, 0, NULL, 0, 1, 0, 1, NULL, '2024-01-27 21:05:58', '2024-01-27 21:05:58', 'Inherit'),
(1533, 'ticker_959562b0f804d1e7c9081ff4d6ab10e2', 'module', 0, 'duda-reis-e-du-nunes-se-casam-no-interior-de-sp-1701164573429_v2_1920x1080.jpg', 'ticker_959562b0f804d1e7c9081ff4d6ab10e2', 'ef3a1d6d1097d3bb8686ee8b12f0be40', 124641, 1, 0, 0, 0, 0, 1, 1706543104, 1, NULL, '2024-01-27 22:29:23', '2024-01-29 08:45:04', NULL),
(1534, 'ticker_61a199e7c7f8ba68a3fbb70891b8559b', 'module', 0, 'gil-do-vigor-lanca-canal-no-youtube-para-ministrar-aulas-de-matematica-visando-o-enem-1685437400617_v2_1920x1080.jpg', 'ticker_61a199e7c7f8ba68a3fbb70891b8559b', '113f9a82f8846ad4b76afb2f8f36f222', 123648, 1, 0, 0, 0, 0, 1, 1706543104, 1, NULL, '2024-01-27 22:29:23', '2024-01-29 08:45:04', NULL),
(1535, 'hls.min.js', 'module', 0, 'hls.min.js', 'hls.min.js', 'ea5586fef9a56100a9b7e60fb89c5d80', 190368, 1, 0, 0, NULL, 0, 1, 0, 1, NULL, '2024-01-27 22:38:28', '2024-01-27 22:38:28', NULL),
(1536, 'hls-1px-transparent.png', 'module', 0, 'hls-1px-transparent.png', 'hls-1px-transparent.png', '9591c410148e6883727c5339fd1c02cd', 95, 1, 0, 0, NULL, 0, 1, 0, 1, NULL, '2024-01-27 22:38:28', '2024-01-27 22:38:28', NULL),
(1538, 'ticker_7212002789d51bdc75234b0e44a1be89', 'module', 0, 'turma-amigos-grupo-jovens-1661454731246_v2_1920x1080.jpg', 'ticker_7212002789d51bdc75234b0e44a1be89', '484a518ef7e5b7d8f04b674ecce32232', 278107, 1, 0, 0, 0, 0, 1, 1706542859, 1, NULL, '2024-01-28 12:20:15', '2024-01-29 08:40:59', NULL),
(1539, 'ticker_f0ec06e4e206ff73ddc1bd88a44f4388', 'module', 0, 'piscina-coberta-com-lona-1408735272490_1920x1080.jpg', 'ticker_f0ec06e4e206ff73ddc1bd88a44f4388', '8194878fafe4d458eb44653c23c6703c', 880941, 1, 0, 0, 0, 0, 1, 1706542859, 1, NULL, '2024-01-28 12:20:15', '2024-01-29 08:40:59', NULL),
(1540, 'ticker_2074314f39a0e634075473a18b835f14', 'module', 0, 'a-mona-lisa-no-museu-do-louvre-em-paris-na-franca-1680803357904_v2_1920x1080.jpg', 'ticker_2074314f39a0e634075473a18b835f14', 'caedb76932dc3bbbcef0c2c760961b55', 151179, 1, 0, 0, 0, 0, 1, 1706637616, 1, NULL, '2024-01-28 12:20:15', '2024-01-29 15:00:16', NULL),
(1541, 'ticker_30d41021961fab887c9441d3b7c8342e', 'module', 0, 'bbb24-deniziane-e-matteus-se-beijam-1706453884716_v2_1920x1080.jpg', 'ticker_30d41021961fab887c9441d3b7c8342e', 'f09a557de1a57554a55b4de08b4ba844', 86790, 1, 0, 0, 0, 0, 1, 1706561479, 1, NULL, '2024-01-28 12:42:24', '2024-01-28 17:51:19', NULL),
(1544, 'ticker_d4041cdd8aab3ff190bc61866ba01620', 'module', 0, 'doenca-cardiovascular-doenca-cardiaca-coracao-doente-1648911809308_v2_1920x1080.jpg', 'ticker_d4041cdd8aab3ff190bc61866ba01620', '264abdad54ee106fe96d3beca6a4f318', 165806, 1, 0, 0, 0, 0, 1, 1706542859, 1, NULL, '2024-01-28 15:30:17', '2024-01-29 08:40:59', NULL),
(1545, 'ticker_be3e9dce2bf394676c9640562fd14810', 'module', 0, 'operacao-resgata-34-pessoas-de-condicoes-analogas-a-escravidao-em-fazenda-de-cafe-em-mg-acoes-como-esta-pararam-por-falta-de-verba-1691354334303_v2_1920x1080.jpg', 'ticker_be3e9dce2bf394676c9640562fd14810', 'b7a32e8ef797a77dd89d9c5aaa1387b6', 247139, 1, 0, 0, 0, 0, 1, 1706542859, 1, NULL, '2024-01-28 15:30:17', '2024-01-29 08:40:59', NULL),
(1546, 'ticker_a846e96b8110e1217cfd141bec97bda8', 'module', 0, 'elon-musk-1701370367874_v2_1920x1080.jpg', 'ticker_a846e96b8110e1217cfd141bec97bda8', 'edd5511e7952ca8522ccc5c87119c107', 184623, 1, 0, 0, 0, 0, 1, 1706542859, 1, NULL, '2024-01-28 15:30:17', '2024-01-29 08:40:59', NULL),
(1547, 'ticker_ed8836c0544f7d1ec562cd151d71c397', 'module', 0, 'suzane-von-richthofen-tj-sp-muda-sentenca-e-ela-nao-recebera-indenizacao-da-record-tv-por-sensacionalismo-1673476114548_v2_1920x1080.jpg', 'ticker_ed8836c0544f7d1ec562cd151d71c397', 'daadd97989416743f1cb38a578d3a810', 90203, 1, 0, 0, 0, 0, 1, 1706542859, 1, NULL, '2024-01-28 15:30:17', '2024-01-29 08:40:59', NULL),
(1548, 'ticker_1b585710645e8b107db04329cb6f7b4e', 'module', 0, 'praia-de-peroba-uma-das-mais-afetadas-pela-erosao-em-icapui-ce-1706455765085_v2_1920x1080.jpg', 'ticker_1b585710645e8b107db04329cb6f7b4e', '72e416a93f4e093c5b36d3f3847f4a5e', 255223, 1, 0, 0, 0, 0, 1, 1706542859, 1, NULL, '2024-01-28 15:30:17', '2024-01-29 08:40:59', NULL),
(1549, 'ticker_7d6a3328aeeede55d76cc0ce83b6ee22', 'module', 0, 'redesignacao-sexual-1538430606897_v2_1920x1080.jpg', 'ticker_7d6a3328aeeede55d76cc0ce83b6ee22', '9b6b7d837f427112404d37ecc4caa120', 444224, 1, 0, 0, 0, 0, 1, 1706542859, 1, NULL, '2024-01-28 15:30:17', '2024-01-29 08:40:59', NULL),
(1550, 'ticker_496024f876834075b58e36f29324d1f5', 'module', 0, 'renato-aragao-em-participacao-no-teleton-1699748749196_v2_1920x1080.jpg', 'ticker_496024f876834075b58e36f29324d1f5', 'e6c65ef90cb0c1ae8d3be357b90d1e00', 186944, 1, 0, 0, 0, 0, 1, 1706543104, 1, NULL, '2024-01-28 15:45:53', '2024-01-29 08:45:04', NULL),
(1551, 'ticker_d502d8973d64c9389f8ae9ae6298df99', 'module', 0, 'leci-brandao-2022-1699652654838_v2_1920x1080.jpg', 'ticker_d502d8973d64c9389f8ae9ae6298df99', '02f04bb57fe37608bef8af1396d4568c', 197903, 1, 0, 0, 0, 0, 1, 1706543104, 1, NULL, '2024-01-28 15:45:53', '2024-01-29 08:45:04', NULL),
(1555, 'ticker_3fd26750115ba80c042df48e3a31df20', 'module', 0, 'chuvas-em-sp-veja-algumas-imagens-da-recuperacao-da-rodovia-rio-santos-1677014502121_v2_1920x1080.jpg', 'ticker_3fd26750115ba80c042df48e3a31df20', 'e5e5227ebf5eeeda1b4bf71e7d2d1b0d', 568927, 1, 0, 0, 0, 0, 1, 1706542859, 1, NULL, '2024-01-28 18:34:32', '2024-01-29 08:40:59', NULL),
(1556, 'ticker_b1448695c508983558ef3cbbe3d7f859', 'module', 0, 'agente-de-apoio-a-equipe-de-fiscalizacao-na-praia-de-pitangueiras-em-guaruja-sp-1705783502476_v2_1920x1080.jpg', 'ticker_b1448695c508983558ef3cbbe3d7f859', '19ce3b01f50a29106a24907ae0fd84dc', 128356, 1, 0, 0, 0, 0, 1, 1706542859, 1, NULL, '2024-01-28 18:34:32', '2024-01-29 08:40:59', NULL),
(1557, 'ticker_28f7ac31393fa3546cc731383b45c940', 'module', 0, 'escola-de-samba-vai-vai-na-bela-vista-e-posto-de-vacinacao-de-covid-19-1627253300256_v2_1920x1080.jpg', 'ticker_28f7ac31393fa3546cc731383b45c940', '0d1a89a00d58c8226c0292071406435d', 212298, 1, 0, 0, 0, 0, 1, 1706542859, 1, NULL, '2024-01-28 18:34:32', '2024-01-29 08:40:59', NULL),
(1558, 'ticker_32385767c6e4181a8d429399a2e334e7', 'module', 0, 'dicas-noivas-1505164133835_v2_1920x1080.jpg', 'ticker_32385767c6e4181a8d429399a2e334e7', '33cb3b7cd44d22a8761daa9aef22e81f', 117778, 1, 0, 0, 0, 0, 1, 1706542859, 1, NULL, '2024-01-28 18:34:32', '2024-01-29 08:40:59', NULL),
(1561, 'ticker_59dd74654e11b93e03af0de49d10e05a', 'module', 0, 'paolla-oliveira-interpreta-a-advogada-elisa-na-comedia-papai-e-pop-filme-com-lazaro-ramos-1660140712553_v2_1920x1080.jpg', 'ticker_59dd74654e11b93e03af0de49d10e05a', '305e193c1ad7a84b58c7e9cd2153d486', 331869, 1, 0, 0, 0, 0, 1, 1706543104, 1, NULL, '2024-01-28 18:50:07', '2024-01-29 08:45:04', NULL),
(1562, 'ticker_e5a30842149009aa0a3dbdc92258a587', 'module', 0, 'workshop-sobre-empreendedorismo-e-construcao-de-redes-na-casa-sankofa-hub-da-nois-por-nois-no-grajau-periferia-da-zona-sul-de-sao-paulo-sp-1653500253907_v2_1920x1080.jpg', 'ticker_e5a30842149009aa0a3dbdc92258a587', '9e1a5b84c76bcbdc722357101dca0a4e', 219774, 1, 0, 0, 0, 0, 1, 1706619034, 1, NULL, '2024-01-28 19:49:52', '2024-01-29 09:50:34', NULL),
(1563, 'ticker_03633bca1afb8526420c32d255159626', 'module', 0, 'operacao-na-regiao-da-cracolandia-1690128539653_v2_1920x1080.png', 'ticker_03633bca1afb8526420c32d255159626', 'f43a09b6d5ce816aea670b9d5e027200', 999476, 1, 0, 0, 0, 0, 1, 1706542859, 1, NULL, '2024-01-28 23:16:41', '2024-01-29 08:40:59', NULL),
(1564, 'ticker_7b3a3a929787ab14e1c6e9ce3546df7d', 'module', 0, 'caravela-portuguesa-no-litoral-de-sao-paulo-1577994485502_v2_1920x1080.jpg', 'ticker_7b3a3a929787ab14e1c6e9ce3546df7d', 'eb03f6e091f009a3b58f37d68ae604a6', 206928, 1, 0, 0, 0, 0, 1, 1706542859, 1, NULL, '2024-01-28 23:16:41', '2024-01-29 08:40:59', NULL),
(1565, 'ticker_e99ee0573d61b3f50dc5e5ecdd3daca9', 'module', 0, '31jan2023---o-ministro-silvio-almeida-do-ministerio-dos-direitos-humanos-e-da-cidadania-durante-entrevista-1678304670395_v2_1920x1080.jpg', 'ticker_e99ee0573d61b3f50dc5e5ecdd3daca9', '782ed9dd290db34197826b40ce90afdc', 100755, 1, 0, 0, 0, 0, 1, 1706542859, 1, NULL, '2024-01-28 23:16:41', '2024-01-29 08:40:59', NULL),
(1566, 'ticker_76e9f42d590b09333e274c2aafd291f5', 'module', 0, 'hospital-geral-vila-nova-cachoeirinha-internou-16-pessoas-num-dia-com-suspeita-de-covid-19-1585962708910_v2_1920x1080.jpg', 'ticker_76e9f42d590b09333e274c2aafd291f5', '0a77c282cb28ce1a68e4174455c52ccb', 298143, 1, 0, 0, 0, 0, 1, 1706542859, 1, NULL, '2024-01-28 23:16:41', '2024-01-29 08:40:59', NULL),
(1567, 'ticker_71e979b7f5d604e80ddcb36236483c76', 'module', 0, 'morre-vania-nonnenmacher-mae-de-gisele-bundchen-1706477714872_v2_1920x1080.jpg', 'ticker_71e979b7f5d604e80ddcb36236483c76', '0d65cee4e6338b24de17372a3f9170ec', 208777, 1, 0, 0, 0, 0, 1, 1706543104, 1, NULL, '2024-01-28 23:32:17', '2024-01-29 08:45:04', NULL),
(1568, 'ticker_d4b3ca0dc1cea683e03d4e2bf853f374', 'module', 0, 'astro-da-netflix-chama-snoop-dogg-para-intimidar-namorado-da-filha-1618483861535_v2_1920x1080.jpg', 'ticker_d4b3ca0dc1cea683e03d4e2bf853f374', 'e371b282c5c1a6d56eb3caf420f7fff4', 176787, 1, 0, 0, 0, 0, 1, 1706543104, 1, NULL, '2024-01-28 23:32:17', '2024-01-29 08:45:04', NULL),
(1569, 'ticker_f3ad669097dea7562e24f6273396f904', 'module', 0, 'anya-taylor-joy--dior-1648647700915_v2_1920x1080.jpg', 'ticker_f3ad669097dea7562e24f6273396f904', 'de301a4e18349b6a0e1f0fdf7ae87e5b', 130381, 1, 0, 0, 0, 0, 1, 1706543104, 1, NULL, '2024-01-28 23:32:17', '2024-01-29 08:45:04', NULL),
(1571, 'ticker_b24bc85eb167b825144d2ba4e3e2f3e9', 'module', 0, '31jul2023--guaruja-sp--movimentacao-de-policiais-militares-na-vila-baiana-onde-suspeito-foi-morto-por-policiais-1691162805839_v2_1920x1080.jpg', 'ticker_b24bc85eb167b825144d2ba4e3e2f3e9', '01aa66d6bf9fe80948336c68211cb6ec', 310414, 1, 0, 0, 0, 0, 1, 1706542859, 1, NULL, '2024-01-29 07:08:54', '2024-01-29 08:40:59', NULL),
(1576, 'ticker_9878fcc13274014255e153b3a0524358', 'module', 0, 'reuniao-do-comite-de-politica-monetaria-do-banco-central-do-brasil-com-os-dois-novos-diretores-indicados-pelo-governo-lula-o-economista-gabriel-galipolo-e-o-servidor-do-bc-ailton-aquino-1691002457080_v2_1920x1080.jpg', 'ticker_9878fcc13274014255e153b3a0524358', 'b00da4d865649263383679cadedaf8b2', 221670, 1, 0, 0, 0, 0, 1, 1706619034, 1, NULL, '2024-01-29 08:18:25', '2024-01-29 09:50:34', NULL),
(1584, 'ticker_8eb191bbac2835436bda0ee123814bed', 'module', 0, 'chocolapis-da-pan-1706528017024_v2_1920x1080.jpg', 'ticker_8eb191bbac2835436bda0ee123814bed', '16bb26b65c9737c4c3a11caeeca665a0', 118292, 1, 0, 0, NULL, 0, 1, 1706619034, 1, NULL, '2024-01-29 09:50:34', '2024-01-29 09:50:34', NULL),
(1599, 'Proibido fumar', 'video', 20, 'PROIBIDO FUMAR.mp4', '1599.mp4', '170631d5fe398db702db8f5a83cf92db', 8888247, 4, 0, 0, NULL, 0, 1, 0, 1, NULL, '2024-01-29 15:11:07', '2024-01-29 15:11:07', 'Inherit'),
(1600, 'TODOS CONTRA A DENGUE EDITADO', 'video', 64, 'TODOS CONTRA A DENGUE EDITADO.mp4', '1600.mp4', '1123f1664148423b30f4e1057087ac32', 28161654, 4, 0, 0, NULL, 0, 1, 0, 1, NULL, '2024-01-29 15:17:00', '2024-01-29 15:17:00', 'Inherit'),
(1606, 'VID-20240131-WA0146.mp4', 'video', 30, 'VID-20240131-WA0146.mp4', '1606.mp4', '27c8c20ea4e5a6ee7335a72244505eaa', 4412337, 4, 0, 0, NULL, 0, 1, 0, 1, NULL, '2024-02-01 10:53:18', '2024-02-01 10:53:18', 'Inherit'),
(1607, 'ticker_2b8568879aa0445912c1d9c0ee276d9c', 'module', 0, 'a-ativista-climatica-greta-thunberg-observa-do-lado-de-fora-do-tribunal-de-magistrados-de-westminster-depois-de-se-declarar-inocente-de-uma-acusacao-de-ofensa-a-ordem-publica-em-londres-gra-bretanha-15-1700059063643_v2_1920x1080.jpg', NULL, NULL, NULL, 1, 0, 0, NULL, 0, 0, NULL, 1, NULL, '2024-02-01 22:32:47', '2024-02-01 22:32:47', NULL),
(1608, 'ticker_dcd52ffde9294ac27b68ac9f2fb2651d', 'module', 0, 'negocio-da-china-empresa-de-tecnologia-industria-chinesa-computador-chines-1545501656451_v2_1920x1080.jpg', NULL, NULL, NULL, 1, 0, 0, NULL, 0, 0, NULL, 1, NULL, '2024-02-01 22:32:47', '2024-02-01 22:32:47', NULL),
(1609, 'ticker_d8d8c9e62d2dda36239abb53f4d14d21', 'module', 0, 'sibora-gagani-22-uma-jovem-de-ascendencia-albanesa-e-cidadania-italiana-ficou-desaparecida-por-9-anos-1706695173732_v2_1920x1080.jpg', NULL, NULL, NULL, 1, 0, 0, NULL, 0, 0, NULL, 1, NULL, '2024-02-01 22:32:47', '2024-02-01 22:32:47', NULL),
(1610, 'ticker_f57ebc18dcdbd3141ab6c13283bc8b41', 'module', 0, 'jovem-alega-ser-madeleine-mccann-que-desapareceu-em-portugal-quando-tinha-3-anos-1676730773392_v2_1920x1080.jpg', NULL, NULL, NULL, 1, 0, 0, NULL, 0, 0, NULL, 1, NULL, '2024-02-01 22:32:47', '2024-02-01 22:32:47', NULL),
(1611, 'ticker_9dc4e06886971f523e02d77424da4f6a', 'module', 0, '13dez2013---policiais-escoltam-estudantes-apos-tiroteio-na-high-school-arapahoe-em-centennial-colorado-eua-ao-menos-um-estudante-ficou-ferido-o-atirador-que-segundo-a-policia-era-aluno-da-escola-1386974879575_1920x1080.jpg', NULL, NULL, NULL, 1, 0, 0, NULL, 0, 0, NULL, 1, NULL, '2024-02-01 22:32:47', '2024-02-01 22:32:47', NULL),
(1612, 'ticker_320ac0d4dc13925737f61300899e548f', 'module', 0, 'imran-khan-ex-primeiro-ministro-do-paquistao-1691257402751_v2_1920x1080.jpg', NULL, NULL, NULL, 1, 0, 0, NULL, 0, 0, NULL, 1, NULL, '2024-02-01 22:32:47', '2024-02-01 22:32:47', NULL),
(1613, 'ticker_afea44291a1ea73e01ded197139f69bc', 'module', 0, 'ovelhas-gravadas-por-drones-1625579134880_v2_1920x1080.jpg', NULL, NULL, NULL, 1, 0, 0, NULL, 0, 0, NULL, 1, NULL, '2024-02-01 22:32:47', '2024-02-01 22:32:47', NULL),
(1614, 'ticker_f50279ad00a2fc2e5642b0aa87dcc853', 'module', 0, 'uniao-europeia-faz-acordo-para-vetar-importacao-de-petroleo-da-russia-1653957178953_v2_1920x1080.jpg', NULL, NULL, NULL, 1, 0, 0, NULL, 0, 0, NULL, 1, NULL, '2024-02-01 22:32:47', '2024-02-01 22:32:47', NULL),
(1615, 'ticker_9f39ad4b59b74794ed41f1a52c575df2', 'module', 0, 'sede-do-tribunal-penal-internacional-com-sede-em-haia-na-holanda-1595876614042_v2_1920x1080.jpg', NULL, NULL, NULL, 1, 0, 0, NULL, 0, 0, NULL, 1, NULL, '2024-02-01 22:32:47', '2024-02-01 22:32:47', NULL),
(1616, 'ticker_349324d7887c42fefbe7743c5d596602', 'module', 0, 'papa-francisco-durante-evento-em-marselha-na-franca-1696270204775_v2_1920x1080.jpg', NULL, NULL, NULL, 1, 0, 0, NULL, 0, 0, NULL, 1, NULL, '2024-02-01 22:32:47', '2024-02-01 22:32:47', NULL),
(1617, 'ticker_99fb455a77e217db15841b4c152f979d', 'module', 0, '29jan2024---fazendeiros-franceses-bloqueiam-rodovia-com-tratores-durante-protesto-em-longvilliers-perto-de-paris-1706698112842_v2_1920x1080.jpg', NULL, NULL, NULL, 1, 0, 0, NULL, 0, 0, NULL, 1, NULL, '2024-02-01 22:32:47', '2024-02-01 22:32:47', NULL),
(1618, 'ticker_94558dd4d7102773d490785dae3392bb', 'module', 0, 'vencedora-do-eurovision-banda-ucraniana-kalush-orchestra-fara-turne-para-arrecadar-dinheiro-para-exercito-1656013975510_v2_1920x1080.jpg', NULL, NULL, NULL, 1, 0, 0, NULL, 0, 0, NULL, 1, NULL, '2024-02-01 22:32:47', '2024-02-01 22:32:47', NULL),
(1619, 'ticker_3381d4f0f6ae8fdfe5baa4a0207b7f69', 'module', 0, 'rooftop-bare-em-bangkoktailandia-1673531255819_v2_1920x1080.jpg', NULL, NULL, NULL, 1, 0, 0, NULL, 0, 0, NULL, 1, NULL, '2024-02-01 22:32:47', '2024-02-01 22:32:47', NULL),
(1620, 'ticker_25b9f8351ed70e9185366a81f57509e9', 'module', 0, 'boris-nadezhdin-apresenta-assinaturas-a-favor-de-sua-candidatura-a-comissao-eleitoral-central-em-moscou-na-russia-1706702059947_v2_1920x1080.jpg', NULL, NULL, NULL, 1, 0, 0, NULL, 0, 0, NULL, 1, NULL, '2024-02-01 22:32:47', '2024-02-01 22:32:47', NULL),
(1621, 'ticker_ac6736054a3a3026318b6e35fe23257b', 'module', 0, 'carro-abandonado-no-havai-1633710859068_v2_1920x1080.jpg', NULL, NULL, NULL, 1, 0, 0, NULL, 0, 0, NULL, 1, NULL, '2024-02-01 22:32:47', '2024-02-01 22:32:47', NULL),
(1622, 'ticker_40a4785a23b6052404eb5ead5f71f209', 'module', 0, '2set2022---foto-aerea-mostra-manifestantes-em-buenos-aires-em-ato-de-repudio-ao-ataque-contra-a-vice-presidente-da-argentina-cristina-kirchner-1662148530376_v2_1920x1080.jpg', NULL, NULL, NULL, 1, 0, 0, NULL, 0, 0, NULL, 1, NULL, '2024-02-01 22:32:47', '2024-02-01 22:32:47', NULL),
(1623, 'ticker_c4680c310cbac6215e20963bf26930ca', 'module', 0, 'lula-e-macron-em-encontro-na-cupula-do-g7-em-hiroshima-1684676147599_v2_1920x1080.jpg', NULL, NULL, NULL, 1, 0, 0, NULL, 0, 0, NULL, 1, NULL, '2024-02-01 22:32:47', '2024-02-01 22:32:47', NULL),
(1624, 'ticker_8d1261687da1c2b8680e9c0563712129', 'module', 0, 'novo-ataque-deixa-pelo-menos-4-mortos-em-donetsk-na-ucrania-1704105580672_v2_1920x1080.jpg', NULL, NULL, NULL, 1, 0, 0, NULL, 0, 0, NULL, 1, NULL, '2024-02-01 22:32:47', '2024-02-01 22:32:47', NULL),
(1625, 'ticker_86947474b2538fb23d17ef4705123ede', 'module', 0, 'linha-de-producao-do-frigorifico-sif-530-da-seara-do-grupo-jbs-em-lapa-pr-esta-e-uma-das-plantas-investigadas-na-operacao-carne-fraca-e-esta-com-a-licenca-de-exportacao-suspensa-1494531821250_1920x1080.jpg', NULL, NULL, NULL, 1, 0, 0, NULL, 0, 0, NULL, 1, NULL, '2024-02-01 22:32:47', '2024-02-01 22:32:47', NULL),
(1626, 'ticker_fd0465831b0d149737eb3356f607201d', 'module', 0, 'o-presidente-da-franca-emmanuel-macron-gesticula-ao-falar-com-o-presidente-lula-na-cupula-da-celac-1689785888100_v2_1920x1080.jpg', NULL, NULL, NULL, 1, 0, 0, NULL, 0, 0, NULL, 1, NULL, '2024-02-01 22:32:47', '2024-02-01 22:32:47', NULL),
(1627, 'Vídeos promoção 01', 'video', 30, 'VID-20240201-WA0105.mp4', '1627.mp4', '8c88a1092d8fe59e24e4d459ab36b990', 4382258, 4, 0, 0, NULL, 0, 1, 0, 1, NULL, '2024-02-05 22:56:08', '2024-02-05 22:56:08', 'Inherit'),
(1628, 'Promoção 02', 'video', 30, 'VID-20240201-WA0104.mp4', '1628.mp4', '208d2a6fcd91c9b7e4bc8dd17b01769c', 4446691, 4, 0, 0, NULL, 0, 1, 0, 1, NULL, '2024-02-05 23:01:58', '2024-02-05 23:01:58', 'Inherit'),
(1629, 'ticker_86382a0a4feb051bc26c14abafbe3ef5', 'module', 0, 'o-indiciamento-de-trump-por-manuseio-indevido-de-documentos-confidencias-obtidos-durante-seu-mandato-foi-tornado-publico-1686582649982_v2_1920x1080.jpg', 'ticker_86382a0a4feb051bc26c14abafbe3ef5', '7795a07e40feebdbddb031502c58a73b', 153018, 1, 0, 0, NULL, 0, 1, 1707355308, 1, NULL, '2024-02-06 22:21:48', '2024-02-06 22:21:48', NULL),
(1630, 'ticker_5bcc94c3c6fd3b5b17a68ff4fbe3a12b', 'module', 0, 'argentinos-fazem-fila-em-frente-ao-gabinete-da-ministra-do-capital-humano-sandra-pettovello-1707158360644_v2_1920x1080.jpg', 'ticker_5bcc94c3c6fd3b5b17a68ff4fbe3a12b', '51b1fe3778631a2bd4c27f050d45f3e3', 206554, 1, 0, 0, NULL, 0, 1, 1707355308, 1, NULL, '2024-02-06 22:21:48', '2024-02-06 22:21:48', NULL),
(1631, 'ticker_8185c36fabe89fd524927f142be8a909', 'module', 0, 'imagem-ilustrativa-mostra-como-funcionara-o-recarregamento-de-baterias-de-carros-eletricos-pela-estrada-por-inducao-1707139235793_v2_1920x1080.jpg', 'ticker_8185c36fabe89fd524927f142be8a909', 'e9a5dd2313c8c9297015b185709adb9c', 165607, 1, 0, 0, NULL, 0, 1, 1707355308, 1, NULL, '2024-02-06 22:21:48', '2024-02-06 22:21:48', NULL),
(1632, 'ticker_11169f5423f93a76a7eec8c389cdf8ad', 'module', 0, 'harry-potter---capa-da-invisibilidade-1607793787792_v2_1920x1080.png', 'ticker_11169f5423f93a76a7eec8c389cdf8ad', 'b756ee8947f6a6ec6996cea5bc0c5b60', 993178, 1, 0, 0, NULL, 0, 1, 1707355308, 1, NULL, '2024-02-06 22:21:48', '2024-02-06 22:21:48', NULL),
(1633, 'ticker_2fd253feff9d4cfd25b269aac36439c5', 'module', 0, 'uniao-europeia-1699645505622_v2_1920x1080.jpg', 'ticker_2fd253feff9d4cfd25b269aac36439c5', '8ebdf152ab2da054455e721b552600e9', 138999, 1, 0, 0, 0, 0, 1, 1707355308, 1, NULL, '2024-02-06 22:21:48', '2024-02-06 22:21:48', NULL),
(1634, 'ticker_4acc3156d5f17c9285fe2ea900883492', 'module', 0, 'os-incendios-no-chile-ja-mataram-24-pessoas-imagens-impressionam-1676066554985_v2_1920x1080.jpg', 'ticker_4acc3156d5f17c9285fe2ea900883492', 'dddd88742d3f840da50d60fdf535fdd9', 170026, 1, 0, 0, NULL, 0, 1, 1707355308, 1, NULL, '2024-02-06 22:21:48', '2024-02-06 22:21:48', NULL),
(1635, 'ticker_f72d4ba03c3fd905dc7ccb2a5376b831', 'module', 0, 'fumaca-de-incendios-florestais-no-ceu-de-vina-del-mar-no-chile-1706971832547_v2_1920x1080.jpg', 'ticker_f72d4ba03c3fd905dc7ccb2a5376b831', 'a07066395fe01e4e804987821f4df3b3', 161344, 1, 0, 0, NULL, 0, 1, 1707355308, 1, NULL, '2024-02-06 22:21:48', '2024-02-06 22:21:48', NULL),
(1636, 'ticker_cf0b3d3ea7c7f19e58bdb112b2852215', 'module', 0, 'vista-aerea-do-pentagono-1646344262653_v2_1920x1080.jpg', 'ticker_cf0b3d3ea7c7f19e58bdb112b2852215', '66d8b5a090e06e11e27f3ee41307a74a', 323769, 1, 0, 0, NULL, 0, 1, 1707355308, 1, NULL, '2024-02-06 22:21:48', '2024-02-06 22:21:48', NULL),
(1637, 'ticker_957f893d2e7f1f0e27091f0f0ef87c40', 'module', 0, 'ribadesella-na-espanha-1629725002699_v2_1920x1080.jpg', 'ticker_957f893d2e7f1f0e27091f0f0ef87c40', '3a28ebcae6b91fb681920ed4a988f40f', 214785, 1, 0, 0, NULL, 0, 1, 1707355308, 1, NULL, '2024-02-06 22:21:48', '2024-02-06 22:21:48', NULL),
(1638, 'ticker_213490ce950305c7995784bf8427f604', 'module', 0, 'brasilia-df-2-11-2023---brasileiros-repatriados-da-cisjordania-chegam-ao-brasil-na-base-aerea-de-brasilia-foto-pedro-ladeirafolhapress--1698933794445_v2_1920x1080.jpg', 'ticker_213490ce950305c7995784bf8427f604', '7c07b5ee309cdc1c7af779a327278589', 189812, 1, 0, 0, NULL, 0, 1, 1707355308, 1, NULL, '2024-02-06 22:21:48', '2024-02-06 22:21:48', NULL),
(1639, 'ticker_22a3b82348802ebe0825e02e57e0c7c6', 'module', 0, 'o-presidente-da-argentina-javier-milei-1703187173392_v2_1920x1080.jpg', 'ticker_22a3b82348802ebe0825e02e57e0c7c6', 'a44591e714691c603bdbbc14a8addfdc', 234142, 1, 0, 0, NULL, 0, 1, 1707355308, 1, NULL, '2024-02-06 22:21:48', '2024-02-06 22:21:48', NULL),
(1640, 'ticker_1523e148fb1293c7abf259b0b695f97c', 'module', 0, 'membro-do-eln-exercito-de-libertacao-nacional-grupo-rebelde-que-continua-em-atividade-na-colombia-1528312588799_v2_1920x1080.jpg', 'ticker_1523e148fb1293c7abf259b0b695f97c', 'd527201708af563a34081d311b0efc03', 233212, 1, 0, 0, NULL, 0, 1, 1707355308, 1, NULL, '2024-02-06 22:21:48', '2024-02-06 22:21:48', NULL),
(1641, 'ticker_5d5a4df00caa3edb548f5418d33f072d', 'module', 0, 'homem-usa-camiseta-que-pede-o-fim-da-mutilacao-genital-feminina-no-quenia-1581001667005_v2_1920x1080.jpg', 'ticker_5d5a4df00caa3edb548f5418d33f072d', '184c7763d426ce3f35b7f6675d941987', 214897, 1, 0, 0, NULL, 0, 1, 1707355308, 1, NULL, '2024-02-06 22:21:48', '2024-02-06 22:21:48', NULL),
(1642, 'ticker_ac58317f5d6c6d7971e11de1fca56cc9', 'module', 0, '1fev2024---foto-tirada-em-rafah-ao-sul-da-faixa-de-gaza-mostra-fumaca-subindo-de-predios-durante-bombardeio-de-israel-1706814971118_v2_1920x1080.jpg', 'ticker_ac58317f5d6c6d7971e11de1fca56cc9', '0d1e74eadef96ed1f3569af030da8750', 199988, 1, 0, 0, NULL, 0, 1, 1707355308, 1, NULL, '2024-02-06 22:21:48', '2024-02-06 22:21:48', NULL),
(1643, 'ticker_cc597616f3c0ef593ed4bd08b26fd772', 'module', 0, 'um-homem-assiste-a-uma-tela-de-televisao-mostrando-um-noticiario-com-imagens-de-arquivo-do-lider-da-coreia-do-norte-kim-jong-un-em-seul-1689983788061_v2_1920x1080.jpg', 'ticker_cc597616f3c0ef593ed4bd08b26fd772', '181887e18ab337a00e5487ee9853e656', 227378, 1, 0, 0, NULL, 0, 1, 1707355308, 1, NULL, '2024-02-06 22:21:48', '2024-02-06 22:21:48', NULL),
(1644, 'ticker_fbee6f68f914685bf67bde096bae6ab0', 'module', 0, 'maconha-na-tailandia-1695649600679_v2_1920x1080.jpg', 'ticker_fbee6f68f914685bf67bde096bae6ab0', '3449c905597f14b4ed57b2dfae5ffe77', 187574, 1, 0, 0, NULL, 0, 1, 1707355308, 1, NULL, '2024-02-06 22:21:48', '2024-02-06 22:21:48', NULL),
(1645, 'ticker_9444d0b79d268fad40ca87c47e53dc81', 'module', 0, 'spyware-1670875792609_v2_1920x1080.jpg', 'ticker_9444d0b79d268fad40ca87c47e53dc81', 'ac944f2322f946aef76000ee716b8ed2', 193248, 1, 0, 0, NULL, 0, 1, 1707355308, 1, NULL, '2024-02-06 22:21:48', '2024-02-06 22:21:48', NULL),
(1646, 'ticker_312b774b08ef5e2fcbd5b4f292d0c6c6', 'module', 0, '10nov2021---o-presidente-do-chile-sebastian-pinera-1637076094859_v2_1920x1080.jpg', 'ticker_312b774b08ef5e2fcbd5b4f292d0c6c6', '0930f30b475d7952c38f80d7f5004e95', 169008, 1, 0, 0, NULL, 0, 1, 1707355308, 1, NULL, '2024-02-06 22:21:48', '2024-02-06 22:21:48', NULL),
(1647, 'ticker_81d25b600afb409ada70bc6d641a1936', 'module', 0, '9dez2018---manha-de-domingo-9-em-paris-franca-depois-de-um-sabado-de-conflitos-entre-policiais-e-manifestantes-em-que-milhares-foram-as-ruas-pelo-movimento-dos-coletes-amarelos-1544350620138_v2_1920x1080.jpg', 'ticker_81d25b600afb409ada70bc6d641a1936', '8852ceb45422ebeffe7bad566b7f202a', 358687, 1, 0, 0, NULL, 0, 1, 1707355308, 1, NULL, '2024-02-06 22:21:48', '2024-02-06 22:21:48', NULL),
(1648, 'QUARTA DA FEIRA ', 'video', 30, 'VID-20240206-WA0102.mp4', '1648.mp4', '5a2ee2f2c6e3338f0a6a3345dcc0a59d', 4420191, 4, 0, 0, NULL, 0, 1, 0, 1, NULL, '2024-02-06 22:34:05', '2024-02-06 22:34:05', 'Inherit'),
(1649, 'QUARTA DA FEIRA 01', 'video', 30, 'VID-20240206-WA0111.mp4', '1649.mp4', 'b43a869b13e160aa1a99b91486ac6d2a', 4451350, 4, 0, 0, NULL, 0, 1, 0, 1, NULL, '2024-02-06 22:34:05', '2024-02-06 22:34:05', 'Inherit'),
(1650, '08 DA CARNE', 'video', 30, 'VID-20240207-WA0090.mp4', '1650.mp4', 'e44b3dfb94548449eed88c1a2015897a', 4432333, 4, 0, 0, NULL, 0, 1, 0, 1, NULL, '2024-02-07 22:21:13', '2024-02-07 22:21:13', 'Inherit'),
(1651, 'QUARTA DA FEIRA 20 1', 'video', 30, 'VID-20240220-WA0128.mp4', '1651.mp4', '54ed95bcc723c00774ca952792bc87f9', 4398750, 4, 0, 0, NULL, 0, 1, 0, 1, NULL, '2024-02-20 21:22:42', '2024-02-20 21:22:42', 'Inherit'),
(1652, 'QUARTA DA FEIRA 20 2', 'video', 30, 'VID-20240220-WA0129.mp4', '1652.mp4', 'aec9eceb289d74bbec7c42d9e466f1f1', 4384612, 4, 0, 0, NULL, 0, 1, 0, 1, NULL, '2024-02-20 21:23:25', '2024-02-20 21:23:25', 'Inherit'),
(1653, 'VID-20240220-WA0128.mp4', 'video', 30, 'VID-20240220-WA0128.mp4', '1653.mp4', '54ed95bcc723c00774ca952792bc87f9', 4398750, 4, 0, 0, NULL, 0, 1, 0, 1, NULL, '2024-02-20 21:38:22', '2024-02-20 21:38:22', 'Inherit'),
(1676, 'ARRIÁ SUPER REDE', 'video', 30, 'VID-20240604-WA0161.mp4', '1676.mp4', '4c8d574c1490ffd06ee970901a358157', 5705211, 4, 0, 0, NULL, 0, 1, 0, 1, NULL, '2024-06-04 21:42:58', '2024-06-04 21:42:58', 'Inherit'),
(1677, 'DE OLHO NA VALIDADE', 'video', 22, 'VID-20240605-WA0072.mp4', '1677.mp4', '4f240a86022f176430f2582193c7cf2f', 12335607, 4, 0, 0, NULL, 0, 1, 0, 1, NULL, '2024-06-05 22:20:20', '2024-06-05 22:20:20', 'Inherit'),
(1678, 'VID-20240605-WA0072.mp4', 'video', 22, 'VID-20240605-WA0072.mp4', '1678.mp4', '4f240a86022f176430f2582193c7cf2f', 12335607, 4, 0, 0, NULL, 0, 1, 0, 1, NULL, '2024-06-05 22:25:46', '2024-06-05 22:25:46', 'Inherit'),
(1679, 'divulgue aqui', 'video', 21, 'ANUNCIE_AQUI_14062024121520_MPEG-4__720p_.mp4', '1679.mp4', 'c1f7f2a010bbc2f538b389ee68e15fc4', 1079131, 4, 0, 1, 1700, 0, 1, 0, 1, NULL, '2024-07-09 22:14:18', '2024-07-10 12:23:18', 'Inherit'),
(1680, 'ticker_9c89b0145204cbc8d99361e29c1cc030', 'module', 0, 'meredith-grey-na-15-temporada-de-greys-anatomy-1536628590983_v2_1920x1080.jpg', 'ticker_9c89b0145204cbc8d99361e29c1cc030', '83e346f27de707e73451ef395c9cb914', 85765, 1, 0, 0, 0, 0, 1, 1720660828, 1, NULL, '2024-07-09 22:19:43', '2024-07-09 22:20:28', NULL),
(1681, 'ticker_0e965c63b0fe0f2ebe73252216a4223b', 'module', 0, 'matheus-nachtergaele-em-renascer-2024-1705004452985_v2_1920x1080.jpg', 'ticker_0e965c63b0fe0f2ebe73252216a4223b', 'f8821a65f4867e45770dadce579df45a', 236008, 1, 0, 0, 0, 0, 1, 1720660828, 1, NULL, '2024-07-09 22:19:43', '2024-07-09 22:20:28', NULL),
(1682, 'ticker_af38fc2273497dc41e2358fa39cd94ca', 'module', 0, 'o-maestro-joao-carlos-martins-1668563884530_v2_1920x1080.jpg', 'ticker_af38fc2273497dc41e2358fa39cd94ca', '5dbfebc3d31b5408e0420285253a7087', 92114, 1, 0, 0, 0, 0, 1, 1720660828, 1, NULL, '2024-07-09 22:19:43', '2024-07-09 22:20:28', NULL),
(1683, 'ticker_5af544dd6b905ba876063fce14bb72f1', 'module', 0, 'cantor-italiano-pino-dangio-morre-aos-71-anos-1720439767293_v2_1920x1080.jpg', 'ticker_5af544dd6b905ba876063fce14bb72f1', '210113cdbabbefa014ef5eddf4cf8d29', 129608, 1, 0, 0, 0, 0, 1, 1720660828, 1, NULL, '2024-07-09 22:19:43', '2024-07-09 22:20:28', NULL),
(1684, 'ticker_734ba132f21f3528b0dc0c0f3024b509', 'module', 0, 'carne-churrasco-grelha-fogo-1716402967758_v2_1920x1080.jpg', 'ticker_734ba132f21f3528b0dc0c0f3024b509', '91d85e6bd81cfc5dcd0bb57e02a84073', 291279, 1, 0, 0, 0, 0, 1, 1720660828, 1, NULL, '2024-07-09 22:19:43', '2024-07-09 22:20:28', NULL),
(1685, 'ticker_5cd88c99e26ceb11dd6ca96d6b53c3fb', 'module', 0, 'cena-do-filme-meia-noite-em-paris-1720443758063_v2_1920x1080.jpg', 'ticker_5cd88c99e26ceb11dd6ca96d6b53c3fb', '4b15d78551deddf98879cdb3062454d4', 166334, 1, 0, 0, 0, 0, 1, 1720660828, 1, NULL, '2024-07-09 22:19:43', '2024-07-09 22:20:28', NULL),
(1686, 'ticker_652f4c0d8bab09c553f813834b77010c', 'module', 0, 'thaide-participa-do-desculpa-alguma-coisa-1719922365942_v2_1920x1080.jpg', 'ticker_652f4c0d8bab09c553f813834b77010c', 'f6f16e8557ebdf5b01350b3d57258fc0', 222218, 1, 0, 0, 0, 0, 1, 1720660828, 1, NULL, '2024-07-09 22:19:43', '2024-07-09 22:20:28', NULL),
(1687, 'ticker_900e2042cb26dea4881b3f324e27bbb6', 'module', 0, 'bianca-andrade-boca-rosa-1580501625891_v2_1920x1080.jpg', 'ticker_900e2042cb26dea4881b3f324e27bbb6', '7f2cfdc3f0cd95d246a6f63e16773090', 178740, 1, 0, 0, 0, 0, 1, 1720660828, 1, NULL, '2024-07-09 22:19:43', '2024-07-09 22:20:28', NULL),
(1688, 'ticker_e59a9a2f139694e3eeaa7f2e52ef3159', 'module', 0, 'as-irmas-simone-e-simaria-durante-show-em-goiania-1720467754398_v2_1920x1080.jpg', 'ticker_e59a9a2f139694e3eeaa7f2e52ef3159', 'ea3dc565bf6929c86efc262147e9ea73', 117785, 1, 0, 0, 0, 0, 1, 1720660828, 1, NULL, '2024-07-09 22:19:43', '2024-07-09 22:20:28', NULL),
(1689, 'ticker_05c8668339c219b8dd6591d2e15f8b56', 'module', 0, 'a-nova-personagem-do-filme-da-pixar-divertida-mente-2-ansiedade-1699624103375_v2_1920x1080.jpg', 'ticker_05c8668339c219b8dd6591d2e15f8b56', 'd91796a91c9cf219f7967262b37a731c', 231009, 1, 0, 0, 0, 0, 1, 1720660828, 1, NULL, '2024-07-09 22:19:43', '2024-07-09 22:20:28', NULL),
(1690, 'ticker_0e9904bd224730c58f12487f907e1b9c', 'module', 0, 'meu-malvado-favorito-3-2017-de-kyle-balda-e-pierre-coffin--1482499703533_v2_1920x1080.jpg', 'ticker_0e9904bd224730c58f12487f907e1b9c', 'd884824d91bd51cfb7bf7414faa8b04c', 118070, 1, 0, 0, 0, 0, 1, 1720660828, 1, NULL, '2024-07-09 22:19:43', '2024-07-09 22:20:28', NULL),
(1691, 'ticker_21c55003b0516a940d197ca46f28bde3', 'module', 0, 'logo-da-netflix-1599517870711_v2_1920x1080.jpg', 'ticker_21c55003b0516a940d197ca46f28bde3', '8033864d370997e5990250ba1d47b1de', 102279, 1, 0, 0, 0, 0, 1, 1720660828, 1, NULL, '2024-07-09 22:19:43', '2024-07-09 22:20:28', NULL),
(1692, 'ticker_c59c8c4976ce7e0580544896db81f62c', 'module', 0, 'aeroporto-internacional-de-brasilia-1720515916896_v2_1920x1080.jpg', 'ticker_c59c8c4976ce7e0580544896db81f62c', 'd14d2a86ddab04b61a6e6236f1ef64e1', 274749, 1, 0, 0, 0, 0, 1, 1720660828, 1, NULL, '2024-07-09 22:19:43', '2024-07-09 22:20:28', NULL),
(1693, 'ticker_9e27d0870afc1175d4e1f8c81d6a7962', 'module', 0, 'bombeiros-do-rio-de-janeiro-1720522058017_v2_1920x1080.jpg', 'ticker_9e27d0870afc1175d4e1f8c81d6a7962', '2487a8d9858543a2f4afece7d3ec2923', 164585, 1, 0, 0, 0, 0, 1, 1720660828, 1, NULL, '2024-07-09 22:19:43', '2024-07-09 22:20:28', NULL),
(1694, 'ticker_9d71761a12d07176c6e0dd9650eac279', 'module', 0, 'poster-de-emmanuelle-remake-do-classico-erotico-1720470056665_v2_1920x1080.jpg', 'ticker_9d71761a12d07176c6e0dd9650eac279', '1b4e83929149780600b8b5cf4ab2f519', 63854, 1, 0, 0, 0, 0, 1, 1720660828, 1, NULL, '2024-07-09 22:19:43', '2024-07-09 22:20:28', NULL),
(1695, 'ticker_d88d7e0c3de99192ae65e3af935219e0', 'module', 0, 'gladiador-2-1705496013151_v2_1920x1080.jpg', 'ticker_d88d7e0c3de99192ae65e3af935219e0', 'a3e879f2d6f0797cad26e871903d14cc', 280702, 1, 0, 0, 0, 0, 1, 1720660828, 1, NULL, '2024-07-09 22:19:43', '2024-07-09 22:20:28', NULL),
(1696, 'ticker_fb986e497ed73a63506ccc6a807346c0', 'module', 0, 'vladimir-brichta-e-juliana-paes-vivem-casal-na-serie-pedaco-de-mim-1719502151441_v2_1920x1080.jpg', 'ticker_fb986e497ed73a63506ccc6a807346c0', 'cc43da6345dc4a1b85495042ccd23d5a', 155339, 1, 0, 0, 0, 0, 1, 1720660828, 1, NULL, '2024-07-09 22:19:43', '2024-07-09 22:20:28', NULL),
(1697, 'ticker_1835acb1bada921fea9bf352a733ff88', 'module', 0, 'kenan-e-kel-dupla-de-djs-campineira-que-faz-sucesso-tocando-o-mandelao-agressivo-de-sp-1720201836731_v2_1920x1080.jpg', 'ticker_1835acb1bada921fea9bf352a733ff88', '9f5dc01c3e37ff69e73f2683276a20fa', 96525, 1, 0, 0, 0, 0, 1, 1720660828, 1, NULL, '2024-07-09 22:19:43', '2024-07-09 22:20:28', NULL),
(1698, 'ticker_7581d48901fb956fe83b3dbf0d560f64', 'module', 0, 'divertida-mente-2-2024-e-o-curta-metragem-cerebro-dividido-2012-1719599394660_v2_1920x1080.jpg', 'ticker_7581d48901fb956fe83b3dbf0d560f64', 'ad250f90e5a9cf595f85066e37cedae6', 207574, 1, 0, 0, 0, 0, 1, 1720660828, 1, NULL, '2024-07-09 22:19:43', '2024-07-09 22:20:28', NULL),
(1699, 'ticker_a6157fa278fa3a45d04793789f907912', 'module', 0, 'dj-caverna-tinha-44-anos-e-deixou-um-filho-1720429079477_v2_1920x1080.jpg', 'ticker_a6157fa278fa3a45d04793789f907912', 'd341756b48da80dc2359cbaa44ae9cd7', 111142, 1, 0, 0, 0, 0, 1, 1720660828, 1, NULL, '2024-07-09 22:19:43', '2024-07-09 22:20:28', NULL),
(1700, 'TV INTERNA 01', 'video', 21, 'PAINEL FRENTE DE LOJA, DIVULGAÇÃO 01.mp4', '1700.mp4', '0187b933509d6f9c7ea5b54faf646f0e', 18806339, 4, 0, 0, NULL, 0, 1, 0, 1, NULL, '2024-07-10 12:23:18', '2024-07-10 12:23:18', 'Inherit'),
(1701, 'ticker_56c496ff879cf397b7d782999cdbdeac', 'module', 0, 'philippe-coutinho-meia-do-aston-villa-e-alvo-do-corinthians-1673272925797_v2_1920x1080.jpg', 'ticker_56c496ff879cf397b7d782999cdbdeac', '63605282c3100eb0667f782c64b339ef', 158673, 1, 0, 0, 0, 0, 1, 1720747328, 1, NULL, '2024-07-10 12:36:19', '2024-07-10 22:22:08', NULL),
(1710, 'ticker_39a0e420bd8ed1039692740c1f56f84a', 'module', 0, 'comite-olimpico-russo-1576777480941_v2_1920x1080.jpg', 'ticker_39a0e420bd8ed1039692740c1f56f84a', '9fd90da1b6898e7e61ad67b2ceb87cd6', 155660, 1, 0, 0, 0, 0, 1, 1720747328, 1, NULL, '2024-07-10 12:36:19', '2024-07-10 22:22:08', NULL),
(1711, 'ticker_1bb8e64a5315e07eb572fec768c9ec9b', 'module', 0, 'djokovic-passa-por-rune-e-faz-quartas-de-slam-pela-60-vez-1720470302054_v2_1920x1080.jpg', 'ticker_1bb8e64a5315e07eb572fec768c9ec9b', 'da684b42d9ce49b9f9cc76eeb0ece036', 129726, 1, 0, 0, 0, 0, 1, 1720747328, 1, NULL, '2024-07-10 12:36:19', '2024-07-10 22:22:08', NULL),
(1712, 'ticker_82d4933e07659001aecce1651755cad7', 'module', 0, 'mbappe-se-lamenta-durante-espanha-x-franca-jogo-da-eurocopa-1720553314519_v2_1920x1080.jpg', 'ticker_82d4933e07659001aecce1651755cad7', '8bcef72406c89c9dc28310d699afa33f', 221784, 1, 0, 0, 0, 0, 1, 1720747328, 1, NULL, '2024-07-10 12:36:19', '2024-07-10 22:22:08', NULL),
(1713, 'ticker_f8ad998d4e40ed723bf620ce9165de91', 'module', 0, 'lionel-messi-e-enzo-fernandez-comemoram-gol-da-argentina-sobre-o-canada-em-duelo-da-copa-america-1720574218092_v2_1920x1080.jpg', 'ticker_f8ad998d4e40ed723bf620ce9165de91', '5141323396769a364f49e893299db91c', 141803, 1, 0, 0, 0, 0, 1, 1720747328, 1, NULL, '2024-07-10 12:36:19', '2024-07-10 22:22:08', NULL),
(1714, 'ticker_a4245af9f640d7aa2ad4a5bcea6123bd', 'module', 0, 'dorival-junior-tecnico-do-brasil-durante-jogo-contra-o-uruguai-1720316197888_v2_1920x1080.jpg', 'ticker_a4245af9f640d7aa2ad4a5bcea6123bd', '63af705fa7980a7d59dcd013e10f76fc', 220921, 1, 0, 0, 0, 0, 1, 1720747328, 1, NULL, '2024-07-10 12:36:19', '2024-07-10 22:22:08', NULL),
(1715, 'ticker_c57a358916cb7a5b47b0458778675bad', 'module', 0, 'robson-conceicao-e-o-primeiro-brasileiro-campeao-olimpico-no-boxe-1471388040139_v2_1920x1080.jpg', 'ticker_c57a358916cb7a5b47b0458778675bad', '4fc75fb5ea09cc61b18df508e07f816f', 147645, 1, 0, 0, 0, 0, 1, 1720747328, 1, NULL, '2024-07-10 12:36:19', '2024-07-10 22:22:08', NULL),
(1716, 'ticker_bdb27f4762bc2eebf94abc4cbe11d601', 'module', 0, 'rebeca-andrade-e-ouro-no-salto-1627811528060_v2_1920x1080.jpg', 'ticker_bdb27f4762bc2eebf94abc4cbe11d601', '39c28dd49136def29bee929991ab62dd', 76809, 1, 0, 0, 0, 0, 1, 1720747328, 1, NULL, '2024-07-10 12:36:19', '2024-07-10 22:22:08', NULL),
(1717, 'ticker_d5a17c83df9844b88f8178dc4afa65d5', 'module', 0, 'lamine-yamal-durante-espanha-x-geogia-na-eurocopa-1719781531001_v2_1920x1080.jpg', 'ticker_d5a17c83df9844b88f8178dc4afa65d5', 'd347f5fe271662b8fc2aae6c7a9861ef', 218768, 1, 0, 0, 0, 0, 1, 1720747328, 1, NULL, '2024-07-10 12:36:19', '2024-07-10 22:22:08', NULL),
(1718, 'ticker_2ba78314ed099266e448e0291217e0d5', 'module', 0, 'aneis-olimpicos-em-frente-a-torre-eiffel-em-paris-1700757730092_v2_1920x1080.jpg', 'ticker_2ba78314ed099266e448e0291217e0d5', '9d921894293349c97e24c1e7c807466f', 144131, 1, 0, 0, 0, 0, 1, 1720747328, 1, NULL, '2024-07-10 12:36:19', '2024-07-10 22:22:08', NULL),
(1719, 'ticker_434516baf545734de09a8b696f1c8f98', 'module', 0, 'sheilla-castro-jogadora-de-volei-1553736733959_v2_1920x1080.jpg', 'ticker_434516baf545734de09a8b696f1c8f98', 'af60e26603ec6da6d9cb976158c5fec6', 136693, 1, 0, 0, 0, 0, 1, 1720747328, 1, NULL, '2024-07-10 12:36:19', '2024-07-10 22:22:08', NULL),
(1721, 'ticker_75aa552dd3c668ece29f99fc0b36a815', 'module', 0, 'lucas-piton-comemora-gol-marcado-pelo-vasco-em-jogo-contra-o-corinthians-pelo-brasileirao-1720655390122_v2_1920x1080.jpg', 'ticker_75aa552dd3c668ece29f99fc0b36a815', '193f6666e58b2636dc4a66ce046336a2', 151720, 1, 0, 0, 0, 0, 1, 1720747328, 1, NULL, '2024-07-10 22:10:49', '2024-07-10 22:22:08', NULL),
(1722, 'ticker_924ce5aca560405f5c018c97ee3e9a96', 'module', 0, 'gilberto-comemora-gol-do-juventude-sobre-o-inter-em-jogo-da-copa-do-brasil-1720655996243_v2_1920x1080.jpg', 'ticker_924ce5aca560405f5c018c97ee3e9a96', 'fd12f5e1529d89b603b8c0be47a8df81', 317518, 1, 0, 0, 0, 0, 1, 1720747328, 1, NULL, '2024-07-10 22:10:49', '2024-07-10 22:22:08', NULL),
(1723, 'ticker_e44efb75624248d7661e0ee43d073d27', 'module', 0, '19jul2015---grande-area-e-o-primeiro-local-de-visita-do-museu-este-espaco-e-destinado-ao-colecionismo-e-a-paixao-do-torcedor-disse-o-coordenador-do-centro-de-referencia-do-futebol-brasileiro-1437157966923_1920x1080.jpg', 'ticker_e44efb75624248d7661e0ee43d073d27', '2ff2937e927ca417bfb008ac20548cf4', 699999, 1, 0, 0, 0, 0, 1, 1720747328, 1, NULL, '2024-07-10 22:10:49', '2024-07-10 22:22:08', NULL),
(1724, 'ticker_8bd1abfe20528feda5ca12dcb22b9844', 'module', 0, 'rebeca-andrade-1720034022987_v2_1920x1080.png', 'ticker_8bd1abfe20528feda5ca12dcb22b9844', '91400dbcf5071e4a81697e61ebba8f60', 402250, 1, 0, 0, 0, 0, 1, 1720747328, 1, NULL, '2024-07-10 22:10:49', '2024-07-10 22:22:08', NULL),
(1725, 'ticker_72e7d0e9df10180462b73b32ba2f8871', 'module', 0, 'kylian-mbappe-durante-amistoso-da-selecao-francesa-1718637874133_v2_1920x1080.jpg', 'ticker_72e7d0e9df10180462b73b32ba2f8871', 'e78231b19650d1da8c3560d9630f32e3', 166343, 1, 0, 0, 0, 0, 1, 1720747328, 1, NULL, '2024-07-10 22:10:49', '2024-07-10 22:22:08', NULL),
(1726, 'ticker_35c0bd1f064d674dff3db51e46b44ed9', 'module', 0, 'bellingham-e-kane-comemora-gol-marcado-pela-inglaterra-contra-a-holanda-na-eurocopa-1720641918210_v2_1920x1080.jpg', 'ticker_35c0bd1f064d674dff3db51e46b44ed9', '57626088dae803b3874688945ab3f545', 193497, 1, 0, 0, 0, 0, 1, 1720747328, 1, NULL, '2024-07-10 22:10:49', '2024-07-10 22:22:08', NULL),
(1727, 'ticker_adea6bef69023045457af4c76a39fa83', 'module', 0, 'arthur-gomes-celebra-gol-do-cruzeiro-sobre-o-gremio-em-duelo-do-campeonato-brasileiro-1720650670467_v2_1920x1080.jpg', 'ticker_adea6bef69023045457af4c76a39fa83', '267a5746fcbbaa2384b535debc0a2976', 229700, 1, 0, 0, 0, 0, 1, 1720747328, 1, NULL, '2024-07-10 22:10:49', '2024-07-10 22:22:08', NULL),
(1728, 'ticker_f4b4101d6899c22bd58621ec060f4cae', 'module', 0, 'jean-lucas-do-bahia-celebra-gol-marcado-sobre-o-athletico-em-duelo-do-campeonato-brasileiro-1720651602132_v2_1920x1080.jpg', 'ticker_f4b4101d6899c22bd58621ec060f4cae', '278271b9a681df88e71a37ade354fbc2', 199927, 1, 0, 0, 0, 0, 1, 1720747328, 1, NULL, '2024-07-10 22:10:49', '2024-07-10 22:22:08', NULL),
(1729, 'QUINTA DA CARNE 11', 'video', 30, 'VID-20240710-WA0107.mp4', '1729.mp4', '651262ea1b0b9680599d35950154a519', 5724174, 4, 0, 0, NULL, 0, 1, 0, 1, NULL, '2024-07-10 22:21:03', '2024-07-10 22:21:03', 'Inherit'),
(1730, 'ticker_1685227f08166d1ecb4e3c378771cd24', 'module', 0, 'ministerio-da-saude-afirmou-que-enviou-novas-doses-de-vacina-contra-covid-19-para-criancas-1673991736082_v2_1920x1080.jpg', 'ticker_1685227f08166d1ecb4e3c378771cd24', '808a7ec2bb1b401645d53cdfc76e786a', 94706, 1, 0, 0, NULL, 0, 1, 1720831943, 1, NULL, '2024-07-11 21:52:23', '2024-07-11 21:52:23', NULL),
(1731, 'ticker_e2d93bd7b1897d501403bcd4ca94e6f8', 'module', 0, 'manicure-fazendo-a-unha-cortando-cuticula-1513354185703_v2_1920x1080.jpg', 'ticker_e2d93bd7b1897d501403bcd4ca94e6f8', '3e1f88d131dc6bfeca6102dcf4d54d2d', 309409, 1, 0, 0, NULL, 0, 1, 1720831943, 1, NULL, '2024-07-11 21:52:23', '2024-07-11 21:52:23', NULL),
(1732, 'ticker_b958b1735d8086c8e43e33b0a0a88d44', 'module', 0, 'idoso-andando-devagar-passo-lento-1644409476326_v2_1920x1080.jpg', 'ticker_b958b1735d8086c8e43e33b0a0a88d44', '41ba1d4dcde46c4fab52d478e95b8171', 154992, 1, 0, 0, NULL, 0, 1, 1720831943, 1, NULL, '2024-07-11 21:52:23', '2024-07-11 21:52:23', NULL),
(1733, 'ticker_baed9953ce0beccd53721ab24e09d0f9', 'module', 0, 'criancas-desenham-criatividade-infantil-1712958680308_v2_1920x1080.jpg', 'ticker_baed9953ce0beccd53721ab24e09d0f9', 'd61d1a5b7a3598334ed950a2ce0b8edd', 244561, 1, 0, 0, NULL, 0, 1, 1720831943, 1, NULL, '2024-07-11 21:52:23', '2024-07-11 21:52:23', NULL);
INSERT INTO `media` (`mediaId`, `name`, `type`, `duration`, `originalFileName`, `storedAs`, `md5`, `fileSize`, `userId`, `retired`, `isEdited`, `editedMediaId`, `moduleSystemFile`, `valid`, `expires`, `released`, `apiRef`, `createdDt`, `modifiedDt`, `enableStat`) VALUES
(1734, 'ticker_a61e84fc48b8c3190eefc7d0e5df7b80', 'module', 0, 'mulher-de-cabelo-branco-cabelo-grisalho-envelhecimento-1688991110245_v2_1920x1080.jpg', 'ticker_a61e84fc48b8c3190eefc7d0e5df7b80', 'ee7858d86104ce6897e5f5256d77106c', 205565, 1, 0, 0, NULL, 0, 1, 1720831943, 1, NULL, '2024-07-11 21:52:23', '2024-07-11 21:52:23', NULL),
(1735, 'ticker_78104fbe282ec29232ab332e007eecc5', 'module', 0, 'a-eletroencefalografia-consegue-dizer-se-o-paciente-tem-um-padrao-de-sono-normal-1512588338187_v2_1920x1080.jpg', 'ticker_78104fbe282ec29232ab332e007eecc5', '55ecac23c75be71325ea5e73c304524c', 165090, 1, 0, 0, NULL, 0, 1, 1720831943, 1, NULL, '2024-07-11 21:52:23', '2024-07-11 21:52:23', NULL),
(1736, 'ticker_944f98d61a9996304560baa3f12f2dfd', 'module', 0, 'mulher-gravida-gravidez-1718734750976_v2_1920x1080.jpg', 'ticker_944f98d61a9996304560baa3f12f2dfd', 'f8245867a4380f434a4bbc77cf42da61', 245271, 1, 0, 0, NULL, 0, 1, 1720831943, 1, NULL, '2024-07-11 21:52:23', '2024-07-11 21:52:23', NULL),
(1737, 'ticker_88643e7de4ca10bf2e6b7b815bdb27bc', 'module', 0, 'paciente-vai-receber-r-5-mil-por-danos-morais-apos-medicos-denunciarem-suspeita-de-aborto-investigacao-apontou-aborto-espontaneo-1567018834889_v2_1920x1080.jpg', 'ticker_88643e7de4ca10bf2e6b7b815bdb27bc', 'c9bce9915b1621a60eb874188cf024e8', 145690, 1, 0, 0, NULL, 0, 1, 1720831943, 1, NULL, '2024-07-11 21:52:23', '2024-07-11 21:52:23', NULL),
(1738, 'ticker_b9e49efacbfa65a9ee66cda7667fd54c', 'module', 0, 'pimenta-jalapeno-1611792133438_v2_1920x1080.jpg', 'ticker_b9e49efacbfa65a9ee66cda7667fd54c', '3cf548c767465eac95d38d05ec594475', 141955, 1, 0, 0, NULL, 0, 1, 1720831943, 1, NULL, '2024-07-11 21:52:23', '2024-07-11 21:52:23', NULL),
(1739, 'ticker_42bace8d4f59eec6c0ad71d3f0aff3f4', 'module', 0, 'longevidade-idoso-idosa-velhice-habitos-casal-de-idosos-sorrindo-1643311658124_v2_1920x1080.jpg', 'ticker_42bace8d4f59eec6c0ad71d3f0aff3f4', '78053b599db5854216f188c7acaab721', 236714, 1, 0, 0, NULL, 0, 1, 1720831943, 1, NULL, '2024-07-11 21:52:23', '2024-07-11 21:52:23', NULL),
(1740, 'ticker_a28badf222703131f46744b384ee31ba', 'module', 0, 'dia-do-orgulho-geek-dia-do-orgulho-nerd-1653413270611_v2_1920x1080.jpg', 'ticker_a28badf222703131f46744b384ee31ba', '35319a65748f6f88753866a041589a52', 222729, 1, 0, 0, NULL, 0, 1, 1720831943, 1, NULL, '2024-07-11 21:52:23', '2024-07-11 21:52:23', NULL),
(1741, 'ticker_f6b7790caa70578282040f239f1059b9', 'module', 0, 'cancer-de-colo-de-utero-1642857872373_v2_1920x1080.jpg', 'ticker_f6b7790caa70578282040f239f1059b9', '301a47ea26ac121986f4e08e81e0552e', 143634, 1, 0, 0, NULL, 0, 1, 1720831943, 1, NULL, '2024-07-11 21:52:23', '2024-07-11 21:52:23', NULL),
(1742, 'ticker_757166a68c513f8f4f457fda1ff838ca', 'module', 0, 'mulher-no-banheiro-coco-evacuar-xixi-urina-intestino-preso-prisao-de-ventre-1720701321891_v2_1920x1080.jpg', 'ticker_757166a68c513f8f4f457fda1ff838ca', '2f78e3d50adfb28d4edbe7ad69d058b6', 126702, 1, 0, 0, NULL, 0, 1, 1720831943, 1, NULL, '2024-07-11 21:52:23', '2024-07-11 21:52:23', NULL),
(1743, 'ticker_f07f0bc16e82f37810ff731920525e29', 'module', 0, 'mulher-com-sentimento-de-gratidao-no-mar-1608751828778_v2_1920x1080.jpg', 'ticker_f07f0bc16e82f37810ff731920525e29', 'd5b5971cb460dea243db8f687d885794', 213463, 1, 0, 0, NULL, 0, 1, 1720831943, 1, NULL, '2024-07-11 21:52:23', '2024-07-11 21:52:23', NULL),
(1744, 'ticker_07771059cd7919737b7c3f639f9b348e', 'module', 0, 'coracao-de-galinha-1610978376346_v2_1920x1080.jpg', 'ticker_07771059cd7919737b7c3f639f9b348e', 'bb8c1dd058a6e57f5c824d2f99e79168', 500410, 1, 0, 0, NULL, 0, 1, 1720831943, 1, NULL, '2024-07-11 21:52:23', '2024-07-11 21:52:23', NULL),
(1745, 'ticker_c468b0fa9468381dfe2ae555f1285f31', 'module', 0, 'mulher-tomando-cafe-e-lendo-livro-1717781200967_v2_1920x1080.jpg', 'ticker_c468b0fa9468381dfe2ae555f1285f31', '9ca7e7b146eef09747fe559d887620fd', 302114, 1, 0, 0, NULL, 0, 1, 1720831943, 1, NULL, '2024-07-11 21:52:23', '2024-07-11 21:52:23', NULL),
(1746, 'ticker_233c4e18c997922d56149d5625868e1e', 'module', 0, 'dieta-vegetariana-alimentacao-biogenica-salada-alimentos-in-natura-1697815556786_v2_1920x1080.jpg', 'ticker_233c4e18c997922d56149d5625868e1e', '8739ef9db3fc345d268d3aefa271496c', 225321, 1, 0, 0, NULL, 0, 1, 1720831943, 1, NULL, '2024-07-11 21:52:23', '2024-07-11 21:52:23', NULL),
(1747, 'ticker_b356ff7958b446cfc96801a683f6b340', 'module', 0, 'maquiagem-de-desfile-de-moda-de-um-jeito-bem-descomplicado-1678367986714_v2_1920x1080.jpg', 'ticker_b356ff7958b446cfc96801a683f6b340', 'b7ae8fd5566720705ecd323ae8042cfb', 197911, 1, 0, 0, NULL, 0, 1, 1720831943, 1, NULL, '2024-07-11 21:52:23', '2024-07-11 21:52:23', NULL),
(1748, 'ticker_5153b96f7bbff328cdb9c884d187fe09', 'module', 0, '6fev2024---vendedora-acha-mosquito-aedes-aegypti-transmissor-da-dengue-em-sua-casa-em-brasilia-1707339213482_v2_1920x1080.jpg', 'ticker_5153b96f7bbff328cdb9c884d187fe09', 'a4a4ce135f5c4414496dd20be7d5e3de', 88801, 1, 0, 0, NULL, 0, 1, 1720831943, 1, NULL, '2024-07-11 21:52:23', '2024-07-11 21:52:23', NULL),
(1749, 'ticker_b51e80814240b35a34c548276678a5ff', 'module', 0, 'crianca-tossindo-crianca-gripada-menina-doente-1368199974366_1920x1080.jpg', 'ticker_b51e80814240b35a34c548276678a5ff', '2eb66f7fd2db948ec24099e678326424', 424958, 1, 0, 0, NULL, 0, 1, 1720831943, 1, NULL, '2024-07-11 21:52:23', '2024-07-11 21:52:23', NULL),
(1750, 'PAINEL FRENTE DE LOJA, DIVULGAÇÃO 01.mp4', 'video', 21, 'PAINEL FRENTE DE LOJA, DIVULGAÇÃO 01.mp4', '1750.mp4', '0187b933509d6f9c7ea5b54faf646f0e', 18806339, 4, 0, 0, NULL, 0, 1, 0, 1, NULL, '2024-07-11 21:57:58', '2024-07-11 21:57:58', 'Inherit'),
(1751, 'TESTE', 'video', 21, 'PAINEL FRENTE DE LOJA, DIVULGAÇÃO 01.mp4', '1751.mp4', '0187b933509d6f9c7ea5b54faf646f0e', 18806339, 4, 0, 0, NULL, 0, 1, 0, 1, NULL, '2024-07-11 22:15:43', '2024-07-11 22:15:43', 'Inherit'),
(1752, 'PADARIA PRODUÇÃO', 'video', 37, 'PADARIA PRODUÇÃO.mp4', '1752.mp4', 'b2b6188a99a2a16e0348ea79ef2f3251', 28190421, 4, 0, 0, NULL, 0, 1, 0, 1, NULL, '2024-07-23 10:26:20', '2024-07-23 10:26:20', 'Inherit'),
(1753, 'GANHADORES SORTEADOS.mp4', 'video', 37, 'GANHADORES SORTEADOS.mp4', '1753.mp4', '3f4fb01f2b1d4806fac241c4c887a9ef', 31814643, 4, 0, 0, NULL, 0, 1, 0, 1, NULL, '2024-07-23 10:40:52', '2024-07-23 10:40:52', 'Inherit'),
(1754, '26 de julho', 'video', 30, 'VID-20240725-WA0179.mp4', '1754.mp4', '2d8a3cdde5ae166f40d56f6b82dfa768', 5716088, 4, 0, 0, NULL, 0, 1, 0, 1, NULL, '2024-07-25 22:17:01', '2024-07-25 22:17:01', 'Inherit'),
(1755, 'AR MIDIA TECH ', 'image', 10, '323052429_536432345080137_5215083259582048909_n.jpg', '1755.jpg', '734a7c460b2c96255d9e4fe3158b24e2', 53193, 4, 0, 0, NULL, 0, 1, 0, 1, NULL, '2024-08-01 20:09:26', '2024-08-01 20:09:26', 'Inherit'),
(1756, 'pizza', 'video', 28, '2 PIZZAS BANNE PRONTO SUPER REDE.mp4', '1756.mp4', '16b5d4c56120301beee6cca4014b1cf4', 34749695, 4, 0, 0, NULL, 0, 1, 0, 1, NULL, '2024-08-01 21:35:14', '2024-08-01 21:35:14', 'Inherit'),
(1757, 'sorteio dia 03 agosto', 'video', 18, 'sorteados dia 03 pronto.mp4', '1757.mp4', '2f5988333481982c5e1cd7cabe2249c1', 14113441, 4, 0, 0, NULL, 0, 1, 0, 1, NULL, '2024-08-09 22:03:02', '2024-08-09 22:03:02', 'Inherit'),
(1758, 'HILTÃO TV', 'video', 25, 'VIDEO HILÃO TELÃO E TV.mp4', '1758.mp4', '806e2038e6201ee273c7a96083799bdf', 4204211, 4, 0, 0, NULL, 0, 1, 0, 1, NULL, '2024-08-14 20:56:29', '2024-08-14 20:56:29', 'Inherit'),
(1759, 'Brown Minimalist Modern Welcome To My Channel Youtube Intro_20240819_220428_0001.mp4', 'video', 31, 'Brown Minimalist Modern Welcome To My Channel Youtube Intro_20240819_220428_0001.mp4', '1759.mp4', 'e477e474f646de639e93e9d4967e0868', 62750895, 4, 0, 0, NULL, 0, 1, 0, 1, NULL, '2024-08-20 10:24:03', '2024-08-20 10:24:03', 'Inherit'),
(1760, 'BIU', 'video', 36, 'ANIVERSÁRIO DO BIU CLIENTE SUPER REDE.mp4', '1760.mp4', '71a3619744b12d98b253dc1cd264fbdb', 14688248, 4, 0, 0, NULL, 0, 1, 0, 1, NULL, '2024-09-10 12:35:11', '2024-09-10 12:35:11', 'Inherit'),
(1761, 'PAGODE', 'video', 14, 'PAGODE TERRAÇO SETEMBRO 2024.mp4', '1761.mp4', '8a8a927ae8857ebfe9e58c720ba89f38', 21056364, 4, 0, 0, NULL, 0, 1, 0, 1, NULL, '2024-09-13 11:42:59', '2024-09-13 11:42:59', 'Inherit'),
(1762, 'SUPER PET', 'video', 80, 'SUPER PET SEM MASCARA.mp4', '1762.mp4', '549a44d8183cb3c70d32d8fa52995c39', 69112760, 4, 0, 0, NULL, 0, 1, 0, 1, NULL, '2024-10-24 11:23:15', '2024-10-24 11:23:15', 'Inherit'),
(1763, 'HORTIFRUTI', 'video', 51, '21 99646-8947 HORTIFRUTI.mp4', '1763.mp4', 'cf475e54f699fae6ea3a4c866604bbf7', 13483392, 4, 0, 0, NULL, 0, 1, 0, 1, NULL, '2024-11-04 00:17:59', '2024-11-04 00:17:59', 'Inherit'),
(1764, 'ADVOGADOS', 'video', 20, 'ADVOGADOS ASSOCIADOS VIDEO BANNER.mp4', '1764.mp4', 'fd7585d6b7a614958d5c8bff2936a174', 11104843, 4, 0, 0, NULL, 0, 1, 0, 1, NULL, '2024-11-04 00:21:14', '2024-11-04 00:21:14', 'Inherit'),
(1765, 'SUPER PET 2', 'video', 58, 'SUPER PET 2.mp4', '1765.mp4', '88ade60c19c8feaa0174fed6b1443b4c', 10501626, 4, 0, 0, NULL, 0, 1, 0, 1, NULL, '2024-11-04 15:38:07', '2024-11-04 15:38:07', 'Inherit'),
(1766, '06 de novembro pet', 'video', 20, 'SUPER PET 06 DE NOVEMBRO.mp4', '1766.mp4', 'e806db48773476e566583f09804e3650', 2355870, 4, 0, 0, NULL, 0, 1, 0, 1, NULL, '2024-11-05 23:58:10', '2024-11-05 23:58:10', 'Inherit'),
(1767, 'BLACK FRIDAY', 'video', 19, 'ANUNCIO BLACK FRIDE SUPER PET.mp4', '1767.mp4', '334cb79141edbc569be112c6ff5d24a4', 1917862, 4, 0, 0, NULL, 0, 1, 0, 1, NULL, '2024-11-26 10:17:18', '2024-11-26 10:17:18', 'Inherit'),
(1768, 'BLACK FRIDAY 2', 'video', 19, 'ANUNCIO BLACK FRIDE SUPER PET.mp4', '1768.mp4', '334cb79141edbc569be112c6ff5d24a4', 1917862, 4, 0, 0, NULL, 0, 1, 0, 1, NULL, '2024-11-26 10:20:16', '2024-11-26 10:20:16', 'Inherit');

-- --------------------------------------------------------

--
-- Estrutura para tabela `module`
--

CREATE TABLE `module` (
  `moduleId` int(11) NOT NULL,
  `module` varchar(50) NOT NULL,
  `name` varchar(50) NOT NULL,
  `enabled` tinyint(4) NOT NULL DEFAULT '0',
  `regionSpecific` tinyint(4) NOT NULL DEFAULT '1',
  `description` varchar(254) DEFAULT NULL,
  `schemaVersion` int(11) NOT NULL DEFAULT '1',
  `validExtensions` varchar(254) DEFAULT NULL,
  `previewEnabled` tinyint(4) NOT NULL DEFAULT '1',
  `assignable` tinyint(4) NOT NULL DEFAULT '1',
  `render_as` varchar(10) DEFAULT NULL,
  `settings` text,
  `viewPath` varchar(254) NOT NULL DEFAULT '../modules',
  `class` varchar(254) NOT NULL,
  `defaultDuration` int(11) NOT NULL,
  `installName` varchar(254) DEFAULT NULL
) ENGINE=InnoDB DEFAULT CHARSET=utf8;

--
-- Despejando dados para a tabela `module`
--

INSERT INTO `module` (`moduleId`, `module`, `name`, `enabled`, `regionSpecific`, `description`, `schemaVersion`, `validExtensions`, `previewEnabled`, `assignable`, `render_as`, `settings`, `viewPath`, `class`, `defaultDuration`, `installName`) VALUES
(1, 'Image', 'Image', 1, 0, 'Upload Image files to assign to Layouts', 1, 'jpg,jpeg,png,bmp,gif', 1, 1, NULL, NULL, '../modules', 'Xibo\\Widget\\Image', 10, NULL),
(2, 'Video', 'Video', 1, 0, 'Upload Video files to assign to Layouts', 1, 'wmv,avi,mpg,mpeg,webm,mp4,m4v,mp3', 0, 1, NULL, '{\"defaultMute\":1}', '../modules', 'Xibo\\Widget\\Video', 0, NULL),
(3, 'Flash', 'Flash', 1, 0, 'Upload SWF files to assign to Layouts', 1, 'swf', 1, 1, NULL, NULL, '../modules', 'Xibo\\Widget\\Flash', 10, NULL),
(4, 'PowerPoint', 'PowerPoint', 1, 0, 'Upload a PowerPoint file to assign to Layouts', 1, 'ppt,pps,pptx', 1, 1, NULL, NULL, '../modules', 'Xibo\\Widget\\PowerPoint', 10, NULL),
(5, 'Webpage', 'Webpage', 1, 1, 'Embed a Webpage', 1, NULL, 1, 1, NULL, NULL, '../modules', 'Xibo\\Widget\\WebPage', 60, NULL),
(6, 'Ticker', 'Ticker', 1, 1, 'Display dynamic feed content', 1, NULL, 1, 1, NULL, '[]', '../modules', 'Xibo\\Widget\\Ticker', 5, NULL),
(7, 'Text', 'Text', 1, 1, 'Add Text directly to a Layout', 1, NULL, 1, 1, NULL, NULL, '../modules', 'Xibo\\Widget\\Text', 5, NULL),
(8, 'Embedded', 'Embedded', 1, 1, 'Embed HTML and JavaScript', 1, NULL, 1, 1, NULL, NULL, '../modules', 'Xibo\\Widget\\Embedded', 60, NULL),
(11, 'datasetview', 'DataSet View', 1, 1, 'Organise and display DataSet data in a tabular format', 1, NULL, 1, 1, NULL, NULL, '../modules', 'Xibo\\Widget\\DataSetView', 60, NULL),
(12, 'shellcommand', 'Shell Command', 1, 1, 'Instruct a Display to execute a command using the operating system shell', 1, NULL, 1, 1, NULL, NULL, '../modules', 'Xibo\\Widget\\ShellCommand', 3, NULL),
(13, 'localvideo', 'Local Video', 1, 1, 'Display Video that only exists on the Display by providing a local file path or URL', 1, NULL, 0, 1, NULL, NULL, '../modules', 'Xibo\\Widget\\LocalVideo', 60, NULL),
(14, 'genericfile', 'Generic File', 1, 0, 'A generic file to be stored in the library', 1, ',js,html,htm', 0, 0, NULL, NULL, '../modules', 'Xibo\\Widget\\GenericFile', 10, NULL),
(15, 'clock', 'Clock', 1, 1, 'Assign a type of Clock or a Countdown', 1, NULL, 1, 1, 'html', '[]', '../modules', 'Xibo\\Widget\\Clock', 5, NULL),
(16, 'font', 'Font', 1, 0, 'A font to use in other Modules', 1, 'ttf,otf,eot,svg,woff', 0, 0, NULL, NULL, '../modules', 'Xibo\\Widget\\Font', 10, NULL),
(17, 'audio', 'Audio', 1, 0, 'Upload Audio files to assign to Layouts', 1, 'mp3,wav', 0, 1, NULL, NULL, '../modules', 'Xibo\\Widget\\Audio', 0, NULL),
(18, 'pdf', 'PDF', 1, 0, 'Upload PDF files to assign to Layouts', 1, 'pdf', 1, 1, 'html', NULL, '../modules', 'Xibo\\Widget\\Pdf', 60, NULL),
(19, 'notificationview', 'Notification', 1, 1, 'Display messages created in the Notification Drawer of the CMS', 1, NULL, 1, 1, 'html', NULL, '../modules', 'Xibo\\Widget\\NotificationView', 10, NULL),
(20, 'subplaylist', 'Sub-Playlist', 1, 1, 'Embed a Sub-Playlist', 1, NULL, 1, 1, 'native', NULL, '../modules', 'Xibo\\Widget\\SubPlaylist', 10, NULL),
(21, 'datasetticker', 'DataSet Ticker', 1, 1, 'Ticker with a DataSet providing the items', 1, NULL, 1, 1, 'html', NULL, '../modules', 'Xibo\\Widget\\DataSetTicker', 10, NULL),
(22, 'playersoftware', 'Player Software', 1, 0, 'A module for managing Player Versions', 1, 'apk,ipk,wgt', 0, 0, NULL, NULL, '../modules', 'Xibo\\Widget\\PlayerSoftware', 10, NULL),
(23, 'htmlpackage', 'HTML Package', 1, 0, 'Upload a complete package to distribute to Players', 1, 'htz', 0, 1, 'native', NULL, '../modules', 'Xibo\\Widget\\HtmlPackage', 60, NULL),
(24, 'videoin', 'Video In', 1, 1, 'Display input from an external source', 1, NULL, 0, 1, 'native', NULL, '../modules', 'Xibo\\Widget\\VideoIn', 60, NULL),
(25, 'hls', 'HLS', 1, 1, 'Display live streamed content', 1, NULL, 1, 1, 'html', NULL, '../modules', 'Xibo\\Widget\\Hls', 60, NULL),
(26, 'calendar', 'Calendar', 1, 1, 'Display events from an iCAL feed', 1, NULL, 1, 1, 'html', NULL, '../modules', 'Xibo\\Widget\\Calendar', 60, NULL),
(27, 'chart', 'Chart', 1, 1, 'Display information held in a DataSet as a type of Chart', 1, NULL, 1, 1, 'html', NULL, '../modules', 'Xibo\\Widget\\Chart', 240, NULL),
(28, 'savedreport', 'Saved Reports', 1, 0, 'A saved report to be stored in the library', 1, 'json', 0, 0, NULL, NULL, '../modules', 'Xibo\\Widget\\SavedReport', 10, 'savedreport'),
(29, 'spacer', 'Spacer', 1, 1, 'Make a Region empty for a specified duration', 1, NULL, 0, 1, 'html', NULL, '../modules', 'Xibo\\Widget\\Spacer', 60, 'spacer'),
(30, 'countdown', 'Countdown', 1, 1, 'Countdown Module', 1, NULL, 1, 1, 'html', NULL, '../modules', 'Xibo\\Widget\\Countdown', 60, 'countdown'),
(31, 'forecastio', 'Weather', 1, 1, 'Weather Powered by DarkSky', 1, NULL, 1, 1, 'html', '{\"apiKey\":\"aee7adc0354c486c14c07d4c09117939\",\"owmApiKey\":null,\"owmIsPaidPlan\":0,\"cachePeriod\":1440}', '../modules', 'Xibo\\Widget\\ForecastIo', 60, 'forecastio');

-- --------------------------------------------------------

--
-- Estrutura para tabela `notification`
--

CREATE TABLE `notification` (
  `notificationId` int(11) NOT NULL,
  `subject` varchar(255) NOT NULL,
  `body` longtext NOT NULL,
  `createDt` int(11) NOT NULL,
  `releaseDt` int(11) NOT NULL,
  `isEmail` tinyint(4) NOT NULL,
  `isInterrupt` tinyint(4) NOT NULL,
  `isSystem` tinyint(4) NOT NULL,
  `userId` int(11) NOT NULL,
  `filename` varchar(1000) DEFAULT NULL,
  `nonusers` varchar(1000) DEFAULT NULL,
  `originalFileName` varchar(254) DEFAULT NULL
) ENGINE=InnoDB DEFAULT CHARSET=utf8;

--
-- Despejando dados para a tabela `notification`
--

INSERT INTO `notification` (`notificationId`, `subject`, `body`, `createDt`, `releaseDt`, `isEmail`, `isInterrupt`, `isSystem`, `userId`, `filename`, `nonusers`, `originalFileName`) VALUES
(670, 'Error publishing layout ID 220', 'Publishing layout ID 220 failed. With message [\"Regi\\u00e3o Vazia\"]', 1733431697, 1733431697, 1, 0, 1, 1, NULL, NULL, NULL),
(671, 'Error publishing layout ID 121', 'Publishing layout ID 121 failed. With message Layout não encontrado', 1733431697, 1733431697, 1, 0, 1, 1, NULL, NULL, NULL),
(672, 'Error publishing layout ID 129', 'Publishing layout ID 129 failed. With message [\"Regi\\u00e3o Vazia\"]', 1733431697, 1733431697, 1, 0, 1, 1, NULL, NULL, NULL),
(673, 'Error publishing layout ID 172', 'Publishing layout ID 172 failed. With message [\"Regi\\u00e3o Vazia\"]', 1733431697, 1733431697, 1, 0, 1, 1, NULL, NULL, NULL),
(674, 'Error publishing layout ID 220', 'Publishing layout ID 220 failed. With message [\"Regi\\u00e3o Vazia\"]', 1733507095, 1733507095, 1, 0, 1, 1, NULL, NULL, NULL),
(675, 'Error publishing layout ID 121', 'Publishing layout ID 121 failed. With message Layout não encontrado', 1733507095, 1733507095, 1, 0, 1, 1, NULL, NULL, NULL),
(676, 'Error publishing layout ID 129', 'Publishing layout ID 129 failed. With message [\"Regi\\u00e3o Vazia\"]', 1733507095, 1733507095, 1, 0, 1, 1, NULL, NULL, NULL),
(677, 'Error publishing layout ID 172', 'Publishing layout ID 172 failed. With message [\"Regi\\u00e3o Vazia\"]', 1733507095, 1733507095, 1, 0, 1, 1, NULL, NULL, NULL);

-- --------------------------------------------------------

--
-- Estrutura para tabela `oauth_access_tokens`
--

CREATE TABLE `oauth_access_tokens` (
  `access_token` varchar(254) NOT NULL,
  `session_id` int(11) NOT NULL,
  `expire_time` int(11) NOT NULL
) ENGINE=InnoDB DEFAULT CHARSET=utf8;

-- --------------------------------------------------------

--
-- Estrutura para tabela `oauth_access_token_scopes`
--

CREATE TABLE `oauth_access_token_scopes` (
  `id` int(11) NOT NULL,
  `access_token` varchar(254) NOT NULL,
  `scope` varchar(254) NOT NULL
) ENGINE=InnoDB DEFAULT CHARSET=utf8;

-- --------------------------------------------------------

--
-- Estrutura para tabela `oauth_auth_codes`
--

CREATE TABLE `oauth_auth_codes` (
  `auth_code` varchar(254) NOT NULL,
  `session_id` int(11) NOT NULL,
  `expire_time` int(11) NOT NULL,
  `client_redirect_uri` varchar(500) NOT NULL
) ENGINE=InnoDB DEFAULT CHARSET=utf8;

-- --------------------------------------------------------

--
-- Estrutura para tabela `oauth_auth_code_scopes`
--

CREATE TABLE `oauth_auth_code_scopes` (
  `id` int(11) NOT NULL,
  `auth_code` varchar(254) NOT NULL,
  `scope` varchar(254) NOT NULL
) ENGINE=InnoDB DEFAULT CHARSET=utf8;

-- --------------------------------------------------------

--
-- Estrutura para tabela `oauth_clients`
--

CREATE TABLE `oauth_clients` (
  `id` varchar(254) NOT NULL,
  `secret` varchar(254) NOT NULL,
  `name` varchar(254) NOT NULL,
  `userId` int(11) NOT NULL,
  `authCode` tinyint(4) NOT NULL,
  `clientCredentials` tinyint(4) NOT NULL
) ENGINE=InnoDB DEFAULT CHARSET=utf8;

--
-- Despejando dados para a tabela `oauth_clients`
--

INSERT INTO `oauth_clients` (`id`, `secret`, `name`, `userId`, `authCode`, `clientCredentials`) VALUES
('ocDfSFVL355873JodMjU6kV1rVBTBsgY2pXFjTkl', 'QTiRBgH9FY4h8DzO1LECkztReSaDkWZHpDtzpKyezsNRMdsqNEhGqKq4iqufzD90AvCKwrZvBrheDEyUanSTi89zY7hOnrXsdHQx94RMLJdV8BWmKzptglEYGDZwSaoRx9S0ngrPScWCpG6GzfkEh6qpzSHpZTfL7e8fGOE5aSq0fppOZMW1tnT2XMV3yNXD3aaC1mj6i2BCWiTMY4gjes86wlG5gA0x1GyaDxEjdONZennltj8agDN6FmJeIN', 'RADIO', 1, 0, 0),
('YHVWm8qjwEUzSnZwhUiCinbFW1uUjiCe1d3Wy5c2', 'plI9hfLkwsOX0HGMuZeZaHnGd9VXbREn4SOlyw6cnPxAEoPCvDxkUOoC26EXtZyTel8YSjroOlAnWJdoLmBMDdRoL27h4oe5H3cCcIzbWkq6cYbpKcLWDQyOXQiuHxPzTPG4p9HcqckSWpHZnQgIkhtfGeoJysOKCUq7ZtmY4bIB04JzwAFoKt86t8ynQu04lsSZhKxn9J0cnTqJegvCCV9PhalVYH3xWhxVf94O5eR9TluL0R4LQCPJVgyIX3', 'AR MIDIA TECH', 1, 0, 0);

-- --------------------------------------------------------

--
-- Estrutura para tabela `oauth_client_redirect_uris`
--

CREATE TABLE `oauth_client_redirect_uris` (
  `id` int(11) NOT NULL,
  `client_id` varchar(254) NOT NULL,
  `redirect_uri` varchar(500) NOT NULL
) ENGINE=InnoDB DEFAULT CHARSET=utf8;

-- --------------------------------------------------------

--
-- Estrutura para tabela `oauth_client_scopes`
--

CREATE TABLE `oauth_client_scopes` (
  `id` int(11) NOT NULL,
  `clientId` varchar(254) NOT NULL,
  `scopeId` varchar(254) NOT NULL
) ENGINE=InnoDB DEFAULT CHARSET=utf8;

-- --------------------------------------------------------

--
-- Estrutura para tabela `oauth_refresh_tokens`
--

CREATE TABLE `oauth_refresh_tokens` (
  `refresh_token` varchar(254) NOT NULL,
  `expire_time` int(11) NOT NULL,
  `access_token` varchar(254) NOT NULL
) ENGINE=InnoDB DEFAULT CHARSET=utf8;

-- --------------------------------------------------------

--
-- Estrutura para tabela `oauth_scopes`
--

CREATE TABLE `oauth_scopes` (
  `id` varchar(254) NOT NULL,
  `description` varchar(1000) NOT NULL
) ENGINE=InnoDB DEFAULT CHARSET=utf8;

--
-- Despejando dados para a tabela `oauth_scopes`
--

INSERT INTO `oauth_scopes` (`id`, `description`) VALUES
('all', 'All');

-- --------------------------------------------------------

--
-- Estrutura para tabela `oauth_scope_routes`
--

CREATE TABLE `oauth_scope_routes` (
  `id` int(11) NOT NULL,
  `scopeId` varchar(254) NOT NULL,
  `route` varchar(1000) NOT NULL,
  `method` varchar(8) NOT NULL
) ENGINE=InnoDB DEFAULT CHARSET=utf8;

-- --------------------------------------------------------

--
-- Estrutura para tabela `oauth_sessions`
--

CREATE TABLE `oauth_sessions` (
  `id` int(11) NOT NULL,
  `owner_type` varchar(254) NOT NULL,
  `owner_id` varchar(254) NOT NULL,
  `client_id` varchar(254) NOT NULL,
  `client_redirect_uri` varchar(500) DEFAULT NULL
) ENGINE=InnoDB DEFAULT CHARSET=utf8;

-- --------------------------------------------------------

--
-- Estrutura para tabela `oauth_session_scopes`
--

CREATE TABLE `oauth_session_scopes` (
  `id` int(11) NOT NULL,
  `session_id` int(11) NOT NULL,
  `scope` varchar(254) NOT NULL
) ENGINE=InnoDB DEFAULT CHARSET=utf8;

-- --------------------------------------------------------

--
-- Estrutura para tabela `pages`
--

CREATE TABLE `pages` (
  `pageId` int(11) NOT NULL,
  `name` varchar(50) NOT NULL,
  `title` varchar(100) NOT NULL,
  `asHome` tinyint(4) NOT NULL DEFAULT '0'
) ENGINE=InnoDB DEFAULT CHARSET=utf8;

--
-- Despejando dados para a tabela `pages`
--

INSERT INTO `pages` (`pageId`, `name`, `title`, `asHome`) VALUES
(1, 'icondashboard', 'Icon Dashboard', 1),
(2, 'schedule', 'Schedule', 1),
(3, 'mediamanager', 'Media Dashboard', 1),
(4, 'layout', 'Layout', 1),
(5, 'library', 'Library', 1),
(6, 'display', 'Displays', 1),
(7, 'update', 'Update', 0),
(8, 'admin', 'Administration', 0),
(9, 'group', 'User Groups', 1),
(10, 'log', 'Log', 1),
(11, 'user', 'Users', 1),
(12, 'license', 'Licence', 1),
(13, 'index', 'Home', 0),
(14, 'module', 'Modules', 1),
(15, 'template', 'Templates', 1),
(16, 'fault', 'Report Fault', 1),
(17, 'stats', 'Statistics', 1),
(18, 'manual', 'Manual', 0),
(19, 'resolution', 'Resolutions', 1),
(20, 'help', 'Help Links', 1),
(21, 'clock', 'Clock', 0),
(22, 'displaygroup', 'Display Groups', 1),
(23, 'application', 'Applications', 1),
(24, 'dataset', 'DataSets', 1),
(25, 'campaign', 'Campaigns', 1),
(26, 'transition', 'Transitions', 1),
(27, 'sessions', 'Sessions', 1),
(28, 'preview', 'Preview', 0),
(29, 'statusdashboard', 'Status Dashboard', 1),
(30, 'displayprofile', 'Display Profiles', 1),
(31, 'audit', 'Audit Trail', 0),
(32, 'region', 'Regions', 0),
(33, 'playlist', 'Playlist', 1),
(34, 'maintenance', 'Maintenance', 0),
(35, 'command', 'Commands', 1),
(36, 'notification', 'Notifications', 0),
(37, 'drawer', 'Notification Drawer', 0),
(38, 'daypart', 'Dayparting', 0),
(39, 'task', 'Tasks', 1),
(40, 'playersoftware', 'Player Software', 0),
(41, 'schedulenow', 'Schedule Now', 0),
(42, 'report', 'Report', 0),
(43, 'playlistdashboard', 'Playlist Dashboard', 1);

-- --------------------------------------------------------

--
-- Estrutura para tabela `permission`
--

CREATE TABLE `permission` (
  `permissionId` int(11) NOT NULL,
  `entityId` int(11) NOT NULL,
  `groupId` int(11) NOT NULL,
  `objectId` int(11) NOT NULL,
  `view` tinyint(4) NOT NULL,
  `edit` tinyint(4) NOT NULL,
  `delete` tinyint(4) NOT NULL
) ENGINE=InnoDB DEFAULT CHARSET=utf8;

--
-- Despejando dados para a tabela `permission`
--

INSERT INTO `permission` (`permissionId`, `entityId`, `groupId`, `objectId`, `view`, `edit`, `delete`) VALUES
(1, 1, 1, 1, 1, 0, 0),
(2, 1, 1, 13, 1, 0, 0),
(3, 1, 1, 4, 1, 0, 0),
(4, 1, 1, 5, 1, 0, 0),
(5, 1, 1, 3, 1, 0, 0),
(6, 1, 1, 33, 1, 0, 0),
(7, 1, 1, 28, 1, 0, 0),
(8, 1, 1, 32, 1, 0, 0),
(9, 1, 1, 2, 1, 0, 0),
(10, 1, 1, 29, 1, 0, 0),
(11, 1, 1, 11, 1, 0, 0),
(12, 11, 2, 1, 1, 0, 0),
(13, 11, 2, 2, 1, 0, 0),
(15, 1, 1, 41, 1, 0, 0),
(16, 1, 3, 41, 1, 0, 0),
(17, 1, 4, 41, 1, 0, 0),
(18, 1, 5, 43, 1, 0, 0),
(19, 1, 5, 5, 1, 0, 0),
(20, 1, 5, 11, 1, 0, 0),
(21, 3, 2, 12, 1, 0, 0),
(22, 3, 2, 13, 1, 0, 0),
(23, 3, 2, 14, 1, 0, 0),
(24, 3, 2, 15, 1, 0, 0),
(25, 3, 2, 16, 1, 0, 0),
(26, 1, 8, 24, 1, 0, 0),
(27, 1, 8, 4, 1, 0, 0),
(28, 1, 8, 28, 1, 0, 0),
(29, 9, 8, 6, 1, 1, 0),
(30, 9, 8, 15, 1, 1, 0),
(31, 9, 8, 16, 1, 1, 0),
(32, 9, 8, 17, 1, 1, 0),
(33, 9, 8, 18, 1, 1, 0),
(34, 9, 8, 7, 1, 1, 0),
(63, 1, 8, 5, 1, 0, 0),
(64, 1, 8, 32, 1, 0, 0),
(288, 9, 8, 19, 1, 1, 0),
(293, 1, 10, 24, 1, 0, 0),
(294, 1, 10, 4, 1, 0, 0),
(295, 1, 10, 5, 1, 0, 0),
(296, 1, 10, 28, 1, 0, 0),
(297, 1, 10, 32, 1, 0, 0),
(299, 4, 10, 51, 1, 1, 0),
(300, 7, 10, 356, 1, 1, 0),
(301, 8, 10, 384, 1, 1, 0),
(302, 5, 10, 705, 1, 1, 0),
(303, 7, 10, 357, 1, 1, 0),
(304, 8, 10, 385, 1, 1, 0),
(305, 5, 10, 710, 1, 1, 0),
(306, 7, 10, 358, 1, 1, 0),
(307, 8, 10, 386, 1, 1, 0),
(308, 5, 10, 709, 1, 1, 0),
(309, 7, 10, 385, 1, 1, 0),
(310, 8, 10, 413, 1, 1, 0),
(311, 5, 10, 706, 1, 1, 0),
(312, 7, 10, 386, 1, 1, 0),
(313, 8, 10, 414, 1, 1, 0),
(314, 5, 10, 707, 1, 1, 0),
(315, 7, 10, 387, 1, 1, 0),
(316, 8, 10, 415, 1, 1, 0),
(317, 5, 10, 711, 1, 1, 0),
(318, 7, 10, 388, 1, 1, 0),
(319, 8, 10, 416, 1, 1, 0),
(320, 5, 10, 712, 1, 1, 0),
(321, 7, 10, 389, 1, 1, 0),
(322, 8, 10, 417, 1, 1, 0),
(323, 5, 10, 708, 1, 1, 0),
(324, 7, 10, 390, 1, 1, 0),
(325, 8, 10, 418, 1, 1, 0),
(326, 5, 10, 713, 1, 1, 0),
(327, 9, 10, 21, 1, 1, 0),
(328, 9, 10, 22, 1, 1, 0),
(329, 9, 10, 23, 1, 1, 0),
(330, 9, 10, 20, 1, 1, 0),
(331, 7, 10, 492, 1, 1, 0),
(332, 8, 10, 520, 1, 1, 0),
(333, 5, 10, 799, 1, 1, 0),
(334, 7, 10, 493, 1, 1, 0),
(335, 8, 10, 521, 1, 1, 0),
(336, 5, 10, 800, 1, 1, 0),
(337, 7, 10, 494, 1, 1, 0),
(338, 8, 10, 522, 1, 1, 0),
(339, 5, 10, 801, 1, 1, 0),
(340, 7, 10, 495, 1, 1, 0),
(341, 8, 10, 523, 1, 1, 0),
(342, 5, 10, 802, 1, 1, 0),
(343, 7, 10, 496, 1, 1, 0),
(344, 8, 10, 524, 1, 1, 0),
(345, 5, 10, 803, 1, 1, 0),
(346, 7, 10, 497, 1, 1, 0),
(347, 8, 10, 525, 1, 1, 0),
(348, 5, 10, 804, 1, 1, 0),
(349, 7, 10, 498, 1, 1, 0),
(350, 8, 10, 526, 1, 1, 0),
(351, 5, 10, 805, 1, 1, 0),
(352, 7, 10, 499, 1, 1, 0),
(353, 8, 10, 527, 1, 1, 0),
(354, 5, 10, 806, 1, 1, 0),
(355, 7, 10, 500, 1, 1, 0),
(356, 8, 10, 528, 1, 1, 0),
(357, 5, 10, 807, 1, 1, 0),
(358, 4, 10, 52, 1, 0, 0),
(388, 7, 10, 510, 1, 0, 0),
(389, 8, 10, 538, 1, 0, 0),
(390, 5, 10, 817, 1, 0, 0),
(391, 7, 10, 511, 1, 0, 0),
(392, 8, 10, 539, 1, 0, 0),
(393, 5, 10, 818, 1, 0, 0),
(394, 7, 10, 512, 1, 0, 0),
(395, 8, 10, 540, 1, 0, 0),
(396, 5, 10, 819, 1, 0, 0),
(397, 7, 10, 513, 1, 0, 0),
(398, 8, 10, 541, 1, 0, 0),
(399, 5, 10, 820, 1, 0, 0),
(400, 7, 10, 514, 1, 0, 0),
(401, 8, 10, 542, 1, 0, 0),
(402, 5, 10, 821, 1, 0, 0),
(403, 7, 10, 515, 1, 0, 0),
(404, 8, 10, 543, 1, 0, 0),
(405, 5, 10, 822, 1, 0, 0),
(406, 7, 10, 516, 1, 0, 0),
(407, 8, 10, 544, 1, 0, 0),
(408, 5, 10, 823, 1, 0, 0),
(409, 7, 10, 517, 1, 0, 0),
(410, 8, 10, 545, 1, 0, 0),
(411, 5, 10, 824, 1, 0, 0),
(412, 7, 10, 518, 1, 0, 0),
(413, 8, 10, 546, 1, 0, 0),
(414, 5, 10, 825, 1, 0, 0),
(738, 9, 10, 24, 1, 1, 0),
(972, 4, 10, 73, 1, 0, 0),
(1046, 9, 10, 25, 1, 1, 1),
(1047, 9, 10, 26, 1, 1, 1),
(1084, 4, 10, 72, 1, 0, 0),
(1142, 9, 10, 28, 1, 1, 1),
(1143, 9, 10, 29, 1, 1, 1),
(1144, 9, 10, 30, 1, 1, 1),
(1145, 9, 10, 31, 1, 1, 1),
(1146, 4, 10, 75, 1, 0, 0),
(1228, 1, 10, 6, 1, 0, 0),
(1230, 7, 10, 937, 1, 0, 0),
(1231, 8, 10, 965, 1, 0, 0),
(1232, 5, 10, 1248, 1, 0, 0),
(1233, 7, 10, 938, 1, 0, 0),
(1234, 8, 10, 966, 1, 0, 0),
(1235, 5, 10, 1249, 1, 0, 0),
(1236, 7, 10, 939, 1, 0, 0),
(1237, 8, 10, 967, 1, 0, 0),
(1238, 5, 10, 1250, 1, 0, 0),
(1239, 7, 10, 940, 1, 0, 0),
(1240, 8, 10, 968, 1, 0, 0),
(1241, 5, 10, 1251, 1, 0, 0),
(1242, 7, 10, 941, 1, 0, 0),
(1243, 8, 10, 969, 1, 0, 0),
(1244, 5, 10, 1252, 1, 0, 0),
(1245, 7, 10, 942, 1, 0, 0),
(1246, 8, 10, 970, 1, 0, 0),
(1247, 5, 10, 1253, 1, 0, 0),
(1248, 7, 10, 943, 1, 0, 0),
(1249, 8, 10, 971, 1, 0, 0),
(1250, 5, 10, 1254, 1, 0, 0),
(1251, 7, 10, 944, 1, 0, 0),
(1252, 8, 10, 972, 1, 0, 0),
(1253, 5, 10, 1255, 1, 0, 0),
(1254, 7, 10, 945, 1, 0, 0),
(1255, 8, 10, 973, 1, 0, 0),
(1256, 5, 10, 1256, 1, 0, 0),
(1257, 7, 10, 946, 1, 0, 0),
(1258, 8, 10, 974, 1, 0, 0),
(1259, 5, 10, 1257, 1, 0, 0),
(1260, 7, 10, 947, 1, 0, 0),
(1261, 8, 10, 975, 1, 0, 0),
(1262, 5, 10, 1258, 1, 0, 0),
(1263, 7, 10, 948, 1, 0, 0),
(1264, 8, 10, 976, 1, 0, 0),
(1265, 5, 10, 1259, 1, 0, 0),
(1266, 7, 10, 949, 1, 0, 0),
(1267, 8, 10, 977, 1, 0, 0),
(1268, 5, 10, 1260, 1, 0, 0),
(1269, 7, 10, 950, 1, 0, 0),
(1270, 8, 10, 978, 1, 0, 0),
(1271, 5, 10, 1261, 1, 0, 0),
(1272, 7, 10, 951, 1, 0, 0),
(1273, 8, 10, 979, 1, 0, 0),
(1274, 5, 10, 1262, 1, 0, 0),
(1275, 7, 10, 952, 1, 0, 0),
(1276, 8, 10, 980, 1, 0, 0),
(1277, 5, 10, 1263, 1, 0, 0),
(1278, 7, 10, 953, 1, 0, 0),
(1279, 8, 10, 981, 1, 0, 0),
(1280, 5, 10, 1264, 1, 0, 0),
(1281, 7, 10, 954, 1, 0, 0),
(1282, 8, 10, 982, 1, 0, 0),
(1283, 5, 10, 1265, 1, 0, 0),
(1284, 7, 10, 955, 1, 0, 0),
(1285, 8, 10, 983, 1, 0, 0),
(1286, 5, 10, 1266, 1, 0, 0),
(1347, 4, 10, 78, 1, 1, 0),
(1360, 7, 10, 984, 1, 1, 0),
(1361, 8, 10, 1012, 1, 1, 0),
(1363, 4, 10, 71, 1, 1, 0),
(1364, 7, 10, 756, 1, 1, 0),
(1365, 8, 10, 784, 1, 1, 0),
(1366, 5, 10, 1061, 1, 1, 0),
(1367, 7, 10, 757, 1, 1, 0),
(1368, 8, 10, 785, 1, 1, 0),
(1369, 5, 10, 1062, 1, 1, 0),
(1370, 7, 10, 758, 1, 1, 0),
(1371, 8, 10, 786, 1, 1, 0),
(1372, 5, 10, 1063, 1, 1, 0),
(1373, 7, 10, 759, 1, 1, 0),
(1374, 8, 10, 787, 1, 1, 0),
(1375, 5, 10, 1064, 1, 1, 0),
(1376, 7, 10, 760, 1, 1, 0),
(1377, 8, 10, 788, 1, 1, 0),
(1378, 5, 10, 1065, 1, 1, 0),
(1379, 7, 10, 761, 1, 1, 0),
(1380, 8, 10, 789, 1, 1, 0),
(1381, 5, 10, 1066, 1, 1, 0),
(1382, 7, 10, 762, 1, 1, 0),
(1383, 8, 10, 790, 1, 1, 0),
(1384, 5, 10, 1067, 1, 1, 0),
(1385, 7, 10, 763, 1, 1, 0),
(1386, 8, 10, 791, 1, 1, 0),
(1387, 5, 10, 1068, 1, 1, 0),
(1388, 7, 10, 764, 1, 1, 0),
(1389, 8, 10, 792, 1, 1, 0),
(1390, 5, 10, 1069, 1, 1, 0),
(1391, 7, 10, 765, 1, 1, 0),
(1392, 8, 10, 793, 1, 1, 0),
(1393, 5, 10, 1070, 1, 1, 0),
(1394, 7, 10, 766, 1, 1, 0),
(1395, 8, 10, 794, 1, 1, 0),
(1396, 5, 10, 1071, 1, 1, 0),
(1397, 7, 10, 767, 1, 1, 0),
(1398, 8, 10, 795, 1, 1, 0),
(1399, 5, 10, 1072, 1, 1, 0),
(1400, 7, 10, 863, 1, 1, 0),
(1401, 8, 10, 891, 1, 1, 0),
(1402, 5, 10, 1172, 1, 1, 0),
(1403, 7, 10, 864, 1, 1, 0),
(1404, 8, 10, 892, 1, 1, 0),
(1405, 5, 10, 1173, 1, 1, 0),
(1406, 7, 10, 865, 1, 1, 0),
(1407, 8, 10, 893, 1, 1, 0),
(1408, 5, 10, 1174, 1, 1, 0),
(1409, 7, 10, 866, 1, 1, 0),
(1410, 8, 10, 894, 1, 1, 0),
(1411, 5, 10, 1175, 1, 1, 0),
(1412, 7, 10, 867, 1, 1, 0),
(1413, 8, 10, 895, 1, 1, 0),
(1414, 5, 10, 1176, 1, 1, 0),
(1415, 7, 10, 868, 1, 1, 0),
(1416, 8, 10, 896, 1, 1, 0),
(1417, 5, 10, 1177, 1, 1, 0),
(1418, 7, 10, 869, 1, 1, 0),
(1419, 8, 10, 897, 1, 1, 0),
(1420, 5, 10, 1178, 1, 1, 0),
(1421, 7, 10, 870, 1, 1, 0),
(1422, 8, 10, 898, 1, 1, 0),
(1423, 5, 10, 1179, 1, 1, 0),
(1424, 7, 10, 871, 1, 1, 0),
(1425, 8, 10, 899, 1, 1, 0),
(1426, 5, 10, 1180, 1, 1, 0),
(1427, 7, 10, 872, 1, 1, 0),
(1428, 8, 10, 900, 1, 1, 0),
(1429, 5, 10, 1181, 1, 1, 0),
(1430, 7, 10, 873, 1, 1, 0),
(1431, 8, 10, 901, 1, 1, 0),
(1432, 5, 10, 1182, 1, 1, 0),
(1433, 7, 10, 874, 1, 1, 0),
(1434, 8, 10, 902, 1, 1, 0),
(1435, 5, 10, 1183, 1, 1, 0),
(1436, 7, 10, 985, 1, 1, 0),
(1437, 8, 10, 1013, 1, 1, 0),
(1440, 4, 10, 79, 1, 1, 0),
(1449, 1, 10, 41, 1, 0, 0),
(1450, 1, 10, 22, 1, 0, 0),
(1451, 1, 10, 30, 1, 0, 0),
(1452, 1, 10, 9, 1, 0, 0),
(1453, 1, 10, 13, 1, 0, 0),
(1454, 1, 10, 14, 1, 0, 0),
(1455, 1, 10, 40, 1, 0, 0),
(1456, 1, 10, 33, 1, 0, 0),
(1457, 1, 10, 43, 1, 0, 0),
(1458, 1, 10, 42, 1, 0, 0),
(1459, 1, 10, 19, 1, 0, 0),
(1460, 1, 10, 2, 1, 0, 0),
(1461, 1, 10, 29, 1, 0, 0),
(1474, 7, 10, 1016, 1, 1, 0),
(1475, 8, 10, 1044, 1, 1, 0),
(1476, 5, 10, 1325, 1, 1, 0),
(1477, 5, 10, 1326, 1, 1, 0),
(1478, 5, 10, 1327, 1, 1, 0),
(1479, 5, 10, 1328, 1, 1, 0),
(1480, 7, 10, 1017, 1, 1, 0),
(1481, 8, 10, 1045, 1, 1, 0),
(1482, 5, 10, 1329, 1, 1, 0),
(1483, 5, 10, 1330, 1, 1, 0),
(1484, 5, 10, 1331, 1, 1, 0),
(1485, 5, 10, 1332, 1, 1, 0),
(1486, 5, 10, 1333, 1, 1, 0),
(1487, 5, 10, 1334, 1, 1, 0),
(1488, 2, 10, 15, 1, 0, 0),
(1489, 2, 10, 16, 1, 0, 0),
(1610, 7, 10, 1072, 1, 0, 0),
(1611, 8, 10, 1100, 1, 0, 0),
(1612, 5, 10, 1403, 1, 0, 0),
(1613, 7, 10, 1073, 1, 0, 0),
(1614, 8, 10, 1101, 1, 0, 0),
(1615, 5, 10, 1404, 1, 0, 0),
(1616, 7, 10, 1074, 1, 0, 0),
(1617, 8, 10, 1102, 1, 0, 0),
(1618, 5, 10, 1405, 1, 0, 0),
(1619, 7, 10, 1075, 1, 0, 0),
(1620, 8, 10, 1103, 1, 0, 0),
(1621, 5, 10, 1406, 1, 0, 0),
(1622, 7, 10, 1076, 1, 0, 0),
(1623, 8, 10, 1104, 1, 0, 0),
(1624, 5, 10, 1407, 1, 0, 0),
(1625, 7, 10, 1077, 1, 0, 0),
(1626, 8, 10, 1105, 1, 0, 0),
(1627, 5, 10, 1408, 1, 0, 0),
(1628, 7, 10, 1078, 1, 0, 0),
(1629, 8, 10, 1106, 1, 0, 0),
(1630, 5, 10, 1409, 1, 0, 0),
(1631, 7, 10, 1079, 1, 0, 0),
(1632, 8, 10, 1107, 1, 0, 0),
(1633, 5, 10, 1410, 1, 0, 0),
(1634, 7, 10, 1080, 1, 0, 0),
(1635, 8, 10, 1108, 1, 0, 0),
(1636, 5, 10, 1411, 1, 0, 0),
(1637, 7, 10, 1081, 1, 0, 0),
(1638, 8, 10, 1109, 1, 0, 0),
(1639, 5, 10, 1412, 1, 0, 0),
(1640, 1, 3, 8, 1, 0, 0),
(1641, 1, 3, 23, 1, 0, 0),
(1642, 1, 3, 31, 1, 0, 0),
(1643, 1, 3, 25, 1, 0, 0),
(1644, 1, 3, 21, 1, 0, 0),
(1645, 1, 3, 35, 1, 0, 0),
(1646, 1, 3, 24, 1, 0, 0),
(1647, 1, 3, 38, 1, 0, 0),
(1648, 1, 3, 6, 1, 0, 0),
(1649, 1, 3, 22, 1, 0, 0),
(1650, 1, 3, 30, 1, 0, 0),
(1651, 1, 3, 37, 1, 0, 0),
(1652, 1, 3, 16, 1, 0, 0),
(1653, 1, 3, 9, 1, 0, 0),
(1654, 1, 3, 20, 1, 0, 0),
(1655, 1, 3, 1, 1, 0, 0),
(1656, 1, 3, 13, 1, 0, 0),
(1657, 1, 3, 4, 1, 0, 0),
(1658, 1, 3, 5, 1, 0, 0),
(1659, 1, 3, 12, 1, 0, 0),
(1660, 1, 3, 10, 1, 0, 0),
(1661, 1, 3, 34, 1, 0, 0),
(1662, 1, 3, 18, 1, 0, 0),
(1663, 1, 3, 3, 1, 0, 0),
(1664, 1, 3, 14, 1, 0, 0),
(1665, 1, 3, 36, 1, 0, 0),
(1666, 1, 3, 40, 1, 0, 0),
(1667, 1, 3, 33, 1, 0, 0),
(1668, 1, 3, 43, 1, 0, 0),
(1669, 1, 3, 28, 1, 0, 0),
(1670, 1, 3, 32, 1, 0, 0),
(1671, 1, 3, 42, 1, 0, 0),
(1672, 1, 3, 19, 1, 0, 0),
(1673, 1, 3, 2, 1, 0, 0),
(1674, 1, 3, 27, 1, 0, 0),
(1675, 1, 3, 17, 1, 0, 0),
(1676, 1, 3, 29, 1, 0, 0),
(1677, 1, 3, 39, 1, 0, 0),
(1678, 1, 3, 15, 1, 0, 0),
(1679, 1, 3, 26, 1, 0, 0),
(1680, 1, 3, 7, 1, 0, 0),
(1681, 1, 3, 11, 1, 0, 0),
(1682, 2, 8, 25, 1, 1, 1),
(1683, 2, 8, 27, 1, 1, 1),
(1684, 2, 8, 31, 1, 0, 0),
(1685, 4, 8, 62, 1, 1, 0),
(1686, 7, 8, 602, 1, 1, 0),
(1687, 8, 8, 630, 1, 1, 0),
(1688, 5, 8, 906, 1, 1, 0),
(1689, 4, 8, 64, 1, 1, 0),
(1690, 7, 8, 604, 1, 1, 0),
(1691, 8, 8, 632, 1, 1, 0),
(1692, 5, 8, 908, 1, 1, 0),
(1693, 4, 8, 65, 1, 1, 0),
(1694, 7, 8, 605, 1, 1, 0),
(1695, 8, 8, 633, 1, 1, 0),
(1696, 5, 8, 909, 1, 1, 0),
(1700, 4, 8, 66, 1, 1, 0),
(1701, 7, 8, 606, 1, 1, 0),
(1702, 8, 8, 634, 1, 1, 0),
(1703, 5, 8, 910, 1, 1, 0),
(1704, 7, 8, 1145, 1, 1, 0),
(1705, 8, 8, 1173, 1, 1, 0),
(1706, 5, 8, 1506, 1, 1, 0),
(1710, 7, 8, 1147, 1, 1, 0),
(1711, 8, 8, 1176, 1, 1, 0),
(1712, 5, 8, 1511, 1, 1, 0),
(1713, 7, 8, 1149, 1, 1, 0),
(1714, 8, 8, 1178, 1, 1, 0),
(1715, 5, 8, 1513, 1, 1, 0),
(1716, 5, 8, 1514, 1, 1, 1),
(1717, 5, 8, 1519, 1, 1, 1),
(1724, 5, 8, 1544, 1, 1, 1),
(1729, 5, 8, 1571, 1, 1, 1),
(1730, 5, 8, 1577, 1, 1, 1),
(1731, 5, 8, 1584, 1, 1, 1),
(1743, 5, 8, 1649, 1, 1, 1),
(1748, 5, 8, 1678, 1, 1, 1),
(1761, 5, 8, 1758, 1, 1, 1);

-- --------------------------------------------------------

--
-- Estrutura para tabela `permissionentity`
--

