-- https://www.phpmyadmin.net/
--
-- Tempo de geração: 28/11/2024 às 08:54
-- Versão do servidor: 5.7.44
-- Versão do PHP: 8.1.31

START TRANSACTION;



--
-- Banco de dados: `mgatv524_shimoda`
--

-- --------------------------------------------------------

--
-- Estrutura para tabela `auditlog`
--

CREATE TABLE `auditlog` (
  `logId` int(11) NOT NULL,
  `logDate` int(11) NOT NULL,
  `userId` int(11) DEFAULT NULL,
  `message` varchar(254) NOT NULL,
  `entity` varchar(50) NOT NULL,
  `entityId` int(11) NOT NULL,
  `objectAfter` text NOT NULL
) ENGINE=InnoDB DEFAULT CHARSET=utf8;

--
-- Despejando dados para a tabela `auditlog`
--

INSERT INTO `auditlog` (`logId`, `logDate`, `userId`, `message`, `entity`, `entityId`, `objectAfter`) VALUES
(1, 1696855131, 1, 'Login Granted', 'User', 1, '{\"IPAddress\":\"187.183.240.177\",\"UserAgent\":\"Mozilla\\/5.0 (Windows NT 10.0; Win64; x64) AppleWebKit\\/537.36 (KHTML, like Gecko) Chrome\\/117.0.0.0 Safari\\/537.36\"}'),
(2, 1696855157, 1, 'Login Granted', 'User', 1, '{\"IPAddress\":\"187.183.240.177\",\"UserAgent\":\"Mozilla\\/5.0 (Windows NT 10.0; Win64; x64) AppleWebKit\\/537.36 (KHTML, like Gecko) Chrome\\/117.0.0.0 Safari\\/537.36\"}'),
(3, 1696855678, 1, 'Login Granted', 'User', 1, '{\"IPAddress\":\"187.183.240.177\",\"UserAgent\":\"Mozilla\\/5.0 (Windows NT 10.0; Win64; x64) AppleWebKit\\/537.36 (KHTML, like Gecko) Chrome\\/117.0.0.0 Safari\\/537.36\"}'),
(4, 1696855737, 1, 'Login Granted', 'User', 1, '{\"IPAddress\":\"187.183.240.177\",\"UserAgent\":\"Mozilla\\/5.0 (Windows NT 10.0; Win64; x64) AppleWebKit\\/537.36 (KHTML, like Gecko) Chrome\\/117.0.0.0 Safari\\/537.36\"}'),
(5, 1696855794, 1, 'Login Granted', 'User', 1, '{\"IPAddress\":\"187.183.240.177\",\"UserAgent\":\"Mozilla\\/5.0 (Windows NT 10.0; Win64; x64) AppleWebKit\\/537.36 (KHTML, like Gecko) Chrome\\/117.0.0.0 Safari\\/537.36\"}'),
(6, 1696855918, 1, 'Login Granted', 'User', 1, '{\"IPAddress\":\"187.183.240.177\",\"UserAgent\":\"Mozilla\\/5.0 (Windows NT 10.0; Win64; x64) AppleWebKit\\/537.36 (KHTML, like Gecko) Chrome\\/117.0.0.0 Safari\\/537.36\"}'),
(7, 1696856297, 1, 'Login Granted', 'User', 1, '{\"IPAddress\":\"168.196.173.6\",\"UserAgent\":\"Mozilla\\/5.0 (Windows NT 10.0; Win64; x64) AppleWebKit\\/537.36 (KHTML, like Gecko) Chrome\\/117.0.0.0 Safari\\/537.36 Edg\\/117.0.2045.60\"}'),
(8, 1696857197, 1, 'Login Granted', 'User', 1, '{\"IPAddress\":\"187.183.240.177\",\"UserAgent\":\"Mozilla\\/5.0 (Windows NT 10.0; Win64; x64) AppleWebKit\\/537.36 (KHTML, like Gecko) Chrome\\/117.0.0.0 Safari\\/537.36\"}'),
(9, 1696858234, 1, 'Login Granted', 'User', 1, '{\"IPAddress\":\"168.196.173.6\",\"UserAgent\":\"Mozilla\\/5.0 (Windows NT 10.0; Win64; x64) AppleWebKit\\/537.36 (KHTML, like Gecko) Chrome\\/117.0.0.0 Safari\\/537.36 Edg\\/117.0.2045.60\"}'),
(10, 1696858981, 4, 'Login Granted', 'User', 4, '{\"IPAddress\":\"138.99.206.235\",\"UserAgent\":\"Mozilla\\/5.0 (Windows NT 10.0; Win64; x64) AppleWebKit\\/537.36 (KHTML, like Gecko) Chrome\\/109.0.0.0 Safari\\/537.36\"}'),
(11, 1696863258, 1, 'Login Granted', 'User', 1, '{\"IPAddress\":\"168.196.173.6\",\"UserAgent\":\"Mozilla\\/5.0 (Windows NT 10.0; Win64; x64) AppleWebKit\\/537.36 (KHTML, like Gecko) Chrome\\/117.0.0.0 Safari\\/537.36 Edg\\/117.0.2045.60\"}'),
(12, 1696868086, 4, 'Login Granted', 'User', 4, '{\"IPAddress\":\"138.99.206.235\",\"UserAgent\":\"Mozilla\\/5.0 (Windows NT 10.0; Win64; x64) AppleWebKit\\/537.36 (KHTML, like Gecko) Chrome\\/109.0.0.0 Safari\\/537.36\"}'),
(13, 1697733759, 4, 'Login Granted', 'User', 4, '{\"IPAddress\":\"138.99.206.235\",\"UserAgent\":\"Mozilla\\/5.0 (Windows NT 10.0; Win64; x64) AppleWebKit\\/537.36 (KHTML, like Gecko) Chrome\\/109.0.0.0 Safari\\/537.36\"}'),
(14, 1698413276, 1, 'Login Granted', 'User', 1, '{\"IPAddress\":\"168.196.172.73\",\"UserAgent\":\"Mozilla\\/5.0 (Windows NT 10.0; Win64; x64) AppleWebKit\\/537.36 (KHTML, like Gecko) Chrome\\/118.0.0.0 Safari\\/537.36 Edg\\/118.0.2088.69\"}'),
(15, 1698423498, 4, 'Login Granted', 'User', 4, '{\"IPAddress\":\"138.99.206.235\",\"UserAgent\":\"Mozilla\\/5.0 (Windows NT 10.0; Win64; x64) AppleWebKit\\/537.36 (KHTML, like Gecko) Chrome\\/109.0.0.0 Safari\\/537.36\"}'),
(16, 1698423584, 4, 'Login Granted', 'User', 4, '{\"IPAddress\":\"138.99.206.235\",\"UserAgent\":\"Mozilla\\/5.0 (Windows NT 10.0; Win64; x64) AppleWebKit\\/537.36 (KHTML, like Gecko) Chrome\\/109.0.0.0 Safari\\/537.36\"}'),
(17, 1698425026, 4, 'Login Granted', 'User', 4, '{\"IPAddress\":\"138.99.206.235\",\"UserAgent\":\"Mozilla\\/5.0 (Windows NT 10.0; Win64; x64) AppleWebKit\\/537.36 (KHTML, like Gecko) Chrome\\/109.0.0.0 Safari\\/537.36\"}'),
(18, 1698445564, 1, 'Login Granted', 'User', 1, '{\"IPAddress\":\"168.196.172.73\",\"UserAgent\":\"Mozilla\\/5.0 (Windows NT 10.0; Win64; x64) AppleWebKit\\/537.36 (KHTML, like Gecko) Chrome\\/118.0.0.0 Safari\\/537.36 Edg\\/118.0.2088.69\"}'),
(19, 1700051816, 1, 'Login Granted', 'User', 1, '{\"IPAddress\":\"168.196.172.65\",\"UserAgent\":\"Mozilla\\/5.0 (Windows NT 10.0; Win64; x64) AppleWebKit\\/537.36 (KHTML, like Gecko) Chrome\\/119.0.0.0 Safari\\/537.36 Edg\\/119.0.0.0\"}'),
(20, 1700052195, 1, 'Added', 'Layout', 27, '{\"layoutId\":27,\"layout\":\"TABELA A\\u00c7OUGUE BOVINOS 2\"}'),
(21, 1700052195, 1, 'Added', 'Region', 54, '{\"regionId\":54,\"details\":\"Region TABELA A\\u00c7OUGUE-1 - 955 x 907 (167, 4). RegionId = 54, LayoutId = 27. OwnerId = 1. Duration = 20\"}'),
(22, 1700052195, 1, 'Saved', 'Widget', 164, '{\"widgetId\":\"3 > 164\",\"playlistId\":\"3 > 54\",\"widgetOptions\":[{\"widgetId\":\"3 > 164\"},{\"widgetId\":\"3 > 164\"},{\"widgetId\":\"3 > 164\"},{\"widgetId\":\"3 > 164\"},{\"widgetId\":\"3 > 164\"},{\"widgetId\":\"3 > 164\"},{\"widgetId\":\"3 > 164\"},{\"widgetId\":\"3 > 164\"},{\"widgetId\":\"3 > 164\"},{\"widgetId\":\"3 > 164\"},{\"widgetId\":\"3 > 164\"},{\"widgetId\":\"3 > 164\"},{\"widgetId\":\"3 > 164\"},{\"widgetId\":\"3 > 164\"},{\"widgetId\":\"3 > 164\"},{\"widgetId\":\"3 > 164\"},{\"widgetId\":\"3 > 164\"},{\"widgetId\":\"3 > 164\"},{\"widgetId\":\"3 > 164\"},{\"widgetId\":\"3 > 164\"},{\"widgetId\":\"3 > 164\"},{\"widgetId\":\"3 > 164\"},{\"widgetId\":\"3 > 164\"},{\"widgetId\":\"3 > 164\"},{\"widgetId\":\"3 > 164\"},{\"widgetId\":\"3 > 164\"},{\"widgetId\":\"3 > 164\"},{\"widgetId\":\"3 > 164\"},{\"widgetId\":\"3 > 164\"},{\"widgetId\":\"3 > 164\"},{\"widgetId\":\"3 > 164\"},{\"widgetId\":\"3 > 164\"},{\"widgetId\":\"3 > 164\"},{\"widgetId\":\"3 > 164\"},{\"widgetId\":\"3 > 164\"},{\"widgetId\":\"3 > 164\"}]}'),
(23, 1700052195, 1, 'Added', 'Region', 55, '{\"regionId\":55,\"details\":\"Region TABELA A\\u00c7OUGUE-2 - 938 x 897 (167, 964). RegionId = 55, LayoutId = 27. OwnerId = 1. Duration = 20\"}'),
(24, 1700052195, 1, 'Saved', 'Widget', 165, '{\"widgetId\":\"4 > 165\",\"playlistId\":\"4 > 55\",\"widgetOptions\":[{\"widgetId\":\"4 > 165\"},{\"widgetId\":\"4 > 165\"},{\"widgetId\":\"4 > 165\"},{\"widgetId\":\"4 > 165\"},{\"widgetId\":\"4 > 165\"},{\"widgetId\":\"4 > 165\"},{\"widgetId\":\"4 > 165\"},{\"widgetId\":\"4 > 165\"},{\"widgetId\":\"4 > 165\"},{\"widgetId\":\"4 > 165\"},{\"widgetId\":\"4 > 165\"},{\"widgetId\":\"4 > 165\"},{\"widgetId\":\"4 > 165\"},{\"widgetId\":\"4 > 165\"},{\"widgetId\":\"4 > 165\"},{\"widgetId\":\"4 > 165\"},{\"widgetId\":\"4 > 165\"},{\"widgetId\":\"4 > 165\"},{\"widgetId\":\"4 > 165\"},{\"widgetId\":\"4 > 165\"},{\"widgetId\":\"4 > 165\"},{\"widgetId\":\"4 > 165\"},{\"widgetId\":\"4 > 165\"},{\"widgetId\":\"4 > 165\"},{\"widgetId\":\"4 > 165\"},{\"widgetId\":\"4 > 165\"},{\"widgetId\":\"4 > 165\"},{\"widgetId\":\"4 > 165\"},{\"widgetId\":\"4 > 165\"},{\"widgetId\":\"4 > 165\"},{\"widgetId\":\"4 > 165\"},{\"widgetId\":\"4 > 165\"},{\"widgetId\":\"4 > 165\"},{\"widgetId\":\"4 > 165\"},{\"widgetId\":\"4 > 165\"},{\"widgetId\":\"4 > 165\"}]}'),
(25, 1700052195, 1, 'Added', 'Region', 56, '{\"regionId\":56,\"details\":\"Region TABELA A\\u00c7OUGUE-3 - 1118 x 127 (0, 328). RegionId = 56, LayoutId = 27. OwnerId = 1. Duration = 0\"}'),
(26, 1700052195, 1, 'Saved', 'Widget', 166, '{\"widgetId\":\"5 > 166\",\"playlistId\":\"5 > 56\",\"widgetOptions\":[{\"widgetId\":\"5 > 166\"},{\"widgetId\":\"5 > 166\"},{\"widgetId\":\"5 > 166\"}]}'),
(27, 1700052195, 1, 'Added', 'Region', 57, '{\"regionId\":57,\"details\":\"Region TABELA A\\u00c7OUGUE BOVINOS-4 - 410 x 165 (0, 1494). RegionId = 57, LayoutId = 27. OwnerId = 1. Duration = 0\"}'),
(28, 1700052195, 1, 'Saved', 'Widget', 167, '{\"widgetId\":\"38 > 167\",\"playlistId\":\"25 > 57\"}'),
(29, 1700052234, 1, 'Updated', 'Layout', 27, '{\"layout\":\"TABELA A\\u00c7OUGUE BOVINOS 2 > TABELA A\\u00c7OUGUE BOVINOS (copia)\"}'),
(30, 1702409647, 4, 'Login Granted', 'User', 4, '{\"IPAddress\":\"138.99.206.235\",\"UserAgent\":\"Mozilla\\/5.0 (Windows NT 10.0; Win64; x64) AppleWebKit\\/537.36 (KHTML, like Gecko) Chrome\\/109.0.0.0 Safari\\/537.36\"}'),
(31, 1702409702, 4, 'Login Granted', 'User', 4, '{\"IPAddress\":\"138.99.206.235\",\"UserAgent\":\"Mozilla\\/5.0 (Windows NT 10.0; Win64; x64) AppleWebKit\\/537.36 (KHTML, like Gecko) Chrome\\/109.0.0.0 Safari\\/537.36\"}'),
(32, 1702462846, 1, 'Login Granted', 'User', 1, '{\"IPAddress\":\"168.196.173.23\",\"UserAgent\":\"Mozilla\\/5.0 (Windows NT 10.0; Win64; x64) AppleWebKit\\/537.36 (KHTML, like Gecko) Chrome\\/120.0.0.0 Safari\\/537.36 Edg\\/120.0.0.0\"}'),
(33, 1702550956, 1, 'Login Granted', 'User', 1, '{\"IPAddress\":\"168.196.173.23\",\"UserAgent\":\"Mozilla\\/5.0 (Windows NT 10.0; Win64; x64) AppleWebKit\\/537.36 (KHTML, like Gecko) Chrome\\/120.0.0.0 Safari\\/537.36 Edg\\/120.0.0.0\"}'),
(34, 1702632052, 1, 'Login Granted', 'User', 1, '{\"IPAddress\":\"168.196.173.23\",\"UserAgent\":\"Mozilla\\/5.0 (Windows NT 10.0; Win64; x64) AppleWebKit\\/537.36 (KHTML, like Gecko) Chrome\\/120.0.0.0 Safari\\/537.36 Edg\\/120.0.0.0\"}'),
(35, 1702899819, 1, 'Login Granted', 'User', 1, '{\"IPAddress\":\"168.196.173.8\",\"UserAgent\":\"Mozilla\\/5.0 (Windows NT 10.0; Win64; x64) AppleWebKit\\/537.36 (KHTML, like Gecko) Chrome\\/120.0.0.0 Safari\\/537.36 Edg\\/120.0.0.0\"}'),
(36, 1702940701, 1, 'Login Granted', 'User', 1, '{\"IPAddress\":\"168.196.173.8\",\"UserAgent\":\"Mozilla\\/5.0 (Windows NT 10.0; Win64; x64) AppleWebKit\\/537.36 (KHTML, like Gecko) Chrome\\/120.0.0.0 Safari\\/537.36 Edg\\/120.0.0.0\"}'),
(37, 1703071398, 1, 'Login Granted', 'User', 1, '{\"IPAddress\":\"168.196.173.1\",\"UserAgent\":\"Mozilla\\/5.0 (Windows NT 10.0; Win64; x64) AppleWebKit\\/537.36 (KHTML, like Gecko) Chrome\\/120.0.0.0 Safari\\/537.36 Edg\\/120.0.0.0\"}'),
(38, 1703078487, 1, 'Login Granted', 'User', 1, '{\"IPAddress\":\"179.221.227.113\",\"UserAgent\":\"Mozilla\\/5.0 (Windows NT 10.0; Win64; x64) AppleWebKit\\/537.36 (KHTML, like Gecko) Chrome\\/120.0.0.0 Safari\\/537.36 Edg\\/120.0.0.0\"}'),
(39, 1703078869, 1, 'Login Granted', 'User', 1, '{\"IPAddress\":\"179.221.227.113\",\"UserAgent\":\"Mozilla\\/5.0 (Windows NT 10.0; Win64; x64) AppleWebKit\\/537.36 (KHTML, like Gecko) Chrome\\/120.0.0.0 Safari\\/537.36 Edg\\/120.0.0.0\"}'),
(40, 1703084591, 1, 'Login Granted', 'User', 1, '{\"IPAddress\":\"179.221.227.113\",\"UserAgent\":\"Mozilla\\/5.0 (Windows NT 10.0; Win64; x64) AppleWebKit\\/537.36 (KHTML, like Gecko) Chrome\\/120.0.0.0 Safari\\/537.36 Edg\\/120.0.0.0\"}'),
(41, 1703084892, 1, 'Login Granted', 'User', 1, '{\"IPAddress\":\"168.196.173.1\",\"UserAgent\":\"Mozilla\\/5.0 (Windows NT 10.0; Win64; x64) AppleWebKit\\/537.36 (KHTML, like Gecko) Chrome\\/120.0.0.0 Safari\\/537.36 Edg\\/120.0.0.0\"}'),
(42, 1703085925, 1, 'Login Granted', 'User', 1, '{\"IPAddress\":\"179.221.227.113\",\"UserAgent\":\"Mozilla\\/5.0 (Windows NT 10.0; Win64; x64) AppleWebKit\\/537.36 (KHTML, like Gecko) Chrome\\/120.0.0.0 Safari\\/537.36 Edg\\/120.0.0.0\"}'),
(43, 1703087214, 1, 'Login Granted', 'User', 1, '{\"IPAddress\":\"168.196.173.1\",\"UserAgent\":\"Mozilla\\/5.0 (Windows NT 10.0; Win64; x64) AppleWebKit\\/537.36 (KHTML, like Gecko) Chrome\\/120.0.0.0 Safari\\/537.36\"}'),
(44, 1703089034, 4, 'Login Granted', 'User', 4, '{\"IPAddress\":\"168.196.173.1\",\"UserAgent\":\"Mozilla\\/5.0 (Windows NT 10.0; Win64; x64) AppleWebKit\\/537.36 (KHTML, like Gecko) Chrome\\/120.0.0.0 Safari\\/537.36\"}'),
(45, 1703090104, 1, 'Login Granted', 'User', 1, '{\"IPAddress\":\"168.196.173.1\",\"UserAgent\":\"Mozilla\\/5.0 (Windows NT 10.0; Win64; x64) AppleWebKit\\/537.36 (KHTML, like Gecko) Chrome\\/120.0.0.0 Safari\\/537.36\"}'),
(46, 1703094149, 1, 'Login Granted', 'User', 1, '{\"IPAddress\":\"179.221.227.113\",\"UserAgent\":\"Mozilla\\/5.0 (Windows NT 10.0; Win64; x64) AppleWebKit\\/537.36 (KHTML, like Gecko) Chrome\\/120.0.0.0 Safari\\/537.36 Edg\\/120.0.0.0\"}'),
(47, 1703094483, 1, 'Saved', 'Widget', 8, '{\"widgetOptions\":[{\"value\":\"120 > 2\"}]}'),
(48, 1703094524, 1, 'Saved', 'Widget', 8, '{\"widgetOptions\":[{\"value\":\"2 > 30\"}]}'),
(49, 1703158985, 1, 'Login Granted', 'User', 1, '{\"IPAddress\":\"168.196.172.76\",\"UserAgent\":\"Mozilla\\/5.0 (Windows NT 10.0; Win64; x64) AppleWebKit\\/537.36 (KHTML, like Gecko) Chrome\\/120.0.0.0 Safari\\/537.36\"}'),
(50, 1703159753, 1, 'Updated', 'Layout', 4, '{\"status\":\"1 > 3\"}'),
(51, 1703159753, 1, 'Added', 'Region', 58, '{\"regionId\":58,\"details\":\"Region TABELA A\\u00c7OUGUE AVES-4 - 250 x 250 (50, 50). RegionId = 58, LayoutId = 4. OwnerId = 1. Duration = 0\"}'),
(52, 1703160032, 1, 'Updated', 'Layout', 4, '{\"status\":\"1 > 3\"}'),
(53, 1703160034, 1, 'Saved', 'Region', 12, '{\"height\":\"732.0000 > 731.99999999999\",\"top\":\"297.3375 > 261.3375\",\"left\":\"20.8125 > 28.0125\"}'),
(54, 1703160034, 1, 'Saved', 'Region', 13, '{\"left\":\"695.4750 > 695.47499999999\"}'),
(55, 1703160034, 1, 'Saved', 'Region', 26, '{\"left\":\"1417.9500 > 1403.55\"}'),
(56, 1703174642, 1, 'Login Granted', 'User', 1, '{\"IPAddress\":\"168.196.172.76\",\"UserAgent\":\"Mozilla\\/5.0 (Windows NT 10.0; Win64; x64) AppleWebKit\\/537.36 (KHTML, like Gecko) Chrome\\/120.0.0.0 Safari\\/537.36\"}'),
(57, 1703176105, 1, 'Updated', 'Layout', 4, '{\"status\":\"1 > 3\"}'),
(58, 1703176105, 1, 'Saved', 'Region', 12, '{\"width\":\"1874.4000 > 1896\",\"height\":\"732.0000 > 835.19999999999\",\"top\":\"261.3375 > 244.5\",\"left\":\"28.0125 > 18.4125\"}'),
(59, 1703176105, 1, 'Saved', 'Region', 13, '{\"left\":\"695.4750 > 695.47499999999\"}'),
(60, 1703241857, 1, 'Login Granted', 'User', 1, '{\"IPAddress\":\"168.196.172.76\",\"UserAgent\":\"Mozilla\\/5.0 (Windows NT 10.0; Win64; x64) AppleWebKit\\/537.36 (KHTML, like Gecko) Chrome\\/120.0.0.0 Safari\\/537.36\"}'),
(61, 1703242644, 1, 'Added', 'Layout', 28, '{\"layoutId\":28,\"layout\":\"TABELA A\\u00c7OUGUE AVES copia ed\\u00e7\\u00e3o\"}'),
(62, 1703242644, 1, 'Added', 'Region', 59, '{\"regionId\":59,\"details\":\"Region TABELA A\\u00c7OUGUE-2 - 1896 x 835 (244, 18). RegionId = 59, LayoutId = 28. OwnerId = 1. Duration = 20\"}'),
(63, 1703242644, 1, 'Saved', 'Widget', 168, '{\"widgetId\":\"12 > 168\",\"playlistId\":\"12 > 59\",\"widgetOptions\":[{\"widgetId\":\"12 > 168\"},{\"widgetId\":\"12 > 168\"},{\"widgetId\":\"12 > 168\"},{\"widgetId\":\"12 > 168\"},{\"widgetId\":\"12 > 168\"},{\"widgetId\":\"12 > 168\"},{\"widgetId\":\"12 > 168\"},{\"widgetId\":\"12 > 168\"},{\"widgetId\":\"12 > 168\"},{\"widgetId\":\"12 > 168\"},{\"widgetId\":\"12 > 168\"},{\"widgetId\":\"12 > 168\"},{\"widgetId\":\"12 > 168\"},{\"widgetId\":\"12 > 168\"},{\"widgetId\":\"12 > 168\"},{\"widgetId\":\"12 > 168\"},{\"widgetId\":\"12 > 168\"},{\"widgetId\":\"12 > 168\"},{\"widgetId\":\"12 > 168\"},{\"widgetId\":\"12 > 168\"},{\"widgetId\":\"12 > 168\"},{\"widgetId\":\"12 > 168\"},{\"widgetId\":\"12 > 168\"},{\"widgetId\":\"12 > 168\"},{\"widgetId\":\"12 > 168\"},{\"widgetId\":\"12 > 168\"},{\"widgetId\":\"12 > 168\"},{\"widgetId\":\"12 > 168\"},{\"widgetId\":\"12 > 168\"},{\"widgetId\":\"12 > 168\"},{\"widgetId\":\"12 > 168\"},{\"widgetId\":\"12 > 168\"},{\"widgetId\":\"12 > 168\"},{\"widgetId\":\"12 > 168\"},{\"widgetId\":\"12 > 168\"},{\"widgetId\":\"12 > 168\"},{\"widgetId\":\"12 > 168\"},{\"widgetId\":\"12 > 168\"},{\"widgetId\":\"12 > 168\"}]}'),
(64, 1703242644, 1, 'Added', 'Region', 60, '{\"regionId\":60,\"details\":\"Region TABELA A\\u00c7OUGUE-3 - 537 x 170 (47, 695). RegionId = 60, LayoutId = 28. OwnerId = 1. Duration = 20\"}'),
(65, 1703242644, 1, 'Saved', 'Widget', 169, '{\"widgetId\":\"13 > 169\",\"playlistId\":\"13 > 60\",\"widgetOptions\":[{\"widgetId\":\"13 > 169\"},{\"widgetId\":\"13 > 169\"},{\"widgetId\":\"13 > 169\"},{\"widgetId\":\"13 > 169\"},{\"widgetId\":\"13 > 169\"},{\"widgetId\":\"13 > 169\"},{\"widgetId\":\"13 > 169\"},{\"widgetId\":\"13 > 169\"}]}'),
(66, 1703242644, 1, 'Added', 'Region', 61, '{\"regionId\":61,\"details\":\"Region TABELA A\\u00c7OUGUE AVES-4 - 504 x 249 (0, 1403). RegionId = 61, LayoutId = 28. OwnerId = 1. Duration = 20\"}'),
(67, 1703242644, 1, 'Saved', 'Widget', 170, '{\"widgetId\":\"39 > 170\",\"playlistId\":\"26 > 61\",\"widgetOptions\":[{\"widgetId\":\"39 > 170\"},{\"widgetId\":\"39 > 170\"},{\"widgetId\":\"39 > 170\"},{\"widgetId\":\"39 > 170\"}]}'),
(68, 1703244757, 1, 'Updated', 'Layout', 4, '{\"status\":\"1 > 3\"}'),
(69, 1703244757, 1, 'Saved', 'Region', 12, '{\"height\":\"835.2000 > 835.19999999999\",\"top\":\"244.5000 > 246.9\",\"left\":\"18.4125 > 28.0125\"}'),
(70, 1703244757, 1, 'Saved', 'Region', 13, '{\"top\":\"47.3250 > 35.325\",\"left\":\"695.4750 > 669.07499999999\"}'),
(71, 1703247461, 1, 'Login Granted', 'User', 1, '{\"IPAddress\":\"168.196.172.76\",\"UserAgent\":\"Mozilla\\/5.0 (Windows NT 10.0; Win64; x64) AppleWebKit\\/537.36 (KHTML, like Gecko) Chrome\\/120.0.0.0 Safari\\/537.36\"}'),
(72, 1703247866, 1, 'Updated', 'Layout', 3, '{\"status\":\"1 > 3\"}'),
(73, 1703247866, 1, 'Saved', 'Region', 7, '{\"width\":\"940.8000 > 940.79999999999\",\"height\":\"789.6000 > 789.59999999999\"}'),
(74, 1703247866, 1, 'Saved', 'Region', 8, '{\"width\":\"943.2000 > 1252.8\",\"height\":\"804.0000 > 803.99999999999\",\"top\":\"275.7750 > 232.5375\",\"left\":\"966.4125 > 205.6125\"}'),
(75, 1703247866, 1, 'Saved', 'Region', 9, '{\"top\":\"52.1625 > 18.5625\",\"left\":\"366.7125 > 301.9125\"}'),
(76, 1703247866, 1, 'Saved', 'Region', 42, '{\"width\":\"487.2000 > 424.8\",\"height\":\"249.6000 > 240\",\"top\":\"6.7875 > 6.7499999999999\",\"left\":\"1422.7500 > 1422.7125\"}'),
(77, 1703247982, 1, 'Updated', 'Layout', 3, '{\"status\":\"1 > 3\"}'),
(78, 1703247982, 1, 'Saved', 'Region', 7, '{\"width\":\"940.8000 > 940.79999999999\",\"height\":\"789.6000 > 789.59999999999\"}'),
(79, 1703247982, 1, 'Saved', 'Region', 8, '{\"width\":\"1252.8000 > 1228.8\",\"height\":\"804.0000 > 799.19999999999\",\"top\":\"232.5375 > 261.3\",\"left\":\"205.6125 > 181.6125\"}'),
(80, 1703247982, 1, 'Saved', 'Region', 9, '{\"top\":\"18.5625 > 30.5625\",\"left\":\"301.9125 > 333.1125\"}'),
(81, 1703247982, 1, 'Saved', 'Region', 42, '{\"width\":\"424.8000 > 417.6\",\"height\":\"240.0000 > 194.4\",\"top\":\"6.7500 > 6.7499999999999\"}'),
(82, 1703596117, 1, 'Login Granted', 'User', 1, '{\"IPAddress\":\"168.196.173.5\",\"UserAgent\":\"Mozilla\\/5.0 (Windows NT 10.0; Win64; x64) AppleWebKit\\/537.36 (KHTML, like Gecko) Chrome\\/120.0.0.0 Safari\\/537.36\"}'),
(83, 1703684471, 4, 'Login Granted', 'User', 4, '{\"IPAddress\":\"138.99.206.235\",\"UserAgent\":\"Mozilla\\/5.0 (Windows NT 10.0; Win64; x64) AppleWebKit\\/537.36 (KHTML, like Gecko) Chrome\\/109.0.0.0 Safari\\/537.36\"}'),
(84, 1703694400, 4, 'Login Granted', 'User', 4, '{\"IPAddress\":\"138.99.206.235\",\"UserAgent\":\"Mozilla\\/5.0 (Windows NT 10.0; Win64; x64) AppleWebKit\\/537.36 (KHTML, like Gecko) Chrome\\/109.0.0.0 Safari\\/537.36\"}'),
(85, 1703696186, 4, 'Login Granted', 'User', 4, '{\"IPAddress\":\"138.99.206.235\",\"UserAgent\":\"Mozilla\\/5.0 (Windows NT 10.0; Win64; x64) AppleWebKit\\/537.36 (KHTML, like Gecko) Chrome\\/109.0.0.0 Safari\\/537.36\"}'),
(86, 1703771472, 4, 'Login Granted', 'User', 4, '{\"IPAddress\":\"138.99.206.235\",\"UserAgent\":\"Mozilla\\/5.0 (Windows NT 10.0; Win64; x64) AppleWebKit\\/537.36 (KHTML, like Gecko) Chrome\\/109.0.0.0 Safari\\/537.36\"}'),
(87, 1704486687, 4, 'Login Granted', 'User', 4, '{\"IPAddress\":\"138.99.206.235\",\"UserAgent\":\"Mozilla\\/5.0 (Windows NT 10.0; Win64; x64) AppleWebKit\\/537.36 (KHTML, like Gecko) Chrome\\/109.0.0.0 Safari\\/537.36\"}'),
(88, 1704728132, 4, 'Login Granted', 'User', 4, '{\"IPAddress\":\"138.99.206.235\",\"UserAgent\":\"Mozilla\\/5.0 (Windows NT 10.0; Win64; x64) AppleWebKit\\/537.36 (KHTML, like Gecko) Chrome\\/109.0.0.0 Safari\\/537.36\"}'),
(89, 1704915403, 4, 'Login Granted', 'User', 4, '{\"IPAddress\":\"138.99.206.235\",\"UserAgent\":\"Mozilla\\/5.0 (Windows NT 10.0; Win64; x64) AppleWebKit\\/537.36 (KHTML, like Gecko) Chrome\\/109.0.0.0 Safari\\/537.36\"}'),
(90, 1704978850, 4, 'Login Granted', 'User', 4, '{\"IPAddress\":\"138.99.206.235\",\"UserAgent\":\"Mozilla\\/5.0 (Windows NT 10.0; Win64; x64) AppleWebKit\\/537.36 (KHTML, like Gecko) Chrome\\/109.0.0.0 Safari\\/537.36\"}'),
(91, 1705080311, 4, 'Login Granted', 'User', 4, '{\"IPAddress\":\"138.99.206.235\",\"UserAgent\":\"Mozilla\\/5.0 (Windows NT 10.0; Win64; x64) AppleWebKit\\/537.36 (KHTML, like Gecko) Chrome\\/109.0.0.0 Safari\\/537.36\"}'),
(92, 1706637153, 4, 'Login Granted', 'User', 4, '{\"IPAddress\":\"138.99.206.235\",\"UserAgent\":\"Mozilla\\/5.0 (Windows NT 10.0; Win64; x64) AppleWebKit\\/537.36 (KHTML, like Gecko) Chrome\\/109.0.0.0 Safari\\/537.36\"}'),
(93, 1708620410, 4, 'Login Granted', 'User', 4, '{\"IPAddress\":\"138.99.206.235\",\"UserAgent\":\"Mozilla\\/5.0 (Windows NT 10.0; Win64; x64) AppleWebKit\\/537.36 (KHTML, like Gecko) Chrome\\/109.0.0.0 Safari\\/537.36\"}'),
(94, 1713444221, 1, 'Login Granted', 'User', 1, '{\"IPAddress\":\"177.47.163.17\",\"UserAgent\":\"Mozilla\\/5.0 (Windows NT 10.0; Win64; x64) AppleWebKit\\/537.36 (KHTML, like Gecko) Chrome\\/123.0.0.0 Safari\\/537.36\"}'),
(95, 1716832163, 4, 'Login Granted', 'User', 4, '{\"IPAddress\":\"177.47.163.121\",\"UserAgent\":\"Mozilla\\/5.0 (Linux; Android 10; K) AppleWebKit\\/537.36 (KHTML, like Gecko) SamsungBrowser\\/25.0 Chrome\\/121.0.0.0 Mobile Safari\\/537.36\"}'),
(96, 1716832401, 4, 'Login Granted', 'User', 4, '{\"IPAddress\":\"138.99.206.235\",\"UserAgent\":\"Mozilla\\/5.0 (Windows NT 10.0; Win64; x64) AppleWebKit\\/537.36 (KHTML, like Gecko) Chrome\\/109.0.0.0 Safari\\/537.36\"}'),
(97, 1717008392, 4, 'Login Granted', 'User', 4, '{\"IPAddress\":\"138.99.206.235\",\"UserAgent\":\"Mozilla\\/5.0 (Windows NT 10.0; Win64; x64) AppleWebKit\\/537.36 (KHTML, like Gecko) Chrome\\/109.0.0.0 Safari\\/537.36\"}'),
(98, 1717158431, 4, 'Login Granted', 'User', 4, '{\"IPAddress\":\"138.99.206.235\",\"UserAgent\":\"Mozilla\\/5.0 (Windows NT 10.0; Win64; x64) AppleWebKit\\/537.36 (KHTML, like Gecko) Chrome\\/109.0.0.0 Safari\\/537.36\"}'),
(99, 1717172368, 4, 'Login Granted', 'User', 4, '{\"IPAddress\":\"138.99.206.235\",\"UserAgent\":\"Mozilla\\/5.0 (Windows NT 10.0; Win64; x64) AppleWebKit\\/537.36 (KHTML, like Gecko) Chrome\\/109.0.0.0 Safari\\/537.36\"}'),
(100, 1717423481, 4, 'Login Granted', 'User', 4, '{\"IPAddress\":\"138.99.206.235\",\"UserAgent\":\"Mozilla\\/5.0 (Windows NT 10.0; Win64; x64) AppleWebKit\\/537.36 (KHTML, like Gecko) Chrome\\/109.0.0.0 Safari\\/537.36\"}'),
(101, 1717432404, 4, 'Login Granted', 'User', 4, '{\"IPAddress\":\"138.99.206.235\",\"UserAgent\":\"Mozilla\\/5.0 (Windows NT 10.0; Win64; x64) AppleWebKit\\/537.36 (KHTML, like Gecko) Chrome\\/109.0.0.0 Safari\\/537.36\"}'),
(102, 1717694964, 4, 'Login Granted', 'User', 4, '{\"IPAddress\":\"138.99.206.235\",\"UserAgent\":\"Mozilla\\/5.0 (Windows NT 10.0; Win64; x64) AppleWebKit\\/537.36 (KHTML, like Gecko) Chrome\\/109.0.0.0 Safari\\/537.36\"}'),
(103, 1719244796, 4, 'Login Granted', 'User', 4, '{\"IPAddress\":\"138.99.206.235\",\"UserAgent\":\"Mozilla\\/5.0 (Windows NT 10.0; Win64; x64) AppleWebKit\\/537.36 (KHTML, like Gecko) Chrome\\/109.0.0.0 Safari\\/537.36\"}'),
(104, 1719253281, 4, 'Login Granted', 'User', 4, '{\"IPAddress\":\"138.99.206.235\",\"UserAgent\":\"Mozilla\\/5.0 (Windows NT 10.0; Win64; x64) AppleWebKit\\/537.36 (KHTML, like Gecko) Chrome\\/109.0.0.0 Safari\\/537.36\"}'),
(105, 1719510945, 4, 'Login Granted', 'User', 4, '{\"IPAddress\":\"138.99.206.235\",\"UserAgent\":\"Mozilla\\/5.0 (Windows NT 10.0; Win64; x64) AppleWebKit\\/537.36 (KHTML, like Gecko) Chrome\\/109.0.0.0 Safari\\/537.36\"}'),
(106, 1719516832, 4, 'Login Granted', 'User', 4, '{\"IPAddress\":\"138.99.206.235\",\"UserAgent\":\"Mozilla\\/5.0 (Windows NT 10.0; Win64; x64) AppleWebKit\\/537.36 (KHTML, like Gecko) Chrome\\/109.0.0.0 Safari\\/537.36\"}'),
(107, 1720126223, 4, 'Login Granted', 'User', 4, '{\"IPAddress\":\"177.51.58.77\",\"UserAgent\":\"Mozilla\\/5.0 (Linux; Android 10; K) AppleWebKit\\/537.36 (KHTML, like Gecko) SamsungBrowser\\/25.0 Chrome\\/121.0.0.0 Mobile Safari\\/537.36\"}'),
(108, 1720800681, 4, 'Login Granted', 'User', 4, '{\"IPAddress\":\"138.99.206.235\",\"UserAgent\":\"Mozilla\\/5.0 (Windows NT 10.0; Win64; x64) AppleWebKit\\/537.36 (KHTML, like Gecko) Chrome\\/109.0.0.0 Safari\\/537.36\"}'),
(109, 1722014174, 4, 'Login Granted', 'User', 4, '{\"IPAddress\":\"138.99.206.235\",\"UserAgent\":\"Mozilla\\/5.0 (Windows NT 10.0; Win64; x64) AppleWebKit\\/537.36 (KHTML, like Gecko) Chrome\\/109.0.0.0 Safari\\/537.36\"}'),
(110, 1722021342, 4, 'Login Granted', 'User', 4, '{\"IPAddress\":\"138.99.206.235\",\"UserAgent\":\"Mozilla\\/5.0 (Windows NT 10.0; Win64; x64) AppleWebKit\\/537.36 (KHTML, like Gecko) Chrome\\/109.0.0.0 Safari\\/537.36\"}'),
(111, 1722368338, 4, 'Login Granted', 'User', 4, '{\"IPAddress\":\"138.99.206.235\",\"UserAgent\":\"Mozilla\\/5.0 (Windows NT 10.0; Win64; x64) AppleWebKit\\/537.36 (KHTML, like Gecko) Chrome\\/109.0.0.0 Safari\\/537.36\"}'),
(112, 1722539634, 4, 'Login Granted', 'User', 4, '{\"IPAddress\":\"138.99.206.235\",\"UserAgent\":\"Mozilla\\/5.0 (Windows NT 10.0; Win64; x64) AppleWebKit\\/537.36 (KHTML, like Gecko) Chrome\\/109.0.0.0 Safari\\/537.36\"}'),
(113, 1723549957, 4, 'Login Granted', 'User', 4, '{\"IPAddress\":\"138.99.206.235\",\"UserAgent\":\"Mozilla\\/5.0 (Windows NT 10.0; Win64; x64) AppleWebKit\\/537.36 (KHTML, like Gecko) Chrome\\/109.0.0.0 Safari\\/537.36\"}'),
(114, 1723742956, 4, 'Login Granted', 'User', 4, '{\"IPAddress\":\"138.99.206.235\",\"UserAgent\":\"Mozilla\\/5.0 (Windows NT 10.0; Win64; x64) AppleWebKit\\/537.36 (KHTML, like Gecko) Chrome\\/109.0.0.0 Safari\\/537.36\"}'),
(115, 1723816912, 4, 'Login Granted', 'User', 4, '{\"IPAddress\":\"138.99.206.235\",\"UserAgent\":\"Mozilla\\/5.0 (Windows NT 10.0; Win64; x64) AppleWebKit\\/537.36 (KHTML, like Gecko) Chrome\\/109.0.0.0 Safari\\/537.36\"}'),
(116, 1723817632, 4, 'Login Granted', 'User', 4, '{\"IPAddress\":\"138.99.206.235\",\"UserAgent\":\"Mozilla\\/5.0 (Windows NT 10.0; Win64; x64) AppleWebKit\\/537.36 (KHTML, like Gecko) Chrome\\/109.0.0.0 Safari\\/537.36\"}'),
(117, 1724951842, 4, 'Login Granted', 'User', 4, '{\"IPAddress\":\"138.99.206.235\",\"UserAgent\":\"Mozilla\\/5.0 (Windows NT 10.0; Win64; x64) AppleWebKit\\/537.36 (KHTML, like Gecko) Chrome\\/109.0.0.0 Safari\\/537.36\"}'),
(118, 1724963829, 4, 'Login Granted', 'User', 4, '{\"IPAddress\":\"138.99.206.235\",\"UserAgent\":\"Mozilla\\/5.0 (Windows NT 10.0; Win64; x64) AppleWebKit\\/537.36 (KHTML, like Gecko) Chrome\\/109.0.0.0 Safari\\/537.36\"}'),
(119, 1725296637, 4, 'Login Granted', 'User', 4, '{\"IPAddress\":\"138.99.206.235\",\"UserAgent\":\"Mozilla\\/5.0 (Windows NT 10.0; Win64; x64) AppleWebKit\\/537.36 (KHTML, like Gecko) Chrome\\/109.0.0.0 Safari\\/537.36\"}'),
(120, 1726510417, 4, 'Login Granted', 'User', 4, '{\"IPAddress\":\"138.99.206.235\",\"UserAgent\":\"Mozilla\\/5.0 (Windows NT 10.0; Win64; x64) AppleWebKit\\/537.36 (KHTML, like Gecko) Chrome\\/109.0.0.0 Safari\\/537.36\"}'),
(121, 1726604269, 4, 'Login Granted', 'User', 4, '{\"IPAddress\":\"138.99.206.235\",\"UserAgent\":\"Mozilla\\/5.0 (Windows NT 10.0; Win64; x64) AppleWebKit\\/537.36 (KHTML, like Gecko) Chrome\\/109.0.0.0 Safari\\/537.36\"}'),
(122, 1727454527, 4, 'Login Granted', 'User', 4, '{\"IPAddress\":\"138.99.206.235\",\"UserAgent\":\"Mozilla\\/5.0 (Windows NT 10.0; Win64; x64) AppleWebKit\\/537.36 (KHTML, like Gecko) Chrome\\/109.0.0.0 Safari\\/537.36\"}'),
(123, 1728582046, 4, 'Login Granted', 'User', 4, '{\"IPAddress\":\"138.99.206.235\",\"UserAgent\":\"Mozilla\\/5.0 (Windows NT 10.0; Win64; x64) AppleWebKit\\/537.36 (KHTML, like Gecko) Chrome\\/109.0.0.0 Safari\\/537.36\"}'),
(124, 1729189785, 4, 'Login Granted', 'User', 4, '{\"IPAddress\":\"138.99.206.235\",\"UserAgent\":\"Mozilla\\/5.0 (Windows NT 10.0; Win64; x64) AppleWebKit\\/537.36 (KHTML, like Gecko) Chrome\\/109.0.0.0 Safari\\/537.36\"}'),
(125, 1730130722, 4, 'Login Granted', 'User', 4, '{\"IPAddress\":\"138.99.206.235\",\"UserAgent\":\"Mozilla\\/5.0 (Windows NT 10.0; Win64; x64) AppleWebKit\\/537.36 (KHTML, like Gecko) Chrome\\/109.0.0.0 Safari\\/537.36\"}'),
(126, 1730130760, 4, 'Login Granted', 'User', 4, '{\"IPAddress\":\"138.99.206.235\",\"UserAgent\":\"Mozilla\\/5.0 (Windows NT 10.0; Win64; x64) AppleWebKit\\/537.36 (KHTML, like Gecko) Chrome\\/109.0.0.0 Safari\\/537.36\"}'),
(127, 1730218984, 4, 'Login Granted', 'User', 4, '{\"IPAddress\":\"138.99.206.235\",\"UserAgent\":\"Mozilla\\/5.0 (Windows NT 10.0; Win64; x64) AppleWebKit\\/537.36 (KHTML, like Gecko) Chrome\\/109.0.0.0 Safari\\/537.36\"}'),
(128, 1730470862, 4, 'Login Granted', 'User', 4, '{\"IPAddress\":\"138.99.206.235\",\"UserAgent\":\"Mozilla\\/5.0 (Windows NT 10.0; Win64; x64) AppleWebKit\\/537.36 (KHTML, like Gecko) Chrome\\/109.0.0.0 Safari\\/537.36\"}'),
(129, 1730487160, 4, 'Login Granted', 'User', 4, '{\"IPAddress\":\"138.99.206.235\",\"UserAgent\":\"Mozilla\\/5.0 (Windows NT 10.0; Win64; x64) AppleWebKit\\/537.36 (KHTML, like Gecko) Chrome\\/109.0.0.0 Safari\\/537.36\"}'),
(130, 1731443615, 4, 'Login Granted', 'User', 4, '{\"IPAddress\":\"138.99.206.235\",\"UserAgent\":\"Mozilla\\/5.0 (Windows NT 10.0; Win64; x64) AppleWebKit\\/537.36 (KHTML, like Gecko) Chrome\\/109.0.0.0 Safari\\/537.36\"}'),
(131, 1731443664, 4, 'Login Granted', 'User', 4, '{\"IPAddress\":\"138.99.206.235\",\"UserAgent\":\"Mozilla\\/5.0 (Windows NT 10.0; Win64; x64) AppleWebKit\\/537.36 (KHTML, like Gecko) Chrome\\/109.0.0.0 Safari\\/537.36\"}'),
(132, 1731443853, 4, 'Login Granted', 'User', 4, '{\"IPAddress\":\"138.99.206.235\",\"UserAgent\":\"Mozilla\\/5.0 (Windows NT 10.0; Win64; x64) AppleWebKit\\/537.36 (KHTML, like Gecko) Chrome\\/109.0.0.0 Safari\\/537.36\"}'),
(133, 1731497164, 4, 'Login Granted', 'User', 4, '{\"IPAddress\":\"177.47.163.68\",\"UserAgent\":\"Mozilla\\/5.0 (Linux; Android 10; K) AppleWebKit\\/537.36 (KHTML, like Gecko) SamsungBrowser\\/26.0 Chrome\\/122.0.0.0 Mobile Safari\\/537.36\"}'),
(134, 1731497394, 4, 'Login Granted', 'User', 4, '{\"IPAddress\":\"138.99.206.235\",\"UserAgent\":\"Mozilla\\/5.0 (Windows NT 10.0; Win64; x64) AppleWebKit\\/537.36 (KHTML, like Gecko) Chrome\\/109.0.0.0 Safari\\/537.36\"}'),
(135, 1731497419, 4, 'Login Granted', 'User', 4, '{\"IPAddress\":\"177.47.163.68\",\"UserAgent\":\"Mozilla\\/5.0 (Windows NT 10.0; Win64; x64) AppleWebKit\\/537.36 (KHTML, like Gecko) Chrome\\/130.0.0.0 Safari\\/537.36\"}'),
(136, 1731497504, 1, 'Login Granted', 'User', 1, '{\"IPAddress\":\"177.47.163.68\",\"UserAgent\":\"Mozilla\\/5.0 (Windows NT 10.0; Win64; x64) AppleWebKit\\/537.36 (KHTML, like Gecko) Chrome\\/130.0.0.0 Safari\\/537.36\"}'),
(137, 1731497514, 4, 'Login Granted', 'User', 4, '{\"IPAddress\":\"138.99.206.235\",\"UserAgent\":\"Mozilla\\/5.0 (Windows NT 10.0; Win64; x64) AppleWebKit\\/537.36 (KHTML, like Gecko) Chrome\\/109.0.0.0 Safari\\/537.36\"}'),
(138, 1731520340, 4, 'Login Granted', 'User', 4, '{\"IPAddress\":\"177.47.163.4\",\"UserAgent\":\"Mozilla\\/5.0 (Linux; Android 10; K) AppleWebKit\\/537.36 (KHTML, like Gecko) SamsungBrowser\\/26.0 Chrome\\/122.0.0.0 Mobile Safari\\/537.36\"}'),
(139, 1731520342, 4, 'Login Granted', 'User', 4, '{\"IPAddress\":\"177.47.163.4\",\"UserAgent\":\"Mozilla\\/5.0 (Linux; Android 10; K) AppleWebKit\\/537.36 (KHTML, like Gecko) SamsungBrowser\\/26.0 Chrome\\/122.0.0.0 Mobile Safari\\/537.36\"}'),
(140, 1731520372, 4, 'Login Granted', 'User', 4, '{\"IPAddress\":\"177.47.163.4\",\"UserAgent\":\"Mozilla\\/5.0 (Linux; Android 10; K) AppleWebKit\\/537.36 (KHTML, like Gecko) SamsungBrowser\\/26.0 Chrome\\/122.0.0.0 Mobile Safari\\/537.36\"}'),
(141, 1731526895, 4, 'Login Granted', 'User', 4, '{\"IPAddress\":\"177.47.163.68\",\"UserAgent\":\"Mozilla\\/5.0 (Windows NT 10.0; Win64; x64) AppleWebKit\\/537.36 (KHTML, like Gecko) Chrome\\/130.0.0.0 Safari\\/537.36\"}'),
(142, 1731613471, 4, 'Login Granted', 'User', 4, '{\"IPAddress\":\"177.47.163.68\",\"UserAgent\":\"Mozilla\\/5.0 (Linux; Android 10; K) AppleWebKit\\/537.36 (KHTML, like Gecko) SamsungBrowser\\/27.0 Chrome\\/125.0.0.0 Mobile Safari\\/537.36\"}'),
(143, 1731929173, 4, 'Login Granted', 'User', 4, '{\"IPAddress\":\"177.79.92.124\",\"UserAgent\":\"Mozilla\\/5.0 (Linux; Android 10; K) AppleWebKit\\/537.36 (KHTML, like Gecko) SamsungBrowser\\/27.0 Chrome\\/125.0.0.0 Mobile Safari\\/537.36\"}'),
(144, 1731930934, 4, 'Login Granted', 'User', 4, '{\"IPAddress\":\"138.99.206.235\",\"UserAgent\":\"Mozilla\\/5.0 (Windows NT 10.0; Win64; x64) AppleWebKit\\/537.36 (KHTML, like Gecko) Chrome\\/109.0.0.0 Safari\\/537.36\"}'),
(145, 1731938535, 4, 'Login Granted', 'User', 4, '{\"IPAddress\":\"138.99.206.235\",\"UserAgent\":\"Mozilla\\/5.0 (Windows NT 10.0; Win64; x64) AppleWebKit\\/537.36 (KHTML, like Gecko) Chrome\\/109.0.0.0 Safari\\/537.36\"}'),
(146, 1732014922, 4, 'Login Granted', 'User', 4, '{\"IPAddress\":\"138.99.206.235\",\"UserAgent\":\"Mozilla\\/5.0 (Windows NT 10.0; Win64; x64) AppleWebKit\\/537.36 (KHTML, like Gecko) Chrome\\/109.0.0.0 Safari\\/537.36\"}'),
(147, 1732022243, 4, 'Login Granted', 'User', 4, '{\"IPAddress\":\"177.47.163.42\",\"UserAgent\":\"Mozilla\\/5.0 (Windows NT 10.0; Win64; x64) AppleWebKit\\/537.36 (KHTML, like Gecko) Chrome\\/131.0.0.0 Safari\\/537.36\"}'),
(148, 1732103802, 4, 'Login Granted', 'User', 4, '{\"IPAddress\":\"177.47.163.42\",\"UserAgent\":\"Mozilla\\/5.0 (Windows NT 10.0; Win64; x64) AppleWebKit\\/537.36 (KHTML, like Gecko) Chrome\\/131.0.0.0 Safari\\/537.36\"}'),
(149, 1732189169, 4, 'Login Granted', 'User', 4, '{\"IPAddress\":\"138.99.206.235\",\"UserAgent\":\"Mozilla\\/5.0 (Windows NT 10.0; Win64; x64) AppleWebKit\\/537.36 (KHTML, like Gecko) Chrome\\/109.0.0.0 Safari\\/537.36\"}'),
(150, 1732280360, 4, 'Login Granted', 'User', 4, '{\"IPAddress\":\"152.255.127.240\",\"UserAgent\":\"Mozilla\\/5.0 (Linux; Android 10; K) AppleWebKit\\/537.36 (KHTML, like Gecko) SamsungBrowser\\/27.0 Chrome\\/125.0.0.0 Mobile Safari\\/537.36\"}'),
(151, 1732537592, 4, 'Login Granted', 'User', 4, '{\"IPAddress\":\"177.47.163.42\",\"UserAgent\":\"Mozilla\\/5.0 (Windows NT 10.0; Win64; x64) AppleWebKit\\/537.36 (KHTML, like Gecko) Chrome\\/131.0.0.0 Safari\\/537.36\"}'),
(152, 1732568050, 4, 'Login Granted', 'User', 4, '{\"IPAddress\":\"138.99.206.235\",\"UserAgent\":\"Mozilla\\/5.0 (Windows NT 10.0; Win64; x64) AppleWebKit\\/537.36 (KHTML, like Gecko) Chrome\\/109.0.0.0 Safari\\/537.36\"}'),
(153, 1732614646, 4, 'Login Granted', 'User', 4, '{\"IPAddress\":\"177.47.163.42\",\"UserAgent\":\"Mozilla\\/5.0 (Linux; Android 10; K) AppleWebKit\\/537.36 (KHTML, like Gecko) SamsungBrowser\\/27.0 Chrome\\/125.0.0.0 Mobile Safari\\/537.36\"}'),
(154, 1732794485, 1, 'Login Granted', 'User', 1, '{\"IPAddress\":\"179.221.227.113\",\"UserAgent\":\"Mozilla\\/5.0 (Windows NT 10.0; Win64; x64) AppleWebKit\\/537.36 (KHTML, like Gecko) Chrome\\/131.0.0.0 Safari\\/537.36 Edg\\/131.0.0.0\"}');

-- --------------------------------------------------------

--
-- Estrutura para tabela `bandwidth`
--

CREATE TABLE `bandwidth` (
  `DisplayID` int(11) NOT NULL,
  `Type` tinyint(4) NOT NULL,
  `Month` int(11) NOT NULL,
  `Size` bigint(20) NOT NULL
) ENGINE=InnoDB DEFAULT CHARSET=utf8;

--
-- Despejando dados para a tabela `bandwidth`
--

INSERT INTO `bandwidth` (`DisplayID`, `Type`, `Month`, `Size`) VALUES
(1, 1, 1567393200, 590225),
(1, 2, 1567393200, 1694855),
(1, 3, 1567393200, 503904),
(1, 4, 1567393200, 30614119),
(1, 5, 1567393200, 1484979),
(1, 6, 1567393200, 1577827),
(1, 7, 1567393200, 16565),
(2, 1, 1569985200, 109987),
(2, 2, 1569985200, 378952),
(2, 3, 1569985200, 126022),
(2, 4, 1569985200, 1488494),
(2, 5, 1569985200, 2970223),
(2, 6, 1569985200, 383500),
(2, 7, 1569985200, 3337),
(3, 1, 1572663600, 10279893),
(3, 1, 1575255600, 9521154),
(3, 1, 1577934000, 11644650),
(3, 1, 1580612400, 9380808),
(3, 1, 1583118000, 11947716),
(3, 1, 1585796400, 10387675),
(3, 1, 1588388400, 10460862),
(3, 1, 1591066800, 7851240),
(3, 1, 1593658800, 11012076),
(3, 1, 1596337200, 11085300),
(3, 1, 1599015600, 11803302),
(3, 1, 1601607600, 11010208),
(3, 1, 1604286000, 57904),
(3, 2, 1572663600, 38699210),
(3, 2, 1575255600, 35388857),
(3, 2, 1577934000, 42892644),
(3, 2, 1580612400, 34841575),
(3, 2, 1583118000, 43995564),
(3, 2, 1585796400, 37196328),
(3, 2, 1588388400, 37812790),
(3, 2, 1591066800, 29501264),
(3, 2, 1593658800, 41026582),
(3, 2, 1596337200, 40633051),
(3, 2, 1599015600, 44003740),
(3, 2, 1601607600, 40740768),
(3, 3, 1572663600, 16195717),
(3, 3, 1575255600, 16316919),
(3, 3, 1577934000, 18480879),
(3, 3, 1580612400, 15817389),
(3, 3, 1583118000, 19864632),
(3, 3, 1585796400, 14313589),
(3, 3, 1588388400, 16229175),
(3, 3, 1591066800, 13747038),
(3, 3, 1593658800, 22184862),
(3, 3, 1596337200, 19742040),
(3, 3, 1599015600, 23355096),
(3, 3, 1601607600, 18762753),
(3, 4, 1572663600, 108560439),
(3, 4, 1575255600, 106463868),
(3, 4, 1577934000, 40642277),
(3, 4, 1580612400, 76265094),
(3, 4, 1583118000, 46214120),
(3, 4, 1585796400, 24004835),
(3, 4, 1588388400, 12846515),
(3, 4, 1591066800, 56170255),
(3, 4, 1593658800, 52048047),
(3, 4, 1596337200, 57146066),
(3, 4, 1599015600, 65119175),
(3, 4, 1601607600, 32867059),
(3, 5, 1572663600, 135455537),
(3, 5, 1575255600, 112364110),
(3, 5, 1577934000, 321564982),
(3, 5, 1580612400, 288016974),
(3, 5, 1583118000, 378430497),
(3, 5, 1585796400, 384003231),
(3, 5, 1588388400, 338227333),
(3, 5, 1591066800, 246492066),
(3, 5, 1593658800, 281227835),
(3, 5, 1596337200, 312860522),
(3, 5, 1599015600, 307860532),
(3, 5, 1601607600, 370334963),
(3, 5, 1604286000, 2460802),
(3, 6, 1572663600, 35749681),
(3, 6, 1575255600, 32723868),
(3, 6, 1577934000, 39561706),
(3, 6, 1580612400, 32227751),
(3, 6, 1583118000, 40467376),
(3, 6, 1585796400, 34138031),
(3, 6, 1588388400, 34763234),
(3, 6, 1591066800, 27027284),
(3, 6, 1593658800, 37861213),
(3, 6, 1596337200, 37401850),
(3, 6, 1599015600, 40680960),
(3, 6, 1601607600, 37536189),
(3, 7, 1572663600, 293000),
(3, 7, 1575255600, 269990),
(3, 7, 1577934000, 331006),
(3, 7, 1580612400, 266336),
(3, 7, 1583118000, 339938),
(3, 7, 1585796400, 295220),
(3, 7, 1588388400, 297714),
(3, 7, 1591066800, 223648),
(3, 7, 1593658800, 312794),
(3, 7, 1596337200, 315462),
(3, 7, 1599015600, 336110),
(3, 7, 1601607600, 313142),
(3, 7, 1604286000, 1624),
(3, 9, 1575255600, 158),
(3, 9, 1601607600, 2114),
(3, 9, 1604286000, 42335),
(4, 1, 1604286000, 7699998),
(4, 1, 1606878000, 10333796),
(4, 1, 1609556400, 8861380),
(4, 1, 1612231200, 1759868),
(4, 1, 1612234800, 5662184),
(4, 1, 1614654000, 9163308),
(4, 1, 1617332400, 6460432),
(4, 1, 1619924400, 7757068),
(4, 1, 1622602800, 6871964),
(4, 1, 1625194800, 7380692),
(4, 1, 1627873200, 6541084),
(4, 1, 1630551600, 8125172),
(4, 1, 1633143600, 7066356),
(4, 1, 1635822000, 7827380),
(4, 1, 1638414000, 8838632),
(4, 1, 1641092400, 8414692),
(4, 1, 1643770800, 5091416),
(4, 1, 1646190000, 9291524),
(4, 1, 1648868400, 4030532),
(4, 1, 1651460400, 1691624),
(4, 1, 1654138800, 9181920),
(4, 1, 1656730800, 7091172),
(4, 1, 1659409200, 7874944),
(4, 1, 1662087600, 8640104),
(4, 1, 1664679600, 8995800),
(4, 1, 1667358000, 7734320),
(4, 1, 1669950000, 9196396),
(4, 1, 1672628400, 8385740),
(4, 1, 1675306800, 8542908),
(4, 1, 1677726000, 8329904),
(4, 1, 1680404400, 8803476),
(4, 1, 1682996400, 9847816),
(4, 1, 1685674800, 8857244),
(4, 1, 1688266800, 9624472),
(4, 1, 1690945200, 8321632),
(4, 1, 1693623600, 8336108),
(4, 1, 1696215600, 8443644),
(4, 1, 1698894000, 6733408),
(4, 1, 1701486000, 7372420),
(4, 1, 1704164400, 9092996),
(4, 1, 1706842800, 7711572),
(4, 1, 1709348400, 7107716),
(4, 1, 1712026800, 7860468),
(4, 1, 1714618800, 8398148),
(4, 1, 1717297200, 7881148),
(4, 1, 1719889200, 8228572),
(4, 1, 1722567600, 8075540),
(4, 1, 1725246000, 8625628),
(4, 1, 1727838000, 8474664),
(4, 1, 1730516400, 9394924),
(4, 2, 1604286000, 23749773),
(4, 2, 1606878000, 37962753),
(4, 2, 1609556400, 22408542),
(4, 2, 1612231200, 6310371),
(4, 2, 1612234800, 18949667),
(4, 2, 1614654000, 33142682),
(4, 2, 1617332400, 19692210),
(4, 2, 1619924400, 20125548),
(4, 2, 1622602800, 17525655),
(4, 2, 1625194800, 20326857),
(4, 2, 1627873200, 21734715),
(4, 2, 1630551600, 27250035),
(4, 2, 1633143600, 21088842),
(4, 2, 1635822000, 25856691),
(4, 2, 1638414000, 23636049),
(4, 2, 1641092400, 25602696),
(4, 2, 1643770800, 16357278),
(4, 2, 1646190000, 27605628),
(4, 2, 1648868400, 11480574),
(4, 2, 1651460400, 3294678),
(4, 2, 1654138800, 32206566),
(4, 2, 1656730800, 22837779),
(4, 2, 1659409200, 27620142),
(4, 2, 1662087600, 30297975),
(4, 2, 1664679600, 31451838),
(4, 2, 1667358000, 27126666),
(4, 2, 1669950000, 27997506),
(4, 2, 1672628400, 26676732),
(4, 2, 1675306800, 29971410),
(4, 2, 1677726000, 27366147),
(4, 2, 1680404400, 29884326),
(4, 2, 1682996400, 34528806),
(4, 2, 1685674800, 27010554),
(4, 2, 1688266800, 33686994),
(4, 2, 1690945200, 27794310),
(4, 2, 1693623600, 29107827),
(4, 2, 1696215600, 25123734),
(4, 2, 1698894000, 23563479),
(4, 2, 1701486000, 24864695),
(4, 2, 1704164400, 29859412),
(4, 2, 1706842800, 25105422),
(4, 2, 1709348400, 24140108),
(4, 2, 1712026800, 27580400),
(4, 2, 1714618800, 28611036),
(4, 2, 1717297200, 25308646),
(4, 2, 1719889200, 28865066),
(4, 2, 1722567600, 25214292),
(4, 2, 1725246000, 27616690),
(4, 2, 1727838000, 24161882),
(4, 2, 1730516400, 32973094),
(4, 3, 1604286000, 11307552),
(4, 3, 1606878000, 19555071),
(4, 3, 1609556400, 10392687),
(4, 3, 1612231200, 2613144),
(4, 3, 1612234800, 9784758),
(4, 3, 1614654000, 14695326),
(4, 3, 1617332400, 9504300),
(4, 3, 1619924400, 8838750),
(4, 3, 1622602800, 6556725),
(4, 3, 1625194800, 7604715),
(4, 3, 1627873200, 8128710),
(4, 3, 1630551600, 10197540),
(4, 3, 1633143600, 7887075),
(4, 3, 1635822000, 9678975),
(4, 3, 1638414000, 8845470),
(4, 3, 1641092400, 9581235),
(4, 3, 1643770800, 6119610),
(4, 3, 1646190000, 10327860),
(4, 3, 1648868400, 4292415),
(4, 3, 1651460400, 1232610),
(4, 3, 1654138800, 12051885),
(4, 3, 1656730800, 8541390),
(4, 3, 1659409200, 10330575),
(4, 3, 1662087600, 11335125),
(4, 3, 1664679600, 11747805),
(4, 3, 1667358000, 10148670),
(4, 3, 1669950000, 10474470),
(4, 3, 1672628400, 9977625),
(4, 3, 1675306800, 11212950),
(4, 3, 1677726000, 10235550),
(4, 3, 1680404400, 11183085),
(4, 3, 1682996400, 12909825),
(4, 3, 1685674800, 10094370),
(4, 3, 1688266800, 12627465),
(4, 3, 1690945200, 10368585),
(4, 3, 1693623600, 10887150),
(4, 3, 1696215600, 9404760),
(4, 3, 1698894000, 8815605),
(4, 3, 1701486000, 9304305),
(4, 3, 1704164400, 11169510),
(4, 3, 1706842800, 9385755),
(4, 3, 1709348400, 9032805),
(4, 3, 1712026800, 10319715),
(4, 3, 1714618800, 10710675),
(4, 3, 1717297200, 9459060),
(4, 3, 1719889200, 10797555),
(4, 3, 1722567600, 9437340),
(4, 3, 1725246000, 10333290),
(4, 3, 1727838000, 9046380),
(4, 3, 1730516400, 12334245),
(4, 4, 1604286000, 60034736),
(4, 4, 1606878000, 89248198),
(4, 4, 1609556400, 106182119),
(4, 4, 1612231200, 40098149),
(4, 4, 1612234800, 15455094),
(4, 4, 1614654000, 78402617),
(4, 4, 1617332400, 31079143),
(4, 4, 1619924400, 17020937),
(4, 4, 1701486000, 829573),
(4, 5, 1604286000, 263775415),
(4, 5, 1606878000, 303377719),
(4, 5, 1609556400, 280973587),
(4, 5, 1612231200, 66906008),
(4, 5, 1612234800, 149843567),
(4, 5, 1614654000, 324012872),
(4, 5, 1617332400, 199645273),
(4, 5, 1619924400, 281739401),
(4, 5, 1622602800, 283731690),
(4, 5, 1625194800, 306544354),
(4, 5, 1627873200, 272214143),
(4, 5, 1630551600, 337157800),
(4, 5, 1633143600, 293252593),
(4, 5, 1635822000, 325537702),
(4, 5, 1638414000, 363492652),
(4, 5, 1641092400, 341278350),
(4, 5, 1643770800, 213126163),
(4, 5, 1646190000, 387660386),
(4, 5, 1648868400, 169556583),
(4, 5, 1651460400, 66026869),
(4, 5, 1654138800, 386485065),
(4, 5, 1656730800, 298426413),
(4, 5, 1659409200, 333244327),
(4, 5, 1662087600, 365224487),
(4, 5, 1664679600, 368594839),
(4, 5, 1667358000, 328383314),
(4, 5, 1669950000, 386348858),
(4, 5, 1672628400, 353148634),
(4, 5, 1675306800, 359869738),
(4, 5, 1677726000, 352627832),
(4, 5, 1680404400, 372506936),
(4, 5, 1682996400, 416479653),
(4, 5, 1685674800, 379437954),
(4, 5, 1688266800, 412325509),
(4, 5, 1690945200, 356161205),
(4, 5, 1693623600, 353048453),
(4, 5, 1696215600, 359268353),
(4, 5, 1698894000, 283945200),
(4, 5, 1701486000, 311406859),
(4, 5, 1704164400, 386622787),
(4, 5, 1706842800, 335411673),
(4, 5, 1709348400, 301984758),
(4, 5, 1712026800, 333711962),
(4, 5, 1714618800, 357134006),
(4, 5, 1717297200, 344637192),
(4, 5, 1719889200, 357727644),
(4, 5, 1722567600, 361795277),
(4, 5, 1725246000, 380529277),
(4, 5, 1727838000, 378246449),
(4, 5, 1730516400, 413162994),
(4, 6, 1604286000, 21858584),
(4, 6, 1606878000, 35057662),
(4, 6, 1609556400, 20610755),
(4, 6, 1612231200, 5788685),
(4, 6, 1612234800, 17469293),
(4, 6, 1614654000, 30541242),
(4, 6, 1617332400, 18175174),
(4, 6, 1619924400, 18491292),
(4, 6, 1622602800, 16045205),
(4, 6, 1625194800, 18647310),
(4, 6, 1627873200, 19898450),
(4, 6, 1630551600, 25002835),
(4, 6, 1633143600, 19326120),
(4, 6, 1635822000, 23705110),
(4, 6, 1638414000, 21668680),
(4, 6, 1641092400, 23425600),
(4, 6, 1643770800, 15000370),
(4, 6, 1646190000, 25302310),
(4, 6, 1648868400, 10528210),
(4, 6, 1651460400, 3014715),
(4, 6, 1654138800, 29514925),
(4, 6, 1656730800, 20923320),
(4, 6, 1659409200, 25302310),
(4, 6, 1662087600, 27771315),
(4, 6, 1664679600, 28676395),
(4, 6, 1667358000, 24829805),
(4, 6, 1669950000, 25661680),
(4, 6, 1672628400, 24443815),
(4, 6, 1675306800, 27491805),
(4, 6, 1677726000, 25096005),
(4, 6, 1680404400, 27398635),
(4, 6, 1682996400, 31597940),
(4, 6, 1685674800, 24703360),
(4, 6, 1688266800, 30792685),
(4, 6, 1690945200, 25355550),
(4, 6, 1693623600, 26633310),
(4, 6, 1696215600, 23026300),
(4, 6, 1698894000, 21582165),
(4, 6, 1701486000, 22826650),
(4, 6, 1704164400, 27372015),
(4, 6, 1706842800, 22933130),
(4, 6, 1709348400, 22127875),
(4, 6, 1712026800, 25295655),
(4, 6, 1714618800, 26227355),
(4, 6, 1717297200, 23072885),
(4, 6, 1719889200, 26466935),
(4, 6, 1722567600, 23099505),
(4, 6, 1725246000, 25322275),
(4, 6, 1727838000, 22154495),
(4, 6, 1730516400, 30233665),
(4, 7, 1604286000, 516617),
(4, 7, 1606878000, 693749),
(4, 7, 1609556400, 593252),
(4, 7, 1612231200, 118150),
(4, 7, 1612234800, 380165),
(4, 7, 1614654000, 615770),
(4, 7, 1617332400, 432985),
(4, 7, 1619924400, 521111),
(4, 7, 1622602800, 461063),
(4, 7, 1625194800, 494979),
(4, 7, 1627873200, 438406),
(4, 7, 1630551600, 545575),
(4, 7, 1633143600, 474407),
(4, 7, 1635822000, 525142),
(4, 7, 1638414000, 592974),
(4, 7, 1641092400, 561699),
(4, 7, 1643770800, 342218),
(4, 7, 1646190000, 624110),
(4, 7, 1648868400, 270077),
(4, 7, 1651460400, 113563),
(4, 7, 1654138800, 616604),
(4, 7, 1656730800, 475797),
(4, 7, 1659409200, 528339),
(4, 7, 1662087600, 580186),
(4, 7, 1664679600, 600341),
(4, 7, 1667358000, 518192),
(4, 7, 1669950000, 617716),
(4, 7, 1672628400, 563367),
(4, 7, 1675306800, 574070),
(4, 7, 1677726000, 559475),
(4, 7, 1680404400, 591028),
(4, 7, 1682996400, 659833),
(4, 7, 1685674800, 592418),
(4, 7, 1688266800, 643153),
(4, 7, 1690945200, 556834),
(4, 7, 1693623600, 556556),
(4, 7, 1696215600, 566008),
(4, 7, 1698894000, 451055),
(4, 7, 1701486000, 495118),
(4, 7, 1704164400, 610905),
(4, 7, 1706842800, 515134),
(4, 7, 1709348400, 477743),
(4, 7, 1712026800, 528061),
(4, 7, 1714618800, 564201),
(4, 7, 1717297200, 526671),
(4, 7, 1719889200, 552803),
(4, 7, 1722567600, 541683),
(4, 7, 1725246000, 579213),
(4, 7, 1727838000, 568232),
(4, 7, 1730516400, 631477),
(4, 9, 1604286000, 35641),
(4, 9, 1606878000, 154429),
(4, 9, 1609556400, 329410),
(4, 9, 1612231200, 87017),
(4, 9, 1612234800, 130310),
(4, 9, 1614654000, 146314),
(4, 9, 1617332400, 258283),
(4, 9, 1619924400, 111112),
(4, 9, 1622602800, 287566),
(4, 9, 1625194800, 253632),
(4, 9, 1627873200, 359349),
(4, 9, 1630551600, 88278),
(4, 9, 1633143600, 220373),
(4, 9, 1635822000, 322674),
(4, 9, 1638414000, 221240),
(4, 9, 1641092400, 268976),
(4, 9, 1643770800, 12868),
(4, 9, 1646190000, 180681),
(4, 9, 1648868400, 25272),
(4, 9, 1651460400, 4278),
(4, 9, 1654138800, 58797),
(4, 9, 1656730800, 183118),
(4, 9, 1659409200, 161434),
(4, 9, 1662087600, 21852),
(4, 9, 1664679600, 21584),
(4, 9, 1667358000, 38913),
(4, 9, 1669950000, 29873),
(4, 9, 1672628400, 33893),
(4, 9, 1675306800, 52807),
(4, 9, 1677726000, 70068),
(4, 9, 1680404400, 16231),
(4, 9, 1682996400, 41458),
(4, 9, 1685674800, 56422),
(4, 9, 1688266800, 44682),
(4, 9, 1690945200, 97481),
(4, 9, 1693623600, 58281),
(4, 9, 1696215600, 53318),
(4, 9, 1698894000, 72871),
(4, 9, 1701486000, 88071),
(4, 9, 1704164400, 82733),
(4, 9, 1706842800, 65072),
(4, 9, 1709348400, 70444),
(4, 9, 1712026800, 113836),
(4, 9, 1714618800, 90734),
(4, 9, 1717297200, 81681),
(4, 9, 1719889200, 102755),
(4, 9, 1722567600, 92859),
(4, 9, 1725246000, 60483),
(4, 9, 1727838000, 43253),
(4, 9, 1730516400, 90808);

-- --------------------------------------------------------

--
-- Estrutura para tabela `bandwidthtype`
--

CREATE TABLE `bandwidthtype` (
  `bandwidthtypeid` int(11) NOT NULL,
  `name` varchar(25) NOT NULL
) ENGINE=InnoDB DEFAULT CHARSET=utf8;

--
-- Despejando dados para a tabela `bandwidthtype`
--

INSERT INTO `bandwidthtype` (`bandwidthtypeid`, `name`) VALUES
(1, 'Register'),
(2, 'Required Files'),
(3, 'Schedule'),
(4, 'Get File'),
(5, 'Get Resource'),
(6, 'Media Inventory'),
(7, 'Notify Status'),
(8, 'Submit Stats'),
(9, 'Submit Log'),
(10, 'Blacklist'),
(11, 'Screen Shot');

-- --------------------------------------------------------

--
-- Estrutura para tabela `blacklist`
--

CREATE TABLE `blacklist` (
  `BlackListID` int(11) NOT NULL,
  `MediaID` int(11) NOT NULL,
  `DisplayID` int(11) NOT NULL,
  `UserID` int(11) DEFAULT NULL COMMENT 'Null if it came from a display',
  `ReportingDisplayID` int(11) DEFAULT NULL COMMENT 'The display that reported the blacklist',
  `Reason` text NOT NULL,
  `isIgnored` tinyint(4) NOT NULL DEFAULT '0' COMMENT 'Ignore this blacklist'
) ENGINE=InnoDB DEFAULT CHARSET=utf8 COMMENT='Blacklisted media will not get sent to the Display';

-- --------------------------------------------------------

--
-- Estrutura para tabela `campaign`
--

CREATE TABLE `campaign` (
  `CampaignID` int(11) NOT NULL,
  `Campaign` varchar(254) NOT NULL,
  `IsLayoutSpecific` tinyint(4) NOT NULL,
  `UserID` int(11) NOT NULL
) ENGINE=InnoDB DEFAULT CHARSET=utf8;

--
-- Despejando dados para a tabela `campaign`
--

INSERT INTO `campaign` (`CampaignID`, `Campaign`, `IsLayoutSpecific`, `UserID`) VALUES
(1, 'Default Layout', 1, 1),
(2, 'TABELA AÇOUGUE BOVINOS', 1, 1),
(3, 'TABELA AÇOUGUE SUINOS', 1, 1),
(4, 'TABELA AÇOUGUE AVES', 1, 1),
(5, 'TABELA HORTIFRUTI', 1, 1),
(6, 'TABELA LANCHES', 1, 1),
(7, 'TABELA PADARIA', 1, 1),
(9, 'Uol-Esportes', 1, 1),
(12, 'Uol-Televisão', 1, 1),
(14, 'PREVISÃO DO TEMPO', 1, 1),
(17, 'Promo Produtos 2', 1, 1),
(18, 'TABELA DIVERSOS', 1, 1),
(19, 'Tabela Shimoda institucional ', 0, 1),
(20, 'Promo Produtos 2 Template', 1, 1),
(21, 'Vinheta Shimoda unissul', 1, 1),
(22, 'Tabela Shimoda promocional', 0, 1),
(23, 'Shimoda ofertas 01', 1, 1),
(24, 'Shimoda ofertas 02', 1, 1),
(25, 'Shimoda ofertas 03', 1, 1),
(27, 'Ofertas relâmpago A', 1, 1),
(28, 'Ofertas relâmpago B', 1, 1),
(29, 'TABELA AÇOUGUE BOVINOS (copia)', 1, 1);

-- --------------------------------------------------------

--
-- Estrutura para tabela `command`
--

CREATE TABLE `command` (
  `commandId` int(11) NOT NULL,
  `command` varchar(254) NOT NULL,
  `code` varchar(50) NOT NULL,
  `description` varchar(1000) DEFAULT NULL,
  `userId` int(11) NOT NULL
) ENGINE=InnoDB DEFAULT CHARSET=utf8;

-- --------------------------------------------------------

--
-- Estrutura para tabela `dataset`
--

CREATE TABLE `dataset` (
  `DataSetID` int(11) NOT NULL,
  `DataSet` varchar(50) NOT NULL,
  `Description` varchar(254) DEFAULT NULL,
  `UserID` int(11) NOT NULL,
  `LastDataEdit` int(11) NOT NULL DEFAULT '0',
  `code` varchar(50) DEFAULT NULL,
  `isLookup` tinyint(4) NOT NULL DEFAULT '0',
  `isRemote` tinyint(4) NOT NULL DEFAULT '0',
  `method` enum('GET','POST') DEFAULT NULL,
  `uri` varchar(250) DEFAULT NULL,
  `postData` text,
  `authentication` enum('none','plain','basic','digest') DEFAULT NULL,
  `username` varchar(100) DEFAULT NULL,
  `password` varchar(250) DEFAULT NULL,
  `refreshRate` int(11) DEFAULT '86400',
  `clearRate` int(11) DEFAULT '0',
  `runsAfter` int(11) DEFAULT NULL,
  `dataRoot` varchar(250) DEFAULT NULL,
  `lastSync` int(11) NOT NULL DEFAULT '0',
  `summarize` varchar(10) DEFAULT NULL,
  `summarizeField` varchar(250) DEFAULT NULL
) ENGINE=InnoDB DEFAULT CHARSET=utf8;

--
-- Despejando dados para a tabela `dataset`
--

INSERT INTO `dataset` (`DataSetID`, `DataSet`, `Description`, `UserID`, `LastDataEdit`, `code`, `isLookup`, `isRemote`, `method`, `uri`, `postData`, `authentication`, `username`, `password`, `refreshRate`, `clearRate`, `runsAfter`, `dataRoot`, `lastSync`, `summarize`, `summarizeField`) VALUES
(1, 'TABELA AÇOUGUE BOVINO DIREITA', NULL, 1, 1730219205, NULL, 0, 0, NULL, NULL, NULL, NULL, NULL, NULL, 86400, 0, NULL, NULL, 0, NULL, NULL),
(2, 'TABELA AÇOUGUE BOVINO ESQUERDA', NULL, 1, 1730131078, NULL, 0, 0, NULL, NULL, NULL, NULL, NULL, NULL, 86400, 0, NULL, NULL, 0, NULL, NULL),
(3, 'TABELA AÇOUGUE - SUINO', NULL, 1, 1730487192, NULL, 0, 0, NULL, NULL, NULL, NULL, NULL, NULL, 86400, 0, NULL, NULL, 0, NULL, NULL),
(4, 'TABELA AÇOUGUE AVES', NULL, 1, 1730219658, NULL, 0, 0, NULL, NULL, NULL, NULL, NULL, NULL, 86400, 0, NULL, NULL, 0, NULL, NULL),
(5, 'TABELA HORTIFRUTI', NULL, 1, 0, NULL, 0, 0, NULL, NULL, NULL, NULL, NULL, NULL, 86400, 0, NULL, NULL, 0, NULL, NULL),
(6, 'TABELA LANCHES', NULL, 1, 0, NULL, 0, 0, NULL, NULL, NULL, NULL, NULL, NULL, 86400, 0, NULL, NULL, 0, NULL, NULL),
(7, 'TABELA PADARIA', NULL, 1, 0, NULL, 0, 0, NULL, NULL, NULL, NULL, NULL, NULL, 86400, 0, NULL, NULL, 0, NULL, NULL),
(8, 'promo_produtos', 'Sistema de fonte de dados para produtos de padaria', 1, 1572699942, NULL, 0, 0, NULL, NULL, NULL, NULL, NULL, NULL, 86400, 0, NULL, NULL, 0, NULL, NULL),
(9, 'TABELA DIVERSOS', NULL, 1, 1730220118, NULL, 0, 0, NULL, NULL, NULL, NULL, NULL, NULL, 86400, 0, NULL, NULL, 0, NULL, NULL),
(10, 'TABELA CARNE DE AVES', NULL, 1, 0, NULL, 0, 0, NULL, NULL, NULL, NULL, NULL, NULL, 86400, 0, NULL, NULL, 0, NULL, NULL);

-- --------------------------------------------------------

--
-- Estrutura para tabela `datasetcolumn`
--

CREATE TABLE `datasetcolumn` (
  `DataSetColumnID` int(11) NOT NULL,
  `DataSetID` int(11) NOT NULL,
  `Heading` varchar(50) NOT NULL,
  `DataTypeID` smallint(6) NOT NULL,
  `DataSetColumnTypeID` smallint(6) NOT NULL,
  `ListContent` varchar(1000) DEFAULT NULL,
  `ColumnOrder` smallint(6) NOT NULL,
  `Formula` varchar(1000) DEFAULT NULL,
  `RemoteField` varchar(250) DEFAULT NULL,
  `showFilter` tinyint(4) DEFAULT '1',
  `showSort` tinyint(4) DEFAULT '1'
) ENGINE=InnoDB DEFAULT CHARSET=utf8;

--
-- Despejando dados para a tabela `datasetcolumn`
--

INSERT INTO `datasetcolumn` (`DataSetColumnID`, `DataSetID`, `Heading`, `DataTypeID`, `DataSetColumnTypeID`, `ListContent`, `ColumnOrder`, `Formula`, `RemoteField`, `showFilter`, `showSort`) VALUES
(1, 1, 'Produto', 1, 1, NULL, 1, NULL, NULL, 0, 0),
(2, 1, 'Preco', 1, 1, NULL, 2, NULL, NULL, 0, 0),
(3, 2, 'Produto', 1, 1, NULL, 1, NULL, NULL, 0, 0),
(4, 2, 'Preco', 1, 1, NULL, 2, NULL, NULL, 0, 0),
(5, 2, 'Imagem', 5, 1, NULL, 3, NULL, NULL, 0, 0),
(6, 3, 'Produto', 1, 1, NULL, 1, NULL, NULL, 0, 0),
(7, 3, 'Preco', 1, 1, NULL, 2, NULL, NULL, 0, 0),
(8, 3, 'Imagem', 5, 1, NULL, 3, NULL, NULL, 0, 0),
(9, 4, 'Produto', 1, 1, NULL, 1, NULL, NULL, 0, 0),
(10, 4, 'Preco', 1, 1, NULL, 2, NULL, NULL, 0, 0),
(11, 4, 'Imagem', 5, 1, NULL, 3, NULL, NULL, 0, 0),
(12, 5, 'Produto', 1, 1, NULL, 1, NULL, NULL, 0, 0),
(13, 5, 'Preco', 1, 1, NULL, 2, NULL, NULL, 0, 0),
(14, 5, 'Imagem', 5, 1, NULL, 3, NULL, NULL, 0, 0),
(15, 6, 'Produto', 1, 1, NULL, 1, NULL, NULL, 0, 0),
(16, 6, 'Preco', 1, 1, NULL, 2, NULL, NULL, 0, 0),
(17, 6, 'Imagem', 5, 1, NULL, 3, NULL, NULL, 0, 0),
(18, 7, 'Produto', 1, 1, NULL, 1, NULL, NULL, 0, 0),
(19, 7, 'Preco', 1, 1, NULL, 2, NULL, NULL, 0, 0),
(20, 7, 'Imagem', 5, 1, NULL, 3, NULL, NULL, 0, 0),
(21, 8, 'Dia', 1, 1, '01,02,03,04,05,06,07,08,09,10,11,12,13,14,15,16,17,18,19,20,21,22,23,24,25,26,27,28,29,30,31', 1, NULL, NULL, 1, 1),
(22, 8, 'Mes', 1, 1, '01,02,03,04,05,06,07,08,09,10,11,12', 2, NULL, NULL, 1, 1),
(23, 8, 'MesDesc', 1, 2, NULL, 3, '(MONTHNAME(CONCAT(DATE_FORMAT(Curdate(),\'%Y\'),\'-\',Mes,\'-\',Dia)))', NULL, 1, 1),
(24, 8, 'DiaSemana', 1, 2, NULL, 4, '(CASE WEEKDAY(CONCAT(DATE_FORMAT(CurDate(), \'%Y\'),\'-\',Mes,\'-\',Dia)) when 0 then \'Segunda-feira\' when 1 then \'Terça-feira\' when 2 then \'Quarta-feira\' when 3 then \'Quinta-feira\' when 4 then \'Sexta-feira\' when 5 then \'Sábado\' when 6 then \'Domingo\' END) ', NULL, 1, 1),
(25, 8, 'Produto', 1, 1, NULL, 5, NULL, NULL, 1, 1),
(26, 8, 'Descricao', 1, 1, NULL, 6, NULL, NULL, 1, 1),
(27, 8, 'Preco', 1, 1, NULL, 7, NULL, NULL, 1, 1),
(28, 8, 'Imagem', 5, 1, NULL, 8, NULL, NULL, 1, 1),
(29, 9, 'Produto', 1, 1, NULL, 1, NULL, NULL, 0, 0),
(30, 9, 'Preco', 1, 1, NULL, 2, NULL, NULL, 0, 0),
(31, 9, 'Imagem', 5, 1, NULL, 3, NULL, NULL, 0, 0),
(32, 10, 'Produto', 1, 1, NULL, 1, NULL, NULL, 0, 0),
(33, 10, 'Preco', 1, 1, NULL, 2, NULL, NULL, 0, 0),
(34, 10, 'Imagem', 5, 1, NULL, 3, NULL, NULL, 0, 0);

-- --------------------------------------------------------

--
-- Estrutura para tabela `datasetcolumntype`
--

CREATE TABLE `datasetcolumntype` (
  `DataSetColumnTypeID` smallint(6) NOT NULL,
  `DataSetColumnType` varchar(100) NOT NULL
) ENGINE=InnoDB DEFAULT CHARSET=utf8;

--
-- Despejando dados para a tabela `datasetcolumntype`
--

INSERT INTO `datasetcolumntype` (`DataSetColumnTypeID`, `DataSetColumnType`) VALUES
(1, 'Value'),
(2, 'Formula'),
(3, 'Remote');

-- --------------------------------------------------------

--
-- Estrutura para tabela `dataset_1`
--

CREATE TABLE `dataset_1` (
  `id` int(11) NOT NULL,
  `Produto` text,
  `Preco` text
) ENGINE=InnoDB DEFAULT CHARSET=utf8;

--
-- Despejando dados para a tabela `dataset_1`
--

INSERT INTO `dataset_1` (`id`, `Produto`, `Preco`) VALUES
(1, 'Picanha', '81,90'),
(2, 'Miolo de Alcatra', '54,29'),
(3, 'Contra Filé', '69,90'),
(4, 'Coxão Mole', '52,89'),
(5, 'Coxão Duro', '43,29'),
(6, 'Patinho', '47,89'),
(7, 'Lagarto', '39,89'),
(8, 'Fraldinha', '45,99'),
(9, 'Miolo da Paleta', '41,99'),
(10, 'Paleta', '38,89'),
(11, 'Bife Ancho Filé de Costela Kg', '59,99'),
(12, 'Maminha Bovina Kg', '51,89');

-- --------------------------------------------------------

--
-- Estrutura para tabela `dataset_2`
--

CREATE TABLE `dataset_2` (
  `id` int(11) NOT NULL,
  `Produto` text,
  `Preco` text,
  `Imagem` int(11) DEFAULT NULL
) ENGINE=InnoDB DEFAULT CHARSET=utf8;

--
-- Despejando dados para a tabela `dataset_2`
--

INSERT INTO `dataset_2` (`id`, `Produto`, `Preco`, `Imagem`) VALUES
(1, 'Músculo', '39,89', 0),
(2, 'Ponta de Peito', '43,90', 0),
(3, 'Acém', '40,99', 0),
(4, 'Fígado bovino', '15,99', 0),
(5, 'Costela bovina Minga', '28,89', 0),
(6, 'Bucho', '19,89', 0),
(7, 'Bife a rolê', '38,99', 0),
(8, 'Rabo', '38,79', 0),
(9, 'Miolo da Paleta', '41,99', 0),
(10, 'Lombo Bovino Kg', '34,89', 0),
(11, 'Bisteca bovina', '34,90', 0);

-- --------------------------------------------------------

--
-- Estrutura para tabela `dataset_3`
--

CREATE TABLE `dataset_3` (
  `id` int(11) NOT NULL,
  `Produto` text,
  `Preco` text,
  `Imagem` int(11) DEFAULT NULL
) ENGINE=InnoDB DEFAULT CHARSET=utf8;

--
-- Despejando dados para a tabela `dataset_3`
--

INSERT INTO `dataset_3` (`id`, `Produto`, `Preco`, `Imagem`) VALUES
(1, 'Pernil s/ osso', '22,99', 0),
(2, 'Pernil c/ osso', '20,99', 0),
(3, 'Lombo', '26,39', 0),
(4, 'Bisteca', '21,99', 0),
(5, 'Costela suina', '27,39', 0),
(6, 'Suã', '20,99', 0),
(7, 'Panceta', '29,99', 0),
(8, 'Toucinho', '22,29', 0),
(9, 'Orelha suino', '10,99', 0),
(10, 'Pé suino', '9,59', 0),
(11, 'Costela suína na brasa temp.', '32,89', 0),
(12, 'Costela suína na brasa', '32,89', 0);

-- --------------------------------------------------------

--
-- Estrutura para tabela `dataset_4`
--

CREATE TABLE `dataset_4` (
  `id` int(11) NOT NULL,
  `Produto` text,
  `Preco` text,
  `Imagem` int(11) DEFAULT NULL
) ENGINE=InnoDB DEFAULT CHARSET=utf8;

--
-- Despejando dados para a tabela `dataset_4`
--

INSERT INTO `dataset_4` (`id`, `Produto`, `Preco`, `Imagem`) VALUES
(1, 'Frango Inteiro Congelado Kg', '11,99', 0),
(2, 'Peito c/ Osso Congelado Kg', '17,49', 0),
(3, 'Peito s/ Osso Congelado Kg', '24,49', 0),
(4, 'Asa congelada Kg', '18,89', 0),
(5, 'Coxinha da Asa Congelada Kg', '17,39', 0),
(6, 'Coxa e Sobrecoxa Congelada Kg', '12,49', 0),
(7, 'Sobrecoxa Resfriado Kg', '13,99', 0),
(8, 'Tulipa de Frango Resfriada Kg', '27,99', 0),
(9, 'Moela de Frango resfriada Kg', '14,89', 0),
(10, 'Frango a Passarinho Temperado Kg', '15,99', 0),
(11, 'Asa resfriada Kg', '19,49', 0),
(12, 'Peito com osso resfriado Kg', '18,89', 0),
(13, 'Peito sem osso resfriado Kg', '25,89', 0),
(14, 'Coxinha da Asa resfriada Kg', '18,49', 0),
(15, 'Coxa e Sobrecoxa resfriada Kg', '13,29', 0),
(16, 'Pé de Frango Congelado Kg', '11,29', 0),
(17, 'Frango Caipira Inteiro Kg', '17,99', 0),
(18, 'Medalhão de Frango Temperado Kg', '29,99', 0),
(19, 'Filé coxa sobrecoxa Resfriada Kg', '18,99', 0),
(20, 'Suprema de Frango Shimodinha Kg', '26,99', 0),
(21, 'Rocambole Frango Shimodinha Kg', '39,99', 0),
(22, 'Coxa e Sobrecoxa na Mostarda Kg', '19,99', 0);

-- --------------------------------------------------------

--
-- Estrutura para tabela `dataset_5`
--

CREATE TABLE `dataset_5` (
  `id` int(11) NOT NULL,
  `Produto` text,
  `Preco` text,
  `Imagem` int(11) DEFAULT NULL
) ENGINE=InnoDB DEFAULT CHARSET=utf8;

-- --------------------------------------------------------

--
-- Estrutura para tabela `dataset_6`
--

CREATE TABLE `dataset_6` (
  `id` int(11) NOT NULL,
  `Produto` text,
  `Preco` text,
  `Imagem` int(11) DEFAULT NULL
) ENGINE=InnoDB DEFAULT CHARSET=utf8;

--
-- Despejando dados para a tabela `dataset_6`
--

INSERT INTO `dataset_6` (`id`, `Produto`, `Preco`, `Imagem`) VALUES
(1, '﻿Suco de Laranja', '4.50', NULL),
(2, 'Café com Leite', '3.40', NULL),
(3, 'Salgado Frito', '2.50', NULL),
(4, 'Salgado Assado', '3.45', NULL),
(5, '﻿Suco de Laranja', '4.50', NULL),
(6, 'Café com Leite', '3.40', NULL),
(7, 'Salgado Frito', '2.50', NULL),
(8, 'Salgado Assado', '3.45', NULL),
(9, 'Coxinha', '3.58', NULL);

-- --------------------------------------------------------

--
-- Estrutura para tabela `dataset_7`
--

CREATE TABLE `dataset_7` (
  `id` int(11) NOT NULL,
  `Produto` text,
  `Preco` text,
  `Imagem` int(11) DEFAULT NULL
) ENGINE=InnoDB DEFAULT CHARSET=utf8;

--
-- Despejando dados para a tabela `dataset_7`
--

INSERT INTO `dataset_7` (`id`, `Produto`, `Preco`, `Imagem`) VALUES
(1, 'Misto Quente', '6,80', NULL),
(2, 'Suco de Laranja', '8,50', NULL),
(3, '﻿Suco de Laranja', '4.50', NULL),
(4, 'Café com Leite', '3.40', NULL),
(5, 'Salgado Frito', '2.50', NULL),
(6, 'Salgado Assado', '3.45', NULL),
(7, 'Coxinha', '3.58', NULL);

-- --------------------------------------------------------

--
-- Estrutura para tabela `dataset_8`
--

CREATE TABLE `dataset_8` (
  `id` int(11) NOT NULL,
  `Dia` text,
  `Mes` text,
  `Produto` text,
  `Descricao` text,
  `Preco` text,
  `Imagem` int(11) DEFAULT NULL
) ENGINE=InnoDB DEFAULT CHARSET=utf8;

--
-- Despejando dados para a tabela `dataset_8`
--

INSERT INTO `dataset_8` (`id`, `Dia`, `Mes`, `Produto`, `Descricao`, `Preco`, `Imagem`) VALUES
(1, '01', '09', 'Empada', 'Frango com azeitona', '3,40', 105),
(2, '30', '09', 'Coxinha da asa', 'Presunto e muçarela', '9.80', 117),
(3, '30', '09', 'Panceta', 'Suina', '9.50', 114),
(4, '', '', 'Coxinha', 'Frango - Catupiry', '5,50', 103);

-- --------------------------------------------------------

--
-- Estrutura para tabela `dataset_9`
--

CREATE TABLE `dataset_9` (
  `id` int(11) NOT NULL,
  `Produto` text,
  `Preco` text,
  `Imagem` int(11) DEFAULT NULL
) ENGINE=InnoDB DEFAULT CHARSET=utf8;

--
-- Despejando dados para a tabela `dataset_9`
--

INSERT INTO `dataset_9` (`id`, `Produto`, `Preco`, `Imagem`) VALUES
(1, 'Linguiça Suína Seara Kg', '22,89', 0),
(2, 'Linguiça Sadia Suína kg', '20,99', 0),
(3, 'Linguiça Bolonha Suína Fina Kg', '43,90', 0),
(4, 'Linguiça Mista da casa Kg', '18,99', 0),
(5, 'Linguiça Adeel Fina Defumada Kg', '19,99', 0),
(6, 'Linguiça Adeel Calabresa Kg', '19,99', 0),
(7, 'Linguiça de Frango Avivar Kg', '18,69', 0),
(8, 'Linguiça Paio Perdigão Kg', '39,99', 0),
(9, 'Linguiça Calabresa Perdigão Kg', '30,99', 0),
(10, 'Linguiça Calabresa Sadia Kg', '28,99', 0),
(11, 'Bacon Sadia Kg', '33,89', 0),
(12, 'Bacon Pamplona Manta Kg', '28,99', 0),
(13, 'Salsicha Avivar Kg', '9,99', 0),
(14, 'Salsicha Sadia Kg', '12,99', 0),
(15, 'Salsicha Perdigão Kg', '13,49', 0),
(16, 'Chester Perdigão Kg', '19,90', 0),
(17, 'Linguiça Perdigão Mista Churrasco Kg', '20,99', 0),
(18, 'Bacon Adeel kg manta ext paleta', '34,89', 0),
(19, 'Salsicha Pif Paf Granel Kg', '10,99', 0),
(20, 'ROCAMBOLE BOVINO kg ', '43,99', 0),
(21, 'HAMBURGUER SHIMODA kg BOVINO', '43,99', 0),
(22, 'ALMODEGAS SHIMODA kg BOVINO', '43,99', 0),
(23, 'BIFE ROLE kg TEMPERADO', '38,99', 0);

-- --------------------------------------------------------

--
-- Estrutura para tabela `dataset_10`
--

CREATE TABLE `dataset_10` (
  `id` int(11) NOT NULL,
  `Produto` text,
  `Preco` text,
  `Imagem` int(11) DEFAULT NULL
) ENGINE=InnoDB DEFAULT CHARSET=utf8;

-- --------------------------------------------------------

--
-- Estrutura para tabela `datatype`
--

CREATE TABLE `datatype` (
  `DataTypeID` smallint(6) NOT NULL,
  `DataType` varchar(100) NOT NULL
) ENGINE=InnoDB DEFAULT CHARSET=utf8;

--
-- Despejando dados para a tabela `datatype`
--

INSERT INTO `datatype` (`DataTypeID`, `DataType`) VALUES
(1, 'String'),
(2, 'Number'),
(3, 'Date'),
(4, 'External Image'),
(5, 'Library Image');

-- --------------------------------------------------------

--
-- Estrutura para tabela `daypart`
--

CREATE TABLE `daypart` (
  `dayPartId` int(11) NOT NULL,
  `name` varchar(50) NOT NULL,
  `description` varchar(1000) DEFAULT NULL,
  `isRetired` tinyint(4) DEFAULT '0',
  `userid` int(11) NOT NULL,
  `startTime` varchar(8) DEFAULT '00:00:00',
  `endTime` varchar(8) DEFAULT '00:00:00',
  `exceptions` text,
  `isAlways` tinyint(4) NOT NULL DEFAULT '0',
  `isCustom` tinyint(4) NOT NULL DEFAULT '0'
) ENGINE=InnoDB DEFAULT CHARSET=utf8;

--
-- Despejando dados para a tabela `daypart`
--

INSERT INTO `daypart` (`dayPartId`, `name`, `description`, `isRetired`, `userid`, `startTime`, `endTime`, `exceptions`, `isAlways`, `isCustom`) VALUES
(1, 'Custom', 'User specifies the from/to date', 0, 1, '', '', '', 0, 1),
(2, 'Always', 'Event runs always', 0, 1, '', '', '', 1, 0);

-- --------------------------------------------------------

--
-- Estrutura para tabela `display`
--

CREATE TABLE `display` (
  `displayid` int(11) NOT NULL,
  `auditingUntil` int(11) NOT NULL DEFAULT '0' COMMENT 'Is this display auditing',
  `display` varchar(50) NOT NULL,
  `defaultlayoutid` int(8) NOT NULL,
  `license` varchar(40) DEFAULT NULL,
  `licensed` tinyint(1) NOT NULL DEFAULT '0' COMMENT 'Is the Requested License Key Allowed',
  `loggedin` tinyint(4) NOT NULL DEFAULT '0',
  `lastaccessed` int(11) DEFAULT NULL,
  `inc_schedule` tinyint(1) NOT NULL DEFAULT '0' COMMENT 'Will this default be used in the scheduling calcs',
  `email_alert` tinyint(1) NOT NULL DEFAULT '1',
  `alert_timeout` int(11) NOT NULL DEFAULT '0',
  `ClientAddress` varchar(100) DEFAULT NULL,
  `MediaInventoryStatus` tinyint(4) NOT NULL DEFAULT '0',
  `MacAddress` varchar(254) DEFAULT NULL COMMENT 'Mac Address of the Client',
  `LastChanged` int(11) DEFAULT NULL COMMENT 'Last time this Mac Address changed',
  `NumberOfMacAddressChanges` int(11) NOT NULL DEFAULT '0',
  `LastWakeOnLanCommandSent` int(11) DEFAULT NULL,
  `WakeOnLan` tinyint(4) NOT NULL DEFAULT '0',
  `WakeOnLanTime` varchar(5) DEFAULT NULL,
  `BroadCastAddress` varchar(100) DEFAULT NULL,
  `SecureOn` varchar(17) DEFAULT NULL,
  `Cidr` varchar(6) DEFAULT NULL,
  `GeoLocation` point DEFAULT NULL,
  `version_instructions` varchar(255) DEFAULT NULL,
  `client_type` varchar(20) DEFAULT NULL,
  `client_version` varchar(15) DEFAULT NULL,
  `client_code` smallint(6) DEFAULT NULL,
  `displayprofileid` int(11) DEFAULT NULL,
  `screenShotRequested` tinyint(4) NOT NULL DEFAULT '0',
  `storageAvailableSpace` bigint(20) DEFAULT NULL,
  `storageTotalSpace` bigint(20) DEFAULT NULL,
  `xmrChannel` varchar(254) DEFAULT NULL,
  `xmrPubKey` text,
  `lastCommandSuccess` tinyint(4) NOT NULL DEFAULT '2',
  `deviceName` varchar(254) DEFAULT NULL,
  `timeZone` varchar(254) DEFAULT NULL
) ENGINE=InnoDB DEFAULT CHARSET=utf8;

--
-- Despejando dados para a tabela `display`
--

INSERT INTO `display` (`displayid`, `auditingUntil`, `display`, `defaultlayoutid`, `license`, `licensed`, `loggedin`, `lastaccessed`, `inc_schedule`, `email_alert`, `alert_timeout`, `ClientAddress`, `MediaInventoryStatus`, `MacAddress`, `LastChanged`, `NumberOfMacAddressChanges`, `LastWakeOnLanCommandSent`, `WakeOnLan`, `WakeOnLanTime`, `BroadCastAddress`, `SecureOn`, `Cidr`, `GeoLocation`, `version_instructions`, `client_type`, `client_version`, `client_code`, `displayprofileid`, `screenShotRequested`, `storageAvailableSpace`, `storageTotalSpace`, `xmrChannel`, `xmrPubKey`, `lastCommandSuccess`, `deviceName`, `timeZone`) VALUES
(4, 0, 'SHIMODINHA menu açougue ', 2, 'fcbd429c-af67-3883-8c98-a4cf9f8adc41', 1, 0, 1732794358, 0, 0, 0, '138.99.206.235', 3, '98:c9:7c:99:af:2a', NULL, 0, NULL, 0, NULL, NULL, NULL, NULL, 0x0000000001010000003b014d840d6f36c0fdf675e09c4947c0, NULL, 'android', '2', 207, 0, 0, 2116894720, 4054777856, 'fa91d7123b1da04f8346eac63471318d', '-----BEGIN PUBLIC KEY-----\nMIIBIjANBgkqhkiG9w0BAQEFAAOCAQ8AMIIBCgKCAQEA1XcTC6CfP0Rnbbo9Et8LmCxIJSZKbtcf\nZ2JFFGpYKvKrW+HRELcbbP0JUKN0UBdKY0dyC+MNFpRtTP+yDH5m3Dy+RIRhe+YGP9ZcyepUZGtL\njKvL28MZbtRPs711FO3BaeAx6I+1FC7HlCOZzulC9ammbk2AK13dm8ExqRViMbdvPa2xymeuh3c6\nbomx3ZlPkJfmb61Z37OkxMsfC7xeeeuO+b6pEdXd+a4j35NHFbOVowbUTuX11YCwFCYCf2EqLtLD\n9ECCqOdopBaj+JuSi98ZJmVpzIPbUKy4IrbRuVFpANI70ducCB9SHC9QtejXUBtwwtJybSIbjkCz\nibb56QIDAQAB\n-----END PUBLIC KEY-----\n', 0, NULL, 'America/Sao_Paulo');

-- --------------------------------------------------------

--
-- Estrutura para tabela `displayevent`
--

CREATE TABLE `displayevent` (
  `displayEventId` bigint(20) NOT NULL,
  `eventDate` int(11) NOT NULL,
  `displayId` int(4) NOT NULL,
  `start` int(11) NOT NULL,
  `end` int(11) DEFAULT NULL
) ENGINE=InnoDB DEFAULT CHARSET=utf8;

--
-- Despejando dados para a tabela `displayevent`
--

INSERT INTO `displayevent` (`displayEventId`, `eventDate`, `displayId`, `start`, `end`) VALUES
(1, 1570110969, 1, 1569633324, NULL),
(2, 1572614385, 2, 1572384413, NULL),
(3, 1572881521, 3, 1572881082, 1572882282),
(4, 1572882122, 3, 1572881681, 1572882282),
(5, 1572997962, 3, 1572994979, 1573032414),
(6, 1573143905, 3, 1573142267, 1573159367),
(7, 1573727870, 3, 1573666774, 1573742520),
(8, 1575976695, 3, 1575975064, 1575976865),
(9, 1576514368, 3, 1576513156, 1576526057),
(10, 1588202409, 3, 1588193985, 1588236998),
(11, 1600435079, 3, 1600428772, 1600456373),
(12, 1604071975, 3, 1603841248, 1604092748),
(13, 1604400548, 3, 1604185489, 1604572380),
(14, 1604607834, 3, 1604580583, NULL),
(15, 1604610650, 4, 1604608909, 1604656555),
(16, 1605089285, 4, 1605050299, 1605107738),
(17, 1611329780, 4, 1611061913, 1611584364),
(18, 1611657287, 4, 1611614067, 1611667597),
(19, 1613744352, 4, 1613689171, 1613747835),
(20, 1618225655, 4, 1618068303, 1618233860),
(21, 1618660829, 4, 1618605705, 1618680216),
(22, 1618684588, 4, 1618682911, 1618685322),
(23, 1619901233, 4, 1619651262, 1619951151),
(24, 1620646406, 4, 1620409420, 1620734841),
(25, 1625484998, 4, 1625266866, 1625486062),
(26, 1628665169, 4, 1628637013, 1628675094),
(27, 1630729625, 4, 1630712533, 1630756913),
(28, 1632883040, 4, 1632870251, 1632920179),
(29, 1633888123, 4, 1633876827, 1633957472),
(30, 1634970142, 4, 1634944905, 1635161744),
(31, 1638674280, 4, 1638653200, 1638694979),
(32, 1638890148, 4, 1638873658, 1638891595),
(33, 1640506046, 4, 1640386552, 1640513271),
(34, 1643462179, 4, 1643299355, 1643627731),
(35, 1645086067, 4, 1644160874, 1645115827),
(36, 1645746446, 4, 1645744184, 1645782183),
(37, 1646630056, 4, 1646574321, 1646686837),
(38, 1646729973, 4, 1646694037, 1646730482),
(39, 1646795729, 4, 1646771585, 1646816902),
(40, 1647484691, 4, 1647471040, 1647514394),
(41, 1648367791, 4, 1648248888, 1648376615),
(42, 1649934040, 4, 1649459317, 1650115837),
(43, 1650203738, 4, 1650139601, 1650365506),
(44, 1652547514, 4, 1651014634, 1653489751),
(45, 1653909614, 4, 1653836782, 1653909862),
(46, 1654922045, 4, 1654902407, 1654938479),
(47, 1656225749, 4, 1656198088, 1656328302),
(48, 1663915692, 4, 1663887858, 1663931509),
(49, 1664011313, 4, 1663975018, 1664018419),
(50, 1664860970, 4, 1664838028, 1664876575),
(51, 1670557976, 4, 1670540377, 1670579405),
(52, 1674460237, 4, 1674399894, 1674469778),
(53, 1681884826, 4, 1681858845, 1681889926),
(54, 1681955678, 4, 1681945738, 1681989437),
(55, 1686460851, 4, 1686438467, 1686478333),
(56, 1689905587, 4, 1689894173, 1689938557),
(57, 1691559605, 4, 1691536312, 1691580138),
(58, 1692552185, 4, 1692486171, 1692616273),
(59, 1693045885, 4, 1693004703, 1693049081),
(60, 1694851940, 4, 1694819395, 1694854204),
(61, 1695021582, 4, 1694963800, 1695033508),
(62, 1696645740, 4, 1696633910, 1696668483),
(63, 1697449570, 4, 1697382627, 1697454493),
(64, 1697517896, 4, 1697497366, 1697532737),
(65, 1698192523, 4, 1698186799, 1698249798),
(66, 1698276926, 4, 1698275899, 1698318663),
(67, 1699893795, 4, 1699801290, 1699988290),
(68, 1700018784, 4, 1700002989, 1700045045),
(69, 1701210650, 4, 1700868637, 1701686471),
(70, 1702023655, 4, 1701990037, 1702120912),
(71, 1703078874, 4, 1702661550, 1703102474),
(72, 1704698218, 4, 1704639684, 1704705287),
(73, 1705363641, 4, 1705359617, 1705400900),
(74, 1705569143, 4, 1705532537, 1705576768),
(75, 1705647078, 4, 1705618168, 1705658768),
(76, 1705965149, 4, 1705963974, 1706006138),
(77, 1707009883, 4, 1707000160, 1707042760),
(78, 1707115119, 4, 1707059266, 1707124446),
(79, 1707624588, 4, 1707605693, 1707736461),
(80, 1708230989, 4, 1708210523, 1708251349),
(81, 1710105173, 4, 1710083300, 1710147484),
(82, 1710482967, 4, 1710457531, 1710501347),
(83, 1711162408, 4, 1711129782, 1711194648),
(84, 1712207607, 4, 1712185310, 1712225870),
(85, 1713482364, 4, 1713481066, 1713521859),
(86, 1714327143, 4, 1714317389, 1714385515),
(87, 1714980902, 4, 1714922752, 1714989942),
(88, 1715298288, 4, 1715295948, 1715336198),
(89, 1715561645, 4, 1715527833, 1715601271),
(90, 1715927139, 4, 1715900834, 1715946161),
(91, 1716169353, 4, 1716130786, 1716194839),
(92, 1716362817, 4, 1716332999, 1716375444),
(93, 1716787107, 4, 1716736108, 1716808902),
(94, 1716815536, 4, 1716811598, 1716826012),
(95, 1717469588, 4, 1717455803, 1717495999),
(96, 1717825044, 4, 1717802146, 1717846453),
(97, 1718338454, 4, 1718319502, 1718364998),
(98, 1718438486, 4, 1718406400, 1718454331),
(99, 1719141010, 4, 1719097098, 1719144077),
(100, 1719364680, 4, 1719357108, 1719396766),
(101, 1719798107, 4, 1719760224, 1719837340),
(102, 1720419506, 4, 1720365668, 1720437748),
(103, 1720830199, 4, 1720825673, 1720873662),
(104, 1720919825, 4, 1720912092, 1720951523),
(105, 1721173448, 4, 1721170619, 1721213090),
(106, 1722565849, 4, 1722559283, 1722607119),
(107, 1723408187, 4, 1723244785, 1723461415),
(108, 1723768297, 4, 1723762869, 1723802886),
(109, 1723997994, 4, 1723993952, 1724062106),
(110, 1724372845, 4, 1724367794, 1724408396),
(111, 1724547085, 4, 1724540482, 1724573874),
(112, 1724642302, 4, 1724599671, 1724668528),
(113, 1724780376, 4, 1724779938, 1724780538),
(114, 1724913975, 4, 1724886176, 1724931749),
(115, 1725223674, 4, 1725203285, 1725271665),
(116, 1725677462, 4, 1725664971, 1725704131),
(117, 1726136381, 4, 1726095773, 1726138055),
(118, 1726297712, 4, 1726268728, 1726309773),
(119, 1726641373, 4, 1726614097, 1726654727),
(120, 1726726961, 4, 1726702731, 1726742097),
(121, 1727833521, 4, 1727824522, 1727868071),
(122, 1728174033, 4, 1728169731, 1728193621),
(123, 1728964374, 4, 1728947571, 1728987291),
(124, 1729039615, 4, 1729033203, 1729079269),
(125, 1729129228, 4, 1729119178, 1729163437),
(126, 1729243245, 4, 1729206336, 1729251354),
(127, 1731144573, 4, 1731107693, 1731153358),
(128, 1731195718, 4, 1731187860, 1731322638),
(129, 1732794804, 4, 1732794358, NULL);

-- --------------------------------------------------------

--
-- Estrutura para tabela `displaygroup`
--

CREATE TABLE `displaygroup` (
  `DisplayGroupID` int(11) NOT NULL,
  `DisplayGroup` varchar(50) NOT NULL,
  `Description` varchar(254) DEFAULT NULL,
  `IsDisplaySpecific` tinyint(4) NOT NULL DEFAULT '0',
  `isDynamic` tinyint(4) NOT NULL DEFAULT '0',
  `dynamicCriteria` varchar(2000) DEFAULT NULL,
  `userId` int(11) NOT NULL
) ENGINE=InnoDB DEFAULT CHARSET=utf8;

--
-- Despejando dados para a tabela `displaygroup`
--

INSERT INTO `displaygroup` (`DisplayGroupID`, `DisplayGroup`, `Description`, `IsDisplaySpecific`, `isDynamic`, `dynamicCriteria`, `userId`) VALUES
(5, 'SHIMODINHA menu açougue ', NULL, 1, 0, NULL, 0);

-- --------------------------------------------------------

--
-- Estrutura para tabela `displayprofile`
--

CREATE TABLE `displayprofile` (
  `displayprofileid` int(11) NOT NULL,
  `name` varchar(50) NOT NULL,
  `type` varchar(15) NOT NULL,
  `config` text NOT NULL,
  `isdefault` int(11) NOT NULL,
  `userid` int(11) NOT NULL
) ENGINE=InnoDB DEFAULT CHARSET=utf8;

--
-- Despejando dados para a tabela `displayprofile`
--

INSERT INTO `displayprofile` (`displayprofileid`, `name`, `type`, `config`, `isdefault`, `userid`) VALUES
(2, 'Windows', 'windows', '[]', 1, 1),
(3, 'Android', 'android', '[{\"name\":\"emailAddress\",\"value\":\"contato@mgatv.com.br\",\"type\":\"string\"},{\"name\":\"settingsPassword\",\"value\":\"\",\"type\":\"string\"},{\"name\":\"collectInterval\",\"value\":300,\"type\":\"int\"},{\"name\":\"downloadStartWindow\",\"value\":\"00:00\",\"type\":\"string\"},{\"name\":\"downloadEndWindow\",\"value\":\"00:00\",\"type\":\"string\"},{\"name\":\"xmrNetworkAddress\",\"value\":\"\",\"type\":\"string\"},{\"name\":\"statsEnabled\",\"value\":0,\"type\":\"checkbox\"},{\"name\":\"orientation\",\"value\":0,\"type\":\"int\"},{\"name\":\"screenDimensions\",\"value\":\"\",\"type\":\"string\"},{\"name\":\"blacklistVideo\",\"value\":1,\"type\":\"checkbox\"},{\"name\":\"storeHtmlOnInternal\",\"value\":0,\"type\":\"checkbox\"},{\"name\":\"useSurfaceVideoView\",\"value\":1,\"type\":\"checkbox\"},{\"name\":\"logLevel\",\"value\":\"error\",\"type\":\"string\"},{\"name\":\"startOnBoot\",\"value\":1,\"type\":\"checkbox\"},{\"name\":\"actionBarMode\",\"value\":1,\"type\":\"int\"},{\"name\":\"actionBarDisplayDuration\",\"value\":30,\"type\":\"int\"},{\"name\":\"autoRestart\",\"value\":1,\"type\":\"checkbox\"},{\"name\":\"startOnBootDelay\",\"value\":60,\"type\":\"int\"},{\"name\":\"sendCurrentLayoutAsStatusUpdate\",\"value\":0,\"type\":\"checkbox\"},{\"name\":\"screenShotRequestInterval\",\"value\":0,\"type\":\"int\"},{\"name\":\"expireModifiedLayouts\",\"value\":0,\"type\":\"checkbox\"},{\"name\":\"screenShotIntent\",\"value\":\"\",\"type\":\"string\"},{\"name\":\"screenShotSize\",\"value\":200,\"type\":\"int\"},{\"name\":\"updateStartWindow\",\"value\":\"00:00\",\"type\":\"string\"},{\"name\":\"updateEndWindow\",\"value\":\"00:00\",\"type\":\"string\"},{\"name\":\"webViewPluginState\",\"value\":\"DEMAND\",\"type\":\"string\"},{\"name\":\"hardwareAccelerateWebViewMode\",\"value\":\"2\",\"type\":\"string\"},{\"name\":\"timeSyncFromCms\",\"value\":0,\"type\":\"checkbox\"},{\"name\":\"webCacheEnabled\",\"value\":0,\"type\":\"checkbox\"},{\"name\":\"serverPort\",\"value\":9696,\"type\":\"int\"},{\"name\":\"installWithLoadedLinkLibraries\",\"value\":1,\"type\":\"checkbox\"}]', 1, 1),
(4, 'webOS', 'lg', '[]', 1, 1);

-- --------------------------------------------------------

--
-- Estrutura para tabela `group`
--

CREATE TABLE `group` (
  `groupID` int(11) NOT NULL,
  `group` varchar(50) NOT NULL,
  `IsUserSpecific` tinyint(4) NOT NULL DEFAULT '0',
  `IsEveryone` tinyint(4) NOT NULL DEFAULT '0',
  `libraryQuota` int(11) DEFAULT NULL,
  `isSystemNotification` tinyint(4) NOT NULL DEFAULT '0',
  `isDisplayNotification` tinyint(4) NOT NULL DEFAULT '0'
) ENGINE=InnoDB DEFAULT CHARSET=utf8 COMMENT='Groups';

--
-- Despejando dados para a tabela `group`
--

INSERT INTO `group` (`groupID`, `group`, `IsUserSpecific`, `IsEveryone`, `libraryQuota`, `isSystemNotification`, `isDisplayNotification`) VALUES
(1, 'Users', 0, 0, NULL, 0, 0),
(2, 'Everyone', 0, 1, NULL, 0, 0),
(3, 'admin', 1, 0, 0, 1, 0),
(4, 'System Notifications', 0, 0, NULL, 1, 0),
(7, 'shimoda', 1, 0, 0, 0, 0);

-- --------------------------------------------------------

--
-- Estrutura para tabela `help`
--

CREATE TABLE `help` (
  `HelpID` int(11) NOT NULL,
  `Topic` varchar(254) NOT NULL,
  `Category` varchar(254) NOT NULL DEFAULT 'General',
  `Link` varchar(254) NOT NULL
) ENGINE=InnoDB DEFAULT CHARSET=utf8;

--
-- Despejando dados para a tabela `help`
--

INSERT INTO `help` (`HelpID`, `Topic`, `Category`, `Link`) VALUES
(1, 'Layout', 'General', 'layouts.html'),
(2, 'Content', 'General', 'media.html'),
(4, 'Schedule', 'General', 'scheduling.html'),
(5, 'Group', 'General', 'users_groups.html'),
(6, 'Admin', 'General', 'cms_settings.html'),
(7, 'Report', 'General', 'troubleshooting.html'),
(8, 'Dashboard', 'General', 'tour.html'),
(9, 'User', 'General', 'users.html'),
(10, 'Display', 'General', 'displays.html'),
(11, 'DisplayGroup', 'General', 'displays_groups.html'),
(12, 'Layout', 'Add', 'layouts.html#Add_Layout'),
(13, 'Layout', 'Background', 'layouts_designer.html#Background'),
(14, 'Content', 'Assign', 'layouts_playlists.html#Assigning_Content'),
(15, 'Layout', 'RegionOptions', 'layouts_regions.html'),
(16, 'Content', 'AddtoLibrary', 'media_library.html'),
(17, 'Display', 'Edit', 'displays.html#Display_Edit'),
(18, 'Display', 'Delete', 'displays.html#Display_Delete'),
(19, 'Displays', 'Groups', 'displays_groups.html#Group_Members'),
(20, 'UserGroup', 'Add', 'users_groups.html#Adding_Group'),
(21, 'User', 'Add', 'users_administration.html#Add_User'),
(22, 'User', 'Delete', 'users_administration.html#Delete_User'),
(23, 'Content', 'Config', 'cms_settings.html#Content'),
(24, 'LayoutMedia', 'Permissions', 'users_permissions.html'),
(25, 'Region', 'Permissions', 'users_permissions.html'),
(26, 'Library', 'Assign', 'layouts_playlists.html#Add_From_Library'),
(27, 'Media', 'Delete', 'media_library.html#Delete'),
(28, 'DisplayGroup', 'Add', 'displays_groups.html#Add_Group'),
(29, 'DisplayGroup', 'Edit', 'displays_groups.html#Edit_Group'),
(30, 'DisplayGroup', 'Delete', 'displays_groups.html#Delete_Group'),
(31, 'DisplayGroup', 'Members', 'displays_groups.html#Group_Members'),
(32, 'DisplayGroup', 'Permissions', 'users_permissions.html'),
(34, 'Schedule', 'ScheduleNow', 'scheduling_now.html'),
(35, 'Layout', 'Delete', 'layouts.html#Delete_Layout'),
(36, 'Layout', 'Copy', 'layouts.html#Copy_Layout'),
(37, 'Schedule', 'Edit', 'scheduling_events.html#Edit'),
(38, 'Schedule', 'Add', 'scheduling_events.html#Add'),
(39, 'Layout', 'Permissions', 'users_permissions.html'),
(40, 'Display', 'MediaInventory', 'displays.html#Media_Inventory'),
(41, 'User', 'ChangePassword', 'users.html#Change_Password'),
(42, 'Schedule', 'Delete', 'scheduling_events.html'),
(43, 'Layout', 'Edit', 'layouts_designer.html#Edit_Layout'),
(44, 'Media', 'Permissions', 'users_permissions.html'),
(45, 'Display', 'DefaultLayout', 'displays.html#DefaultLayout'),
(46, 'UserGroup', 'Edit', 'users_groups.html#Edit_Group'),
(47, 'UserGroup', 'Members', 'users_groups.html#Group_Member'),
(48, 'User', 'PageSecurity', 'users_permissions.html#Page_Security'),
(49, 'User', 'MenuSecurity', 'users_permissions.html#Menu_Security'),
(50, 'UserGroup', 'Delete', 'users_groups.html#Delete_Group'),
(51, 'User', 'Edit', 'users_administration.html#Edit_User'),
(52, 'User', 'Applications', 'users_administration.html#Users_MyApplications'),
(53, 'User', 'SetHomepage', 'users_administration.html#Media_Dashboard'),
(54, 'DataSet', 'General', 'media_datasets.html'),
(55, 'DataSet', 'Add', 'media_datasets.html#Create_Dataset'),
(56, 'DataSet', 'Edit', 'media_datasets.html#Edit_Dataset'),
(57, 'DataSet', 'Delete', 'media_datasets.html#Delete_Dataset'),
(58, 'DataSet', 'AddColumn', 'media_datasets.html#Dataset_Column'),
(59, 'DataSet', 'EditColumn', 'media_datasets.html#Dataset_Column'),
(60, 'DataSet', 'DeleteColumn', 'media_datasets.html#Dataset_Column'),
(61, 'DataSet', 'Data', 'media_datasets.html#Dataset_Row'),
(62, 'DataSet', 'Permissions', 'users_permissions.html'),
(63, 'Fault', 'General', 'troubleshooting.html#Report_Fault'),
(65, 'Stats', 'General', 'displays_metrics.html'),
(66, 'Resolution', 'General', 'layouts_resolutions.html'),
(67, 'Template', 'General', 'layouts_templates.html'),
(68, 'Services', 'Register', '#Registered_Applications'),
(69, 'OAuth', 'General', 'api_oauth.html'),
(70, 'Services', 'Log', 'api_oauth.html#oAuthLog'),
(71, 'Module', 'Edit', 'media_modules.html'),
(72, 'Module', 'General', 'media_modules.html'),
(73, 'Campaign', 'General', 'layouts_campaigns.html'),
(74, 'License', 'General', 'licence_information.html'),
(75, 'DataSet', 'ViewColumns', 'media_datasets.html#Dataset_Column'),
(76, 'Campaign', 'Permissions', 'users_permissions.html'),
(77, 'Transition', 'Edit', 'layouts_transitions.html'),
(78, 'User', 'SetPassword', 'users_administration.html#Set_Password'),
(79, 'DataSet', 'ImportCSV', 'media_datasets.htmlmedia_datasets.html#Import_CSV'),
(80, 'DisplayGroup', 'FileAssociations', 'displays_fileassociations.html'),
(81, 'Statusdashboard', 'General', 'tour_status_dashboard.html'),
(82, 'Displayprofile', 'General', 'displays_settings.html'),
(83, 'DisplayProfile', 'Edit', 'displays_settings.html#edit'),
(84, 'DisplayProfile', 'Delete', 'displays_settings.html#delete');

-- --------------------------------------------------------

--
-- Estrutura para tabela `layout`
--

CREATE TABLE `layout` (
  `layoutID` int(11) NOT NULL,
  `layout` varchar(50) NOT NULL,
  `userID` int(11) NOT NULL COMMENT 'The UserID that created this layout',
  `createdDT` datetime NOT NULL,
  `modifiedDT` datetime NOT NULL,
  `description` varchar(254) DEFAULT NULL,
  `tags` varchar(254) DEFAULT NULL,
  `retired` tinyint(4) NOT NULL DEFAULT '0' COMMENT 'Is this layout retired',
  `duration` int(11) NOT NULL DEFAULT '0' COMMENT 'The duration in seconds',
  `backgroundImageId` int(11) DEFAULT NULL,
  `status` tinyint(4) NOT NULL DEFAULT '0',
  `width` decimal(10,0) NOT NULL,
  `height` decimal(10,0) NOT NULL,
  `backgroundColor` varchar(25) DEFAULT NULL,
  `backgroundzIndex` int(11) NOT NULL DEFAULT '1',
  `schemaVersion` tinyint(4) NOT NULL,
  `statusMessage` text
) ENGINE=InnoDB DEFAULT CHARSET=utf8 COMMENT='Layouts';

--
-- Despejando dados para a tabela `layout`
--

INSERT INTO `layout` (`layoutID`, `layout`, `userID`, `createdDT`, `modifiedDT`, `description`, `tags`, `retired`, `duration`, `backgroundImageId`, `status`, `width`, `height`, `backgroundColor`, `backgroundzIndex`, `schemaVersion`, `statusMessage`) VALUES
(1, 'Default Layout', 1, '2019-07-05 16:14:22', '2019-07-05 13:18:45', '', NULL, 0, 15, NULL, 1, 1920, 1080, '#000000', 0, 3, NULL),
(2, 'TABELA AÇOUGUE BOVINOS', 1, '2019-07-05 13:23:01', '2023-12-20 13:09:31', '', NULL, 0, 20, 20, 1, 1920, 1080, '#000000', 0, 3, NULL),
(3, 'TABELA AÇOUGUE SUINOS', 1, '2019-07-05 13:23:16', '2023-12-22 09:26:48', '', NULL, 0, 20, 21, 1, 1920, 1080, '#000000', 0, 3, NULL),
(4, 'TABELA AÇOUGUE AVES', 1, '2019-07-05 13:23:32', '2023-12-22 08:32:51', '', NULL, 0, 20, 22, 1, 1920, 1080, '#000000', 0, 3, NULL),
(5, 'TABELA HORTIFRUTI', 1, '2019-07-05 13:24:02', '2019-09-25 15:09:35', '', NULL, 0, 5, 24, 1, 1920, 1080, '#000000', 0, 3, NULL),
(6, 'TABELA LANCHES', 1, '2019-07-05 13:24:27', '2019-10-29 14:54:03', '', NULL, 0, 5, 25, 1, 1920, 1080, '#000000', 0, 3, NULL),
(7, 'TABELA PADARIA', 1, '2019-07-05 13:24:37', '2023-12-27 17:57:46', '', NULL, 0, 10, 26, 1, 1920, 1080, '#000000', 0, 3, NULL),
(9, 'Uol-Esportes', 1, '2019-09-25 14:31:14', '2019-09-25 14:31:40', 'UOL - O Conteúdo é dividido em 11 blocos com dez notícias cada, em média. Os horários de atualização são: 6h30 / 8h / 9h30 / 11h / 12h30 / 14h / 15h30 / 17h / 18h30 / 20h / 22h, de segunda a sexta-feira', NULL, 0, 5, NULL, 1, 1920, 1080, '#000000', 0, 3, NULL),
(12, 'Uol-Televisão', 1, '2019-09-25 14:31:23', '2019-09-27 10:50:53', 'UOL - O Conteúdo é dividido em 11 blocos com dez notícias cada, em média. Os horários de atualização são: 6h30 / 8h / 9h30 / 11h / 12h30 / 14h / 15h30 / 17h / 18h30 / 20h / 22h, de segunda a sexta-feira', NULL, 0, 5, NULL, 1, 1920, 1080, '#000000', 0, 3, NULL),
(14, 'PREVISÃO DO TEMPO', 1, '2019-09-25 14:36:56', '2019-09-25 14:41:55', '', NULL, 0, 5, NULL, 1, 1920, 1080, '#000', 0, 3, NULL),
(17, 'Promo Produtos 2', 1, '2019-10-29 11:00:35', '2023-12-27 17:57:46', 'Layout para apresentação de produtos individuais.', NULL, 0, 10, 119, 1, 1920, 1080, '#000000', 0, 3, NULL),
(18, 'TABELA DIVERSOS', 1, '2019-10-29 13:54:18', '2023-12-20 13:43:46', NULL, NULL, 0, 20, 113, 1, 1920, 1080, '#000000', 0, 3, NULL),
(19, 'Promo Produtos 2 Template', 1, '2019-11-02 10:33:02', '2019-11-02 10:33:02', 'Layout para apresentação de produtos individuais.', NULL, 0, 0, 119, 3, 1920, 1080, '#000000', 0, 3, NULL),
(20, 'Vinheta Shimoda unissul', 1, '2019-11-05 21:05:57', '2019-11-05 21:14:09', NULL, NULL, 0, 16, NULL, 1, 1920, 1080, '#000', 0, 3, NULL),
(21, 'Shimoda ofertas 01', 1, '2019-11-06 19:39:51', '2021-05-25 13:49:30', NULL, NULL, 0, 24, NULL, 1, 1920, 1080, '#000', 0, 3, NULL),
(22, 'Shimoda ofertas 02', 1, '2019-11-06 19:42:32', '2021-04-06 11:14:28', NULL, NULL, 0, 12, NULL, 1, 1920, 1080, '#000', 0, 3, NULL),
(23, 'Shimoda ofertas 03', 1, '2019-11-06 19:43:32', '2021-04-06 11:18:04', NULL, NULL, 0, 12, NULL, 1, 1920, 1080, '#000', 0, 3, NULL),
(25, 'Ofertas relâmpago A', 1, '2019-11-21 11:58:05', '2019-11-21 11:58:56', NULL, NULL, 0, 5, NULL, 1, 1920, 1080, '#000', 0, 3, NULL),
(26, 'Ofertas relâmpago B', 1, '2019-11-21 11:59:43', '2020-12-17 09:51:14', NULL, NULL, 0, 5, NULL, 1, 1920, 1080, '#000', 0, 3, NULL),
(27, 'TABELA AÇOUGUE BOVINOS (copia)', 1, '2023-11-15 09:43:15', '2023-12-20 13:43:57', NULL, NULL, 0, 20, 20, 1, 1920, 1080, '#000000', 0, 3, NULL);

-- --------------------------------------------------------

--
-- Estrutura para tabela `lkcampaignlayout`
--

CREATE TABLE `lkcampaignlayout` (
  `LkCampaignLayoutID` int(11) NOT NULL,
  `CampaignID` int(11) NOT NULL,
  `LayoutID` int(11) NOT NULL,
  `DisplayOrder` int(11) NOT NULL
) ENGINE=InnoDB DEFAULT CHARSET=utf8;

--
-- Despejando dados para a tabela `lkcampaignlayout`
--

INSERT INTO `lkcampaignlayout` (`LkCampaignLayoutID`, `CampaignID`, `LayoutID`, `DisplayOrder`) VALUES
(1, 1, 1, 1),
(2, 2, 2, 1),
(3, 3, 3, 1),
(4, 4, 4, 1),
(5, 5, 5, 1),
(6, 6, 6, 1),
(7, 7, 7, 1),
(9, 9, 9, 1),
(12, 12, 12, 1),
(14, 14, 14, 1),
(17, 17, 17, 1),
(18, 18, 18, 1),
(805, 19, 2, 1),
(806, 19, 3, 2),
(808, 19, 4, 4),
(809, 19, 18, 5),
(807, 19, 20, 3),
(810, 19, 20, 6),
(23, 20, 19, 1),
(24, 21, 20, 1),
(1072, 22, 2, 1),
(1075, 22, 3, 4),
(1078, 22, 4, 7),
(1081, 22, 18, 10),
(1074, 22, 20, 3),
(1077, 22, 20, 6),
(1080, 22, 20, 9),
(1083, 22, 20, 12),
(1073, 22, 21, 2),
(1076, 22, 21, 5),
(1079, 22, 21, 8),
(1082, 22, 21, 11),
(35, 23, 21, 1),
(36, 24, 22, 1),
(37, 25, 23, 1),
(74, 27, 25, 1),
(75, 28, 26, 1),
(1084, 29, 27, 1);

-- --------------------------------------------------------

--
-- Estrutura para tabela `lkcommanddisplayprofile`
--

CREATE TABLE `lkcommanddisplayprofile` (
  `commandId` int(11) NOT NULL,
  `displayProfileId` int(11) NOT NULL,
  `commandString` varchar(1000) NOT NULL,
  `validationString` varchar(1000) DEFAULT NULL
) ENGINE=InnoDB DEFAULT CHARSET=utf8;

-- --------------------------------------------------------

--
-- Estrutura para tabela `lkdgdg`
--

CREATE TABLE `lkdgdg` (
  `parentId` int(11) NOT NULL,
  `childId` int(11) NOT NULL,
  `depth` int(11) NOT NULL
) ENGINE=InnoDB DEFAULT CHARSET=utf8;

--
-- Despejando dados para a tabela `lkdgdg`
--

INSERT INTO `lkdgdg` (`parentId`, `childId`, `depth`) VALUES
(5, 5, 0);

-- --------------------------------------------------------

--
-- Estrutura para tabela `lkdisplaydg`
--

CREATE TABLE `lkdisplaydg` (
  `LkDisplayDGID` int(11) NOT NULL,
  `DisplayGroupID` int(11) NOT NULL,
  `DisplayID` int(11) NOT NULL
) ENGINE=InnoDB DEFAULT CHARSET=utf8;

--
-- Despejando dados para a tabela `lkdisplaydg`
--

INSERT INTO `lkdisplaydg` (`LkDisplayDGID`, `DisplayGroupID`, `DisplayID`) VALUES
(4, 5, 4);

-- --------------------------------------------------------

--
-- Estrutura para tabela `lklayoutdisplaygroup`
--

CREATE TABLE `lklayoutdisplaygroup` (
  `id` int(11) NOT NULL,
  `layoutId` int(11) NOT NULL,
  `displayGroupId` int(11) NOT NULL
) ENGINE=InnoDB DEFAULT CHARSET=utf8 COMMENT='Layout associations directly to Display Groups';

-- --------------------------------------------------------

--
-- Estrutura para tabela `lkmediadisplaygroup`
--

CREATE TABLE `lkmediadisplaygroup` (
  `id` int(11) NOT NULL,
  `mediaid` int(11) NOT NULL,
  `displaygroupid` int(11) NOT NULL
) ENGINE=InnoDB DEFAULT CHARSET=utf8 COMMENT='File associations directly to Display Groups';

-- --------------------------------------------------------

--
-- Estrutura para tabela `lknotificationdg`
--

CREATE TABLE `lknotificationdg` (
  `lkNotificationDgId` int(11) NOT NULL,
  `notificationId` int(11) NOT NULL,
  `displayGroupId` int(11) NOT NULL
) ENGINE=InnoDB DEFAULT CHARSET=utf8;

-- --------------------------------------------------------

--
-- Estrutura para tabela `lknotificationgroup`
--

CREATE TABLE `lknotificationgroup` (
  `lkNotificationGroupId` int(11) NOT NULL,
  `notificationId` int(11) NOT NULL,
  `groupId` int(11) NOT NULL
) ENGINE=InnoDB DEFAULT CHARSET=utf8;

-- --------------------------------------------------------

--
-- Estrutura para tabela `lknotificationuser`
--

CREATE TABLE `lknotificationuser` (
  `lkNotificationUserId` int(11) NOT NULL,
  `notificationId` int(11) NOT NULL,
  `userId` int(11) NOT NULL,
  `read` tinyint(4) NOT NULL,
  `readDt` int(11) NOT NULL,
  `emailDt` int(11) NOT NULL
) ENGINE=InnoDB DEFAULT CHARSET=utf8;

-- --------------------------------------------------------

--
-- Estrutura para tabela `lkregionplaylist`
--

CREATE TABLE `lkregionplaylist` (
  `regionId` int(11) NOT NULL,
  `playlistId` int(11) NOT NULL,
  `displayOrder` int(11) NOT NULL
) ENGINE=InnoDB DEFAULT CHARSET=utf8;

--
-- Despejando dados para a tabela `lkregionplaylist`
--

INSERT INTO `lkregionplaylist` (`regionId`, `playlistId`, `displayOrder`) VALUES
(1, 1, 1),
(2, 2, 1),
(3, 3, 1),
(4, 4, 1),
(5, 5, 1),
(7, 7, 1),
(8, 8, 1),
(9, 9, 1),
(12, 12, 1),
(13, 13, 1),
(16, 16, 1),
(17, 17, 1),
(19, 19, 1),
(20, 20, 1),
(22, 22, 1),
(23, 23, 1),
(25, 25, 1),
(26, 26, 1),
(28, 28, 1),
(30, 30, 1),
(32, 32, 1),
(35, 35, 1),
(36, 36, 1),
(38, 38, 1),
(39, 39, 1),
(41, 41, 1),
(42, 42, 1),
(43, 43, 1),
(45, 45, 1),
(46, 46, 1),
(47, 47, 1),
(48, 48, 1),
(49, 49, 1),
(50, 50, 1),
(52, 52, 1),
(53, 53, 1),
(54, 54, 1),
(55, 55, 1),
(56, 56, 1),
(57, 57, 1);

-- --------------------------------------------------------

--
-- Estrutura para tabela `lkscheduledisplaygroup`
--

CREATE TABLE `lkscheduledisplaygroup` (
  `eventId` int(11) NOT NULL,
  `displayGroupId` int(11) NOT NULL
) ENGINE=InnoDB DEFAULT CHARSET=utf8;

--
-- Despejando dados para a tabela `lkscheduledisplaygroup`
--

INSERT INTO `lkscheduledisplaygroup` (`eventId`, `displayGroupId`) VALUES
(41, 5),
(42, 5),
(43, 5),
(44, 5),
(45, 5),
(46, 5),
(47, 5),
(48, 5),
(49, 5),
(50, 5),
(51, 5),
(52, 5),
(53, 5),
(56, 5),
(57, 5),
(58, 5),
(59, 5),
(60, 5),
(61, 5);

-- --------------------------------------------------------

--
-- Estrutura para tabela `lktagcampaign`
--

CREATE TABLE `lktagcampaign` (
  `lkTagCampaignId` int(11) NOT NULL,
  `tagId` int(11) NOT NULL,
  `campaignId` int(11) NOT NULL
) ENGINE=InnoDB DEFAULT CHARSET=utf8;

-- --------------------------------------------------------

--
-- Estrutura para tabela `lktagdisplaygroup`
--

CREATE TABLE `lktagdisplaygroup` (
  `lkTagDisplayGroupId` int(11) NOT NULL,
  `tagId` int(11) NOT NULL,
  `displayGroupId` int(11) NOT NULL
) ENGINE=InnoDB DEFAULT CHARSET=utf8;

-- --------------------------------------------------------

--
-- Estrutura para tabela `lktaglayout`
--

CREATE TABLE `lktaglayout` (
  `lkTagLayoutId` int(11) NOT NULL,
  `tagId` int(11) NOT NULL,
  `layoutId` int(11) NOT NULL
) ENGINE=InnoDB DEFAULT CHARSET=utf8;

--
-- Despejando dados para a tabela `lktaglayout`
--

INSERT INTO `lktaglayout` (`lkTagLayoutId`, `tagId`, `layoutId`) VALUES
(18, 1, 19),
(1, 4, 1),
(2, 5, 1),
(3, 5, 2),
(4, 5, 3),
(5, 5, 4),
(6, 5, 5),
(7, 5, 6),
(8, 5, 7),
(10, 5, 9),
(12, 5, 12),
(14, 5, 14),
(15, 5, 17),
(16, 5, 18),
(17, 5, 19),
(19, 5, 27);

-- --------------------------------------------------------

--
-- Estrutura para tabela `lktagmedia`
--

CREATE TABLE `lktagmedia` (
  `lkTagMediaId` int(11) NOT NULL,
  `tagId` int(11) NOT NULL,
  `mediaId` int(11) NOT NULL
) ENGINE=InnoDB DEFAULT CHARSET=utf8;

--
-- Despejando dados para a tabela `lktagmedia`
--

INSERT INTO `lktagmedia` (`lkTagMediaId`, `tagId`, `mediaId`) VALUES
(1, 5, 20),
(2, 5, 21),
(3, 5, 22),
(5, 5, 24),
(6, 5, 25),
(7, 5, 26),
(8, 5, 102),
(9, 5, 103),
(10, 5, 104),
(11, 5, 105),
(12, 5, 106),
(13, 5, 107),
(14, 5, 108),
(15, 5, 109),
(16, 5, 110),
(17, 5, 111),
(18, 5, 247);

-- --------------------------------------------------------

--
-- Estrutura para tabela `lkusergroup`
--

CREATE TABLE `lkusergroup` (
  `LkUserGroupID` int(11) NOT NULL,
  `GroupID` int(11) NOT NULL,
  `UserID` int(11) NOT NULL
) ENGINE=InnoDB DEFAULT CHARSET=utf8;

--
-- Despejando dados para a tabela `lkusergroup`
--

INSERT INTO `lkusergroup` (`LkUserGroupID`, `GroupID`, `UserID`) VALUES
(7, 1, 4),
(1, 3, 1),
(6, 7, 4);

-- --------------------------------------------------------

--
-- Estrutura para tabela `lkwidgetaudio`
--

CREATE TABLE `lkwidgetaudio` (
  `widgetId` int(11) NOT NULL,
  `mediaId` int(11) NOT NULL,
  `volume` tinyint(4) DEFAULT '100',
  `loop` tinyint(4) DEFAULT '0'
) ENGINE=InnoDB DEFAULT CHARSET=utf8;

-- --------------------------------------------------------

--
-- Estrutura para tabela `lkwidgetmedia`
--

CREATE TABLE `lkwidgetmedia` (
  `widgetId` int(11) NOT NULL,
  `mediaId` int(11) NOT NULL
) ENGINE=InnoDB DEFAULT CHARSET=utf8;

--
-- Despejando dados para a tabela `lkwidgetmedia`
--

INSERT INTO `lkwidgetmedia` (`widgetId`, `mediaId`) VALUES
(27, 29),
(27, 30),
(27, 31),
(27, 32),
(27, 33),
(27, 34),
(27, 35),
(27, 36),
(27, 37),
(27, 38),
(27, 39),
(27, 73),
(27, 74),
(27, 75),
(27, 76),
(27, 77),
(27, 78),
(27, 79),
(27, 80),
(27, 81),
(29, 82),
(29, 83),
(29, 84),
(29, 85),
(29, 86),
(29, 87),
(29, 88),
(29, 89),
(29, 90),
(29, 91),
(29, 92),
(29, 93),
(29, 94),
(29, 95),
(29, 96),
(29, 97),
(29, 98),
(29, 99),
(29, 100),
(29, 101),
(36, 103),
(36, 105),
(36, 107),
(36, 110),
(36, 114),
(36, 117),
(38, 246),
(39, 246),
(44, 246),
(46, 246),
(47, 246),
(48, 246),
(49, 120),
(57, 128),
(58, 129),
(161, 245),
(162, 241),
(163, 242),
(167, 246);

-- --------------------------------------------------------

--
-- Estrutura para tabela `log`
--

CREATE TABLE `log` (
  `logid` bigint(20) NOT NULL COMMENT 'The log ID',
  `runNo` varchar(10) NOT NULL,
  `logdate` datetime NOT NULL COMMENT 'The log date',
  `channel` varchar(20) NOT NULL,
  `type` varchar(254) NOT NULL,
  `page` varchar(50) NOT NULL,
  `function` varchar(50) DEFAULT NULL,
  `message` longtext NOT NULL,
  `userID` int(11) NOT NULL DEFAULT '0',
  `displayID` int(11) DEFAULT NULL
) ENGINE=InnoDB DEFAULT CHARSET=utf8;

-- --------------------------------------------------------

--
-- Estrutura para tabela `media`
--

CREATE TABLE `media` (
  `mediaID` int(11) NOT NULL,
  `name` varchar(100) NOT NULL,
  `type` varchar(15) NOT NULL,
  `duration` int(11) NOT NULL,
  `originalFilename` varchar(254) DEFAULT NULL,
  `storedAs` varchar(254) DEFAULT NULL COMMENT 'What has this media been stored as',
  `MD5` varchar(32) DEFAULT NULL,
  `FileSize` bigint(20) DEFAULT NULL,
  `userID` int(11) NOT NULL,
  `retired` tinyint(4) NOT NULL DEFAULT '0' COMMENT 'Is retired?',
  `isEdited` tinyint(4) NOT NULL DEFAULT '0' COMMENT 'Is this the current record',
  `editedMediaID` int(11) DEFAULT NULL COMMENT 'The Parent ID',
  `moduleSystemFile` tinyint(1) NOT NULL DEFAULT '0',
  `valid` tinyint(1) NOT NULL DEFAULT '1',
  `expires` int(11) DEFAULT NULL,
  `released` tinyint(4) NOT NULL DEFAULT '1',
  `apiRef` varchar(254) DEFAULT NULL,
  `createdDt` datetime DEFAULT NULL,
  `modifiedDt` datetime DEFAULT NULL
) ENGINE=InnoDB DEFAULT CHARSET=utf8;

--
-- Despejando dados para a tabela `media`
--

INSERT INTO `media` (`mediaID`, `name`, `type`, `duration`, `originalFilename`, `storedAs`, `MD5`, `FileSize`, `userID`, `retired`, `isEdited`, `editedMediaID`, `moduleSystemFile`, `valid`, `expires`, `released`, `apiRef`, `createdDt`, `modifiedDt`) VALUES
(1, 'jquery-1.11.1.min.js', 'module', 0, 'jquery-1.11.1.min.js', 'jquery-1.11.1.min.js', '3c9137d88a00b1ae0b41ff6a70571615', 95785, 0, 0, 0, 0, 1, 1, 0, 1, NULL, '2019-07-05 16:14:22', '2024-11-26 21:30:16'),
(2, 'jquery-cycle-2.1.6.min.js', 'module', 0, 'jquery-cycle-2.1.6.min.js', 'jquery-cycle-2.1.6.min.js', '212480cf1292db459557814e2d7a571d', 28876, 0, 0, 0, 0, 1, 1, 0, 1, NULL, '2019-07-05 16:14:22', '2024-11-26 21:30:16'),
(3, 'moment.js', 'module', 0, 'moment.js', 'moment.js', '67bb26c11dba6c366834e65f5933aff2', 160251, 0, 0, 0, 0, 1, 1, 0, 1, NULL, '2019-07-05 16:14:22', '2024-11-26 21:30:16'),
(4, 'flipclock.min.js', 'module', 0, 'flipclock.min.js', 'flipclock.min.js', 'b9d7742384bdf912c51b6a1b5d674f7a', 21107, 0, 0, 0, 0, 1, 1, 0, 1, NULL, '2019-07-05 16:14:22', '2024-11-26 21:30:15'),
(5, 'xibo-layout-scaler.js', 'module', 0, 'xibo-layout-scaler.js', 'xibo-layout-scaler.js', '7fb2977f1880dba96af9eab6ad088807', 4460, 0, 0, 0, 0, 1, 1, 0, 1, NULL, '2019-07-05 16:14:22', '2024-11-26 21:30:16'),
(6, 'xibo-dataset-render.js', 'module', 0, 'xibo-dataset-render.js', 'xibo-dataset-render.js', 'ffcde6f93e4ac6cb6d4dddad45d344db', 1585, 0, 0, 0, 0, 1, 1, 0, 1, NULL, '2019-07-05 16:14:22', '2024-11-26 21:30:15'),
(7, 'xibo-image-render.js', 'module', 0, 'xibo-image-render.js', 'xibo-image-render.js', '6152d3e99b2c61bb3db365d108337483', 2988, 0, 0, 0, 0, 1, 1, 0, 1, NULL, '2019-07-05 16:14:22', '2024-11-26 21:30:16'),
(8, 'Aileron Heavy Regular', 'font', 0, 'Aileron-Heavy.otf', '8.otf', '621ba5aaf66e52f3def0cf69807104b9', 30060, 1, 0, 0, NULL, 0, 1, 0, 1, NULL, '2019-07-05 16:14:22', NULL),
(9, 'Aileron Regular', 'font', 0, 'Aileron-Regular.otf', '9.otf', 'd321fa78bb7190a8ca7e14213ef63203', 27644, 1, 0, 0, NULL, 0, 1, 0, 1, NULL, '2019-07-05 16:14:22', NULL),
(10, 'Dancing Script Regular', 'font', 0, 'DancingScript-Regular.ttf', '10.ttf', '86aadd0451f9e7dafa957e1e61dd2ed7', 116580, 1, 0, 0, NULL, 0, 1, 0, 1, NULL, '2019-07-05 16:14:22', NULL),
(11, 'Railway Regular', 'font', 0, 'Railway.ttf', '11.ttf', '58963d3a57da7a70ac36d331416746c5', 45884, 1, 0, 0, NULL, 0, 1, 0, 1, NULL, '2019-07-05 16:14:22', NULL),
(12, 'Linear Regular', 'font', 0, 'linear-by-braydon-fuller.otf', '12.otf', 'afb33470c582079834acd8b9f979ce1a', 19684, 1, 0, 0, NULL, 0, 1, 0, 1, NULL, '2019-07-05 16:14:22', NULL),
(13, 'xibo-text-render.js', 'module', 0, 'xibo-text-render.js', 'xibo-text-render.js', '95955771a323a2033f6be24ea7093a9d', 12017, 0, 0, 0, 0, 1, 1, 0, 1, NULL, '2019-07-05 16:14:22', '2024-11-26 21:30:16'),
(14, 'jquery.marquee.min.js', 'module', 0, 'jquery.marquee.min.js', 'jquery.marquee.min.js', '2286bb4f44d9ea301131a25c5204ca0a', 2248, 0, 0, 0, 0, 1, 1, 0, 1, NULL, '2019-07-05 16:14:22', '2024-11-26 21:30:16'),
(15, 'pdf.js', 'module', 0, 'pdf.js', 'pdf.js', 'dec9b89b936438760291e401c09f52aa', 333388, 0, 0, 0, 0, 1, 1, 0, 1, NULL, '2019-07-05 16:14:22', '2024-11-26 21:30:16'),
(16, 'pdf.worker.js', 'module', 0, 'pdf.worker.js', 'pdf.worker.js', '926affd0ae3d3b69e6071b26875638c8', 1337459, 0, 0, 0, 0, 1, 1, 0, 1, NULL, '2019-07-05 16:14:22', '2024-11-26 21:30:16'),
(17, 'compatibility.js', 'module', 0, 'compatibility.js', 'compatibility.js', '758c582a7fd2f30ec9dd8f91803a9882', 18126, 0, 0, 0, 0, 1, 1, 0, 1, NULL, '2019-07-05 16:14:22', '2024-11-26 21:30:16'),
(18, 'xibo-webpage-render.js', 'module', 0, 'xibo-webpage-render.js', 'xibo-webpage-render.js', 'd59f5fc84ef7747f27baddc07fe81487', 4832, 0, 0, 0, 0, 1, 1, 0, 1, NULL, '2019-07-05 16:14:22', '2024-11-26 21:30:16'),
(19, 'fonts.css', 'module', 0, 'fonts.css', 'fonts.css', 'b456ba26691c4eef6de411e682583e5f', 380, 0, 0, 0, 0, 1, 1, 0, 1, NULL, '2019-07-05 16:14:46', '2024-11-28 08:53:19'),
(20, 'acougue01.jpg', 'image', 10, 'acougue01.jpg', '20.jpg', 'f6874be0b444770f5ed173891ce8d561', 104680, 1, 0, 0, NULL, 0, 1, 0, 1, NULL, '2019-07-05 13:23:00', NULL),
(21, 'suinos01.jpg', 'image', 10, 'suinos01.jpg', '21.jpg', '811ce25aa76a60b7c2aeeb365974cbed', 96864, 1, 0, 0, NULL, 0, 1, 0, 1, NULL, '2019-07-05 13:23:15', NULL),
(22, 'diferentes-tipos-de-carnes-de-aves.jpg', 'image', 10, 'diferentes-tipos-de-carnes-de-aves.jpg', '22.jpg', '2e1beab05fdc06d53e13f150924e4f30', 80492, 1, 0, 0, NULL, 0, 1, 0, 1, NULL, '2019-07-05 13:23:32', NULL),
(24, 'hortifruti.jpg', 'image', 10, 'hortifruti.jpg', '24.jpg', '8fa78f948c2247c4078376be29a8ce3c', 261070, 1, 0, 0, NULL, 0, 1, 0, 1, NULL, '2019-07-05 13:24:02', NULL),
(25, '16241.jpg', 'image', 10, '16241.jpg', '25.jpg', 'b48d057f3c663a2ac80d7b05506aec25', 11026962, 1, 0, 0, NULL, 0, 1, 0, 1, NULL, '2019-07-05 13:24:24', NULL),
(26, 'chalkboard-517818_1920.jpg', 'image', 10, 'chalkboard-517818_1920.jpg', '26.jpg', '8a381ab30c8a8b07ed905fcee02b0a96', 553314, 1, 0, 0, NULL, 0, 1, 0, 1, NULL, '2019-07-05 13:24:36', NULL),
(27, 'Bramillogo.png', 'image', 10, 'Bramillogo.png', '27.png', '7e77520b30ab0320275705438b5d558d', 924681, 1, 0, 0, NULL, 0, 1, 0, 1, NULL, '2019-07-05 13:25:21', NULL),
(28, 'Bramil.png', 'image', 10, 'Bramil.png', '28.png', '7e77520b30ab0320275705438b5d558d', 924681, 1, 0, 0, NULL, 0, 1, 0, 1, NULL, '2019-07-05 13:31:54', NULL),
(29, 'ticker_3f15bfbdc9d5b2480922dab2ac3ea1f3', 'module', 0, 'ibrahimovic-pode-deixar-o-los-angeles-galaxy-ao-final-da-temporada-da-mls-1569421041511_v2_1920x1080.jpg', 'ticker_3f15bfbdc9d5b2480922dab2ac3ea1f3', '655f5f86ebb04070bffea1192d5ed099', 287390, 0, 0, 0, 0, 0, 1, 1569511386, 1, NULL, '2019-09-25 14:31:41', '2019-09-26 10:53:06'),
(30, 'ticker_2e92e329bae36e13fe1eabc0f1035ad7', 'module', 0, 'kayke-e-o-novo-reforco-do-fluminense-1534465265023_v2_1920x1080.jpg', 'ticker_2e92e329bae36e13fe1eabc0f1035ad7', 'e8043e14579d9d924f9eafa10ac279af', 214808, 0, 0, 0, 0, 0, 1, 1569511386, 1, NULL, '2019-09-25 14:31:41', '2019-09-26 10:53:06'),
(31, 'ticker_aa0742fb662e9a656f9b6c8f1c142da2', 'module', 0, 'daniel-cormier-durante-pesagem-no-ufc-200-1513965301793_v2_1920x1080.jpg', 'ticker_aa0742fb662e9a656f9b6c8f1c142da2', '132f41e43f1bd93a1ad91d104cfe6426', 235129, 0, 0, 0, 0, 0, 1, 1569511386, 1, NULL, '2019-09-25 14:31:41', '2019-09-26 10:53:06'),
(32, 'ticker_4dcdeada9553916dbbaef2dd531d6767', 'module', 0, '11abr2016---um-tubarao-branco-ataca-um-cardume-de-pescada-os-tubaroes-sao-mais-propensos-a-atacar-peixes-pequenos-e-arraias-do-que-humanos-apesar-das-representacoes-de-hollywood-1460388569773_1920x1080.jpg', 'ticker_4dcdeada9553916dbbaef2dd531d6767', 'b8350144dc0820afe250ff99b87b1c39', 527432, 0, 0, 0, 0, 0, 1, 1569511386, 1, NULL, '2019-09-25 14:31:41', '2019-09-26 10:53:06'),
(33, 'ticker_f41e63da99325caa70ed9f9bd54b7415', 'module', 0, 'torcedores-do-bahia-na-arena-fonte-nova-1569367332063_v2_1920x1080.jpg', 'ticker_f41e63da99325caa70ed9f9bd54b7415', '46ed7190880a8728b2ab197207eca24b', 442694, 0, 0, 0, 0, 0, 1, 1569511386, 1, NULL, '2019-09-25 14:31:41', '2019-09-26 10:53:06'),
(34, 'ticker_e67f72541f5e89e49c7533db475b9b6d', 'module', 0, 'gabigol-comemora-seu-segundo-gol-na-partida-do-madureira-contra-o-flamengo-1553045121487_v2_1920x1080.jpg', 'ticker_e67f72541f5e89e49c7533db475b9b6d', '73d39dfceb50d9703173e6c7acc46c54', 150190, 0, 0, 0, 0, 0, 1, 1569511386, 1, NULL, '2019-09-25 14:31:41', '2019-09-26 10:53:06'),
(35, 'ticker_141e9b3a0b4a286a3771369c30ddd731', 'module', 0, 'robert-kubica-da-williams-no-grand-prix-do-azerbaijao-1559322096842_v2_1920x1080.jpg', 'ticker_141e9b3a0b4a286a3771369c30ddd731', '204f5593130b664171235909139e1840', 173423, 0, 0, 0, 0, 0, 1, 1569511386, 1, NULL, '2019-09-25 14:31:41', '2019-09-26 10:53:06'),
(36, 'ticker_da8cdd295f5aeaba6844951d81db6af6', 'module', 0, 'rubens-valeriano-disputa-prova-de-ciclismo-cross-country-nos-jogos-de-londres-1344786192559_1920x1080.jpg', 'ticker_da8cdd295f5aeaba6844951d81db6af6', '349fc3f55c5a9835101634c6d17025f4', 1336531, 0, 0, 0, 0, 0, 1, 1569511386, 1, NULL, '2019-09-25 14:31:41', '2019-09-26 10:53:06'),
(37, 'ticker_50ddb672b91423a0b36e2bae4ad10312', 'module', 0, 'jorginho-novo-tecnico-do-coritiba-1569353968087_v2_1920x1080.jpg', 'ticker_50ddb672b91423a0b36e2bae4ad10312', '6f640eb3ae428e7886abbfd8644fa507', 117509, 0, 0, 0, 0, 0, 1, 1569511386, 1, NULL, '2019-09-25 14:31:41', '2019-09-26 10:53:06'),
(38, 'ticker_34c9160cd82ce3bdafd4592c962e231e', 'module', 0, 'o-atacante-sandro-wagner-comemora-gol-pela-alemanha-contra-a-irlanda-do-norte-nas-eliminatorias-da-copa-de-2018-1521043847966_v2_1920x1080.jpg', 'ticker_34c9160cd82ce3bdafd4592c962e231e', '8a33afb2ea85966be986fadc20ee5b13', 168091, 0, 0, 0, 0, 0, 1, 1569511386, 1, NULL, '2019-09-25 14:31:41', '2019-09-26 10:53:06'),
(39, 'ticker_bc6bda3414f2ba28a17dc4b037f1e199', 'module', 0, 'vettel-e-hamilton-conversam-apos-treino-classificatorio-do-gp-dos-eua-1540080607569_v2_1920x1080.jpg', 'ticker_bc6bda3414f2ba28a17dc4b037f1e199', '58d6befe6cebc5939ea3789ff8e569a6', 166469, 0, 0, 0, 0, 0, 1, 1569511386, 1, NULL, '2019-09-25 14:31:41', '2019-09-26 10:53:06'),
(49, 'bootstrap.min.css', 'module', 0, 'bootstrap.min.css', 'bootstrap.min.css', 'ec3bb52a00e176a7181d454dffaea219', 121200, 0, 0, 0, 0, 1, 1, 0, 1, NULL, '2019-09-25 14:34:40', '2024-11-26 21:30:16'),
(50, 'WeatherIcons-Regular.otf', 'module', 0, 'WeatherIcons-Regular.otf', 'WeatherIcons-Regular.otf', '145ba08b1886ec06ed80385eb768a050', 40668, 0, 0, 0, 0, 1, 1, 0, 1, NULL, '2019-09-25 14:34:40', '2024-11-26 21:30:16'),
(51, 'animate.css', 'module', 0, 'animate.css', 'animate.css', '07f146141537e04ee282a965d8053198', 72259, 0, 0, 0, 0, 1, 1, 0, 1, NULL, '2019-09-25 14:34:40', '2024-11-26 21:30:16'),
(52, 'font-awesome.min.css', 'module', 0, 'font-awesome.min.css', 'font-awesome.min.css', '04425bbdc6243fc6e54bf8984fe50330', 23739, 0, 0, 0, 0, 1, 1, 0, 1, NULL, '2019-09-25 14:34:40', '2024-11-26 21:30:16'),
(53, 'weather-icons.min.css', 'module', 0, 'weather-icons.min.css', 'weather-icons.min.css', '96dff559d6119c163e149280ef1db88c', 26633, 0, 0, 0, 0, 1, 1, 0, 1, NULL, '2019-09-25 14:34:40', '2024-11-26 21:30:16'),
(54, 'weathericons-regular-webfont.eot', 'module', 0, 'weathericons-regular-webfont.eot', 'weathericons-regular-webfont.eot', '8c0f6fd19bfa5763a0860b5930a66e14', 35151, 0, 0, 0, 0, 1, 1, 0, 1, NULL, '2019-09-25 14:34:40', '2024-11-26 21:30:16'),
(55, 'weathericons-regular-webfont.svg', 'module', 0, 'weathericons-regular-webfont.svg', 'weathericons-regular-webfont.svg', 'fe45297f78b1ab6d8ed9b623d2634530', 127706, 0, 0, 0, 0, 1, 1, 0, 1, NULL, '2019-09-25 14:34:40', '2024-11-26 21:30:16'),
(56, 'weathericons-regular-webfont.ttf', 'module', 0, 'weathericons-regular-webfont.ttf', 'weathericons-regular-webfont.ttf', 'cd287dcbb4564b57692cfed0e2e58345', 67016, 0, 0, 0, 0, 1, 1, 0, 1, NULL, '2019-09-25 14:34:40', '2024-11-26 21:30:16'),
(57, 'weathericons-regular-webfont.woff', 'module', 0, 'weathericons-regular-webfont.woff', 'weathericons-regular-webfont.woff', 'c90a4c420dd010a5e95dedb8927a29e7', 40408, 0, 0, 0, 0, 1, 1, 0, 1, NULL, '2019-09-25 14:34:40', '2024-11-26 21:30:16'),
(58, 'weathericons-regular-webfont.woff2', 'module', 0, 'weathericons-regular-webfont.woff2', 'weathericons-regular-webfont.woff2', '1cd48d78f06d33973d9d761d426e69bf', 44720, 0, 0, 0, 0, 1, 1, 0, 1, NULL, '2019-09-25 14:34:40', '2024-11-26 21:30:16'),
(59, 'wi-cloudy.jpg', 'module', 0, 'wi-cloudy.jpg', 'wi-cloudy.jpg', '1766972e4d03a6c1056b503c41e94430', 379804, 0, 0, 0, 0, 1, 1, 0, 1, NULL, '2019-09-25 14:34:40', '2024-11-26 21:30:16'),
(60, 'wi-day-cloudy.jpg', 'module', 0, 'wi-day-cloudy.jpg', 'wi-day-cloudy.jpg', '49b09eb3738e0a16b488297f2b6ede24', 2628732, 0, 0, 0, 0, 1, 1, 0, 1, NULL, '2019-09-25 14:34:40', '2024-11-26 21:30:16'),
(61, 'wi-day-sunny.jpg', 'module', 0, 'wi-day-sunny.jpg', 'wi-day-sunny.jpg', '503ca21fd5014ddefc2cd5159766af32', 1445897, 0, 0, 0, 0, 1, 1, 0, 1, NULL, '2019-09-25 14:34:46', '2024-11-26 21:30:16'),
(62, 'wi-fog.jpg', 'module', 0, 'wi-fog.jpg', 'wi-fog.jpg', '4168dc58a5eb3aa3826d8eae85088804', 597609, 0, 0, 0, 0, 1, 1, 0, 1, NULL, '2019-09-25 14:34:50', '2024-11-26 21:30:16'),
(63, 'wi-hail.jpg', 'module', 0, 'wi-hail.jpg', 'wi-hail.jpg', '8c4e4024b6242eecdb754344fcfa8b6c', 827270, 0, 0, 0, 0, 1, 1, 0, 1, NULL, '2019-09-25 14:34:50', '2024-11-26 21:30:16'),
(64, 'wi-night-clear.jpg', 'module', 0, 'wi-night-clear.jpg', 'wi-night-clear.jpg', 'ebdb8828051637c91109a329b2138f10', 738913, 0, 0, 0, 0, 1, 1, 0, 1, NULL, '2019-09-25 14:34:50', '2024-11-26 21:30:16'),
(65, 'wi-night-partly-cloudy.jpg', 'module', 0, 'wi-night-partly-cloudy.jpg', 'wi-night-partly-cloudy.jpg', 'd50d13f4bedad3dedd108d4baad60494', 220168, 0, 0, 0, 0, 1, 1, 0, 1, NULL, '2019-09-25 14:34:54', '2024-11-26 21:30:16'),
(66, 'wi-rain.jpg', 'module', 0, 'wi-rain.jpg', 'wi-rain.jpg', '637dfc650fff4976910ea46917734925', 655983, 0, 0, 0, 0, 1, 1, 0, 1, NULL, '2019-09-25 14:34:54', '2024-11-26 21:30:16'),
(67, 'wi-snow.jpg', 'module', 0, 'wi-snow.jpg', 'wi-snow.jpg', '6e3def73254a72ff0b4ff45c7bba7501', 782263, 0, 0, 0, 0, 1, 1, 0, 1, NULL, '2019-09-25 14:34:54', '2024-11-26 21:30:16'),
(68, 'wi-windy.jpg', 'module', 0, 'wi-windy.jpg', 'wi-windy.jpg', 'a4951eb27a8aa834469621674d193f30', 339716, 0, 0, 0, 0, 1, 1, 0, 1, NULL, '2019-09-25 14:34:59', '2024-11-26 21:30:16'),
(69, 'Tela império 13 a 15-09.jpg', 'image', 10, 'Tela império 13 a 15-09.jpg', '69.jpg', '884724e5e98e803854f4b2ce377d9c6d', 1454980, 1, 0, 0, NULL, 0, 1, 0, 1, NULL, '2019-09-25 14:39:08', NULL),
(70, 'Tela lamina heineken 13 a 15-09.jpg', 'image', 10, 'Tela lamina heineken 13 a 15-09.jpg', '70.jpg', '163255384134075a012fab2de7a61717', 1301978, 1, 0, 0, NULL, 0, 1, 0, 1, NULL, '2019-09-25 14:39:09', NULL),
(71, 'Tela lamina alcatra 13 a 15-09.jpg', 'image', 10, 'Tela lamina alcatra 13 a 15-09.jpg', '71.jpg', 'de164a802fc48414e832ff2970ca3c95', 1235835, 1, 0, 0, NULL, 0, 1, 0, 1, NULL, '2019-09-25 14:39:10', NULL),
(72, '26.09 TV Digital 30 v2 ok.mp4', 'video', 30, '26.09 TV Digital 30 v2 ok.mp4', '72.mp4', 'eb3c388b2aba8db026256aa174a400d6', 13579574, 1, 0, 0, NULL, 0, 1, 0, 1, NULL, '2019-09-25 14:40:03', NULL),
(73, 'ticker_f06d82a2ac531eac2e79a6a1c2291288', 'module', 0, 'sebastian-vettel-chega-ao-circuito-de-paul-ricard-para-o-gp-da-franca-1561313616531_v2_1920x1080.jpg', 'ticker_f06d82a2ac531eac2e79a6a1c2291288', '026d13c7e0704dee55d0aea70e26e827', 130264, 0, 0, 0, 0, 0, 1, 1569511386, 1, NULL, '2019-09-25 16:32:19', '2019-09-26 10:53:06'),
(74, 'ticker_02b37e56968164f8783d03bd0d0c231e', 'module', 0, 'aguero-comemora-gol-que-abriu-o-placar-em-itaquera-1562442874489_v2_1920x1080.jpg', 'ticker_02b37e56968164f8783d03bd0d0c231e', '049243d3c7f7341ec9a1da843e44dd2f', 326930, 0, 0, 0, 0, 0, 1, 1569511386, 1, NULL, '2019-09-25 16:32:19', '2019-09-26 10:53:06'),
(75, 'ticker_fac7f0792446fe0af180b3ad190d2801', 'module', 0, 'treino-do-figueirense-1563318838576_v2_1920x1080.jpg', 'ticker_fac7f0792446fe0af180b3ad190d2801', 'b02fff9e6666bc93e26d0698fd703b8a', 356447, 0, 0, 0, 0, 0, 1, 1569511386, 1, NULL, '2019-09-25 16:32:19', '2019-09-26 10:53:06'),
(76, 'ticker_0cf3da0d503ac6e043164e7fc2ef7643', 'module', 0, 'trofeu-da-uefa-champions-league-1541619890916_v2_1920x1080.jpg', 'ticker_0cf3da0d503ac6e043164e7fc2ef7643', '996ed7dd4c57c3d6694c49d700c4e83d', 220392, 0, 0, 0, 0, 0, 1, 1569511386, 1, NULL, '2019-09-25 16:32:19', '2019-09-26 10:53:06'),
(77, 'ticker_d957054470e1b6c6fbcaf01dda753bf1', 'module', 0, 'camarote-fiel-zone-distribuiu-hamburgueres-aos-atletas-do-deportivo-lara-na-arena-corinthians-1558711461235_80x80.png', 'ticker_d957054470e1b6c6fbcaf01dda753bf1', 'f7593bd5203b30114405e4e0af452bad', 14862, 0, 0, 0, 0, 0, 1, 1569511386, 1, NULL, '2019-09-25 16:32:19', '2019-09-26 10:53:06'),
(78, 'ticker_73449a4a5132ff4c8da13e58436540c8', 'module', 0, 'bernardinho-na-final-da-olimpiada-de-2016-contra-a-italia-1484145812055_1920x1080.jpg', 'ticker_73449a4a5132ff4c8da13e58436540c8', '9deb26f72592d5e90e0c069d40c0d3ff', 476794, 0, 0, 0, NULL, 0, 1, 1569511386, 1, NULL, '2019-09-26 10:53:06', NULL),
(79, 'ticker_b09d43c512e3acc2a74447080ab6df9d', 'module', 0, '28mai2014---fagner-lateral-do-corinthians-lamenta-chance-desperdicada-em-jogo-contra-o-cruzeiro-1401330619637_1920x1080.jpg', 'ticker_b09d43c512e3acc2a74447080ab6df9d', 'f192375f01abba0cf7ced95fd3adf371', 623352, 0, 0, 0, NULL, 0, 1, 1569511386, 1, NULL, '2019-09-26 10:53:06', NULL),
(80, 'ticker_91869af20384cb7d8a1384e46d28d4dd', 'module', 0, 'cofrinho-porco-contas-dividas-poupanca-inadimplencia-economia-cofre-quebrado-1547560096072_v2_1920x1080.jpg', 'ticker_91869af20384cb7d8a1384e46d28d4dd', '80e63d22a71be6abab9ae5426d7f00a0', 178590, 0, 0, 0, NULL, 0, 1, 1569511386, 1, NULL, '2019-09-26 10:53:06', NULL),
(81, 'ticker_51f4d4a89dfea78aedd75c5347bc1663', 'module', 0, 'rodrygo-comemora-apos-marcar-pelo-real-madrid-contra-o-osasuna-1569444266167_v2_1920x1080.jpg', 'ticker_51f4d4a89dfea78aedd75c5347bc1663', '4e80643e9365fe2da7e3577f206261df', 191061, 0, 0, 0, NULL, 0, 1, 1569511386, 1, NULL, '2019-09-26 10:53:06', NULL),
(82, 'ticker_0cc117b5c55c6d14e20c24dc74e56a65', 'module', 0, 'jornalista-hermano-henning-1487670445236_1920x1080.jpg', 'ticker_0cc117b5c55c6d14e20c24dc74e56a65', '39147ebe66cd7d6ba736a551b50b4b73', 263920, 0, 0, 0, NULL, 0, 1, 1569597654, 1, NULL, '2019-09-27 10:50:54', NULL),
(83, 'ticker_94fd0f93035d11b81a0f78a0eb66f1f7', 'module', 0, 'bifao-foto-reproducao-record-tv-1568915099846_v2_1920x1080.jpg', 'ticker_94fd0f93035d11b81a0f78a0eb66f1f7', 'bb93176c272781564d54eebd728be93f', 141390, 0, 0, 0, NULL, 0, 1, 1569597654, 1, NULL, '2019-09-27 10:50:54', NULL),
(84, 'ticker_a1106dbe0cf1682a0bdf606178db159e', 'module', 0, 'erico-bras-fernanda-gentil-e-fabiana-karla-sao-apresentadores-do-se-joga-1568064135510_v2_1920x1080.jpg', 'ticker_a1106dbe0cf1682a0bdf606178db159e', 'e903aae41188f8c36a4f7ffc6d0ad308', 343731, 0, 0, 0, NULL, 0, 1, 1569597654, 1, NULL, '2019-09-27 10:50:54', NULL),
(85, 'ticker_f2d2389a49e99ba0c005812e72bef452', 'module', 0, 'tiago-leifert-1505938873691_v2_1920x1080.jpg', 'ticker_f2d2389a49e99ba0c005812e72bef452', '204297a75837b5d0e8449166fbf6e2e4', 256312, 0, 0, 0, NULL, 0, 1, 1569597654, 1, NULL, '2019-09-27 10:50:54', NULL),
(86, 'ticker_4802c7dc1775d6e2f70fcd13099e574d', 'module', 0, 'sergio-chapelin-apresentou-o-globo-reporter-durante-23-anos-1565366411764_v2_1920x1080.jpg', 'ticker_4802c7dc1775d6e2f70fcd13099e574d', '9156fb1e159dff1f483da94c3728412c', 256634, 0, 0, 0, NULL, 0, 1, 1569597654, 1, NULL, '2019-09-27 10:50:54', NULL),
(87, 'ticker_53c57f040e6661a7c0173a3cc2598519', 'module', 0, 'hariany-almeida-e-diego-grossi-em-a-fazenda-11-foto-reproducao-record-tv-1568812785482_v2_1920x1080.jpg', 'ticker_53c57f040e6661a7c0173a3cc2598519', 'fa0fc07ee51d90d50665bf3409b1a3dd', 156233, 0, 0, 0, NULL, 0, 1, 1569597654, 1, NULL, '2019-09-27 10:50:54', NULL),
(88, 'ticker_93135fad5dfcf79e10be7bbdde712d89', 'module', 0, 'orfaos-da-terra-carol-castro-aparece-de-noiva-para-casamento-de-helena-com-hussein-1568910937161_v2_1920x1080.jpg', 'ticker_93135fad5dfcf79e10be7bbdde712d89', 'dee6dc3e9e1fb2706eb41bb0771081f5', 182611, 0, 0, 0, NULL, 0, 1, 1569597654, 1, NULL, '2019-09-27 10:50:54', NULL),
(89, 'ticker_f6facbb560e6358d3e77f925db8d0cfd', 'module', 0, 'giullia-buscacio-1567808166514_v2_1920x1080.jpg', 'ticker_f6facbb560e6358d3e77f925db8d0cfd', 'a051c0ed67812af8ef98c1a50e6ab2ad', 171725, 0, 0, 0, NULL, 0, 1, 1569597654, 1, NULL, '2019-09-27 10:50:54', NULL),
(90, 'ticker_8755a9eea156df64a32fd6d6f54c6252', 'module', 0, 'flavio-bolsonaro-e-bruna-michels-participam-do-mega-senha-apresentado-por-marcelo-de-carvalho-1569509995627_v2_1920x1080.jpg', 'ticker_8755a9eea156df64a32fd6d6f54c6252', 'b85ad3069280bf6a4d80c30008183cb4', 261423, 0, 0, 0, NULL, 0, 1, 1569597654, 1, NULL, '2019-09-27 10:50:54', NULL),
(91, 'ticker_7905ae19b241d6a7c0dc0034011d3642', 'module', 0, 'fabiana-karla-persefone-amor-a-vida-1373494549853_1920x1080.jpg', 'ticker_7905ae19b241d6a7c0dc0034011d3642', '4cf67eaa4818f0885ea91759c824bd61', 686912, 0, 0, 0, NULL, 0, 1, 1569597654, 1, NULL, '2019-09-27 10:50:54', NULL),
(92, 'ticker_447220357a18a530ab68a22a29ab6b15', 'module', 0, '5jun2014---o-panico-da-radio-e-paixao-e-o-panico-da-tv-e-pressao-radio-e-gostoso-de-fazer-a-audiencia-do-radio-e-fiel-afirma-emilio-surita-nos-bastidores-da-radio-jovem-1402109422025_1920x1080.jpg', 'ticker_447220357a18a530ab68a22a29ab6b15', '4ef6ef3c0203d93c6cf36666bc5fc0d4', 560628, 0, 0, 0, NULL, 0, 1, 1569597654, 1, NULL, '2019-09-27 10:50:54', NULL),
(93, 'ticker_f949d942634ca819fa6b5f671dc1c2d0', 'module', 0, 'sabrina-sato-1553893947527_v2_1920x1080.jpg', 'ticker_f949d942634ca819fa6b5f671dc1c2d0', '1f7eadb568c032bb970561a2c50e11f4', 160290, 0, 0, 0, NULL, 0, 1, 1569597654, 1, NULL, '2019-09-27 10:50:54', NULL),
(94, 'ticker_7de8be5b1503a14f5473719ec2a436da', 'module', 0, 'cris-dias-1567714291595_v2_1920x1080.jpg', 'ticker_7de8be5b1503a14f5473719ec2a436da', '94a0884ba1c64690e23c16fb8475db05', 233127, 0, 0, 0, NULL, 0, 1, 1569597654, 1, NULL, '2019-09-27 10:50:54', NULL),
(95, 'ticker_e2b8e0538daee72833b415d1f6f22d7b', 'module', 0, 'o-apresentador-chico-pinheiro-da-rede-globo-1377633492922_1920x1080.jpg', 'ticker_e2b8e0538daee72833b415d1f6f22d7b', 'e72f2e1d49b8d6ecf4aee2042aaeda95', 281595, 0, 0, 0, NULL, 0, 1, 1569597654, 1, NULL, '2019-09-27 10:50:54', NULL),
(96, 'ticker_8b2634f859afee54f54176ba19cf2b12', 'module', 0, 'sergio-chapelin-1519240666904_v2_1920x1080.jpg', 'ticker_8b2634f859afee54f54176ba19cf2b12', '098b46e3e59d53e89ac57d1174d7cd80', 108444, 0, 0, 0, NULL, 0, 1, 1569597654, 1, NULL, '2019-09-27 10:50:54', NULL),
(97, 'ticker_a9bb364327660d9b039600cd7fb2ec6b', 'module', 0, 'luis-ernesto-lacombe-e-silvia-poppovic-1558736847491_v2_1920x1080.jpg', 'ticker_a9bb364327660d9b039600cd7fb2ec6b', '9b6c3e3788c1da78be7338eeec832978', 217503, 0, 0, 0, NULL, 0, 1, 1569597654, 1, NULL, '2019-09-27 10:50:54', NULL),
(98, 'ticker_8ff91a805208f1f8b96bd734e7bce802', 'module', 0, 'a-jornalista-izabella-camargo-1500657267167_v2_1920x1080.jpg', 'ticker_8ff91a805208f1f8b96bd734e7bce802', 'a0985d595a3244bc3a0c043b8ad6aaa5', 144295, 0, 0, 0, NULL, 0, 1, 1569597654, 1, NULL, '2019-09-27 10:50:54', NULL),
(99, 'ticker_ee27a6418be96e93801ab44602b399e8', 'module', 0, 'villamix---gusttavo-lima-1537662832536_v2_1920x1080.jpg', 'ticker_ee27a6418be96e93801ab44602b399e8', 'e8772116aeb8d0512d32a1ad7d57c81d', 223378, 0, 0, 0, NULL, 0, 1, 1569597654, 1, NULL, '2019-09-27 10:50:54', NULL),
(100, 'ticker_5c13b399493b016d8f1d77d74b6f4115', 'module', 0, 'regina-case-1527522572133_v2_1920x1080.jpg', 'ticker_5c13b399493b016d8f1d77d74b6f4115', '0d1f407f44295f39bdeadec2c5bd1721', 114756, 0, 0, 0, NULL, 0, 1, 1569597654, 1, NULL, '2019-09-27 10:50:54', NULL),
(101, 'ticker_40fa707101420379b3b920503329c804', 'module', 0, 'tais-araujo-para-a-claudia-de-dezembro-1512138869937_v2_1920x1080.jpg', 'ticker_40fa707101420379b3b920503329c804', 'd7e7b8941557268803e131984362fefd', 182048, 0, 0, 0, NULL, 0, 1, 1569597654, 1, NULL, '2019-09-27 10:50:54', NULL),
(102, 'coxinha.png', 'image', 10, 'coxinha.png', '102.png', 'e0442051f9bfb770043a0e9a413b7c84', 413816, 1, 0, 0, NULL, 0, 1, 0, 1, NULL, '2019-10-29 11:00:33', NULL),
(103, 'coxinha_crop2.png', 'image', 10, 'coxinha_crop2.png', '103.png', 'df5c36fb9dfeb4c0b97f210956625f40', 371502, 1, 0, 0, NULL, 0, 1, 0, 1, NULL, '2019-10-29 11:00:33', NULL),
(104, 'empada.png', 'image', 10, 'empada.png', '104.png', 'bc483957eade93eca988a5b0c4e16ceb', 566770, 1, 0, 0, NULL, 0, 1, 0, 1, NULL, '2019-10-29 11:00:33', NULL),
(105, 'empada_crop.png', 'image', 10, 'empada_crop.png', '105.png', '969b9b8d31eee36485ed5b8f61208daf', 536460, 1, 0, 0, NULL, 0, 1, 0, 1, NULL, '2019-10-29 11:00:33', NULL),
(106, 'hamburguer_crop.png', 'image', 10, 'hamburguer_crop.png', '106.png', 'edd71928f516da08f97dbfe7d190b4a7', 429888, 1, 0, 0, NULL, 0, 1, 0, 1, NULL, '2019-10-29 11:00:33', NULL),
(107, 'hamburguer_crop3.png', 'image', 10, 'hamburguer_crop3.png', '107.png', '8db53fe04beab82842e52077efebaa3d', 716948, 1, 0, 0, NULL, 0, 1, 0, 1, NULL, '2019-10-29 11:00:33', NULL),
(108, 'logo pastelaria certo.jpg', 'image', 10, 'logo pastelaria certo.jpg', '108.jpg', 'a4bea3c46267a0ecd1ba237588c970d8', 650455, 1, 0, 0, NULL, 0, 1, 0, 1, NULL, '2019-10-29 11:00:33', NULL),
(109, 'mistoquente.png', 'image', 10, 'mistoquente.png', '109.png', '280a3e6b97870d3a618414d14e15497c', 603339, 1, 0, 0, NULL, 0, 1, 0, 1, NULL, '2019-10-29 11:00:34', NULL),
(110, 'mistoquente_crop.png', 'image', 10, 'mistoquente_crop.png', '110.png', 'de12a3d08e89911e74e2ba975da72f2f', 570812, 1, 0, 0, NULL, 0, 1, 0, 1, NULL, '2019-10-29 11:00:35', NULL),
(111, 'xpromocoes-bg.jpg', 'image', 10, 'xpromocoes-bg.jpg', '111.jpg', '53c137acc4206068091090bdd64d2278', 90045, 1, 0, 0, NULL, 0, 1, 0, 1, NULL, '2019-10-29 11:00:35', NULL),
(112, 'LOGO SHIMODA.png', 'image', 10, 'LOGO SHIMODA.png', '112.png', '32c813723602c153a1dc313f051a744e', 87054, 1, 0, 1, 246, 0, 1, 0, 1, NULL, '2019-10-29 13:36:38', '2023-12-20 13:09:24'),
(113, 'embutidos.jpg', 'image', 10, 'embutidos.jpg', '113.jpg', 'd6daf5095e8282b22e4bb41d7b477e25', 1090297, 1, 0, 0, NULL, 0, 1, 0, 1, NULL, '2019-10-29 14:10:48', NULL),
(114, 'panceta barriga_montagem.png', 'image', 10, 'panceta barriga_montagem.png', '114.png', 'cd6d278d220571f884c8bcaa841ad1e1', 73189, 1, 0, 0, NULL, 0, 1, 0, 1, NULL, '2019-11-02 10:01:44', NULL),
(115, 'Lombinho suino.png', 'image', 10, 'Lombinho suino.png', '115.png', 'b9fade069b32ac35df073382bdd55bda', 53420, 1, 0, 0, NULL, 0, 1, 0, 1, NULL, '2019-11-02 10:01:45', NULL),
(116, 'costela bovina tiras.png', 'image', 10, 'costela bovina tiras.png', '116.png', 'b4fe8b4644d25149da6a267f3fa196e6', 262061, 1, 0, 0, NULL, 0, 1, 0, 1, NULL, '2019-11-02 10:01:47', NULL),
(117, 'Coxinha da asa.png', 'image', 10, 'Coxinha da asa.png', '117.png', 'a90f1ef4c839fd64793432f90fff8e3e', 58103, 1, 0, 0, NULL, 0, 1, 0, 1, NULL, '2019-11-02 10:01:49', NULL),
(118, 'FUNDO-BRANCO.jpg', 'image', 10, 'FUNDO-BRANCO.jpg', '118.jpg', '73a4bca56541ab92e7d301703eb6a3ec', 169171, 1, 0, 0, NULL, 0, 1, 0, 1, NULL, '2019-11-02 10:20:52', NULL),
(119, 'losa.jpg', 'image', 10, 'losa.jpg', '119.jpg', '8a381ab30c8a8b07ed905fcee02b0a96', 553314, 1, 0, 0, NULL, 0, 1, 0, 1, NULL, '2019-11-02 10:28:08', NULL),
(120, 'unissul_supermercados.mp4', 'video', 16, 'unissul_supermercados.mp4', '120.mp4', '900c5fbcf6b0d1f0d47c58c7eabe29c2', 8291146, 1, 0, 0, NULL, 0, 1, 0, 1, NULL, '2019-11-05 21:03:36', NULL),
(128, 'Ofertas shimoda até 22-11 A.mp4', 'video', 5, 'Ofertas shimoda até 22-11 A.mp4', '128.mp4', 'cda4a9fc19009948f7e1c7b34619895e', 1732631, 1, 0, 0, NULL, 0, 1, 0, 1, NULL, '2019-11-21 11:58:51', NULL),
(129, 'Ofertas shimoda até 22-11 B.mp4', 'video', 5, 'Ofertas shimoda até 22-11 B.mp4', '129.mp4', 'c1838143ebfa6dd42d68062ad4154ec0', 1768722, 1, 0, 0, NULL, 0, 1, 0, 1, NULL, '2019-11-21 12:00:04', NULL),
(241, 'Menu ofertas  até 11-04-21 B.mp4', 'video', 12, 'Menu ofertas  até 11-04-21 B.mp4', '241.mp4', 'ca680ad042143deeb0dc9ebdeaaae810', 6671330, 1, 0, 0, NULL, 0, 1, 0, 1, NULL, '2021-04-06 11:14:14', NULL),
(242, 'Menu ofertas  até 11-04-21 C.mp4', 'video', 12, 'Menu ofertas  até 11-04-21 C.mp4', '242.mp4', 'ef732228b283c746468f9cd94cc2bdb6', 6600507, 1, 0, 0, NULL, 0, 1, 0, 1, NULL, '2021-04-06 11:14:53', NULL),
(245, 'Menu ofertas  até 11-04-21 A.mp4', 'video', 24, 'Menu ofertas  até 28-05-21.mp4', '245.mp4', '24e126a19ba35409656f6b73e452eaf0', 7363493, 1, 0, 0, NULL, 0, 1, 0, 1, NULL, '2021-05-25 13:49:21', NULL),
(246, 'LOGO SHIMODA.png', 'image', 10, 'LOGO SHIMODINHA.pdf.png', '246.png', '33bd433d7de599417aa44646a2881cfb', 806674, 1, 0, 0, NULL, 0, 1, 0, 1, NULL, '2023-12-20 13:09:24', NULL),
(247, 'logo.png', 'image', 10, 'logo.png', '247.png', 'cc3e80fa8c563cde907c61fdedd23de1', 256235, 1, 0, 0, NULL, 0, 1, 0, 1, NULL, '2023-12-22 07:51:24', NULL);

-- --------------------------------------------------------

--
-- Estrutura para tabela `module`
--

CREATE TABLE `module` (
  `ModuleID` int(11) NOT NULL,
  `Module` varchar(50) NOT NULL,
  `Name` varchar(50) NOT NULL,
  `Enabled` tinyint(4) NOT NULL DEFAULT '0',
  `RegionSpecific` tinyint(4) NOT NULL DEFAULT '1',
  `Description` varchar(254) DEFAULT NULL,
  `ImageUri` varchar(254) NOT NULL,
  `SchemaVersion` int(11) NOT NULL DEFAULT '1',
  `ValidExtensions` varchar(254) DEFAULT NULL,
  `PreviewEnabled` tinyint(4) NOT NULL DEFAULT '1',
  `assignable` tinyint(4) NOT NULL DEFAULT '1',
  `render_as` varchar(10) DEFAULT NULL,
  `settings` text,
  `viewPath` varchar(254) NOT NULL DEFAULT '../modules',
  `class` varchar(254) NOT NULL,
  `defaultDuration` int(11) NOT NULL,
  `installName` varchar(254) DEFAULT NULL
) ENGINE=InnoDB DEFAULT CHARSET=utf8 COMMENT='Functional Modules';

--
-- Despejando dados para a tabela `module`
--

INSERT INTO `module` (`ModuleID`, `Module`, `Name`, `Enabled`, `RegionSpecific`, `Description`, `ImageUri`, `SchemaVersion`, `ValidExtensions`, `PreviewEnabled`, `assignable`, `render_as`, `settings`, `viewPath`, `class`, `defaultDuration`, `installName`) VALUES
(1, 'Image', 'Image', 1, 0, 'Images. PNG, JPG, BMP, GIF', 'forms/image.gif', 1, 'jpg,jpeg,png,bmp,gif', 1, 1, NULL, NULL, '../modules', 'Xibo\\Widget\\Image', 10, NULL),
(2, 'Video', 'Video', 1, 0, 'Videos - support varies depending on the client hardware you are using.', 'forms/video.gif', 1, 'wmv,avi,mpg,mpeg,webm,mp4', 0, 1, NULL, NULL, '../modules', 'Xibo\\Widget\\Video', 0, NULL),
(3, 'Flash', 'Flash', 1, 0, 'Flash', 'forms/flash.gif', 1, 'swf', 1, 1, NULL, NULL, '../modules', 'Xibo\\Widget\\Flash', 10, NULL),
(4, 'PowerPoint', 'PowerPoint', 1, 0, 'Powerpoint. PPT, PPS', 'forms/powerpoint.gif', 1, 'ppt,pps,pptx', 1, 1, NULL, NULL, '../modules', 'Xibo\\Widget\\PowerPoint', 10, NULL),
(5, 'Webpage', 'Webpage', 1, 1, 'Webpages.', 'forms/webpage.gif', 1, NULL, 1, 1, NULL, NULL, '../modules', 'Xibo\\Widget\\WebPage', 60, NULL),
(6, 'Ticker', 'Ticker', 1, 1, 'RSS Ticker.', 'forms/ticker.gif', 1, NULL, 1, 1, NULL, '[]', '../modules', 'Xibo\\Widget\\Ticker', 5, NULL),
(7, 'Text', 'Text', 1, 1, 'Text. With Directional Controls.', 'forms/text.gif', 1, NULL, 1, 1, NULL, NULL, '../modules', 'Xibo\\Widget\\Text', 5, NULL),
(8, 'Embedded', 'Embedded', 1, 1, 'Embedded HTML', 'forms/webpage.gif', 1, NULL, 1, 1, NULL, NULL, '../modules', 'Xibo\\Widget\\Embedded', 60, NULL),
(11, 'datasetview', 'Data Set', 1, 1, 'A view on a DataSet', 'forms/datasetview.gif', 1, NULL, 1, 1, NULL, NULL, '../modules', 'Xibo\\Widget\\DataSetView', 60, NULL),
(12, 'shellcommand', 'Shell Command', 1, 1, 'Execute a shell command on the client', 'forms/shellcommand.gif', 1, NULL, 1, 1, NULL, NULL, '../modules', 'Xibo\\Widget\\ShellCommand', 3, NULL),
(13, 'localvideo', 'Local Video', 1, 1, 'Play a video locally stored on the client', 'forms/video.gif', 1, NULL, 0, 1, NULL, NULL, '../modules', 'Xibo\\Widget\\LocalVideo', 60, NULL),
(14, 'genericfile', 'Generic File', 1, 0, 'A generic file to be stored in the library', 'forms/library.gif', 1, 'apk,ipk,js,html,htm', 0, 0, NULL, NULL, '../modules', 'Xibo\\Widget\\GenericFile', 10, NULL),
(15, 'clock', 'Clock', 1, 1, '', 'forms/library.gif', 1, NULL, 1, 1, 'html', '[]', '../modules', 'Xibo\\Widget\\Clock', 5, NULL),
(16, 'font', 'Font', 1, 0, 'A font to use in other Modules', 'forms/library.gif', 1, 'ttf,otf,eot,svg,woff', 0, 0, NULL, NULL, '../modules', 'Xibo\\Widget\\Font', 10, NULL),
(17, 'audio', 'Audio', 1, 0, 'Audio - support varies depending on the client hardware', 'forms/video.gif', 1, 'mp3,wav', 0, 1, NULL, NULL, '../modules', 'Xibo\\Widget\\Audio', 0, NULL),
(18, 'pdf', 'PDF', 1, 0, 'PDF document viewer', 'forms/pdf.gif', 1, 'pdf', 1, 1, 'html', NULL, '../modules', 'Xibo\\Widget\\Pdf', 60, NULL),
(19, 'notificationview', 'Notification', 1, 1, 'Display Notifications from the Notification Centre', 'forms/library.gif', 1, NULL, 1, 1, 'html', NULL, '../modules', 'Xibo\\Widget\\NotificationView', 10, NULL),
(20, 'forecastio', 'Weather', 1, 1, 'Weather Powered by DarkSky', 'forms/library.gif', 1, NULL, 1, 1, 'html', '{\"apiKey\":\"aee7adc0354c486c14c07d4c09117939\",\"cachePeriod\":600}', '../modules', 'Xibo\\Widget\\ForecastIo', 15, NULL);

-- --------------------------------------------------------

--
-- Estrutura para tabela `notification`
--

CREATE TABLE `notification` (
  `notificationId` int(11) NOT NULL,
  `subject` varchar(255) NOT NULL,
  `body` longtext NOT NULL,
  `createDt` int(11) NOT NULL,
  `releaseDt` int(11) NOT NULL,
  `isEmail` tinyint(4) NOT NULL,
  `isInterrupt` tinyint(4) NOT NULL,
  `isSystem` tinyint(4) NOT NULL,
  `userId` int(11) NOT NULL
) ENGINE=InnoDB DEFAULT CHARSET=utf8;

-- --------------------------------------------------------

--
-- Estrutura para tabela `oauth_access_tokens`
--

CREATE TABLE `oauth_access_tokens` (
  `access_token` varchar(254) NOT NULL,
  `session_id` int(10) UNSIGNED NOT NULL,
  `expire_time` int(11) NOT NULL
) ENGINE=InnoDB DEFAULT CHARSET=utf8;

-- --------------------------------------------------------

--
-- Estrutura para tabela `oauth_access_token_scopes`
--

CREATE TABLE `oauth_access_token_scopes` (
  `id` int(10) UNSIGNED NOT NULL,
  `access_token` varchar(254) NOT NULL,
  `scope` varchar(254) NOT NULL
) ENGINE=InnoDB DEFAULT CHARSET=utf8;

-- --------------------------------------------------------

--
-- Estrutura para tabela `oauth_auth_codes`
--

CREATE TABLE `oauth_auth_codes` (
  `auth_code` varchar(254) NOT NULL,
  `session_id` int(10) UNSIGNED NOT NULL,
  `expire_time` int(11) NOT NULL,
  `client_redirect_uri` varchar(500) NOT NULL
) ENGINE=InnoDB DEFAULT CHARSET=utf8;

-- --------------------------------------------------------

--
-- Estrutura para tabela `oauth_auth_code_scopes`
--

CREATE TABLE `oauth_auth_code_scopes` (
  `id` int(11) UNSIGNED NOT NULL,
  `auth_code` varchar(254) NOT NULL,
  `scope` varchar(254) NOT NULL
) ENGINE=InnoDB DEFAULT CHARSET=utf8;

-- --------------------------------------------------------

--
-- Estrutura para tabela `oauth_clients`
--

CREATE TABLE `oauth_clients` (
  `id` varchar(254) NOT NULL,
  `secret` varchar(254) NOT NULL,
  `name` varchar(254) NOT NULL,
  `userId` int(11) NOT NULL,
  `authCode` tinyint(4) NOT NULL,
  `clientCredentials` tinyint(4) NOT NULL
) ENGINE=InnoDB DEFAULT CHARSET=utf8;

-- --------------------------------------------------------

--
-- Estrutura para tabela `oauth_client_redirect_uris`
--

CREATE TABLE `oauth_client_redirect_uris` (
  `id` int(11) NOT NULL,
  `client_id` varchar(254) NOT NULL,
  `redirect_uri` varchar(500) NOT NULL
) ENGINE=InnoDB DEFAULT CHARSET=utf8;

-- --------------------------------------------------------

--
-- Estrutura para tabela `oauth_client_scopes`
--

CREATE TABLE `oauth_client_scopes` (
  `clientId` varchar(254) NOT NULL,
  `scopeId` varchar(254) NOT NULL,
  `id` int(11) NOT NULL
) ENGINE=InnoDB DEFAULT CHARSET=utf8;

-- --------------------------------------------------------

--
-- Estrutura para tabela `oauth_refresh_tokens`
--

CREATE TABLE `oauth_refresh_tokens` (
  `refresh_token` varchar(254) NOT NULL,
  `expire_time` int(11) NOT NULL,
  `access_token` varchar(254) NOT NULL
) ENGINE=InnoDB DEFAULT CHARSET=utf8;

-- --------------------------------------------------------

--
-- Estrutura para tabela `oauth_scopes`
--

CREATE TABLE `oauth_scopes` (
  `id` varchar(254) NOT NULL,
  `description` varchar(1000) NOT NULL
) ENGINE=InnoDB DEFAULT CHARSET=utf8;

--
-- Despejando dados para a tabela `oauth_scopes`
--

INSERT INTO `oauth_scopes` (`id`, `description`) VALUES
('all', 'All access'),
('mcaas', 'Media Conversion as a Service');

-- --------------------------------------------------------

--
-- Estrutura para tabela `oauth_scope_routes`
--

CREATE TABLE `oauth_scope_routes` (
  `scopeId` varchar(254) NOT NULL,
  `route` varchar(1000) NOT NULL,
  `method` varchar(8) NOT NULL,
  `id` int(11) NOT NULL
) ENGINE=InnoDB DEFAULT CHARSET=utf8;

-- --------------------------------------------------------

--
-- Estrutura para tabela `oauth_sessions`
--

CREATE TABLE `oauth_sessions` (
  `id` int(11) UNSIGNED NOT NULL,
  `owner_type` varchar(254) NOT NULL,
  `owner_id` varchar(254) NOT NULL,
  `client_id` varchar(254) NOT NULL,
  `client_redirect_uri` varchar(500) DEFAULT NULL
) ENGINE=InnoDB DEFAULT CHARSET=utf8;

-- --------------------------------------------------------

--
-- Estrutura para tabela `oauth_session_scopes`
--

CREATE TABLE `oauth_session_scopes` (
  `id` int(10) UNSIGNED NOT NULL,
  `session_id` int(10) UNSIGNED NOT NULL,
  `scope` varchar(254) NOT NULL
) ENGINE=InnoDB DEFAULT CHARSET=utf8;

-- --------------------------------------------------------

--
-- Estrutura para tabela `pages`
--

CREATE TABLE `pages` (
  `pageID` int(11) NOT NULL,
  `name` varchar(50) NOT NULL,
  `title` varchar(50) NOT NULL,
  `asHome` tinyint(4) NOT NULL DEFAULT '0'
) ENGINE=InnoDB DEFAULT CHARSET=utf8 COMMENT='Available Pages';

--
-- Despejando dados para a tabela `pages`
--

INSERT INTO `pages` (`pageID`, `name`, `title`, `asHome`) VALUES
(1, 'dashboard', 'Dashboard', 1),
(2, 'schedule', 'Schedule', 1),
(3, 'mediamanager', 'Media Dashboard', 1),
(4, 'layout', 'Layout', 1),
(5, 'library', 'Library', 1),
(6, 'display', 'Displays', 1),
(7, 'update', 'Update', 0),
(8, 'admin', 'Administration', 0),
(9, 'group', 'User Groups', 1),
(10, 'log', 'Log', 1),
(11, 'user', 'Users', 1),
(12, 'license', 'Licence', 1),
(13, 'index', 'Home', 0),
(14, 'module', 'Modules', 1),
(15, 'template', 'Templates', 1),
(16, 'fault', 'Report Fault', 1),
(17, 'stats', 'Statistics', 1),
(18, 'manual', 'Manual', 0),
(19, 'resolution', 'Resolutions', 1),
(20, 'help', 'Help Links', 1),
(21, 'clock', 'Clock', 0),
(22, 'displaygroup', 'Display Groups', 1),
(23, 'application', 'Applications', 1),
(24, 'dataset', 'DataSets', 1),
(25, 'campaign', 'Campaigns', 1),
(26, 'transition', 'Transitions', 1),
(27, 'sessions', 'Sessions', 1),
(28, 'preview', 'Preview', 0),
(29, 'statusdashboard', 'Status Dashboard', 1),
(30, 'displayprofile', 'Display Profiles', 1),
(31, 'audit', 'Audit Trail', 0),
(32, 'region', 'Regions', 0),
(33, 'playlist', 'Playlist', 0),
(34, 'maintenance', 'Maintenance', 0),
(35, 'command', 'Commands', 1),
(36, 'notification', 'Notifications', 0),
(37, 'drawer', 'Notification Drawer', 0),
(38, 'daypart', 'Dayparting', 0),
(39, 'task', 'Tasks', 1);

-- --------------------------------------------------------

--
-- Estrutura para tabela `permission`
--

CREATE TABLE `permission` (
  `permissionId` int(11) NOT NULL,
  `entityId` int(11) NOT NULL,
  `groupId` int(11) NOT NULL,
  `objectId` int(11) NOT NULL,
  `view` tinyint(4) NOT NULL,
  `edit` tinyint(4) NOT NULL,
  `delete` tinyint(4) NOT NULL
) ENGINE=InnoDB DEFAULT CHARSET=utf8;

--
-- Despejando dados para a tabela `permission`
--

INSERT INTO `permission` (`permissionId`, `entityId`, `groupId`, `objectId`, `view`, `edit`, `delete`) VALUES
(1, 1, 1, 1, 1, 0, 0),
(2, 1, 1, 13, 1, 0, 0),
(3, 1, 1, 4, 1, 0, 0),
(4, 1, 1, 5, 1, 0, 0),
(5, 1, 1, 3, 1, 0, 0),
(6, 1, 1, 33, 1, 0, 0),
(7, 1, 1, 28, 1, 0, 0),
(8, 1, 1, 32, 1, 0, 0),
(9, 1, 1, 2, 1, 0, 0),
(10, 1, 1, 29, 1, 0, 0),
(11, 1, 1, 11, 1, 0, 0),
(12, 11, 2, 1, 1, 0, 0),
(13, 11, 2, 2, 1, 0, 0),
(15, 4, 2, 8, 1, 0, 0),
(16, 4, 2, 9, 1, 0, 0),
(17, 4, 2, 10, 1, 0, 0),
(18, 4, 2, 11, 1, 0, 0),
(19, 4, 2, 12, 1, 0, 0),
(20, 1, 7, 24, 1, 0, 0),
(21, 1, 7, 4, 1, 0, 0),
(22, 1, 7, 28, 1, 0, 0),
(23, 5, 7, 4, 1, 0, 0),
(27, 7, 7, 12, 1, 0, 0),
(28, 8, 7, 12, 1, 0, 0),
(29, 6, 7, 12, 1, 0, 0),
(30, 7, 7, 13, 1, 0, 0),
(31, 8, 7, 13, 1, 0, 0),
(32, 6, 7, 13, 1, 0, 0),
(36, 5, 7, 2, 1, 0, 0),
(37, 7, 7, 3, 1, 0, 0),
(38, 8, 7, 3, 1, 0, 0),
(39, 6, 7, 3, 1, 0, 0),
(40, 7, 7, 4, 1, 0, 0),
(41, 8, 7, 4, 1, 0, 0),
(42, 6, 7, 4, 1, 0, 0),
(43, 7, 7, 5, 1, 0, 0),
(44, 8, 7, 5, 1, 0, 0),
(45, 6, 7, 5, 1, 0, 0),
(46, 7, 7, 25, 1, 0, 0),
(47, 8, 7, 25, 1, 0, 0),
(49, 5, 7, 3, 1, 0, 0),
(50, 7, 7, 7, 1, 0, 0),
(51, 8, 7, 7, 1, 0, 0),
(52, 6, 7, 7, 1, 0, 0),
(53, 7, 7, 8, 1, 0, 0),
(54, 8, 7, 8, 1, 0, 0),
(55, 6, 7, 8, 1, 0, 0),
(56, 7, 7, 9, 1, 0, 0),
(57, 8, 7, 9, 1, 0, 0),
(58, 6, 7, 9, 1, 0, 0),
(62, 5, 7, 5, 1, 0, 0),
(66, 7, 7, 16, 1, 0, 0),
(67, 8, 7, 16, 1, 0, 0),
(68, 6, 7, 16, 1, 0, 0),
(69, 7, 7, 17, 1, 0, 0),
(70, 8, 7, 17, 1, 0, 0),
(71, 6, 7, 17, 1, 0, 0),
(75, 5, 7, 6, 1, 0, 0),
(76, 7, 7, 19, 1, 0, 0),
(77, 8, 7, 19, 1, 0, 0),
(78, 6, 7, 19, 1, 0, 0),
(79, 7, 7, 20, 1, 0, 0),
(80, 8, 7, 20, 1, 0, 0),
(81, 6, 7, 20, 1, 0, 0),
(85, 5, 7, 7, 1, 0, 0),
(86, 7, 7, 22, 1, 0, 0),
(87, 8, 7, 22, 1, 0, 0),
(88, 6, 7, 22, 1, 0, 0),
(89, 7, 7, 23, 1, 0, 0),
(90, 8, 7, 23, 1, 0, 0),
(91, 6, 7, 23, 1, 0, 0),
(95, 7, 7, 26, 1, 0, 0),
(96, 8, 7, 26, 1, 0, 0),
(98, 9, 7, 1, 1, 1, 0),
(99, 9, 7, 2, 1, 1, 0),
(100, 9, 7, 3, 1, 1, 0),
(101, 9, 7, 4, 1, 1, 0),
(102, 9, 7, 5, 1, 1, 0),
(103, 9, 7, 6, 1, 1, 0),
(104, 9, 7, 7, 1, 1, 0),
(105, 6, 7, 38, 1, 0, 0),
(106, 6, 7, 39, 1, 0, 0),
(107, 9, 7, 8, 1, 1, 0),
(108, 9, 7, 9, 1, 1, 0),
(109, 7, 7, 42, 1, 0, 0),
(110, 8, 7, 42, 1, 0, 0),
(111, 6, 7, 46, 1, 0, 0),
(112, 5, 7, 18, 1, 1, 0),
(113, 7, 7, 38, 1, 1, 0),
(114, 8, 7, 38, 1, 1, 0),
(115, 6, 7, 43, 1, 1, 0),
(116, 7, 7, 39, 1, 1, 0),
(117, 8, 7, 39, 1, 1, 0),
(118, 6, 7, 42, 1, 1, 0),
(119, 7, 7, 41, 1, 1, 0),
(120, 8, 7, 41, 1, 1, 0),
(121, 6, 7, 44, 1, 1, 0),
(122, 7, 7, 43, 1, 0, 0),
(123, 8, 7, 43, 1, 0, 0),
(124, 6, 7, 48, 1, 0, 0);

-- --------------------------------------------------------

--
-- Estrutura para tabela `permissionentity`
--

CREATE TABLE `permissionentity` (
  `entityId` int(11) NOT NULL,
  `entity` varchar(50) NOT NULL
) ENGINE=InnoDB DEFAULT CHARSET=utf8;

--
-- Despejando dados para a tabela `permissionentity`
--

INSERT INTO `permissionentity` (`entityId`, `entity`) VALUES
(5, 'Xibo\\Entity\\Campaign'),
(9, 'Xibo\\Entity\\DataSet'),
(11, 'Xibo\\Entity\\DayPart'),
(3, 'Xibo\\Entity\\DisplayGroup'),
(4, 'Xibo\\Entity\\Media'),
(10, 'Xibo\\Entity\\Notification'),
(1, 'Xibo\\Entity\\Page'),
(8, 'Xibo\\Entity\\Playlist'),
(7, 'Xibo\\Entity\\Region'),
(6, 'Xibo\\Entity\\Widget');

-- --------------------------------------------------------

--
-- Estrutura para tabela `playlist`
--

CREATE TABLE `playlist` (
  `playlistId` int(11) NOT NULL,
  `name` varchar(254) DEFAULT NULL,
  `ownerId` int(11) NOT NULL
) ENGINE=InnoDB DEFAULT CHARSET=utf8;

--
-- Despejando dados para a tabela `playlist`
--

INSERT INTO `playlist` (`playlistId`, `name`, `ownerId`) VALUES
(1, '', 1),
(2, '', 1),
(3, '', 1),
(4, '', 1),
(5, '', 1),
(7, '', 1),
(8, '', 1),
(9, '', 1),
(12, '', 1),
(13, '', 1),
(16, '', 1),
(17, '', 1),
(19, '', 1),
(20, '', 1),
(22, '', 1),
(23, '', 1),
(25, 'TABELA AÇOUGUE BOVINOS-4', 1),
(26, 'TABELA AÇOUGUE AVES-4', 1),
(28, '', 1),
(30, '', 1),
(32, '', 1),
(35, '', 1),
(36, '', 1),
(38, '', 1),
(39, '', 1),
(41, 'TABELA DIVERSOS-3', 1),
(42, 'TABELA AÇOUGUE SUINOS-4', 1),
(43, 'TABELA PADARIA-3', 1),
(45, '', 1),
(46, '', 1),
(47, 'Vinheta Shimoda unissul-1', 1),
(48, 'Shimoda ofertas 01-1', 1),
(49, 'Shimoda ofertas 02-1', 1),
(50, 'Shimoda ofertas 03-1', 1),
(52, 'Ofertas relâmpago A-1', 1),
(53, 'Ofertas relâmpago B-1', 1),
(54, '', 1),
(55, '', 1),
(56, '', 1),
(57, 'TABELA AÇOUGUE BOVINOS-4', 1);

-- --------------------------------------------------------

--
-- Estrutura para tabela `region`
--

CREATE TABLE `region` (
  `regionId` int(11) NOT NULL,
  `layoutId` int(11) NOT NULL,
  `ownerId` int(11) NOT NULL,
  `name` varchar(254) DEFAULT NULL,
  `width` decimal(12,4) NOT NULL,
  `height` decimal(12,4) NOT NULL,
  `top` decimal(12,4) NOT NULL,
  `left` decimal(12,4) NOT NULL,
  `zIndex` smallint(6) NOT NULL,
  `duration` int(11) NOT NULL DEFAULT '0'
) ENGINE=InnoDB DEFAULT CHARSET=utf8;

--
-- Despejando dados para a tabela `region`
--

INSERT INTO `region` (`regionId`, `layoutId`, `ownerId`, `name`, `width`, `height`, `top`, `left`, `zIndex`, `duration`) VALUES
(1, 1, 1, '1', 1920.0000, 936.0000, 0.0000, 0.0000, 0, 15),
(2, 1, 1, '2', 432.0000, 129.2308, 940.7885, 1470.4904, 0, 10),
(3, 2, 1, 'TABELA AÇOUGUE-1', 955.2000, 907.2000, 167.7501, 4.6667, 3, 20),
(4, 2, 1, 'TABELA AÇOUGUE-2', 938.4000, 897.6000, 167.9584, 964.0000, 3, 20),
(5, 2, 1, 'TABELA AÇOUGUE-3', 1118.4000, 127.2000, 0.0000, 328.2501, 4, 0),
(7, 3, 1, 'TABELA AÇOUGUE-1', 940.8000, 789.6000, 275.7750, 14.2875, 3, 0),
(8, 3, 1, 'TABELA AÇOUGUE-2', 1228.8000, 799.2000, 261.3000, 181.6125, 3, 20),
(9, 3, 1, 'TABELA AÇOUGUE-3', 1032.0000, 170.4000, 30.5625, 333.1125, 4, 0),
(12, 4, 1, 'TABELA AÇOUGUE-2', 1896.0000, 835.2000, 246.9000, 28.0125, 3, 20),
(13, 4, 1, 'TABELA AÇOUGUE-3', 537.6000, 170.4000, 35.3250, 669.0750, 4, 20),
(16, 5, 1, 'TABELA AÇOUGUE-2', 940.8000, 789.6000, 275.7955, 966.4432, 3, 5),
(17, 5, 1, 'TABELA AÇOUGUE-3', 948.0000, 170.4000, 49.7386, 409.8749, 4, 5),
(19, 6, 1, 'TABELA AÇOUGUE-1', 1860.0000, 789.6000, 266.1477, 31.0228, 3, 5),
(20, 6, 1, 'TABELA AÇOUGUE-3', 780.0000, 170.4000, 49.6364, 544.2273, 4, 5),
(22, 7, 1, 'TABELA AÇOUGUE-1', 902.4000, 789.6000, 275.7750, 40.6875, 3, 5),
(23, 7, 1, 'TABELA AÇOUGUE-3', 612.0000, 172.8000, 49.6500, 585.0000, 4, 5),
(25, 2, 1, 'TABELA AÇOUGUE BOVINOS-4', 410.4000, 165.6000, 0.0000, 1494.7919, 0, 0),
(26, 4, 1, 'TABELA AÇOUGUE AVES-4', 504.0000, 249.6000, 0.0000, 1403.5500, 0, 20),
(28, 9, 1, '1', 1920.0000, 1080.0000, 0.0000, 0.0000, 0, 5),
(30, 12, 1, '1', 1920.0000, 1080.0000, 0.0000, 0.0000, 0, 5),
(32, 14, 1, 'PREVISÃO DO TEMPO-1', 1920.0000, 1080.0000, 0.0000, 0.0000, 0, 5),
(35, 17, 1, 'Cardápio-2', 1920.0000, 1080.0000, 0.0000, 0.0000, 0, 5),
(36, 17, 1, 'Promo Produtos 2-2', 741.6000, 316.8000, 119.5500, 1096.3500, 0, 10),
(38, 18, 1, 'TABELA AÇOUGUE-2', 1132.8000, 804.0000, 268.5375, 18.4125, 3, 20),
(39, 18, 1, 'TABELA AÇOUGUE-3', 616.8000, 170.4000, 54.5625, 515.5125, 4, 0),
(41, 18, 1, 'TABELA DIVERSOS-3', 698.4000, 235.2000, 23.5500, 1156.3500, 0, 0),
(42, 3, 1, 'TABELA AÇOUGUE SUINOS-4', 417.6000, 194.4000, 6.7500, 1422.7125, 0, 0),
(43, 7, 1, 'TABELA PADARIA-3', 511.2000, 237.6000, 47.5500, 1331.5500, 0, 10),
(45, 19, 1, 'Cardápio-2', 1920.0000, 1080.0000, 0.0000, 0.0000, 0, 0),
(46, 19, 1, 'Promo Produtos 2-2', 741.6000, 316.8000, 119.5500, 1096.3500, 0, 0),
(47, 20, 1, 'Vinheta Shimoda unissul-1', 1920.0000, 1080.0000, 0.0000, 0.0000, 0, 16),
(48, 21, 1, 'Shimoda ofertas 01-1', 1920.0000, 1080.0000, 0.0000, 0.0000, 0, 24),
(49, 22, 1, 'Shimoda ofertas 02-1', 1920.0000, 1080.0000, 0.0000, 0.0000, 0, 12),
(50, 23, 1, 'Shimoda ofertas 03-1', 1920.0000, 1080.0000, 0.0000, 0.0000, 0, 12),
(52, 25, 1, 'Ofertas relâmpago A-1', 1920.0000, 1080.0000, 0.0000, 0.0000, 0, 5),
(53, 26, 1, 'Ofertas relâmpago B-1', 1920.0000, 1080.0000, 0.0000, 0.0000, 0, 5),
(54, 27, 1, 'TABELA AÇOUGUE-1', 955.2000, 907.2000, 167.7501, 4.6667, 3, 20),
(55, 27, 1, 'TABELA AÇOUGUE-2', 938.4000, 897.6000, 167.9584, 964.0000, 3, 20),
(56, 27, 1, 'TABELA AÇOUGUE-3', 1118.4000, 127.2000, 0.0000, 328.2501, 4, 0),
(57, 27, 1, 'TABELA AÇOUGUE BOVINOS-4', 410.4000, 165.6000, 0.0000, 1494.7919, 0, 0);

-- --------------------------------------------------------

--
-- Estrutura para tabela `regionoption`
--

CREATE TABLE `regionoption` (
  `regionId` int(11) NOT NULL,
  `option` varchar(50) NOT NULL,
  `value` text
) ENGINE=InnoDB DEFAULT CHARSET=utf8;

-- --------------------------------------------------------

--
-- Estrutura para tabela `requiredfile`
--

CREATE TABLE `requiredfile` (
  `rfId` bigint(20) NOT NULL,
  `displayId` int(11) NOT NULL,
  `type` varchar(1) NOT NULL,
  `itemId` int(11) DEFAULT NULL,
  `bytesRequested` bigint(20) NOT NULL,
  `complete` tinyint(1) NOT NULL DEFAULT '0',
  `path` varchar(255) DEFAULT NULL,
  `size` bigint(20) NOT NULL DEFAULT '0'
) ENGINE=InnoDB DEFAULT CHARSET=utf8;

--
-- Despejando dados para a tabela `requiredfile`
--

INSERT INTO `requiredfile` (`rfId`, `displayId`, `type`, `itemId`, `bytesRequested`, `complete`, `path`, `size`) VALUES
(1, 1, 'M', 19, 0, 1, 'fonts.css', 380),
(2, 1, 'M', 2, 0, 1, 'jquery-cycle-2.1.6.min.js', 28876),
(3, 1, 'M', 17, 0, 1, 'compatibility.js', 18126),
(4, 1, 'M', 15, 0, 1, 'pdf.js', 333388),
(5, 1, 'M', 13, 0, 1, 'xibo-text-render.js', 12017),
(6, 1, 'M', 11, 0, 1, '11.ttf', 45884),
(7, 1, 'M', 9, 0, 1, '9.otf', 27644),
(8, 1, 'M', 7, 0, 1, 'xibo-image-render.js', 2988),
(9, 1, 'M', 5, 0, 1, 'xibo-layout-scaler.js', 4460),
(10, 1, 'M', 3, 0, 1, 'moment.js', 160251),
(11, 1, 'M', 18, 0, 1, 'xibo-webpage-render.js', 4832),
(12, 1, 'M', 1, 0, 1, 'jquery-1.11.1.min.js', 95785),
(13, 1, 'M', 16, 0, 1, 'pdf.worker.js', 1337459),
(14, 1, 'M', 14, 0, 1, 'jquery.marquee.min.js', 2248),
(15, 1, 'M', 12, 0, 1, '12.otf', 19684),
(16, 1, 'M', 10, 0, 1, '10.ttf', 116580),
(17, 1, 'M', 8, 0, 1, '8.otf', 30060),
(18, 1, 'M', 6, 0, 1, 'xibo-dataset-render.js', 1585),
(19, 1, 'M', 4, 0, 1, 'flipclock.min.js', 21107),
(26, 1, 'M', 61, 0, 1, 'wi-day-sunny.jpg', 1445897),
(27, 1, 'M', 59, 0, 1, 'wi-cloudy.jpg', 379804),
(28, 1, 'M', 57, 0, 1, 'weathericons-regular-webfont.woff', 40408),
(29, 1, 'M', 55, 0, 1, 'weathericons-regular-webfont.svg', 127706),
(30, 1, 'M', 53, 0, 1, 'weather-icons.min.css', 26633),
(31, 1, 'M', 68, 0, 1, 'wi-windy.jpg', 339716),
(32, 1, 'M', 51, 0, 1, 'animate.css', 72259),
(33, 1, 'M', 66, 0, 1, 'wi-rain.jpg', 655983),
(34, 1, 'M', 49, 0, 1, 'bootstrap.min.css', 121200),
(35, 1, 'M', 64, 0, 1, 'wi-night-clear.jpg', 738913),
(36, 1, 'M', 62, 0, 1, 'wi-fog.jpg', 597609),
(37, 1, 'M', 60, 0, 1, 'wi-day-cloudy.jpg', 2628732),
(38, 1, 'M', 58, 0, 1, 'weathericons-regular-webfont.woff2', 44720),
(39, 1, 'M', 56, 0, 1, 'weathericons-regular-webfont.ttf', 67016),
(40, 1, 'M', 54, 0, 1, 'weathericons-regular-webfont.eot', 35151),
(41, 1, 'M', 52, 0, 1, 'font-awesome.min.css', 23739),
(42, 1, 'M', 67, 0, 1, 'wi-snow.jpg', 782263),
(43, 1, 'M', 50, 0, 1, 'WeatherIcons-Regular.otf', 40668),
(44, 1, 'M', 65, 0, 1, 'wi-night-partly-cloudy.jpg', 220168),
(45, 1, 'M', 63, 0, 1, 'wi-hail.jpg', 827270),
(102, 1, 'L', 16, 0, 1, '16.xlf', 427),
(103, 1, 'W', 35, 13090, 1, NULL, 0),
(104, 2, 'M', 5, 0, 1, 'xibo-layout-scaler.js', 4460),
(105, 2, 'M', 66, 0, 1, 'wi-rain.jpg', 655983),
(106, 2, 'M', 49, 0, 1, 'bootstrap.min.css', 121200),
(107, 2, 'M', 3, 0, 1, 'moment.js', 160251),
(108, 2, 'M', 64, 0, 1, 'wi-night-clear.jpg', 738913),
(109, 2, 'M', 18, 0, 1, 'xibo-webpage-render.js', 4832),
(110, 2, 'M', 1, 0, 1, 'jquery-1.11.1.min.js', 95785),
(111, 2, 'M', 62, 0, 1, 'wi-fog.jpg', 597609),
(112, 2, 'M', 16, 0, 1, 'pdf.worker.js', 1337459),
(113, 2, 'M', 60, 0, 1, 'wi-day-cloudy.jpg', 2628732),
(114, 2, 'M', 14, 0, 1, 'jquery.marquee.min.js', 2248),
(115, 2, 'M', 58, 0, 1, 'weathericons-regular-webfont.woff2', 44720),
(116, 2, 'M', 12, 0, 1, '12.otf', 19684),
(117, 2, 'M', 56, 0, 1, 'weathericons-regular-webfont.ttf', 67016),
(118, 2, 'M', 10, 0, 1, '10.ttf', 116580),
(119, 2, 'M', 54, 0, 1, 'weathericons-regular-webfont.eot', 35151),
(120, 2, 'M', 8, 0, 1, '8.otf', 30060),
(121, 2, 'M', 52, 0, 1, 'font-awesome.min.css', 23739),
(122, 2, 'M', 6, 0, 1, 'xibo-dataset-render.js', 1585),
(123, 2, 'M', 67, 0, 1, 'wi-snow.jpg', 782263),
(124, 2, 'M', 50, 0, 1, 'WeatherIcons-Regular.otf', 40668),
(125, 2, 'M', 4, 0, 1, 'flipclock.min.js', 21107),
(126, 2, 'M', 65, 0, 1, 'wi-night-partly-cloudy.jpg', 220168),
(127, 2, 'M', 19, 0, 1, 'fonts.css', 380),
(128, 2, 'M', 2, 0, 1, 'jquery-cycle-2.1.6.min.js', 28876),
(129, 2, 'M', 63, 0, 1, 'wi-hail.jpg', 827270),
(130, 2, 'M', 17, 0, 1, 'compatibility.js', 18126),
(131, 2, 'M', 61, 0, 1, 'wi-day-sunny.jpg', 1445897),
(132, 2, 'M', 15, 0, 1, 'pdf.js', 333388),
(133, 2, 'M', 59, 0, 1, 'wi-cloudy.jpg', 379804),
(134, 2, 'M', 13, 0, 1, 'xibo-text-render.js', 12017),
(135, 2, 'M', 57, 0, 1, 'weathericons-regular-webfont.woff', 40408),
(136, 2, 'M', 11, 0, 1, '11.ttf', 45884),
(137, 2, 'M', 55, 0, 1, 'weathericons-regular-webfont.svg', 127706),
(138, 2, 'M', 9, 0, 1, '9.otf', 27644),
(139, 2, 'M', 53, 0, 1, 'weather-icons.min.css', 26633),
(140, 2, 'M', 7, 0, 1, 'xibo-image-render.js', 2988),
(141, 2, 'M', 68, 0, 1, 'wi-windy.jpg', 339716),
(142, 2, 'M', 51, 0, 1, 'animate.css', 72259),
(143, 2, 'M', 112, 0, 1, '112.png', 87054),
(144, 2, 'M', 20, 0, 1, '20.jpg', 104680),
(145, 2, 'L', 2, 0, 1, '2.xlf', 2997),
(146, 2, 'W', 3, 0, 1, NULL, 0),
(147, 2, 'W', 4, 0, 1, NULL, 0),
(148, 2, 'W', 5, 0, 1, NULL, 0),
(149, 2, 'M', 22, 0, 1, '22.jpg', 80492),
(150, 2, 'M', 21, 0, 1, '21.jpg', 96864),
(151, 2, 'L', 3, 0, 1, '3.xlf', 1998),
(152, 2, 'W', 7, 0, 1, NULL, 0),
(153, 2, 'W', 8, 0, 1, NULL, 0),
(154, 2, 'W', 9, 0, 1, NULL, 0),
(155, 2, 'L', 4, 0, 1, '4.xlf', 2365),
(157, 2, 'W', 12, 12336, 1, NULL, 0),
(158, 2, 'W', 13, 0, 1, NULL, 0),
(159, 2, 'L', 18, 0, 1, '18.xlf', 2217),
(160, 2, 'W', 43, 0, 1, NULL, 0),
(161, 2, 'W', 42, 0, 1, NULL, 0),
(162, 2, 'M', 113, 0, 1, '113.jpg', 1090297),
(163, 3, 'M', 56, 0, 1, 'weathericons-regular-webfont.ttf', 67016),
(164, 3, 'M', 10, 0, 1, '10.ttf', 116580),
(165, 3, 'M', 54, 0, 1, 'weathericons-regular-webfont.eot', 35151),
(166, 3, 'M', 8, 0, 1, '8.otf', 30060),
(167, 3, 'M', 52, 0, 1, 'font-awesome.min.css', 23739),
(168, 3, 'M', 6, 0, 1, 'xibo-dataset-render.js', 1585),
(169, 3, 'M', 67, 0, 1, 'wi-snow.jpg', 782263),
(170, 3, 'M', 50, 0, 1, 'WeatherIcons-Regular.otf', 40668),
(171, 3, 'M', 4, 0, 1, 'flipclock.min.js', 21107),
(172, 3, 'M', 65, 0, 1, 'wi-night-partly-cloudy.jpg', 220168),
(173, 3, 'M', 19, 0, 1, 'fonts.css', 380),
(174, 3, 'M', 2, 0, 1, 'jquery-cycle-2.1.6.min.js', 28876),
(175, 3, 'M', 63, 0, 1, 'wi-hail.jpg', 827270),
(176, 3, 'M', 17, 0, 1, 'compatibility.js', 18126),
(177, 3, 'M', 61, 0, 1, 'wi-day-sunny.jpg', 1445897),
(178, 3, 'M', 15, 0, 1, 'pdf.js', 333388),
(179, 3, 'M', 59, 0, 1, 'wi-cloudy.jpg', 379804),
(180, 3, 'M', 13, 0, 1, 'xibo-text-render.js', 12017),
(181, 3, 'M', 57, 0, 1, 'weathericons-regular-webfont.woff', 40408),
(182, 3, 'M', 11, 0, 1, '11.ttf', 45884),
(183, 3, 'M', 55, 0, 1, 'weathericons-regular-webfont.svg', 127706),
(184, 3, 'M', 9, 0, 1, '9.otf', 27644),
(185, 3, 'M', 53, 0, 1, 'weather-icons.min.css', 26633),
(186, 3, 'M', 7, 0, 1, 'xibo-image-render.js', 2988),
(187, 3, 'M', 68, 0, 1, 'wi-windy.jpg', 339716),
(188, 3, 'M', 51, 0, 1, 'animate.css', 72259),
(189, 3, 'M', 5, 0, 1, 'xibo-layout-scaler.js', 4460),
(190, 3, 'M', 66, 0, 1, 'wi-rain.jpg', 655983),
(191, 3, 'M', 49, 0, 1, 'bootstrap.min.css', 121200),
(192, 3, 'M', 3, 0, 1, 'moment.js', 160251),
(193, 3, 'M', 64, 0, 1, 'wi-night-clear.jpg', 738913),
(194, 3, 'M', 18, 0, 1, 'xibo-webpage-render.js', 4832),
(195, 3, 'M', 62, 0, 1, 'wi-fog.jpg', 597609),
(196, 3, 'M', 1, 0, 1, 'jquery-1.11.1.min.js', 95785),
(197, 3, 'M', 16, 0, 1, 'pdf.worker.js', 1337459),
(198, 3, 'M', 60, 0, 1, 'wi-day-cloudy.jpg', 2628732),
(199, 3, 'M', 14, 0, 1, 'jquery.marquee.min.js', 2248),
(200, 3, 'M', 58, 0, 1, 'weathericons-regular-webfont.woff2', 44720),
(201, 3, 'M', 12, 0, 1, '12.otf', 19684),
(202, 3, 'M', 112, 0, 1, '112.png', 87054),
(206, 3, 'M', 20, 0, 1, '20.jpg', 104680),
(207, 3, 'L', 2, 0, 1, '2.xlf', 4244),
(208, 3, 'W', 3, 615810, 1, NULL, 0),
(209, 3, 'W', 4, 571740, 1, NULL, 0),
(210, 3, 'W', 5, 6510, 1, NULL, 0),
(265, 3, 'M', 120, 0, 1, '120.mp4', 8291146),
(267, 3, 'M', 21, 0, 1, '21.jpg', 96864),
(268, 3, 'M', 22, 0, 1, '22.jpg', 80492),
(269, 3, 'L', 3, 0, 1, '3.xlf', 2859),
(270, 3, 'W', 7, 4218, 1, NULL, 0),
(271, 3, 'W', 8, 17422, 1, NULL, 0),
(272, 3, 'W', 9, 4348, 1, NULL, 0),
(273, 3, 'L', 20, 0, 1, '20.xlf', 400),
(274, 3, 'L', 4, 0, 1, '4.xlf', 2600),
(275, 3, 'W', 12, 1034586, 1, NULL, 0),
(276, 3, 'W', 13, 4324, 1, NULL, 0),
(290, 3, 'M', 113, 0, 1, '113.jpg', 1090297),
(291, 3, 'L', 18, 0, 1, '18.xlf', 2538),
(292, 3, 'W', 43, 232206, 1, NULL, 0),
(293, 3, 'W', 42, 4330, 1, NULL, 0),
(294, 4, 'M', 60, 0, 1, 'wi-day-cloudy.jpg', 2628732),
(295, 4, 'M', 14, 0, 1, 'jquery.marquee.min.js', 2248),
(296, 4, 'M', 58, 0, 1, 'weathericons-regular-webfont.woff2', 44720),
(297, 4, 'M', 12, 0, 1, '12.otf', 19684),
(298, 4, 'M', 56, 0, 1, 'weathericons-regular-webfont.ttf', 67016),
(299, 4, 'M', 10, 0, 1, '10.ttf', 116580),
(300, 4, 'M', 54, 0, 1, 'weathericons-regular-webfont.eot', 35151),
(301, 4, 'M', 8, 0, 1, '8.otf', 30060),
(302, 4, 'M', 52, 0, 1, 'font-awesome.min.css', 23739),
(303, 4, 'M', 6, 0, 1, 'xibo-dataset-render.js', 1585),
(304, 4, 'M', 67, 0, 1, 'wi-snow.jpg', 782263),
(305, 4, 'M', 50, 0, 1, 'WeatherIcons-Regular.otf', 40668),
(306, 4, 'M', 4, 0, 1, 'flipclock.min.js', 21107),
(307, 4, 'M', 65, 0, 1, 'wi-night-partly-cloudy.jpg', 220168),
(308, 4, 'M', 19, 0, 1, 'fonts.css', 380),
(309, 4, 'M', 2, 0, 1, 'jquery-cycle-2.1.6.min.js', 28876),
(310, 4, 'M', 63, 0, 1, 'wi-hail.jpg', 827270),
(311, 4, 'M', 17, 0, 1, 'compatibility.js', 18126),
(312, 4, 'M', 61, 0, 1, 'wi-day-sunny.jpg', 1445897),
(313, 4, 'M', 15, 0, 1, 'pdf.js', 333388),
(314, 4, 'M', 59, 0, 1, 'wi-cloudy.jpg', 379804),
(315, 4, 'M', 13, 0, 1, 'xibo-text-render.js', 12017),
(316, 4, 'M', 57, 0, 1, 'weathericons-regular-webfont.woff', 40408),
(317, 4, 'M', 11, 0, 1, '11.ttf', 45884),
(318, 4, 'M', 55, 0, 1, 'weathericons-regular-webfont.svg', 127706),
(319, 4, 'M', 9, 0, 1, '9.otf', 27644),
(320, 4, 'M', 53, 0, 1, 'weather-icons.min.css', 26633),
(321, 4, 'M', 7, 0, 1, 'xibo-image-render.js', 2988),
(322, 4, 'M', 68, 0, 1, 'wi-windy.jpg', 339716),
(323, 4, 'M', 51, 0, 1, 'animate.css', 72259),
(324, 4, 'M', 5, 0, 1, 'xibo-layout-scaler.js', 4460),
(325, 4, 'M', 66, 0, 1, 'wi-rain.jpg', 655983),
(326, 4, 'M', 49, 0, 1, 'bootstrap.min.css', 121200),
(327, 4, 'M', 3, 0, 1, 'moment.js', 160251),
(328, 4, 'M', 64, 0, 1, 'wi-night-clear.jpg', 738913),
(329, 4, 'M', 18, 0, 1, 'xibo-webpage-render.js', 4832),
(330, 4, 'M', 1, 0, 1, 'jquery-1.11.1.min.js', 95785),
(331, 4, 'M', 62, 0, 1, 'wi-fog.jpg', 597609),
(332, 4, 'M', 16, 0, 1, 'pdf.worker.js', 1337459),
(337, 4, 'M', 20, 0, 1, '20.jpg', 104680),
(339, 4, 'L', 2, 0, 1, '2.xlf', 4244),
(340, 4, 'W', 3, 28443, 1, NULL, 0),
(341, 4, 'W', 4, 30483, 1, NULL, 0),
(342, 4, 'W', 5, 0, 1, NULL, 0),
(390, 4, 'M', 120, 0, 1, '120.mp4', 8291146),
(393, 4, 'M', 113, 0, 1, '113.jpg', 1090297),
(394, 4, 'M', 21, 0, 1, '21.jpg', 96864),
(395, 4, 'M', 22, 0, 1, '22.jpg', 80492),
(397, 4, 'L', 20, 0, 1, '20.xlf', 400),
(398, 4, 'L', 3, 0, 1, '3.xlf', 2859),
(399, 4, 'W', 7, 0, 1, NULL, 0),
(400, 4, 'W', 8, 0, 1, NULL, 0),
(401, 4, 'W', 9, 0, 1, NULL, 0),
(403, 4, 'L', 4, 0, 1, '4.xlf', 2600),
(404, 4, 'W', 12, 34454, 1, NULL, 0),
(405, 4, 'W', 13, 0, 1, NULL, 0),
(407, 4, 'L', 18, 0, 1, '18.xlf', 2538),
(408, 4, 'W', 43, 17906, 1, NULL, 0),
(409, 4, 'W', 42, 0, 1, NULL, 0),
(410, 4, 'M', 246, 0, 1, '246.png', 806674);

-- --------------------------------------------------------

--
-- Estrutura para tabela `resolution`
--

CREATE TABLE `resolution` (
  `resolutionID` int(11) NOT NULL,
  `resolution` varchar(254) NOT NULL,
  `width` smallint(6) NOT NULL,
  `height` smallint(6) NOT NULL,
  `intended_width` smallint(6) NOT NULL,
  `intended_height` smallint(6) NOT NULL,
  `version` tinyint(4) NOT NULL DEFAULT '1',
  `enabled` tinyint(4) NOT NULL DEFAULT '1',
  `userId` tinyint(4) NOT NULL
) ENGINE=InnoDB DEFAULT CHARSET=utf8 COMMENT='Supported Resolutions';

--
-- Despejando dados para a tabela `resolution`
--

INSERT INTO `resolution` (`resolutionID`, `resolution`, `width`, `height`, `intended_width`, `intended_height`, `version`, `enabled`, `userId`) VALUES
(9, '1080p HD Landscape', 800, 450, 1920, 1080, 2, 1, 0),
(10, '720p HD Landscape', 800, 450, 1280, 720, 2, 1, 0),
(11, '1080p HD Portrait', 450, 800, 1080, 1920, 2, 1, 0),
(12, '720p HD Portrait', 450, 800, 720, 1280, 2, 1, 0),
(13, '4k cinema', 800, 450, 4096, 2304, 2, 1, 0),
(14, 'Common PC Monitor 4:3', 800, 600, 1024, 768, 2, 1, 0),
(15, '4k UHD Landscape', 450, 800, 3840, 2160, 2, 1, 0),
(16, '4k UHD Portrait', 800, 450, 2160, 3840, 2, 1, 0);

-- --------------------------------------------------------

--
-- Estrutura para tabela `schedule`
--

CREATE TABLE `schedule` (
  `eventID` int(11) NOT NULL,
  `eventTypeId` tinyint(4) NOT NULL,
  `CampaignID` int(11) DEFAULT NULL,
  `commandId` int(11) DEFAULT NULL,
  `recurrence_type` enum('Minute','Hour','Day','Week','Month','Year') DEFAULT NULL,
  `recurrence_detail` varchar(100) DEFAULT NULL,
  `userID` int(11) NOT NULL,
  `is_priority` tinyint(4) NOT NULL,
  `FromDT` bigint(20) DEFAULT NULL,
  `ToDT` bigint(20) DEFAULT NULL,
  `recurrence_range` bigint(20) DEFAULT NULL,
  `DisplayOrder` int(11) NOT NULL DEFAULT '0',
  `dayPartId` int(11) NOT NULL DEFAULT '0',
  `recurrenceRepeatsOn` varchar(14) DEFAULT NULL,
  `lastRecurrenceWatermark` bigint(20) DEFAULT NULL,
  `syncTimezone` tinyint(4) NOT NULL DEFAULT '0'
) ENGINE=InnoDB DEFAULT CHARSET=utf8 COMMENT='High level schedule information';

--
-- Despejando dados para a tabela `schedule`
--

INSERT INTO `schedule` (`eventID`, `eventTypeId`, `CampaignID`, `commandId`, `recurrence_type`, `recurrence_detail`, `userID`, `is_priority`, `FromDT`, `ToDT`, `recurrence_range`, `DisplayOrder`, `dayPartId`, `recurrenceRepeatsOn`, `lastRecurrenceWatermark`, `syncTimezone`) VALUES
(41, 1, 19, NULL, NULL, NULL, 1, 0, 1622256300, 1762657200, NULL, 0, 1, NULL, NULL, 0),
(42, 1, 22, NULL, NULL, NULL, 1, 0, 1605020400, 1605488400, NULL, 0, 1, NULL, NULL, 0),
(43, 1, 22, NULL, NULL, NULL, 1, 0, 1605622500, 1605835800, NULL, 0, 1, NULL, NULL, 0),
(44, 1, 22, NULL, NULL, NULL, 1, 0, 1606105800, 1606527000, NULL, 0, 1, NULL, NULL, 0),
(45, 1, 22, NULL, NULL, NULL, 1, 0, 1607310900, 1607909400, NULL, 0, 1, NULL, NULL, 0),
(46, 1, 19, NULL, NULL, NULL, 1, 0, 1604458800, 1607265900, NULL, 0, 1, NULL, NULL, 0),
(47, 1, 22, NULL, NULL, NULL, 1, 0, 1608052500, 1608345900, NULL, 0, 1, NULL, NULL, 0),
(48, 1, 22, NULL, NULL, NULL, 1, 0, 1608566400, 1608859800, NULL, 0, 1, NULL, NULL, 0),
(49, 1, 22, NULL, NULL, NULL, 1, 0, 1609173000, 1609466400, NULL, 0, 1, NULL, NULL, 0),
(50, 1, 22, NULL, NULL, NULL, 1, 0, 1610383500, 1610672400, NULL, 0, 1, NULL, NULL, 0),
(51, 1, 22, NULL, NULL, NULL, 1, 0, 1610734500, 1611453600, NULL, 0, 1, NULL, NULL, 0),
(52, 1, 22, NULL, NULL, NULL, 1, 0, 1611595800, 1611972000, NULL, 0, 1, NULL, NULL, 0),
(53, 1, 22, NULL, NULL, NULL, 1, 0, 1613743200, 1614560400, NULL, 0, 1, NULL, NULL, 0),
(56, 1, 22, NULL, NULL, NULL, 1, 0, 1612879200, 1613350800, NULL, 0, 1, NULL, NULL, 0),
(57, 1, 22, NULL, NULL, NULL, 1, 0, 1617130800, 1617584400, NULL, 0, 1, NULL, NULL, 0),
(58, 1, 22, NULL, NULL, NULL, 1, 0, 1617719400, 1618189200, NULL, 0, 1, NULL, NULL, 0),
(59, 1, 22, NULL, NULL, NULL, 1, 0, 1618631100, 1619405100, NULL, 0, 1, NULL, NULL, 0),
(60, 1, 22, NULL, NULL, NULL, 1, 0, 1619928900, 1620614700, NULL, 0, 1, NULL, NULL, 0),
(61, 1, 22, NULL, NULL, NULL, 1, 0, 1621913400, 1622213100, NULL, 0, 1, NULL, NULL, 0);

-- --------------------------------------------------------

--
-- Estrutura para tabela `session`
--

CREATE TABLE `session` (
  `session_id` varchar(160) NOT NULL,
  `session_data` longtext NOT NULL,
  `session_expiration` int(10) UNSIGNED NOT NULL DEFAULT '0',
  `LastAccessed` datetime DEFAULT NULL,
  `userID` int(11) DEFAULT NULL,
  `IsExpired` tinyint(4) NOT NULL DEFAULT '1',
  `UserAgent` varchar(254) DEFAULT NULL,
  `RemoteAddr` varchar(50) DEFAULT NULL
) ENGINE=InnoDB DEFAULT CHARSET=utf8;

--
-- Despejando dados para a tabela `session`
--

INSERT INTO `session` (`session_id`, `session_data`, `session_expiration`, `LastAccessed`, `userID`, `IsExpired`, `UserAgent`, `RemoteAddr`) VALUES
('0363e3eb0eefee80cc8db493eb78c2ae', 'init|s:1:\"1\";csrfToken|s:40:\"80ca5846d7bb6df32dc88cb45a82a1f04c5376b6\";slim.flash|a:0:{}', 1730975313, '2024-11-07 07:04:33', 0, 0, 'Mozilla/5.0 (compatible; SemrushBot-BA; +http://www.semrush.com/bot.html)', '85.208.98.29'),
('085f6f3ecf6c3ec971b5a10697d5d94c', 'init|s:1:\"1\";csrfToken|s:40:\"48aff2ed4326cedade7967cedce07a04ec92ae38\";slim.flash|a:1:{s:10:\"priorRoute\";s:29:\"/shimoda/web/index.php/logout\";}', 1732577046, '2024-11-25 20:00:06', 0, 0, 'Mozilla/5.0 (Macintosh; Intel Mac OS X 10_10_1) AppleWebKit/600.2.5 (KHTML, like Gecko) Version/8.0.2 Safari/600.2.5 (Amazonbot/0.1; +https://developer.amazon.com/support/amazonbot)', '3.216.86.144'),
('0955c470d4b4ea25e397e8ffe0f96422', 'init|s:1:\"1\";csrfToken|s:40:\"aaad055046bdcc068a9e928586e9e7590620d8c7\";slim.flash|a:0:{}', 1730974105, '2024-11-07 06:44:25', 0, 0, 'Mozilla/5.0 (compatible; SemrushBot-BA; +http://www.semrush.com/bot.html)', '85.208.98.31'),
('0a38bc0fe5f722b0e6da777ebf100092', 'init|s:1:\"1\";csrfToken|s:40:\"729701797ac07ef5807fca9c29254c55b084ff53\";slim.flash|a:0:{}', 1732539856, '2024-11-25 09:40:16', 0, 0, 'Mozilla/5.0 (compatible; SemrushBot-BA; +http://www.semrush.com/bot.html)', '85.208.98.20'),
('0b1199e44f4761bd250c07a1aba5c7c0', 'init|s:1:\"1\";csrfToken|s:40:\"d9f659b4ce3b2bcfe6039d7253bb7fc7201d634d\";slim.flash|a:0:{}', 1730456268, '2024-11-01 06:53:48', 0, 0, 'Mozilla/5.0 (compatible; SemrushBot-BA; +http://www.semrush.com/bot.html)', '85.208.98.16'),
('0f75675c1bc6024e8b7b1063202c7ef5', 'init|s:1:\"1\";csrfToken|s:40:\"54db7d7d761be91852c5cd590acdb184f76f9aaa\";slim.flash|a:1:{s:10:\"priorRoute\";s:31:\"/shimoda/web/user/form/password\";}', 1731595221, '2024-11-14 11:16:21', 0, 0, 'Mozilla/5.0 (Macintosh; Intel Mac OS X 10_10_1) AppleWebKit/600.2.5 (KHTML, like Gecko) Version/8.0.2 Safari/600.2.5 (Amazonbot/0.1; +https://developer.amazon.com/support/amazonbot)', '98.82.39.241'),
('107223d45bba977161cca123c4f63f39', 'init|s:1:\"1\";csrfToken|s:40:\"1f3432d9682c4d28cfa74f1947aaf4fdf58c9f5f\";slim.flash|a:0:{}', 1732539498, '2024-11-25 09:34:18', 0, 0, 'Mozilla/5.0 (compatible; SemrushBot-BA; +http://www.semrush.com/bot.html)', '85.208.98.29'),
('140e8ff45acc3891830bbc7fdcef7c5d', 'init|s:1:\"1\";csrfToken|s:40:\"ba418a8f1bb64e826a901d52431b139dac4d9be2\";slim.flash|a:1:{s:10:\"priorRoute\";s:23:\"/shimoda/web/index.php/\";}', 1732701214, '2024-11-27 06:29:34', 0, 0, 'Mozilla/5.0 (Macintosh; Intel Mac OS X 10_10_1) AppleWebKit/600.2.5 (KHTML, like Gecko) Version/8.0.2 Safari/600.2.5 (Amazonbot/0.1; +https://developer.amazon.com/support/amazonbot)', '35.153.86.200'),
('15456766cb6d458e57afd42f0845370b', 'init|s:1:\"1\";slim.flash|a:0:{}', 1731589062, '2024-11-14 09:33:42', 0, 0, 'Mozilla/5.0 (Linux; Android 10; K) AppleWebKit/537.36 (KHTML, like Gecko) SamsungBrowser/27.0 Chrome/125.0.0.0 Mobile Safari/537.36', '177.79.81.78'),
('15d392b179c1f408055cfe6ac763a567', 'init|s:1:\"1\";csrfToken|s:40:\"76a425ba7b10e7f8c1d81fa0b24ddbf4eaf03cf7\";slim.flash|a:0:{}', 1732691293, '2024-11-27 03:44:13', 0, 0, 'Mozilla/5.0 AppleWebKit/537.36 (KHTML, like Gecko; compatible; ClaudeBot/1.0; +claudebot@anthropic.com)', '3.145.81.252'),
('18b00be3c5bbe04820296408abdd641e', 'init|s:1:\"1\";csrfToken|s:40:\"16f0066ac0a68150e7c5f421a46be1cb10d37124\";slim.flash|a:0:{}userid|i:4;', 1731498659, '2024-11-13 08:26:59', 4, 0, 'Mozilla/5.0 (Linux; Android 10; K) AppleWebKit/537.36 (KHTML, like Gecko) SamsungBrowser/26.0 Chrome/122.0.0.0 Mobile Safari/537.36', '177.47.163.68'),
('1afba1de4d816d1db046f2972e834c94', 'init|s:1:\"1\";csrfToken|s:40:\"09773e9c9d7a41a83f76762fb6506dbdf444c39b\";slim.flash|a:0:{}', 1730761948, '2024-11-04 19:48:28', 0, 0, 'Mozilla/5.0 (compatible; AhrefsBot/7.0; +http://ahrefs.com/robot/)', '51.222.253.1'),
('25001516cc3bf0abab63b577f26406a5', 'init|s:1:\"1\";csrfToken|s:40:\"fd80c6a0c38a01a4d4650c03cb2793af1aa596da\";slim.flash|a:0:{}', 1732116539, '2024-11-20 12:04:59', 0, 0, 'Mozilla/5.0 (compatible; SemrushBot-BA; +http://www.semrush.com/bot.html)', '85.208.98.20'),
('262fc1d8d4cd92b297d4e2b3dc09e994', 'init|s:1:\"1\";csrfToken|s:40:\"fb974c12d88621700b6c974b05d3d8e83f5cf04f\";slim.flash|a:1:{s:10:\"priorRoute\";s:41:\"/shimoda/web/index.php/user/form/password\";}', 1732577054, '2024-11-25 20:00:14', 0, 0, 'Mozilla/5.0 (Macintosh; Intel Mac OS X 10_10_1) AppleWebKit/600.2.5 (KHTML, like Gecko) Version/8.0.2 Safari/600.2.5 (Amazonbot/0.1; +https://developer.amazon.com/support/amazonbot)', '3.214.176.44'),
('2d1c458b0c632c5dbeb392b482967509', 'init|s:1:\"1\";csrfToken|s:40:\"6b41d601182300ea8c5d5876c1344a3b26f88ca4\";slim.flash|a:0:{}userid|i:4;', 1732023699, '2024-11-19 10:17:39', 4, 0, 'Mozilla/5.0 (Windows NT 10.0; Win64; x64) AppleWebKit/537.36 (KHTML, like Gecko) Chrome/131.0.0.0 Safari/537.36', '177.47.163.42'),
('2fac2885e1a03b40d14f5a886d2c4189', 'init|s:1:\"1\";csrfToken|s:40:\"c8ce3a732b6d55dcc27476dc9c7f40437ee6b739\";slim.flash|a:1:{s:10:\"priorRoute\";s:41:\"/shimoda/web/index.php/user/form/password\";}', 1732701206, '2024-11-27 06:29:26', 0, 0, 'Mozilla/5.0 (Macintosh; Intel Mac OS X 10_10_1) AppleWebKit/600.2.5 (KHTML, like Gecko) Version/8.0.2 Safari/600.2.5 (Amazonbot/0.1; +https://developer.amazon.com/support/amazonbot)', '44.221.105.234'),
('31bdc93f4e9d03d716aa725c9f4a30dc', 'init|s:1:\"1\";csrfToken|s:40:\"9939e3f281eb47f2407527b867d8856b815dea93\";slim.flash|a:0:{}userid|i:4;', 1731930617, '2024-11-18 08:26:17', 4, 0, 'Mozilla/5.0 (Linux; Android 10; K) AppleWebKit/537.36 (KHTML, like Gecko) SamsungBrowser/27.0 Chrome/125.0.0.0 Mobile Safari/537.36', '177.79.92.124'),
('33dc4b1a0d42f1c56b04eef2fe172a30', 'init|s:1:\"1\";slim.flash|a:0:{}', 1731613983, '2024-11-14 16:29:03', 0, 0, 'Mozilla/5.0 (Linux; Android 10; K) AppleWebKit/537.36 (KHTML, like Gecko) SamsungBrowser/27.0 Chrome/125.0.0.0 Mobile Safari/537.36', '177.47.163.68'),
('33fcd93c2a72995da2b0384160d377f2', 'init|s:1:\"1\";csrfToken|s:40:\"ddce7d587074c1c49af3ca1dc747e2ecfa844180\";slim.flash|a:1:{s:10:\"priorRoute\";s:13:\"/shimoda/web/\";}', 1730647443, '2024-11-03 12:00:03', 0, 0, 'Mozilla/5.0 (Macintosh; Intel Mac OS X 10_10_1) AppleWebKit/600.2.5 (KHTML, like Gecko) Version/8.0.2 Safari/600.2.5 (Amazonbot/0.1; +https://developer.amazon.com/support/amazonbot)', '34.234.200.207'),
('35a0e3fefc061e80030b0a9199b7e05c', 'init|s:1:\"1\";csrfToken|s:40:\"de7b316cf033d9f5b0f8da0679c074eff0986047\";slim.flash|a:0:{}userid|i:1;', 1732796245, '2024-11-28 08:54:24', 1, 0, 'Mozilla/5.0 (Windows NT 10.0; Win64; x64) AppleWebKit/537.36 (KHTML, like Gecko) Chrome/131.0.0.0 Safari/537.36 Edg/131.0.0.0', '179.221.227.113'),
('3ee9e002993d081683bc572ff4a4474d', 'init|s:1:\"1\";csrfToken|s:40:\"b1c0aeb3f2e83a2cf42ef928f7b9f11ca8fd137f\";slim.flash|a:0:{}', 1732577042, '2024-11-25 20:00:02', 0, 0, 'Mozilla/5.0 (Macintosh; Intel Mac OS X 10_10_1) AppleWebKit/600.2.5 (KHTML, like Gecko) Version/8.0.2 Safari/600.2.5 (Amazonbot/0.1; +https://developer.amazon.com/support/amazonbot)', '3.93.211.16'),
('404a0db3167fb362082c7891602fe910', 'init|s:1:\"1\";csrfToken|s:40:\"b9e7050b8c1b3772e0a8efcd4dc7359c5920acfb\";slim.flash|a:0:{}', 1730344020, '2024-10-30 23:43:00', 0, 0, 'Mozilla/5.0 (compatible; MJ12bot/v1.4.8; http://mj12bot.com/)', '178.25.242.225'),
('40618e286bbde4133b144fd466087cb7', 'init|s:1:\"1\";csrfToken|s:40:\"4452300ef7438ebe9d67ae4cd5aace0642b11a6d\";slim.flash|a:0:{}', 1732577034, '2024-11-25 19:59:54', 0, 0, 'Mozilla/5.0 (Macintosh; Intel Mac OS X 10_10_1) AppleWebKit/600.2.5 (KHTML, like Gecko) Version/8.0.2 Safari/600.2.5 (Amazonbot/0.1; +https://developer.amazon.com/support/amazonbot)', '18.209.201.119'),
('431670355c6070a5152aaef598fd08f7', 'init|s:1:\"1\";csrfToken|s:40:\"2ff4d7b77ebae1d5e07ed83d82fa22582ba9e9c0\";slim.flash|a:1:{s:10:\"priorRoute\";s:23:\"/shimoda/web/index.php/\";}', 1732577062, '2024-11-25 20:00:22', 0, 0, 'Mozilla/5.0 (Macintosh; Intel Mac OS X 10_10_1) AppleWebKit/600.2.5 (KHTML, like Gecko) Version/8.0.2 Safari/600.2.5 (Amazonbot/0.1; +https://developer.amazon.com/support/amazonbot)', '52.2.83.227'),
('43eeeef5409bb491b49ba3455ba8229e', 'init|s:1:\"1\";csrfToken|s:40:\"caa7b7ab6428e6cbc55dd2ff56495509c9053feb\";slim.flash|a:0:{}userid|i:4;', 1731498933, '2024-11-13 08:31:33', 4, 0, 'Mozilla/5.0 (Windows NT 10.0; Win64; x64) AppleWebKit/537.36 (KHTML, like Gecko) Chrome/109.0.0.0 Safari/537.36', '138.99.206.235'),
('43faaaeab71d86cb16fc145429c36419', 'init|s:1:\"1\";csrfToken|s:40:\"e1fd31226dcd07724f6cdd5fa4bfea46b856fa01\";slim.flash|a:1:{s:10:\"priorRoute\";s:13:\"/shimoda/web/\";}', 1730269361, '2024-10-30 02:58:41', 0, 0, 'Go-http-client/1.1', '57.129.16.41'),
('4580073b0769fc505f9449a342666754', 'init|s:1:\"1\";csrfToken|s:40:\"8a528000228728254d425aa1c2c2d9f65ff04920\";slim.flash|a:0:{}', 1732675429, '2024-11-26 23:19:49', 0, 0, 'Mozilla/5.0 AppleWebKit/537.36 (KHTML, like Gecko; compatible; ClaudeBot/1.0; +claudebot@anthropic.com)', '3.133.151.90'),
('45e256d94f5a40157a103f0c17579ea5', 'init|s:1:\"1\";csrfToken|s:40:\"7908ddde15327b5e7f67d744dcfe162417760973\";slim.flash|a:0:{}', 1730456340, '2024-11-01 06:55:00', 0, 0, 'Mozilla/5.0 (compatible; SemrushBot-BA; +http://www.semrush.com/bot.html)', '85.208.98.22'),
('4ae01fd39fbb707d4269e1dc6a401e1f', 'init|s:1:\"1\";csrfToken|s:40:\"41acc4d76536368d0292588946e938be64e79e9e\";slim.flash|a:0:{}', 1732669223, '2024-11-26 21:36:23', 0, 0, 'Mozilla/5.0 AppleWebKit/537.36 (KHTML, like Gecko; compatible; ClaudeBot/1.0; +claudebot@anthropic.com)', '3.17.155.142'),
('4b788574f1a3cf1a95504173f62f9d66', 'init|s:1:\"1\";csrfToken|s:40:\"2aa4d8fe59b51b223abab078d5eb66f6cb5add7e\";slim.flash|a:0:{}userid|i:4;', 1732539038, '2024-11-25 09:26:38', 4, 0, 'Mozilla/5.0 (Windows NT 10.0; Win64; x64) AppleWebKit/537.36 (KHTML, like Gecko) Chrome/131.0.0.0 Safari/537.36', '177.47.163.42'),
('4c719fe560823f82816316b9853ac324', 'init|s:1:\"1\";csrfToken|s:40:\"f43d680ca64d89e0f8876f3827a540d6f4f7d260\";slim.flash|a:1:{s:10:\"priorRoute\";s:31:\"/shimoda/web/user/form/password\";}', 1730647455, '2024-11-03 12:00:15', 0, 0, 'Mozilla/5.0 (Macintosh; Intel Mac OS X 10_10_1) AppleWebKit/600.2.5 (KHTML, like Gecko) Version/8.0.2 Safari/600.2.5 (Amazonbot/0.1; +https://developer.amazon.com/support/amazonbot)', '52.200.58.199'),
('4c80904d9bee851bf1bc009e2a9ccc4e', 'init|s:1:\"1\";csrfToken|s:40:\"acf9a77e3a73bd1e5ecc259b5d577a778ac129ef\";slim.flash|a:0:{}', 1730344024, '2024-10-30 23:43:04', 0, 0, 'Mozilla/5.0 (compatible; MJ12bot/v1.4.8; http://mj12bot.com/)', '178.25.242.225'),
('4d1f49a97f170436646acaf3b7a1ee5a', 'init|s:1:\"1\";csrfToken|s:40:\"087ad9b01cfbe4c4c17e5f38a0b5e7da2ea8ffdf\";slim.flash|a:1:{s:10:\"priorRoute\";s:13:\"/shimoda/web/\";}', 1730303715, '2024-10-30 12:31:15', 0, 0, 'Go-http-client/1.1', '51.89.167.1'),
('4efb9eeccf6f7c6bced97d134a679645', 'init|s:1:\"1\";csrfToken|s:40:\"bde2f7c45ee011584591491b3d7b5138dc424fa5\";slim.flash|a:0:{}userid|i:4;', 1731521780, '2024-11-13 14:52:20', 4, 0, 'Mozilla/5.0 (Linux; Android 10; K) AppleWebKit/537.36 (KHTML, like Gecko) SamsungBrowser/26.0 Chrome/122.0.0.0 Mobile Safari/537.36', '177.47.163.4'),
('5302410615b375e243222b9520b20131', 'init|s:1:\"1\";csrfToken|s:40:\"e5658499c5ef92b9cadcf3203f7d3d2ef39636a6\";slim.flash|a:0:{}', 1731346775, '2024-11-11 14:15:35', 0, 0, 'Mozilla/5.0 (Macintosh; Intel Mac OS X 10_10_1) AppleWebKit/600.2.5 (KHTML, like Gecko) Version/8.0.2 Safari/600.2.5 (Amazonbot/0.1; +https://developer.amazon.com/support/amazonbot)', '184.73.239.35'),
('53bdff1af09aba28aacb55b060baeaae', 'init|s:1:\"1\";csrfToken|s:40:\"df011b501cb57a820c800998a077cf1109d238a0\";slim.flash|a:0:{}', 1730642420, '2024-11-03 10:36:20', 0, 0, 'Mozilla/5.0 (compatible; SemrushBot/7~bl; +http://www.semrush.com/bot.html)', '85.208.96.208'),
('5681e57584c9f5528919ed86de01864e', 'init|s:1:\"1\";csrfToken|s:40:\"e9666c50afe84125c8d52dbc9a2fa260b2a30b5a\";slim.flash|a:1:{s:10:\"priorRoute\";s:13:\"/shimoda/web/\";}', 1731498712, '2024-11-13 08:27:52', 0, 0, 'WhatsApp/2.23.20.0', '177.47.163.68'),
('5a37f7afe30920a8b39623f7b7484317', 'init|s:1:\"1\";csrfToken|s:40:\"edb11552dbc95cfdc8adc5e6f1ef98e0b284d274\";slim.flash|a:0:{}', 1732539863, '2024-11-25 09:40:23', 0, 0, 'Mozilla/5.0 (compatible; SemrushBot-BA; +http://www.semrush.com/bot.html)', '85.208.98.19'),
('5ba2de0ba41ef174166002037d81963e', 'init|s:1:\"1\";csrfToken|s:40:\"16933d8c7cc799deff822cca6ab503a06160202b\";slim.flash|a:0:{}', 1730456127, '2024-11-01 06:51:27', 0, 0, 'Mozilla/5.0 (compatible; SemrushBot-BA; +http://www.semrush.com/bot.html)', '85.208.98.19'),
('5c66a10f61a35c3645f6423c41d7fce3', 'init|s:1:\"1\";csrfToken|s:40:\"bc243c199c121083a94f4b3c3a5811e6238a9ec1\";slim.flash|a:1:{s:10:\"priorRoute\";s:19:\"/shimoda/web/logout\";}', 1730344022, '2024-10-30 23:43:02', 0, 0, 'Mozilla/5.0 (compatible; MJ12bot/v1.4.8; http://mj12bot.com/)', '178.25.242.225'),
('5e7014305ee122822478c14155c2f637', 'init|s:1:\"1\";csrfToken|s:40:\"f06a240cb898b54b66672ee46b235ea9fc57337e\";slim.flash|a:0:{}', 1730891005, '2024-11-06 07:39:25', 0, 0, 'Mozilla/5.0 (compatible; SemrushBot/7~bl; +http://www.semrush.com/bot.html)', '185.191.171.15'),
('602c85fed6a1afe39e71855688208bfd', 'init|s:1:\"1\";slim.flash|a:0:{}', 1731775954, '2024-11-16 13:28:34', 0, 0, 'Mozilla/5.0 (Linux; Android 10; K) AppleWebKit/537.36 (KHTML, like Gecko) SamsungBrowser/27.0 Chrome/125.0.0.0 Mobile Safari/537.36', '177.47.163.68'),
('64bca424e379b2e8de0d724cfdf74f69', 'init|s:1:\"1\";csrfToken|s:40:\"a6f7fbc7f24f4bee06107d0bace9624e1b983bdb\";slim.flash|a:0:{}userid|i:4;', 1731528347, '2024-11-13 16:41:47', 4, 0, 'Mozilla/5.0 (Windows NT 10.0; Win64; x64) AppleWebKit/537.36 (KHTML, like Gecko) Chrome/130.0.0.0 Safari/537.36', '177.47.163.68'),
('683d1dc158313d09aef132c32dee8430', 'init|s:1:\"1\";csrfToken|s:40:\"0e2fbba91b2ac91f4117bde48263068a4056fce2\";slim.flash|a:1:{s:10:\"priorRoute\";s:13:\"/shimoda/web/\";}', 1730317731, '2024-10-30 16:24:51', 0, 0, 'Go-http-client/1.1', '57.129.16.41'),
('68b63d6e5dcb5a7c0d477be4dfab56df', 'init|s:1:\"1\";csrfToken|s:40:\"b0b745101d62e13087d94e4698e24272031c3a4f\";slim.flash|a:0:{}userid|i:4;', 1731521824, '2024-11-13 14:53:04', 4, 0, 'Mozilla/5.0 (Linux; Android 10; K) AppleWebKit/537.36 (KHTML, like Gecko) SamsungBrowser/26.0 Chrome/122.0.0.0 Mobile Safari/537.36', '177.47.163.4'),
('6c29e1a887e703eca128e00166415c27', 'init|s:1:\"1\";csrfToken|s:40:\"68503b567c8a107735763310694316e257fbf169\";slim.flash|a:0:{}', 1730647447, '2024-11-03 12:00:07', 0, 0, 'Mozilla/5.0 (Macintosh; Intel Mac OS X 10_10_1) AppleWebKit/600.2.5 (KHTML, like Gecko) Version/8.0.2 Safari/600.2.5 (Amazonbot/0.1; +https://developer.amazon.com/support/amazonbot)', '52.203.237.170'),
('6db92959472a2988153c9ba77e03499b', 'init|s:1:\"1\";csrfToken|s:40:\"aa81a5545380c023850a11fde8e7680a2ee8d866\";slim.flash|a:0:{}', 1732539803, '2024-11-25 09:39:23', 0, 0, 'Mozilla/5.0 (compatible; SemrushBot-BA; +http://www.semrush.com/bot.html)', '85.208.98.20'),
('76bfa16270bce4c5e34df326347d90ab', 'init|s:1:\"1\";csrfToken|s:40:\"f02243ee2ca927bdbe5672f86888322179af60e8\";slim.flash|a:1:{s:10:\"priorRoute\";s:13:\"/shimoda/web/\";}', 1731300959, '2024-11-11 01:31:59', 0, 0, 'Mozilla/5.0 (Macintosh; Intel Mac OS X 10_10_1) AppleWebKit/600.2.5 (KHTML, like Gecko) Version/8.0.2 Safari/600.2.5 (Amazonbot/0.1; +https://developer.amazon.com/support/amazonbot)', '52.22.64.232'),
('792cdd68ac9d6339247a83182968a340', 'init|s:1:\"1\";csrfToken|s:40:\"bde2f7c45ee011584591491b3d7b5138dc424fa5\";slim.flash|a:0:{}userid|i:4;', 1731521782, '2024-11-13 14:52:22', 4, 0, 'Mozilla/5.0 (Linux; Android 10; K) AppleWebKit/537.36 (KHTML, like Gecko) SamsungBrowser/26.0 Chrome/122.0.0.0 Mobile Safari/537.36', '177.47.163.4'),
('7c22b543c51fa9d3263256fa2027c876', 'init|s:1:\"1\";csrfToken|s:40:\"695864cb83cd696e83b3558ccd20c061dc6329ec\";slim.flash|a:0:{}', 1730974112, '2024-11-07 06:44:32', 0, 0, 'Mozilla/5.0 (compatible; SemrushBot-BA; +http://www.semrush.com/bot.html)', '85.208.98.29'),
('7c7b7488ae2eea74ee257c626209b245', 'init|s:1:\"1\";csrfToken|s:40:\"0ab85043af5b284d2068d759807ceb6fcdaf52f6\";slim.flash|a:0:{}userid|i:4;', 1732281813, '2024-11-22 09:59:33', 4, 0, 'Mozilla/5.0 (Linux; Android 10; K) AppleWebKit/537.36 (KHTML, like Gecko) SamsungBrowser/27.0 Chrome/125.0.0.0 Mobile Safari/537.36', '152.255.127.240'),
('7cb67a2b9e878fb80f94396623cb39e2', 'init|s:1:\"1\";csrfToken|s:40:\"30515c693d8ffe806dc6595d52c32e832c1f0d75\";slim.flash|a:0:{}', 1731796069, '2024-11-16 19:03:49', 0, 0, 'Mozilla/5.0 (compatible; SemrushBot/7~bl; +http://www.semrush.com/bot.html)', '185.191.171.16'),
('7e67def354b24ec1f3cc964c17ca3aab', 'init|s:1:\"1\";csrfToken|s:40:\"532cfd883742927dfcab4ef35e7c97e9be15e48a\";slim.flash|a:0:{}', 1730974097, '2024-11-07 06:44:17', 0, 0, 'Mozilla/5.0 (compatible; SemrushBot-BA; +http://www.semrush.com/bot.html)', '85.208.98.22'),
('7e9a522d2e6d359d586dffa3acf54d37', 'init|s:1:\"1\";csrfToken|s:40:\"0ddf55ab9bf9f23c8189520087eccd5c26de1c79\";slim.flash|a:0:{}userid|i:4;', 1732616093, '2024-11-26 06:50:53', 4, 0, 'Mozilla/5.0 (Linux; Android 10; K) AppleWebKit/537.36 (KHTML, like Gecko) SamsungBrowser/27.0 Chrome/125.0.0.0 Mobile Safari/537.36', '177.47.163.42'),
('7ef2ff9455abfe6b472266ef9af2a81c', 'init|s:1:\"1\";csrfToken|s:40:\"fb525af1e714f1fba6068b7a06771766d6137625\";slim.flash|a:1:{s:10:\"priorRoute\";s:13:\"/shimoda/web/\";}', 1730269484, '2024-10-30 03:00:44', 0, 0, 'Go-http-client/1.1', '57.129.16.41'),
('7f52b58ce5d4e8f5e3f13dcc8d435a27', 'init|s:1:\"1\";csrfToken|s:40:\"c26c77680669a9219c7838834c46385a236c2543\";slim.flash|a:0:{}', 1731498712, '2024-11-13 08:27:52', 0, 0, 'WhatsApp/2.23.20.0', '177.47.163.68'),
('824f07fc58e77cad576f42ba5ac5b33c', 'init|s:1:\"1\";csrfToken|s:40:\"8757e420bf1a7c97ad56dbf375b614a1047be9b3\";slim.flash|a:0:{}userid|i:4;', 1732190629, '2024-11-21 08:39:49', 4, 0, 'Mozilla/5.0 (Windows NT 10.0; Win64; x64) AppleWebKit/537.36 (KHTML, like Gecko) Chrome/109.0.0.0 Safari/537.36', '138.99.206.235'),
('8326255a0226c6d1a1a98d3a912ec019', 'init|s:1:\"1\";csrfToken|s:40:\"ee9f7a9ba8c56d3dcfa9541e6d1975ea734168f4\";slim.flash|a:0:{}', 1731300960, '2024-11-11 01:32:00', 0, 0, 'Mozilla/5.0 (Macintosh; Intel Mac OS X 10_10_1) AppleWebKit/600.2.5 (KHTML, like Gecko) Version/8.0.2 Safari/600.2.5 (Amazonbot/0.1; +https://developer.amazon.com/support/amazonbot)', '34.239.85.139'),
('8387624872e555f228b69f8bdeee64d9', 'init|s:1:\"1\";csrfToken|s:40:\"6508a76ef1121841a905d131b0d8996f35308419\";slim.flash|a:1:{s:10:\"priorRoute\";s:19:\"/shimoda/web/logout\";}', 1731380515, '2024-11-11 23:37:55', 0, 0, 'Mozilla/5.0 (Macintosh; Intel Mac OS X 10_10_1) AppleWebKit/600.2.5 (KHTML, like Gecko) Version/8.0.2 Safari/600.2.5 (Amazonbot/0.1; +https://developer.amazon.com/support/amazonbot)', '3.223.181.32'),
('8530df9f684f1a57306a190e82a3cccb', 'init|s:1:\"1\";csrfToken|s:40:\"002d0a893aa074a1807819f537990cef0d9b20c7\";slim.flash|a:0:{}', 1730647443, '2024-11-03 12:00:03', 0, 0, 'Mozilla/5.0 (Macintosh; Intel Mac OS X 10_10_1) AppleWebKit/600.2.5 (KHTML, like Gecko) Version/8.0.2 Safari/600.2.5 (Amazonbot/0.1; +https://developer.amazon.com/support/amazonbot)', '98.82.59.253'),
('85571109e75c072e14b380f9fc42f9bd', 'init|s:1:\"1\";csrfToken|s:40:\"b96a6a2a31513b06093c84f20a3340721f27d41f\";slim.flash|a:0:{}', 1732661069, '2024-11-26 19:20:29', 0, 0, 'Mozilla/5.0 AppleWebKit/537.36 (KHTML, like Gecko; compatible; ClaudeBot/1.0; +claudebot@anthropic.com)', '3.139.236.93'),
('89c6c9dbaae3e4b221558dd1e13f6a2e', 'init|s:1:\"1\";csrfToken|s:40:\"4faa3576876870ee38e1789ee19f29291d29b80c\";slim.flash|a:0:{}userid|i:4;', 1731614922, '2024-11-14 16:44:42', 4, 0, 'Mozilla/5.0 (Linux; Android 10; K) AppleWebKit/537.36 (KHTML, like Gecko) SamsungBrowser/27.0 Chrome/125.0.0.0 Mobile Safari/537.36', '177.47.163.68'),
('8ce9509a947327ded226893f888326bf', 'init|s:1:\"1\";slim.flash|a:0:{}', 1731775954, '2024-11-16 13:28:34', 0, 0, 'Mozilla/5.0 (Linux; Android 10; K) AppleWebKit/537.36 (KHTML, like Gecko) SamsungBrowser/27.0 Chrome/125.0.0.0 Mobile Safari/537.36', '177.47.163.68'),
('8da4626ff6721b1dd59b0ee67a6dd083', 'init|s:1:\"1\";csrfToken|s:40:\"e8e76002047f052a41e7c6e45bb8d4c393e72119\";slim.flash|a:0:{}', 1732115048, '2024-11-20 11:40:08', 0, 0, 'Mozilla/5.0 (compatible; SemrushBot-BA; +http://www.semrush.com/bot.html)', '85.208.98.24'),
('8fc172dc2fb857134d0ead2cb1040507', 'init|s:1:\"1\";csrfToken|s:40:\"84f58925c6ab1e0882f1c9414786aae4b36091be\";slim.flash|a:0:{}', 1730410080, '2024-10-31 18:04:00', 0, 0, 'Mozilla/5.0 (compatible; MJ12bot/v1.4.8; http://mj12bot.com/)', '217.182.175.146'),
('95e5d11977bc7a9435f7b0eca88f7109', 'init|s:1:\"1\";csrfToken|s:40:\"c13fa9fe301509be51fa9774c79e2a91e7a178ef\";slim.flash|a:1:{s:10:\"priorRoute\";s:23:\"/shimoda/web/index.php/\";}', 1732577034, '2024-11-25 19:59:54', 0, 0, 'Mozilla/5.0 (Macintosh; Intel Mac OS X 10_10_1) AppleWebKit/600.2.5 (KHTML, like Gecko) Version/8.0.2 Safari/600.2.5 (Amazonbot/0.1; +https://developer.amazon.com/support/amazonbot)', '54.225.98.148'),
('a1f52083a538e7c99aadba4b2cdacfff', 'init|s:1:\"1\";csrfToken|s:40:\"fbc2d46259d5d394b9a5f68a70315db992b166c5\";slim.flash|a:1:{s:10:\"priorRoute\";s:13:\"/shimoda/web/\";}', 1730512710, '2024-11-01 22:34:30', 0, 0, 'Mozilla/5.0 (Windows NT 10.0; rv:78.0) Gecko/20100101 Firefox/78.0', '34.78.26.243'),
('a21ce76e9c133a0efa5c15e8e7ba187f', 'init|s:1:\"1\";csrfToken|s:40:\"c387a7f4793b59b8cf610e10b930a4073ed1bac5\";slim.flash|a:0:{}userid|i:4;', 1731499028, '2024-11-13 08:33:08', 4, 0, 'Mozilla/5.0 (Windows NT 10.0; Win64; x64) AppleWebKit/537.36 (KHTML, like Gecko) Chrome/109.0.0.0 Safari/537.36', '138.99.206.235'),
('a3fdad589cebb9330a71cddf04f47a9c', 'init|s:1:\"1\";csrfToken|s:40:\"ca8938550d0c2fcdcdbfba6d18450de3b1ea46e1\";slim.flash|a:1:{s:10:\"priorRoute\";s:31:\"/shimoda/web/user/form/password\";}', 1730344026, '2024-10-30 23:43:06', 0, 0, 'Mozilla/5.0 (compatible; MJ12bot/v1.4.8; http://mj12bot.com/)', '178.25.242.225'),
('a8e78ac7b374897d379fae86d13c67df', 'init|s:1:\"1\";csrfToken|s:40:\"db7d13a0ffb7a1c2d7dd5898e181907639595e2a\";slim.flash|a:0:{}userid|i:4;', 1730490244, '2024-11-01 16:20:04', 4, 1, 'Mozilla/5.0 (Windows NT 10.0; Win64; x64) AppleWebKit/537.36 (KHTML, like Gecko) Chrome/109.0.0.0 Safari/537.36', '138.99.206.235'),
('ac725e56c478756860e5537c8b3aacf2', 'init|s:1:\"1\";csrfToken|s:40:\"be13fe7d2871d426e936e8bde41b8bc7f429682c\";slim.flash|a:1:{s:10:\"priorRoute\";s:13:\"/shimoda/web/\";}', 1730513136, '2024-11-01 22:41:36', 0, 0, 'Mozilla/5.0 (Windows NT 10.0; rv:78.0) Gecko/20100101 Firefox/78.0', '34.76.133.13'),
('b51d4cb54fc8a25003d9abcb8955562f', 'init|s:1:\"1\";csrfToken|s:40:\"d5ef020f1e7f7a08d5df2e9308ce3e0edfff3edc\";slim.flash|a:0:{}', 1732040621, '2024-11-19 14:59:41', 0, 0, 'Mozilla/5.0 (compatible; SemrushBot/7~bl; +http://www.semrush.com/bot.html)', '185.191.171.8'),
('b59b26f026203c378a2fc64e79ee954c', 'init|s:1:\"1\";csrfToken|s:40:\"8b6200d8b09b17f9d5cc5665da77bc9a1be7afa6\";slim.flash|a:0:{}', 1732022431, '2024-11-19 09:56:31', 0, 0, 'Mozilla/5.0 (X11; Linux x86_64) AppleWebKit/537.36 (KHTML, like Gecko) Chrome/130.0.0.0 Safari/537.36', '179.221.227.113'),
('b6b7d13a6f72caf6baf21e61ecb0089b', 'init|s:1:\"1\";csrfToken|s:40:\"8accc4ae4354442f5c9673f3bf58965a8f857fab\";slim.flash|a:1:{s:10:\"priorRoute\";s:23:\"/shimoda/web/index.php/\";}', 1732701186, '2024-11-27 06:29:06', 0, 0, 'Mozilla/5.0 (Macintosh; Intel Mac OS X 10_10_1) AppleWebKit/600.2.5 (KHTML, like Gecko) Version/8.0.2 Safari/600.2.5 (Amazonbot/0.1; +https://developer.amazon.com/support/amazonbot)', '44.197.76.210'),
('b82bb4b711b71b9a89fc154e5c1910e8', 'init|s:1:\"1\";csrfToken|s:40:\"c8e8fa4f734b5c3053f5e0a18662616599d16ffa\";slim.flash|a:0:{}userid|i:4;displayGroupIds|a:0:{}', 1730223228, '2024-10-29 14:09:48', 4, 1, 'Mozilla/5.0 (Windows NT 10.0; Win64; x64) AppleWebKit/537.36 (KHTML, like Gecko) Chrome/109.0.0.0 Safari/537.36', '138.99.206.235'),
('b8646dcf04b39e5effcfc4c08b147ed8', 'init|s:1:\"1\";csrfToken|s:40:\"f2059c25cd9017d6f8480ac43d448a58a6afdc0d\";slim.flash|a:1:{s:10:\"priorRoute\";s:13:\"/shimoda/web/\";}', 1730410078, '2024-10-31 18:03:58', 0, 0, 'Mozilla/5.0 (compatible; MJ12bot/v1.4.8; http://mj12bot.com/)', '217.182.175.146'),
('b8960196bb665902c92fd9990108d016', 'init|s:1:\"1\";csrfToken|s:40:\"59ebc1ff49a06afe19c282cabc838af7a9cca772\";slim.flash|a:1:{s:10:\"priorRoute\";s:29:\"/shimoda/web/index.php/logout\";}', 1732701198, '2024-11-27 06:29:18', 0, 0, 'Mozilla/5.0 (Macintosh; Intel Mac OS X 10_10_1) AppleWebKit/600.2.5 (KHTML, like Gecko) Version/8.0.2 Safari/600.2.5 (Amazonbot/0.1; +https://developer.amazon.com/support/amazonbot)', '184.72.84.154'),
('c0f1018c0679299cbf4c697cee864ab8', 'init|s:1:\"1\";csrfToken|s:40:\"fbc2a3eca459fbf7c0d0b6c1a99d4a176563d2f2\";slim.flash|a:0:{}', 1732701194, '2024-11-27 06:29:14', 0, 0, 'Mozilla/5.0 (Macintosh; Intel Mac OS X 10_10_1) AppleWebKit/600.2.5 (KHTML, like Gecko) Version/8.0.2 Safari/600.2.5 (Amazonbot/0.1; +https://developer.amazon.com/support/amazonbot)', '44.215.231.15'),
('d873667cc53005e2063604fb31f27ac8', 'init|s:1:\"1\";csrfToken|s:40:\"6559f631e1af8a432313b9be2f03eef8b1c3c004\";slim.flash|a:0:{}', 1732115002, '2024-11-20 11:39:22', 0, 0, 'Mozilla/5.0 (compatible; SemrushBot-BA; +http://www.semrush.com/bot.html)', '85.208.98.31'),
('dd6079e6fd3bdc3c4264eb0d1e7785fd', 'init|s:1:\"1\";csrfToken|s:40:\"ca5c1dd187b40a79957d481f00e9b77ef55608f9\";slim.flash|a:0:{}userid|i:4;', 1732625590, '2024-11-26 09:29:10', 4, 1, 'Mozilla/5.0 (Windows NT 10.0; Win64; x64) AppleWebKit/537.36 (KHTML, like Gecko) Chrome/109.0.0.0 Safari/537.36', '138.99.206.235'),
('de88cc84a785e94665ccc956cc482e6e', 'init|s:1:\"1\";slim.flash|a:0:{}', 1731589062, '2024-11-14 09:33:42', 0, 0, 'Mozilla/5.0 (Linux; Android 10; K) AppleWebKit/537.36 (KHTML, like Gecko) SamsungBrowser/27.0 Chrome/125.0.0.0 Mobile Safari/537.36', '177.79.81.78'),
('e5ab021372d64fb22d88bf3a3b71c646', 'init|s:1:\"1\";csrfToken|s:40:\"856efb25f1ac265352d5914cd649e4c62bfbe0b0\";slim.flash|a:0:{}', 1730456557, '2024-11-01 06:58:37', 0, 0, 'Mozilla/5.0 (compatible; SemrushBot-BA; +http://www.semrush.com/bot.html)', '85.208.98.29'),
('e68fe8bb738036a216e0a1f3fe02247b', 'init|s:1:\"1\";csrfToken|s:40:\"b5a441ff3c0136ab85e76deca76d8821ea2f1d35\";slim.flash|a:0:{}', 1730903579, '2024-11-06 11:08:59', 0, 0, 'Mozilla/5.0 (compatible; SemrushBot/7~bl; +http://www.semrush.com/bot.html)', '85.208.96.195'),
('e6b8371d692d3ed15903911e0b256014', 'init|s:1:\"1\";csrfToken|s:40:\"6d9b1f3f4ccd25227b27754625f022bf3dea991f\";slim.flash|a:0:{}', 1732701186, '2024-11-27 06:29:06', 0, 0, 'Mozilla/5.0 (Macintosh; Intel Mac OS X 10_10_1) AppleWebKit/600.2.5 (KHTML, like Gecko) Version/8.0.2 Safari/600.2.5 (Amazonbot/0.1; +https://developer.amazon.com/support/amazonbot)', '184.73.47.24'),
('e90534582f1b8f06d39c1649e53fad7d', 'init|s:1:\"1\";csrfToken|s:40:\"3915260c040727e124c2932d7db593f4b32ebe43\";slim.flash|a:0:{}userid|i:4;', 1732105244, '2024-11-20 08:56:44', 4, 0, 'Mozilla/5.0 (Windows NT 10.0; Win64; x64) AppleWebKit/537.36 (KHTML, like Gecko) Chrome/131.0.0.0 Safari/537.36', '177.47.163.42'),
('ea1fd0b2a0008d355125be4ec98d043c', 'init|s:1:\"1\";csrfToken|s:40:\"4411272f3f952d827683ca96637faf7c6086f1af\";slim.flash|a:0:{}userid|i:4;', 1731445612, '2024-11-12 17:42:52', 4, 0, 'Mozilla/5.0 (Windows NT 10.0; Win64; x64) AppleWebKit/537.36 (KHTML, like Gecko) Chrome/109.0.0.0 Safari/537.36', '138.99.206.235'),
('ea7aa80076609f576643acceab37bbd1', 'init|s:1:\"1\";csrfToken|s:40:\"5eed1e5dcdb960403d2fb3e1f3fe5a6b03283198\";slim.flash|a:0:{}', 1732116057, '2024-11-20 11:56:57', 0, 0, 'Mozilla/5.0 (compatible; SemrushBot-BA; +http://www.semrush.com/bot.html)', '85.208.98.22'),
('eb539f301b4129796857a15174e78705', 'init|s:1:\"1\";csrfToken|s:40:\"2bbd5dbd367290611955466962efa06834979c31\";slim.flash|a:1:{s:10:\"priorRoute\";s:13:\"/shimoda/web/\";}', 1732040616, '2024-11-19 14:59:36', 0, 0, 'Mozilla/5.0 (compatible; SemrushBot/7~bl; +http://www.semrush.com/bot.html)', '185.191.171.15'),
('ee4809c100a5e40449fadb6a19bf8874', 'init|s:1:\"1\";csrfToken|s:40:\"94383c4abe7b7d0f9cfaefd92c6a41f4c0006879\";slim.flash|a:0:{}', 1730344028, '2024-10-30 23:43:08', 0, 0, 'Mozilla/5.0 (compatible; MJ12bot/v1.4.8; http://mj12bot.com/)', '178.25.242.225'),
('ee94cd2daefb7d24b8a5ead4b3e31ba4', 'init|s:1:\"1\";csrfToken|s:40:\"45f7520b3a8470c7cd52ceeccdf28c682f4bf2f4\";slim.flash|a:1:{s:10:\"priorRoute\";s:19:\"/shimoda/web/logout\";}', 1730647451, '2024-11-03 12:00:11', 0, 0, 'Mozilla/5.0 (Macintosh; Intel Mac OS X 10_10_1) AppleWebKit/600.2.5 (KHTML, like Gecko) Version/8.0.2 Safari/600.2.5 (Amazonbot/0.1; +https://developer.amazon.com/support/amazonbot)', '3.227.180.70'),
('f394fec1d44f43db3dc8c559a232f5d5', 'init|s:1:\"1\";slim.flash|a:0:{}', 1731613983, '2024-11-14 16:29:03', 0, 0, 'Mozilla/5.0 (Linux; Android 10; K) AppleWebKit/537.36 (KHTML, like Gecko) SamsungBrowser/27.0 Chrome/125.0.0.0 Mobile Safari/537.36', '177.47.163.68'),
('ff067c7c35e1bc5a54c6bbe453f0aa3e', 'init|s:1:\"1\";csrfToken|s:40:\"f88e9a3ce8104b642d6834a7cdaf5db87db5f5da\";slim.flash|a:0:{}userid|i:4;', 1731445079, '2024-11-12 17:33:59', 4, 0, 'Mozilla/5.0 (Windows NT 10.0; Win64; x64) AppleWebKit/537.36 (KHTML, like Gecko) Chrome/109.0.0.0 Safari/537.36', '138.99.206.235');

-- --------------------------------------------------------

--
-- Estrutura para tabela `setting`
--

CREATE TABLE `setting` (
  `settingid` int(11) NOT NULL,
  `setting` varchar(50) NOT NULL,
  `value` varchar(1000) NOT NULL,
  `fieldType` varchar(24) NOT NULL,
  `helptext` text,
  `options` varchar(254) DEFAULT NULL,
  `cat` varchar(24) NOT NULL DEFAULT 'general',
  `userChange` tinyint(1) NOT NULL DEFAULT '0' COMMENT 'Can the user change this setting',
  `title` varchar(254) NOT NULL,
  `validation` varchar(50) NOT NULL,
  `ordering` int(11) NOT NULL,
  `default` varchar(1000) NOT NULL,
  `userSee` tinyint(4) NOT NULL DEFAULT '1',
  `type` varchar(50) NOT NULL
) ENGINE=InnoDB DEFAULT CHARSET=utf8;

--
-- Despejando dados para a tabela `setting`
--

INSERT INTO `setting` (`settingid`, `setting`, `value`, `fieldType`, `helptext`, `options`, `cat`, `userChange`, `title`, `validation`, `ordering`, `default`, `userSee`, `type`) VALUES
(1, 'MEDIA_DEFAULT', 'private', 'dropdown', 'Media will be created with these settings. If public everyone will be able to view and use this media.', 'private|group|group write|public|public write', 'permissions', 1, 'Media Permissions', '', 20, 'private', 1, 'word'),
(2, 'LAYOUT_DEFAULT', 'private', 'dropdown', 'New layouts will be created with these settings. If public everyone will be able to view and use this layout.', 'private|group|group write|public|public write', 'permissions', 1, 'Layout Permissions', '', 10, 'private', 1, 'word'),
(3, 'defaultUsertype', 'User', 'dropdown', 'Sets the default user type selected when creating a user.\r\n<br />\r\nWe recommend that this is set to \"User\"', 'User|Group Admin|Super Admin', 'users', 1, 'Default User Type', '', 10, 'User', 1, 'string'),
(7, 'userModule', 'module_user_general.php', 'dirselect', 'This sets which user authentication module is currently being used.', NULL, 'users', 0, 'User Module', '', 0, 'module_user_general.php', 0, 'string'),
(11, 'defaultTimezone', 'America/Sao_Paulo', 'timezone', 'Set the default timezone for the application', 'Europe/London', 'regional', 1, 'Timezone', '', 20, 'Europe/London', 1, 'string'),
(18, 'mail_to', 'mail@yoursite.com', 'email', 'Errors will be mailed here', NULL, 'maintenance', 1, 'Admin email address', '', 30, 'mail@yoursite.com', 1, 'string'),
(19, 'mail_from', 'mail@yoursite.com', 'email', 'Mail will be sent from this address', NULL, 'maintenance', 1, 'Sending email address', '', 40, 'mail@yoursite.com', 1, 'string'),
(30, 'audit', 'Error', 'dropdown', 'Set the level of logging the CMS should record. In production systems \"error\" is recommended.', 'Emergency|Alert|Critical|Error|Warning|Notice|Info|Debug', 'troubleshooting', 1, 'Log Level', '', 20, 'error', 1, 'word'),
(33, 'LIBRARY_LOCATION', 'media/', 'text', 'The fully qualified path to the CMS library location.', NULL, 'configuration', 1, 'Library Location', 'required', 10, '', 1, 'string'),
(34, 'SERVER_KEY', 'abcd1234', 'text', NULL, NULL, 'configuration', 1, 'CMS Secret Key', 'required', 20, '', 1, 'string'),
(35, 'HELP_BASE', 'http://www.xibo.org.uk/manual/en/', 'text', NULL, NULL, 'general', 1, 'Location of the Manual', 'required', 10, 'http://www.xibo.org.uk/manual/', 1, 'string'),
(36, 'PHONE_HOME', 'On', 'dropdown', 'Should the server send anonymous statistics back to the Xibo project?', 'On|Off', 'general', 1, 'Allow usage tracking?', '', 10, 'On', 1, 'word'),
(37, 'PHONE_HOME_KEY', '23ddf7a5b6edbd40933adbcf57e48edc', 'text', 'Key used to distinguish each Xibo instance. This is generated randomly based on the time you first installed Xibo, and is completely untraceable.', NULL, 'general', 0, 'Phone home key', '', 20, '', 0, 'string'),
(38, 'PHONE_HOME_URL', 'http://www.xibo.org.uk/stats/track.php', 'text', 'The URL to connect to to PHONE_HOME (if enabled)', NULL, 'network', 0, 'Phone home URL', '', 60, 'http://www.xibo.org.uk/stats/track.php', 0, 'string'),
(39, 'PHONE_HOME_DATE', '1731322639', 'text', 'The last time we PHONED_HOME in seconds since the epoch', NULL, 'general', 0, 'Phone home time', '', 30, '0', 0, 'int'),
(40, 'SERVER_MODE', 'Production', 'dropdown', 'This should only be set if you want to display the maximum allowed error messaging through the user interface. <br /> Useful for capturing critical php errors and environment issues.', 'Production|Test', 'troubleshooting', 1, 'Server Mode', '', 30, 'Production', 1, 'word'),
(41, 'MAINTENANCE_ENABLED', 'Off', 'dropdown', 'Allow the maintenance script to run if it is called?', 'Protected|On|Off', 'maintenance', 1, 'Enable Maintenance?', '', 10, 'Off', 1, 'word'),
(42, 'MAINTENANCE_EMAIL_ALERTS', 'On', 'dropdown', 'Global switch for email alerts to be sent', 'On|Off', 'maintenance', 1, 'Enable Email Alerts?', '', 20, 'On', 1, 'word'),
(43, 'MAINTENANCE_KEY', 'changeme', 'text', 'String appended to the maintenance script to prevent malicious calls to the script.', NULL, 'maintenance', 1, 'Maintenance Key', '', 50, 'changeme', 1, 'string'),
(44, 'MAINTENANCE_LOG_MAXAGE', '30', 'number', 'Maximum age for log entries in days. Set to 0 to keep logs indefinitely.', NULL, 'maintenance', 1, 'Max Log Age', '', 60, '30', 1, 'int'),
(45, 'MAINTENANCE_STAT_MAXAGE', '30', 'number', 'Maximum age for statistics entries in days. Set to 0 to keep statistics indefinitely.', NULL, 'maintenance', 1, 'Max Statistics Age', '', 70, '30', 1, 'int'),
(46, 'MAINTENANCE_ALERT_TOUT', '12', 'number', 'How long in minutes after the last time a client connects should we send an alert? Can be overridden on a per client basis.', NULL, 'maintenance', 1, 'Max Display Timeout', '', 80, '12', 1, 'int'),
(47, 'SHOW_DISPLAY_AS_VNCLINK', '', 'text', 'Turn the display name in display management into a VNC link using the IP address last collected. The %s is replaced with the IP address. Leave blank to disable.', NULL, 'displays', 1, 'Display a VNC Link?', '', 30, '', 1, 'string'),
(48, 'SHOW_DISPLAY_AS_VNC_TGT', '_top', 'text', 'If the display name is shown as a link in display management, what target should the link have? Set _top to open the link in the same window or _blank to open in a new window.', NULL, 'displays', 1, 'Open VNC Link in new window?', '', 40, '_top', 1, 'string'),
(49, 'MAINTENANCE_ALWAYS_ALERT', 'Off', 'dropdown', 'Should Xibo send an email if a display is in an error state every time the maintenance script runs?', 'On|Off', 'maintenance', 1, 'Send repeat Display Timeouts', '', 80, 'Off', 1, 'word'),
(50, 'SCHEDULE_LOOKAHEAD', 'On', 'dropdown', 'Should Xibo send future schedule information to clients?', 'On|Off', 'general', 0, 'Send Schedule in advance?', '', 40, 'On', 1, 'word'),
(51, 'REQUIRED_FILES_LOOKAHEAD', '172800', 'number', 'How many seconds in to the future should the calls to RequiredFiles look?', NULL, 'general', 1, 'Send files in advance?', '', 50, '172800', 1, 'int'),
(52, 'REGION_OPTIONS_COLOURING', 'Media Colouring', 'dropdown', NULL, 'Media Colouring|Permissions Colouring', 'permissions', 1, 'How to colour Media on the Region Timeline', '', 30, 'Media Colouring', 1, 'string'),
(53, 'LAYOUT_COPY_MEDIA_CHECKB', 'Unchecked', 'dropdown', 'Default the checkbox for making duplicates of media when copying layouts', 'Checked|Unchecked', 'defaults', 1, 'Default copy media when copying a layout?', '', 20, 'Unchecked', 1, 'word'),
(54, 'MAX_LICENSED_DISPLAYS', '0', 'number', 'The maximum number of licensed clients for this server installation. 0 = unlimited', NULL, 'displays', 0, 'Number of display slots', '', 50, '0', 0, 'int'),
(55, 'LIBRARY_MEDIA_UPDATEINALL_CHECKB', 'Checked', 'dropdown', 'Default the checkbox for updating media on all layouts when editing in the library', 'Checked|Unchecked', 'defaults', 1, 'Default update media in all layouts', '', 10, 'Unchecked', 1, 'word'),
(56, 'USER_PASSWORD_POLICY', '', 'text', 'Regular Expression for password complexity, leave blank for no policy.', '', 'users', 1, 'Password Policy Regular Expression', '', 20, '', 1, 'string'),
(57, 'USER_PASSWORD_ERROR', '', 'text', 'A text description of this password policy. Will be show to users when their password does not meet the required policy', '', 'users', 1, 'Description of Password Policy', '', 30, '', 1, 'string'),
(58, 'MODULE_CONFIG_LOCKED_CHECKB', 'Unchecked', 'dropdown', 'Is the module config locked? Useful for Service providers.', 'Checked|Unchecked', 'defaults', 0, 'Lock Module Config', '', 30, 'Unchecked', 0, 'word'),
(59, 'LIBRARY_SIZE_LIMIT_KB', '0', 'number', 'The Limit for the Library Size in KB', NULL, 'network', 0, 'Library Size Limit', '', 50, '0', 1, 'int'),
(60, 'MONTHLY_XMDS_TRANSFER_LIMIT_KB', '0', 'number', 'XMDS Transfer Limit in KB/month', NULL, 'network', 0, 'Monthly bandwidth Limit', '', 40, '0', 1, 'int'),
(61, 'DEFAULT_LANGUAGE', 'pt_BR', 'text', 'The default language to use', NULL, 'regional', 1, 'Default Language', '', 10, 'en_GB', 1, 'string'),
(62, 'TRANSITION_CONFIG_LOCKED_CHECKB', 'Unchecked', 'dropdown', 'Is the Transition config locked?', 'Checked|Unchecked', 'defaults', 0, 'Allow modifications to the transition configuration?', '', 40, 'Unchecked', 1, 'word'),
(63, 'GLOBAL_THEME_NAME', 'default', 'text', 'The Theme to apply to all pages by default', NULL, 'configuration', 1, 'CMS Theme', '', 30, 'default', 1, 'word'),
(64, 'DEFAULT_LAT', '51.504', 'number', 'The Latitude to apply for any Geo aware Previews', NULL, 'displays', 1, 'Default Latitude', '', 10, '51.504', 1, 'double'),
(65, 'DEFAULT_LONG', '-0.104', 'number', 'The Longitude to apply for any Geo aware Previews', NULL, 'displays', 1, 'Default Longitude', '', 20, '-0.104', 1, 'double'),
(66, 'SCHEDULE_WITH_VIEW_PERMISSION', 'No', 'dropdown', 'Should users with View permissions on displays be allowed to schedule to them?', 'Yes|No', 'permissions', 1, 'Schedule with view permissions?', '', 40, 'No', 1, 'word'),
(67, 'SETTING_IMPORT_ENABLED', '1', 'checkbox', NULL, NULL, 'general', 1, 'Allow Import?', '', 80, '1', 1, 'checkbox'),
(68, 'SETTING_LIBRARY_TIDY_ENABLED', '1', 'checkbox', NULL, NULL, 'general', 1, 'Enable Library Tidy?', '', 90, '1', 1, 'checkbox'),
(69, 'SENDFILE_MODE', 'Off', 'dropdown', 'When a user downloads a file from the library or previews a layout, should we attempt to use Apache X-Sendfile, Nginx X-Accel, or PHP (Off) to return the file from the library?', 'Off|Apache|Nginx', 'general', 1, 'File download mode', '', 60, 'Off', 1, 'word'),
(70, 'EMBEDDED_STATUS_WIDGET', '', 'text', 'HTML to embed in an iframe on the Status Dashboard', NULL, 'general', 0, 'Status Dashboard Widget', '', 70, '', 1, 'htmlstring'),
(71, 'PROXY_HOST', '', 'text', 'The Proxy URL', NULL, 'network', 1, 'Proxy URL', '', 10, '', 1, 'string'),
(72, 'PROXY_PORT', '0', 'number', 'The Proxy Port', NULL, 'network', 1, 'Proxy Port', '', 20, '0', 1, 'int'),
(73, 'PROXY_AUTH', '', 'text', 'The Authentication information for this proxy. username:password', NULL, 'network', 1, 'Proxy Credentials', '', 30, '', 1, 'string'),
(74, 'DATE_FORMAT', 'd-m-Y H:i', 'text', 'The Date Format to use when displaying dates in the CMS.', NULL, 'regional', 1, 'Date Format', 'required', 30, 'Y-m-d', 1, 'string'),
(75, 'DETECT_LANGUAGE', '1', 'checkbox', 'Detect the browser language?', NULL, 'regional', 1, 'Detect Language', '', 40, '1', 1, 'checkbox'),
(76, 'DEFAULTS_IMPORTED', '1', 'text', 'Has the default layout been imported?', NULL, 'general', 0, 'Defaults Imported?', 'required', 100, '0', 0, 'checkbox'),
(77, 'FORCE_HTTPS', '0', 'checkbox', 'Force the portal into HTTPS?', NULL, 'network', 1, 'Force HTTPS?', '', 70, '0', 1, 'checkbox'),
(78, 'ISSUE_STS', '0', 'checkbox', 'Add STS to the response headers? Make sure you fully understand STS before turning it on as it will prevent access via HTTP after the first successful HTTPS connection.', NULL, 'network', 1, 'Enable STS?', '', 80, '0', 1, 'checkbox'),
(79, 'STS_TTL', '600', 'text', 'The Time to Live (maxage) of the STS header expressed in seconds.', NULL, 'network', 1, 'STS Time out', '', 90, '600', 1, 'int'),
(81, 'CALENDAR_TYPE', 'Gregorian', 'dropdown', 'Which Calendar Type should the CMS use?', 'Gregorian|Jalali', 'regional', 1, 'Calendar Type', '', 50, 'Gregorian', 1, 'string'),
(82, 'DASHBOARD_LATEST_NEWS_ENABLED', '0', 'checkbox', 'Should the Dashboard show latest news? The address is provided by the theme.', '', 'general', 1, 'Enable Latest News?', '', 110, '1', 1, 'checkbox'),
(83, 'LIBRARY_MEDIA_DELETEOLDVER_CHECKB', 'Checked', 'dropdown', 'Default the checkbox for Deleting Old Version of media when a new file is being uploaded to the library.', 'Checked|Unchecked', 'defaults', 1, 'Default for \"Delete old version of Media\" checkbox. Shown when Editing Library Media.', '', 50, 'Unchecked', 1, 'dropdown'),
(84, 'PROXY_EXCEPTIONS', '', 'text', 'Hosts and Keywords that should not be loaded via the Proxy Specified. These should be comma separated.', '', 'network', 1, 'Proxy Exceptions', '', 32, '', 1, 'text'),
(85, 'INSTANCE_SUSPENDED', '0', 'checkbox', 'Is this instance suspended?', NULL, 'general', 0, 'Instance Suspended', '', 120, '0', 0, 'checkbox'),
(86, 'INHERIT_PARENT_PERMISSIONS', '1', 'checkbox', 'Inherit permissions from Parent when adding a new item?', NULL, 'permissions', 1, 'Inherit permissions', '', 50, '1', 1, 'checkbox'),
(87, 'XMR_ADDRESS', 'tcp://localhost:5555', 'text', 'Please enter the private address for XMR.', NULL, 'displays', 1, 'XMR Private Address', '', 5, 'tcp:://localhost:5555', 1, 'string'),
(88, 'XMR_PUB_ADDRESS', '', 'text', 'Please enter the public address for XMR.', NULL, 'displays', 1, 'XMR Public Address', '', 6, '', 1, 'string'),
(89, 'CDN_URL', '', 'text', 'Content Delivery Network Address for serving file requests to Players', '', 'network', 0, 'CDN Address', '', 33, '', 0, 'string'),
(90, 'ELEVATE_LOG_UNTIL', '', 'datetime', 'Elevate the log level until this date.', NULL, 'troubleshooting', 1, 'Elevate Log Until', ' ', 25, '', 1, 'datetime'),
(91, 'RESTING_LOG_LEVEL', 'Error', 'dropdown', 'Set the level of the resting log level. The CMS will revert to this log level after an elevated period ends. In production systems \"error\" is recommended.', 'Emergency|Alert|Critical|Error', 'troubleshooting', 1, 'Resting Log Level', '', 19, 'error', 1, 'word'),
(92, 'TASK_CONFIG_LOCKED_CHECKB', 'Unchecked', 'dropdown', 'Is the task config locked? Useful for Service providers.', 'Checked|Unchecked', 'defaults', 0, 'Lock Task Config', '', 30, 'Unchecked', 0, 'word'),
(93, 'WHITELIST_LOAD_BALANCERS', '', 'text', 'If the CMS is behind a load balancer, what are the load balancer IP addresses, comma delimited.', '', 'network', 1, 'Whitelist Load Balancers', '', 100, '', 1, 'string'),
(94, 'DEFAULT_LAYOUT', '1', 'text', 'The default layout to assign for new displays and displays which have their current default deleted.', '1', 'displays', 1, 'Default Layout', '', 4, '', 1, 'int'),
(95, 'DISPLAY_PROFILE_STATS_DEFAULT', '0', 'checkbox', NULL, NULL, 'displays', 1, 'Default setting for Statistics Enabled?', '', 70, '0', 1, 'checkbox'),
(96, 'DISPLAY_PROFILE_CURRENT_LAYOUT_STATUS_ENABLED', '1', 'checkbox', NULL, NULL, 'displays', 1, 'Enable the option to report the current layout status?', '', 80, '0', 1, 'checkbox'),
(97, 'DISPLAY_PROFILE_SCREENSHOT_INTERVAL_ENABLED', '1', 'checkbox', NULL, NULL, 'displays', 1, 'Enable the option to set the screenshot interval?', '', 90, '0', 1, 'checkbox'),
(98, 'DISPLAY_PROFILE_SCREENSHOT_SIZE_DEFAULT', '200', 'number', 'The default size in pixels for the Display Screenshots', NULL, 'displays', 1, 'Display Screenshot Default Size', '', 100, '200', 1, 'int'),
(99, 'LATEST_NEWS_URL', 'http://xibo.org.uk/feed', 'text', 'RSS/Atom Feed to be displayed on the Status Dashboard', '', 'general', 0, 'Latest News URL', '', 111, '', 0, 'string'),
(100, 'DISPLAY_LOCK_NAME_TO_DEVICENAME', '0', 'checkbox', NULL, NULL, 'displays', 1, 'Lock the Display Name to the device name provided by the Player?', '', 80, '0', 1, 'checkbox'),
(101, 'mail_from_name', '', 'text', 'Mail will be sent under this name', NULL, 'maintenance', 1, 'Sending email name', '', 45, '', 1, 'string');

-- --------------------------------------------------------

--
-- Estrutura para tabela `stat`
--

CREATE TABLE `stat` (
  `statID` bigint(20) NOT NULL,
  `Type` varchar(20) NOT NULL,
  `statDate` datetime NOT NULL COMMENT 'State entry date',
  `scheduleID` int(8) NOT NULL,
  `displayID` int(4) NOT NULL,
  `layoutID` int(8) DEFAULT NULL,
  `mediaID` varchar(50) DEFAULT NULL,
  `start` datetime NOT NULL,
  `end` datetime DEFAULT NULL,
  `Tag` varchar(254) DEFAULT NULL,
  `widgetId` int(8) DEFAULT NULL
) ENGINE=InnoDB DEFAULT CHARSET=utf8;

-- --------------------------------------------------------

--
-- Estrutura para tabela `tag`
--

CREATE TABLE `tag` (
  `tagId` int(11) NOT NULL,
  `tag` varchar(50) NOT NULL
) ENGINE=InnoDB DEFAULT CHARSET=utf8;

--
-- Despejando dados para a tabela `tag`
--

INSERT INTO `tag` (`tagId`, `tag`) VALUES
(1, 'template'),
(2, 'background'),
(3, 'thumbnail'),
(4, 'default'),
(5, 'imported');

-- --------------------------------------------------------

--
-- Estrutura para tabela `task`
--

CREATE TABLE `task` (
  `taskId` int(11) NOT NULL,
  `name` varchar(254) NOT NULL,
  `class` varchar(254) NOT NULL,
  `status` tinyint(4) NOT NULL DEFAULT '2',
  `pid` int(11) DEFAULT NULL,
  `options` text,
  `schedule` varchar(254) DEFAULT NULL,
  `lastRunDt` int(11) DEFAULT NULL,
  `lastRunStartDt` int(11) DEFAULT NULL,
  `lastRunMessage` varchar(254) DEFAULT NULL,
  `lastRunStatus` tinyint(4) NOT NULL DEFAULT '0',
  `lastRunDuration` smallint(6) DEFAULT NULL,
  `lastRunExitCode` smallint(6) DEFAULT NULL,
  `isActive` tinyint(4) NOT NULL DEFAULT '1',
  `runNow` tinyint(4) NOT NULL DEFAULT '1',
  `configFile` varchar(254) NOT NULL
) ENGINE=InnoDB DEFAULT CHARSET=utf8;

--
-- Despejando dados para a tabela `task`
--

INSERT INTO `task` (`taskId`, `name`, `class`, `status`, `pid`, `options`, `schedule`, `lastRunDt`, `lastRunStartDt`, `lastRunMessage`, `lastRunStatus`, `lastRunDuration`, `lastRunExitCode`, `isActive`, `runNow`, `configFile`) VALUES
(1, 'Daily Maintenance', '\\Xibo\\XTR\\MaintenanceDailyTask', 2, 0, '[]', '0 0 * * * *', 1732667416, 1732667415, '# Manutenção Diária\n\n## Importar Layouts\n - Não requer.\n\n## Limpar registros\n - Concluído.\n\n## Estatísicas do Tidy\n - Concluído.\n\n## Tidy Cache\n - Concluído.\n\n## Purge Expired API Tokens\n - Concluído.\n\n', 4, 1, 0, 1, 0, '/tasks/maintenance-daily.task'),
(2, 'Regular Maintenance', '\\Xibo\\XTR\\MaintenanceRegularTask', 2, 0, '[]', '*/5 * * * * *', 1732701002, 1732701002, '# Ligar pela Rede\n - Done\n\n## Criar Layouts\n - Done\n\n## Avançado\n - Done\n\n', 4, 0, 0, 1, 0, '/tasks/maintenance-regular.task'),
(3, 'Email Notifications', '\\Xibo\\XTR\\EmailNotificationsTask', 2, 0, '[]', '*/5 * * * * *', 1732701002, 1732701002, '# Notificações por Email\n\n## Notificações por Email\n - Done\n', 4, 0, 0, 1, 0, '/tasks/email-notifications.task'),
(4, 'Stats Archive', '\\Xibo\\XTR\\StatsArchiveTask', 2, NULL, '{\"periodSizeInDays\":\"7\",\"maxPeriods\":\"4\"}', '0 0 * * Mon', NULL, NULL, NULL, 0, NULL, NULL, 0, 1, '/tasks/stats-archiver.task'),
(5, 'Remove old Notifications', '\\Xibo\\XTR\\NotificationTidyTask', 2, 0, '{\"maxAgeDays\":\"7\",\"systemOnly\":\"1\",\"readOnly\":\"0\"}', '15 0 * * *', 1732667416, 1732667416, '# Notification Tidy\n\nConcluído\n\n', 4, 0, 0, 1, 0, '/tasks/notification-tidy.task'),
(6, 'Fetch Remote DataSets', '\\Xibo\\XTR\\RemoteDataSetFetchTask', 2, 0, '[]', '30 * * * * *', 1732701002, 1732701002, '# Fetching Remote-DataSets\n\nConcluído\n', 4, 0, 0, 1, 0, '/tasks/remote-dataset.task');

-- --------------------------------------------------------

--
-- Estrutura para tabela `transition`
--

CREATE TABLE `transition` (
  `TransitionID` int(11) NOT NULL,
  `Transition` varchar(254) NOT NULL,
  `Code` varchar(50) NOT NULL,
  `HasDuration` tinyint(4) NOT NULL,
  `HasDirection` tinyint(4) NOT NULL,
  `AvailableAsIn` tinyint(4) NOT NULL,
  `AvailableAsOut` tinyint(4) NOT NULL
) ENGINE=InnoDB DEFAULT CHARSET=utf8;

--
-- Despejando dados para a tabela `transition`
--

INSERT INTO `transition` (`TransitionID`, `Transition`, `Code`, `HasDuration`, `HasDirection`, `AvailableAsIn`, `AvailableAsOut`) VALUES
(1, 'Fade In', 'fadeIn', 1, 0, 0, 0),
(2, 'Fade Out', 'fadeOut', 1, 0, 0, 0),
(3, 'Fly', 'fly', 1, 1, 0, 0);

-- --------------------------------------------------------

--
-- Estrutura para tabela `user`
--

CREATE TABLE `user` (
  `UserID` int(11) NOT NULL,
  `usertypeid` int(8) NOT NULL,
  `UserName` varchar(50) NOT NULL,
  `UserPassword` varchar(255) NOT NULL,
  `lastaccessed` datetime DEFAULT NULL,
  `email` varchar(50) DEFAULT NULL COMMENT 'The users email address',
  `homePageId` int(11) NOT NULL DEFAULT '1' COMMENT 'The users homepage',
  `Retired` tinyint(4) NOT NULL DEFAULT '0',
  `CSPRNG` tinyint(4) NOT NULL DEFAULT '0',
  `newUserWizard` tinyint(4) NOT NULL DEFAULT '0',
  `firstName` varchar(254) DEFAULT NULL,
  `lastName` varchar(254) DEFAULT NULL,
  `phone` varchar(254) DEFAULT NULL,
  `ref1` varchar(254) DEFAULT NULL,
  `ref2` varchar(254) DEFAULT NULL,
  `ref3` varchar(254) DEFAULT NULL,
  `ref4` varchar(254) DEFAULT NULL,
  `ref5` varchar(254) DEFAULT NULL
) ENGINE=InnoDB DEFAULT CHARSET=utf8;

--
-- Despejando dados para a tabela `user`
--

INSERT INTO `user` (`UserID`, `usertypeid`, `UserName`, `UserPassword`, `lastaccessed`, `email`, `homePageId`, `Retired`, `CSPRNG`, `newUserWizard`, `firstName`, `lastName`, `phone`, `ref1`, `ref2`, `ref3`, `ref4`, `ref5`) VALUES
(1, 1, 'admin', '$2y$10$9eWR29Xdn6HQQpbuAQn9pu/oHbAlpbfzh2/3mkobUaa/OEYPdF2xa', '2024-11-28 08:48:05', NULL, 29, 0, 2, 1, NULL, NULL, NULL, NULL, NULL, NULL, NULL, NULL),
(4, 3, 'shimoda', '$2y$10$8PSvfcguf40Zb0AkpLg27Oyz6MHOoCIiHNXIi95yS5W0AGIWpTYVq', '2024-11-26 09:29:10', NULL, 24, 0, 2, 1, NULL, NULL, NULL, NULL, NULL, NULL, NULL, NULL);

-- --------------------------------------------------------

--
-- Estrutura para tabela `useroption`
--

CREATE TABLE `useroption` (
  `userId` int(11) NOT NULL,
  `option` varchar(50) NOT NULL,
  `value` text NOT NULL
) ENGINE=InnoDB DEFAULT CHARSET=utf8;

--
-- Despejando dados para a tabela `useroption`
--

INSERT INTO `useroption` (`userId`, `option`, `value`) VALUES
(1, 'applicationsGrid', '{\"time\":1696857229858,\"start\":0,\"length\":10,\"order\":[[0,\"asc\"]],\"search\":{\"search\":\"\",\"smart\":true,\"regex\":false,\"caseInsensitive\":true},\"columns\":[{\"visible\":true,\"search\":{\"search\":\"\",\"smart\":true,\"regex\":false,\"caseInsensitive\":true}},{\"visible\":true,\"search\":{\"search\":\"\",\"smart\":true,\"regex\":false,\"caseInsensitive\":true}},{\"visible\":true,\"search\":{\"search\":\"\",\"smart\":true,\"regex\":false,\"caseInsensitive\":true}}]}'),
(1, 'campaignGrid', '{\"time\":1619957933919,\"start\":0,\"length\":10,\"order\":[[0,\"asc\"]],\"search\":{\"search\":\"\",\"smart\":true,\"regex\":false,\"caseInsensitive\":true},\"columns\":[{\"visible\":true,\"search\":{\"search\":\"\",\"smart\":true,\"regex\":false,\"caseInsensitive\":true}},{\"visible\":true,\"search\":{\"search\":\"\",\"smart\":true,\"regex\":false,\"caseInsensitive\":true}},{\"visible\":true,\"search\":{\"search\":\"\",\"smart\":true,\"regex\":false,\"caseInsensitive\":true}}]}'),
(1, 'commandGrid', '{\"time\":1696857159211,\"start\":0,\"length\":10,\"order\":[[1,\"asc\"]],\"search\":{\"search\":\"\",\"smart\":true,\"regex\":false,\"caseInsensitive\":true},\"columns\":[{\"visible\":true,\"search\":{\"search\":\"\",\"smart\":true,\"regex\":false,\"caseInsensitive\":true}},{\"visible\":true,\"search\":{\"search\":\"\",\"smart\":true,\"regex\":false,\"caseInsensitive\":true}},{\"visible\":true,\"search\":{\"search\":\"\",\"smart\":true,\"regex\":false,\"caseInsensitive\":true}},{\"visible\":true,\"search\":{\"search\":\"\",\"smart\":true,\"regex\":false,\"caseInsensitive\":true}}]}'),
(1, 'dataSetColumnGrid', '{\"time\":1573215933649,\"start\":0,\"length\":10,\"order\":[[0,\"asc\"]],\"search\":{\"search\":\"\",\"smart\":true,\"regex\":false,\"caseInsensitive\":true},\"columns\":[{\"visible\":true,\"search\":{\"search\":\"\",\"smart\":true,\"regex\":false,\"caseInsensitive\":true}},{\"visible\":true,\"search\":{\"search\":\"\",\"smart\":true,\"regex\":false,\"caseInsensitive\":true}},{\"visible\":true,\"search\":{\"search\":\"\",\"smart\":true,\"regex\":false,\"caseInsensitive\":true}},{\"visible\":true,\"search\":{\"search\":\"\",\"smart\":true,\"regex\":false,\"caseInsensitive\":true}},{\"visible\":true,\"search\":{\"search\":\"\",\"smart\":true,\"regex\":false,\"caseInsensitive\":true}},{\"visible\":true,\"search\":{\"search\":\"\",\"smart\":true,\"regex\":false,\"caseInsensitive\":true}}]}'),
(1, 'dataSetGrid', '{\"time\":1703247662888,\"start\":0,\"length\":25,\"order\":[[0,\"asc\"]],\"search\":{\"search\":\"\",\"smart\":true,\"regex\":false,\"caseInsensitive\":true},\"columns\":[{\"visible\":true,\"search\":{\"search\":\"\",\"smart\":true,\"regex\":false,\"caseInsensitive\":true}},{\"visible\":true,\"search\":{\"search\":\"\",\"smart\":true,\"regex\":false,\"caseInsensitive\":true}},{\"visible\":true,\"search\":{\"search\":\"\",\"smart\":true,\"regex\":false,\"caseInsensitive\":true}},{\"visible\":true,\"search\":{\"search\":\"\",\"smart\":true,\"regex\":false,\"caseInsensitive\":true}},{\"visible\":true,\"search\":{\"search\":\"\",\"smart\":true,\"regex\":false,\"caseInsensitive\":true}},{\"visible\":true,\"search\":{\"search\":\"\",\"smart\":true,\"regex\":false,\"caseInsensitive\":true}},{\"visible\":true,\"search\":{\"search\":\"\",\"smart\":true,\"regex\":false,\"caseInsensitive\":true}},{\"visible\":true,\"search\":{\"search\":\"\",\"smart\":true,\"regex\":false,\"caseInsensitive\":true}},{\"visible\":true,\"search\":{\"search\":\"\",\"smart\":true,\"regex\":false,\"caseInsensitive\":true}}]}'),
(1, 'daypartGrid', '{\"time\":1713444727626,\"start\":0,\"length\":10,\"order\":[[1,\"asc\"]],\"search\":{\"search\":\"\",\"smart\":true,\"regex\":false,\"caseInsensitive\":true},\"columns\":[{\"visible\":true,\"search\":{\"search\":\"\",\"smart\":true,\"regex\":false,\"caseInsensitive\":true}},{\"visible\":true,\"search\":{\"search\":\"\",\"smart\":true,\"regex\":false,\"caseInsensitive\":true}},{\"visible\":true,\"search\":{\"search\":\"\",\"smart\":true,\"regex\":false,\"caseInsensitive\":true}},{\"visible\":true,\"search\":{\"search\":\"\",\"smart\":true,\"regex\":false,\"caseInsensitive\":true}},{\"visible\":true,\"search\":{\"search\":\"\",\"smart\":true,\"regex\":false,\"caseInsensitive\":true}}]}'),
(1, 'defaultDesignerZoom', '1'),
(1, 'displayGrid', '{\"time\":1732794804469,\"start\":0,\"length\":10,\"order\":[[1,\"asc\"]],\"search\":{\"search\":\"\",\"smart\":true,\"regex\":false,\"caseInsensitive\":true},\"columns\":[{\"visible\":true,\"search\":{\"search\":\"\",\"smart\":true,\"regex\":false,\"caseInsensitive\":true}},{\"visible\":true,\"search\":{\"search\":\"\",\"smart\":true,\"regex\":false,\"caseInsensitive\":true}},{\"visible\":true,\"search\":{\"search\":\"\",\"smart\":true,\"regex\":false,\"caseInsensitive\":true}},{\"visible\":true,\"search\":{\"search\":\"\",\"smart\":true,\"regex\":false,\"caseInsensitive\":true}},{\"visible\":false,\"search\":{\"search\":\"\",\"smart\":true,\"regex\":false,\"caseInsensitive\":true}},{\"visible\":false,\"search\":{\"search\":\"\",\"smart\":true,\"regex\":false,\"caseInsensitive\":true}},{\"visible\":false,\"search\":{\"search\":\"\",\"smart\":true,\"regex\":false,\"caseInsensitive\":true}},{\"visible\":false,\"search\":{\"search\":\"\",\"smart\":true,\"regex\":false,\"caseInsensitive\":true}},{\"visible\":false,\"search\":{\"search\":\"\",\"smart\":true,\"regex\":false,\"caseInsensitive\":true}},{\"visible\":false,\"search\":{\"search\":\"\",\"smart\":true,\"regex\":false,\"caseInsensitive\":true}},{\"visible\":false,\"search\":{\"search\":\"\",\"smart\":true,\"regex\":false,\"caseInsensitive\":true}},{\"visible\":false,\"search\":{\"search\":\"\",\"smart\":true,\"regex\":false,\"caseInsensitive\":true}},{\"visible\":false,\"search\":{\"search\":\"\",\"smart\":true,\"regex\":false,\"caseInsensitive\":true}},{\"visible\":true,\"search\":{\"search\":\"\",\"smart\":true,\"regex\":false,\"caseInsensitive\":true}},{\"visible\":true,\"search\":{\"search\":\"\",\"smart\":true,\"regex\":false,\"caseInsensitive\":true}},{\"visible\":false,\"search\":{\"search\":\"\",\"smart\":true,\"regex\":false,\"caseInsensitive\":true}},{\"visible\":false,\"search\":{\"search\":\"\",\"smart\":true,\"regex\":false,\"caseInsensitive\":true}},{\"visible\":false,\"search\":{\"search\":\"\",\"smart\":true,\"regex\":false,\"caseInsensitive\":true}},{\"visible\":false,\"search\":{\"search\":\"\",\"smart\":true,\"regex\":false,\"caseInsensitive\":true}},{\"visible\":true,\"search\":{\"search\":\"\",\"smart\":true,\"regex\":false,\"caseInsensitive\":true}},{\"visible\":false,\"search\":{\"search\":\"\",\"smart\":true,\"regex\":false,\"caseInsensitive\":true}},{\"visible\":false,\"search\":{\"search\":\"\",\"smart\":true,\"regex\":false,\"caseInsensitive\":true}},{\"visible\":false,\"search\":{\"search\":\"\",\"smart\":true,\"regex\":false,\"caseInsensitive\":true}},{\"visible\":false,\"search\":{\"search\":\"\",\"smart\":true,\"regex\":false,\"caseInsensitive\":true}},{\"visible\":false,\"search\":{\"search\":\"\",\"smart\":true,\"regex\":false,\"caseInsensitive\":true}},{\"visible\":true,\"search\":{\"search\":\"\",\"smart\":true,\"regex\":false,\"caseInsensitive\":true}}]}'),
(1, 'displayGroupGrid', '{\"time\":1608052130912,\"start\":0,\"length\":10,\"order\":[[1,\"asc\"]],\"search\":{\"search\":\"\",\"smart\":true,\"regex\":false,\"caseInsensitive\":true},\"columns\":[{\"visible\":true,\"search\":{\"search\":\"\",\"smart\":true,\"regex\":false,\"caseInsensitive\":true}},{\"visible\":true,\"search\":{\"search\":\"\",\"smart\":true,\"regex\":false,\"caseInsensitive\":true}},{\"visible\":true,\"search\":{\"search\":\"\",\"smart\":true,\"regex\":false,\"caseInsensitive\":true}},{\"visible\":true,\"search\":{\"search\":\"\",\"smart\":true,\"regex\":false,\"caseInsensitive\":true}},{\"visible\":true,\"search\":{\"search\":\"\",\"smart\":true,\"regex\":false,\"caseInsensitive\":true}},{\"visible\":true,\"search\":{\"search\":\"\",\"smart\":true,\"regex\":false,\"caseInsensitive\":true}},{\"visible\":true,\"search\":{\"search\":\"\",\"smart\":true,\"regex\":false,\"caseInsensitive\":true}}]}'),
(1, 'displayProfileGrid', '{\"time\":1608052046377,\"start\":0,\"length\":10,\"order\":[[1,\"asc\"]],\"search\":{\"search\":\"\",\"smart\":true,\"regex\":false,\"caseInsensitive\":true},\"columns\":[{\"visible\":true,\"search\":{\"search\":\"\",\"smart\":true,\"regex\":false,\"caseInsensitive\":true}},{\"visible\":true,\"search\":{\"search\":\"\",\"smart\":true,\"regex\":false,\"caseInsensitive\":true}},{\"visible\":true,\"search\":{\"search\":\"\",\"smart\":true,\"regex\":false,\"caseInsensitive\":true}},{\"visible\":true,\"search\":{\"search\":\"\",\"smart\":true,\"regex\":false,\"caseInsensitive\":true}}]}'),
(1, 'hideControls', 'false'),
(1, 'layoutGrid', '{\"time\":1713444664790,\"start\":0,\"length\":25,\"order\":[[3,\"desc\"]],\"search\":{\"search\":\"\",\"smart\":true,\"regex\":false,\"caseInsensitive\":true},\"columns\":[{\"visible\":true,\"search\":{\"search\":\"\",\"smart\":true,\"regex\":false,\"caseInsensitive\":true}},{\"visible\":true,\"search\":{\"search\":\"\",\"smart\":true,\"regex\":false,\"caseInsensitive\":true}},{\"visible\":true,\"search\":{\"search\":\"\",\"smart\":true,\"regex\":false,\"caseInsensitive\":true}},{\"visible\":true,\"search\":{\"search\":\"\",\"smart\":true,\"regex\":false,\"caseInsensitive\":true}},{\"visible\":false,\"search\":{\"search\":\"\",\"smart\":true,\"regex\":false,\"caseInsensitive\":true}},{\"visible\":true,\"search\":{\"search\":\"\",\"smart\":true,\"regex\":false,\"caseInsensitive\":true}},{\"visible\":true,\"search\":{\"search\":\"\",\"smart\":true,\"regex\":false,\"caseInsensitive\":true}},{\"visible\":true,\"search\":{\"search\":\"\",\"smart\":true,\"regex\":false,\"caseInsensitive\":true}},{\"visible\":true,\"search\":{\"search\":\"\",\"smart\":true,\"regex\":false,\"caseInsensitive\":true}},{\"visible\":false,\"search\":{\"search\":\"\",\"smart\":true,\"regex\":false,\"caseInsensitive\":true}},{\"visible\":false,\"search\":{\"search\":\"\",\"smart\":true,\"regex\":false,\"caseInsensitive\":true}},{\"visible\":true,\"search\":{\"search\":\"\",\"smart\":true,\"regex\":false,\"caseInsensitive\":true}}]}'),
(1, 'libraryGrid', '{\"time\":1713444713155,\"start\":0,\"length\":10,\"order\":[[1,\"asc\"]],\"search\":{\"search\":\"\",\"smart\":true,\"regex\":false,\"caseInsensitive\":true},\"columns\":[{\"visible\":true,\"search\":{\"search\":\"\",\"smart\":true,\"regex\":false,\"caseInsensitive\":true}},{\"visible\":true,\"search\":{\"search\":\"\",\"smart\":true,\"regex\":false,\"caseInsensitive\":true}},{\"visible\":true,\"search\":{\"search\":\"\",\"smart\":true,\"regex\":false,\"caseInsensitive\":true}},{\"visible\":false,\"search\":{\"search\":\"\",\"smart\":true,\"regex\":false,\"caseInsensitive\":true}},{\"visible\":true,\"search\":{\"search\":\"\",\"smart\":true,\"regex\":false,\"caseInsensitive\":true}},{\"visible\":true,\"search\":{\"search\":\"\",\"smart\":true,\"regex\":false,\"caseInsensitive\":true}},{\"visible\":false,\"search\":{\"search\":\"\",\"smart\":true,\"regex\":false,\"caseInsensitive\":true}},{\"visible\":true,\"search\":{\"search\":\"\",\"smart\":true,\"regex\":false,\"caseInsensitive\":true}},{\"visible\":false,\"search\":{\"search\":\"\",\"smart\":true,\"regex\":false,\"caseInsensitive\":true}},{\"visible\":true,\"search\":{\"search\":\"\",\"smart\":true,\"regex\":false,\"caseInsensitive\":true}},{\"visible\":true,\"search\":{\"search\":\"\",\"smart\":true,\"regex\":false,\"caseInsensitive\":true}},{\"visible\":false,\"search\":{\"search\":\"\",\"smart\":true,\"regex\":false,\"caseInsensitive\":true}},{\"visible\":true,\"search\":{\"search\":\"\",\"smart\":true,\"regex\":false,\"caseInsensitive\":true}},{\"visible\":false,\"search\":{\"search\":\"\",\"smart\":true,\"regex\":false,\"caseInsensitive\":true}},{\"visible\":false,\"search\":{\"search\":\"\",\"smart\":true,\"regex\":false,\"caseInsensitive\":true}},{\"visible\":true,\"search\":{\"search\":\"\",\"smart\":true,\"regex\":false,\"caseInsensitive\":true}}]}'),
(1, 'lockPosition', 'false'),
(1, 'moduleGrid', '{\"time\":1703094433417,\"start\":0,\"length\":10,\"order\":[[0,\"asc\"]],\"search\":{\"search\":\"\",\"smart\":true,\"regex\":false,\"caseInsensitive\":true},\"columns\":[{\"visible\":true,\"search\":{\"search\":\"\",\"smart\":true,\"regex\":false,\"caseInsensitive\":true}},{\"visible\":true,\"search\":{\"search\":\"\",\"smart\":true,\"regex\":false,\"caseInsensitive\":true}},{\"visible\":true,\"search\":{\"search\":\"\",\"smart\":true,\"regex\":false,\"caseInsensitive\":true}},{\"visible\":true,\"search\":{\"search\":\"\",\"smart\":true,\"regex\":false,\"caseInsensitive\":true}},{\"visible\":true,\"search\":{\"search\":\"\",\"smart\":true,\"regex\":false,\"caseInsensitive\":true}},{\"visible\":true,\"search\":{\"search\":\"\",\"smart\":true,\"regex\":false,\"caseInsensitive\":true}},{\"visible\":true,\"search\":{\"search\":\"\",\"smart\":true,\"regex\":false,\"caseInsensitive\":true}},{\"visible\":true,\"search\":{\"search\":\"\",\"smart\":true,\"regex\":false,\"caseInsensitive\":true}},{\"visible\":true,\"search\":{\"search\":\"\",\"smart\":true,\"regex\":false,\"caseInsensitive\":true}},{\"visible\":true,\"search\":{\"search\":\"\",\"smart\":true,\"regex\":false,\"caseInsensitive\":true}}]}'),
(1, 'resolutionGrid', '{\"time\":1703088042225,\"start\":0,\"length\":10,\"order\":[[1,\"asc\"]],\"search\":{\"search\":\"\",\"smart\":true,\"regex\":false,\"caseInsensitive\":true},\"columns\":[{\"visible\":true,\"search\":{\"search\":\"\",\"smart\":true,\"regex\":false,\"caseInsensitive\":true}},{\"visible\":true,\"search\":{\"search\":\"\",\"smart\":true,\"regex\":false,\"caseInsensitive\":true}},{\"visible\":true,\"search\":{\"search\":\"\",\"smart\":true,\"regex\":false,\"caseInsensitive\":true}},{\"visible\":true,\"search\":{\"search\":\"\",\"smart\":true,\"regex\":false,\"caseInsensitive\":true}},{\"visible\":true,\"search\":{\"search\":\"\",\"smart\":true,\"regex\":false,\"caseInsensitive\":true}},{\"visible\":true,\"search\":{\"search\":\"\",\"smart\":true,\"regex\":false,\"caseInsensitive\":true}}]}'),
(1, 'templateGrid', '{\"time\":1703088607756,\"start\":0,\"length\":10,\"order\":[[1,\"asc\"]],\"search\":{\"search\":\"\",\"smart\":true,\"regex\":false,\"caseInsensitive\":true},\"columns\":[{\"visible\":true,\"search\":{\"search\":\"\",\"smart\":true,\"regex\":false,\"caseInsensitive\":true}},{\"visible\":true,\"search\":{\"search\":\"\",\"smart\":true,\"regex\":false,\"caseInsensitive\":true}},{\"visible\":true,\"search\":{\"search\":\"\",\"smart\":true,\"regex\":false,\"caseInsensitive\":true}},{\"visible\":false,\"search\":{\"search\":\"\",\"smart\":true,\"regex\":false,\"caseInsensitive\":true}},{\"visible\":true,\"search\":{\"search\":\"\",\"smart\":true,\"regex\":false,\"caseInsensitive\":true}},{\"visible\":true,\"search\":{\"search\":\"\",\"smart\":true,\"regex\":false,\"caseInsensitive\":true}},{\"visible\":true,\"search\":{\"search\":\"\",\"smart\":true,\"regex\":false,\"caseInsensitive\":true}}]}'),
(1, 'userGrid', '{\"time\":1696857835028,\"start\":0,\"length\":10,\"order\":[[0,\"asc\"]],\"search\":{\"search\":\"\",\"smart\":true,\"regex\":false,\"caseInsensitive\":true},\"columns\":[{\"visible\":true,\"search\":{\"search\":\"\",\"smart\":true,\"regex\":false,\"caseInsensitive\":true}},{\"visible\":true,\"search\":{\"search\":\"\",\"smart\":true,\"regex\":false,\"caseInsensitive\":true}},{\"visible\":true,\"search\":{\"search\":\"\",\"smart\":true,\"regex\":false,\"caseInsensitive\":true}},{\"visible\":true,\"search\":{\"search\":\"\",\"smart\":true,\"regex\":false,\"caseInsensitive\":true}},{\"visible\":false,\"search\":{\"search\":\"\",\"smart\":true,\"regex\":false,\"caseInsensitive\":true}},{\"visible\":false,\"search\":{\"search\":\"\",\"smart\":true,\"regex\":false,\"caseInsensitive\":true}},{\"visible\":true,\"search\":{\"search\":\"\",\"smart\":true,\"regex\":false,\"caseInsensitive\":true}},{\"visible\":false,\"search\":{\"search\":\"\",\"smart\":true,\"regex\":false,\"caseInsensitive\":true}},{\"visible\":false,\"search\":{\"search\":\"\",\"smart\":true,\"regex\":false,\"caseInsensitive\":true}},{\"visible\":false,\"search\":{\"search\":\"\",\"smart\":true,\"regex\":false,\"caseInsensitive\":true}},{\"visible\":false,\"search\":{\"search\":\"\",\"smart\":true,\"regex\":false,\"caseInsensitive\":true}},{\"visible\":false,\"search\":{\"search\":\"\",\"smart\":true,\"regex\":false,\"caseInsensitive\":true}},{\"visible\":false,\"search\":{\"search\":\"\",\"smart\":true,\"regex\":false,\"caseInsensitive\":true}},{\"visible\":false,\"search\":{\"search\":\"\",\"smart\":true,\"regex\":false,\"caseInsensitive\":true}},{\"visible\":false,\"search\":{\"search\":\"\",\"smart\":true,\"regex\":false,\"caseInsensitive\":true}},{\"visible\":true,\"search\":{\"search\":\"\",\"smart\":true,\"regex\":false,\"caseInsensitive\":true}}]}'),
(4, 'dataSetColumnGrid', '{\"time\":1730219273577,\"start\":0,\"length\":10,\"order\":[[0,\"asc\"]],\"search\":{\"search\":\"\",\"smart\":true,\"regex\":false,\"caseInsensitive\":true},\"columns\":[{\"visible\":true,\"search\":{\"search\":\"\",\"smart\":true,\"regex\":false,\"caseInsensitive\":true}},{\"visible\":true,\"search\":{\"search\":\"\",\"smart\":true,\"regex\":false,\"caseInsensitive\":true}},{\"visible\":true,\"search\":{\"search\":\"\",\"smart\":true,\"regex\":false,\"caseInsensitive\":true}},{\"visible\":true,\"search\":{\"search\":\"\",\"smart\":true,\"regex\":false,\"caseInsensitive\":true}},{\"visible\":true,\"search\":{\"search\":\"\",\"smart\":true,\"regex\":false,\"caseInsensitive\":true}},{\"visible\":true,\"search\":{\"search\":\"\",\"smart\":true,\"regex\":false,\"caseInsensitive\":true}}]}'),
(4, 'dataSetGrid', '{\"time\":1730487156553,\"start\":0,\"length\":10,\"order\":[[2,\"asc\"]],\"search\":{\"search\":\"\",\"smart\":true,\"regex\":false,\"caseInsensitive\":true},\"columns\":[{\"visible\":true,\"search\":{\"search\":\"\",\"smart\":true,\"regex\":false,\"caseInsensitive\":true}},{\"visible\":true,\"search\":{\"search\":\"\",\"smart\":true,\"regex\":false,\"caseInsensitive\":true}},{\"visible\":true,\"search\":{\"search\":\"\",\"smart\":true,\"regex\":false,\"caseInsensitive\":true}},{\"visible\":true,\"search\":{\"search\":\"\",\"smart\":true,\"regex\":false,\"caseInsensitive\":true}},{\"visible\":true,\"search\":{\"search\":\"\",\"smart\":true,\"regex\":false,\"caseInsensitive\":true}},{\"visible\":true,\"search\":{\"search\":\"\",\"smart\":true,\"regex\":false,\"caseInsensitive\":true}},{\"visible\":true,\"search\":{\"search\":\"\",\"smart\":true,\"regex\":false,\"caseInsensitive\":true}},{\"visible\":true,\"search\":{\"search\":\"\",\"smart\":true,\"regex\":false,\"caseInsensitive\":true}},{\"visible\":true,\"search\":{\"search\":\"\",\"smart\":true,\"regex\":false,\"caseInsensitive\":true}}]}'),
(4, 'layoutGrid', '{\"time\":1730219002209,\"start\":0,\"length\":10,\"order\":[[1,\"asc\"]],\"search\":{\"search\":\"\",\"smart\":true,\"regex\":false,\"caseInsensitive\":true},\"columns\":[{\"visible\":true,\"search\":{\"search\":\"\",\"smart\":true,\"regex\":false,\"caseInsensitive\":true}},{\"visible\":true,\"search\":{\"search\":\"\",\"smart\":true,\"regex\":false,\"caseInsensitive\":true}},{\"visible\":true,\"search\":{\"search\":\"\",\"smart\":true,\"regex\":false,\"caseInsensitive\":true}},{\"visible\":true,\"search\":{\"search\":\"\",\"smart\":true,\"regex\":false,\"caseInsensitive\":true}},{\"visible\":false,\"search\":{\"search\":\"\",\"smart\":true,\"regex\":false,\"caseInsensitive\":true}},{\"visible\":true,\"search\":{\"search\":\"\",\"smart\":true,\"regex\":false,\"caseInsensitive\":true}},{\"visible\":true,\"search\":{\"search\":\"\",\"smart\":true,\"regex\":false,\"caseInsensitive\":true}},{\"visible\":true,\"search\":{\"search\":\"\",\"smart\":true,\"regex\":false,\"caseInsensitive\":true}},{\"visible\":true,\"search\":{\"search\":\"\",\"smart\":true,\"regex\":false,\"caseInsensitive\":true}},{\"visible\":false,\"search\":{\"search\":\"\",\"smart\":true,\"regex\":false,\"caseInsensitive\":true}},{\"visible\":false,\"search\":{\"search\":\"\",\"smart\":true,\"regex\":false,\"caseInsensitive\":true}},{\"visible\":true,\"search\":{\"search\":\"\",\"smart\":true,\"regex\":false,\"caseInsensitive\":true}}]}'),
(4, 'libraryGrid', '{\"time\":1730220143763,\"start\":0,\"length\":10,\"order\":[[1,\"asc\"]],\"search\":{\"search\":\"\",\"smart\":true,\"regex\":false,\"caseInsensitive\":true},\"columns\":[{\"visible\":true,\"search\":{\"search\":\"\",\"smart\":true,\"regex\":false,\"caseInsensitive\":true}},{\"visible\":true,\"search\":{\"search\":\"\",\"smart\":true,\"regex\":false,\"caseInsensitive\":true}},{\"visible\":true,\"search\":{\"search\":\"\",\"smart\":true,\"regex\":false,\"caseInsensitive\":true}},{\"visible\":false,\"search\":{\"search\":\"\",\"smart\":true,\"regex\":false,\"caseInsensitive\":true}},{\"visible\":true,\"search\":{\"search\":\"\",\"smart\":true,\"regex\":false,\"caseInsensitive\":true}},{\"visible\":true,\"search\":{\"search\":\"\",\"smart\":true,\"regex\":false,\"caseInsensitive\":true}},{\"visible\":false,\"search\":{\"search\":\"\",\"smart\":true,\"regex\":false,\"caseInsensitive\":true}},{\"visible\":true,\"search\":{\"search\":\"\",\"smart\":true,\"regex\":false,\"caseInsensitive\":true}},{\"visible\":false,\"search\":{\"search\":\"\",\"smart\":true,\"regex\":false,\"caseInsensitive\":true}},{\"visible\":true,\"search\":{\"search\":\"\",\"smart\":true,\"regex\":false,\"caseInsensitive\":true}},{\"visible\":true,\"search\":{\"search\":\"\",\"smart\":true,\"regex\":false,\"caseInsensitive\":true}},{\"visible\":false,\"search\":{\"search\":\"\",\"smart\":true,\"regex\":false,\"caseInsensitive\":true}},{\"visible\":true,\"search\":{\"search\":\"\",\"smart\":true,\"regex\":false,\"caseInsensitive\":true}},{\"visible\":false,\"search\":{\"search\":\"\",\"smart\":true,\"regex\":false,\"caseInsensitive\":true}},{\"visible\":false,\"search\":{\"search\":\"\",\"smart\":true,\"regex\":false,\"caseInsensitive\":true}},{\"visible\":true,\"search\":{\"search\":\"\",\"smart\":true,\"regex\":false,\"caseInsensitive\":true}}]}'),
(4, 'lockPosition', 'true');

-- --------------------------------------------------------

--
-- Estrutura para tabela `usertype`
--

CREATE TABLE `usertype` (
  `usertypeid` int(8) NOT NULL,
  `usertype` varchar(16) NOT NULL
) ENGINE=InnoDB DEFAULT CHARSET=utf8;

--
-- Despejando dados para a tabela `usertype`
--

INSERT INTO `usertype` (`usertypeid`, `usertype`) VALUES
(1, 'Super Admin'),
(2, 'Group Admin'),
(3, 'User');

-- --------------------------------------------------------

--
-- Estrutura para tabela `version`
--

CREATE TABLE `version` (
  `app_ver` varchar(20) DEFAULT NULL,
  `XmdsVersion` smallint(6) NOT NULL,
  `XlfVersion` smallint(6) NOT NULL,
  `DBVersion` int(11) NOT NULL DEFAULT '1'
) ENGINE=InnoDB DEFAULT CHARSET=utf8 COMMENT='Version information';

--
-- Despejando dados para a tabela `version`
--

INSERT INTO `version` (`app_ver`, `XmdsVersion`, `XlfVersion`, `DBVersion`) VALUES
('1.8.9', 5, 2, 140);

-- --------------------------------------------------------

--
-- Estrutura para tabela `widget`
--

CREATE TABLE `widget` (
  `widgetId` int(11) NOT NULL,
  `playlistId` int(11) NOT NULL,
  `ownerId` int(11) NOT NULL,
  `type` varchar(50) NOT NULL,
  `duration` int(11) NOT NULL,
  `displayOrder` int(11) NOT NULL,
  `useDuration` int(4) NOT NULL DEFAULT '1',
  `calculatedDuration` int(4) NOT NULL,
  `createdDt` int(11) NOT NULL,
  `modifiedDt` int(11) NOT NULL
) ENGINE=InnoDB DEFAULT CHARSET=utf8;

--
-- Despejando dados para a tabela `widget`
--

INSERT INTO `widget` (`widgetId`, `playlistId`, `ownerId`, `type`, `duration`, `displayOrder`, `useDuration`, `calculatedDuration`, `createdDt`, `modifiedDt`) VALUES
(1, 1, 1, 'text', 15, 1, 1, 15, 1562343262, 1562343523),
(2, 2, 1, 'text', 10, 1, 1, 10, 1562343262, 1562343504),
(3, 3, 1, 'ticker', 20, 1, 1, 20, 1562343781, 1572369517),
(4, 4, 1, 'ticker', 20, 1, 1, 20, 1562343781, 1572369529),
(5, 5, 1, 'text', 1, 1, 0, 0, 1562343781, 1572369518),
(7, 7, 1, 'text', 1, 1, 0, 0, 1562343796, 1572369332),
(8, 8, 1, 'ticker', 20, 1, 1, 20, 1562343796, 1703094524),
(9, 9, 1, 'text', 1, 1, 0, 0, 1562343796, 1572369332),
(12, 12, 1, 'ticker', 20, 1, 1, 20, 1562343812, 1572696895),
(13, 13, 1, 'text', 20, 1, 1, 20, 1562343812, 1572370748),
(16, 16, 1, 'ticker', 30, 1, 0, 5, 1562343842, 1569433120),
(17, 17, 1, 'text', 1, 1, 0, 5, 1562343842, 1569433120),
(19, 19, 1, 'ticker', 30, 1, 0, 5, 1562343867, 1568630565),
(20, 20, 1, 'text', 1, 1, 0, 5, 1562343867, 1568630565),
(22, 22, 1, 'ticker', 30, 1, 0, 5, 1562343877, 1562344250),
(23, 23, 1, 'text', 1, 1, 0, 5, 1562343877, 1572371692),
(27, 28, 1, 'ticker', 15, 1, 0, 5, 1569432674, 1569432700),
(29, 30, 1, 'ticker', 5, 1, 0, 5, 1569432683, 1569592253),
(30, 32, 1, 'forecastio', 5, 1, 1, 5, 1569433016, 1569433315),
(36, 35, 1, 'ticker', 5, 1, 0, 5, 1572357635, 1572369895),
(38, 25, 1, 'image', 10, 1, 0, 0, 1572366998, 1572369518),
(39, 26, 1, 'image', 20, 1, 1, 20, 1572367358, 1572370760),
(42, 39, 1, 'text', 1, 1, 0, 0, 1562343796, 1572369280),
(43, 38, 1, 'ticker', 20, 1, 1, 20, 1572368276, 1578489334),
(44, 41, 1, 'image', 10, 1, 0, 0, 1572369098, 1572369196),
(46, 42, 1, 'image', 10, 1, 0, 0, 1572369357, 1572369357),
(47, 36, 1, 'image', 10, 1, 0, 10, 1572369821, 1572369895),
(48, 43, 1, 'image', 10, 1, 0, 10, 1572371754, 1572371756),
(49, 47, 1, 'video', 16, 1, 0, 16, 1572998959, 1572999240),
(57, 52, 1, 'video', 5, 1, 0, 5, 1574348332, 1574348336),
(58, 53, 1, 'video', 5, 1, 0, 5, 1574348405, 1608209470),
(161, 48, 1, 'video', 12, 1, 0, 24, 1617718396, 1619957420),
(162, 49, 1, 'video', 12, 1, 0, 12, 1617718454, 1617718468),
(163, 50, 1, 'video', 12, 1, 0, 12, 1617718493, 1617718683),
(164, 54, 1, 'ticker', 20, 1, 1, 20, 1562343781, 1700052195),
(165, 55, 1, 'ticker', 20, 1, 1, 20, 1562343781, 1700052195),
(166, 56, 1, 'text', 1, 1, 0, 0, 1562343781, 1700052195),
(167, 57, 1, 'image', 10, 1, 0, 0, 1572366998, 1700052195);

-- --------------------------------------------------------

--
-- Estrutura para tabela `widgetoption`
--

CREATE TABLE `widgetoption` (
  `widgetId` int(11) NOT NULL,
  `type` varchar(50) NOT NULL,
  `option` varchar(254) NOT NULL,
  `value` text
) ENGINE=InnoDB DEFAULT CHARSET=utf8;

--
-- Despejando dados para a tabela `widgetoption`
--

INSERT INTO `widgetoption` (`widgetId`, `type`, `option`, `value`) VALUES
(1, 'attrib', 'backgroundColor', NULL),
(1, 'attrib', 'direction', 'none'),
(1, 'attrib', 'effect', 'none'),
(1, 'attrib', 'fitText', '0'),
(1, 'attrib', 'marqueeInlineSelector', NULL),
(1, 'attrib', 'name', NULL),
(1, 'attrib', 'scrollSpeed', '2'),
(1, 'attrib', 'speed', NULL),
(1, 'attrib', 'xmds', '1'),
(1, 'cdata', 'javaScript', ''),
(1, 'cdata', 'text', '<p style=\"text-align: center;\"><span style=\"font-size:168px;\"><strong><span style=\"font-family:arial,helvetica,sans-serif;\"><span style=\"color:#FFFFFF;\">Tabela VB</span></span></strong></span></p>\r\n\r\n<p style=\"text-align: center;\"><span style=\"font-size:80px;\"><span style=\"font-family:arial,helvetica,sans-serif;\"><span style=\"color:#FFFFFF;\">Digital Signage</span></span></span></p>\r\n\r\n<p style=\"text-align: center;\"><span style=\"font-size:48px;\"><span style=\"color:#D3D3D3;\"><span style=\"font-family:arial,helvetica,sans-serif;\">This is the default layout - please feel free to change it whenever you like.</span></span></span></p>\r\n'),
(2, 'attrib', 'direction', 'none'),
(2, 'attrib', 'fitText', '0'),
(2, 'attrib', 'scrollSpeed', '2'),
(2, 'attrib', 'xmds', '1'),
(2, 'cdata', 'text', '<p style=\"text-align: right;\"><span style=\"font-size:96px;\"><span style=\"font-family:arial,helvetica,sans-serif;\"><span style=\"color:#D3D3D3;\">[Clock]</span></span></span></p>\n'),
(3, 'attrib', 'allowedAttributes', NULL),
(3, 'attrib', 'backgroundColor', NULL),
(3, 'attrib', 'copyright', NULL),
(3, 'attrib', 'dataSetId', '2'),
(3, 'attrib', 'dateFormat', NULL),
(3, 'attrib', 'disableDateSort', '0'),
(3, 'attrib', 'durationIsPerItem', '1'),
(3, 'attrib', 'effect', 'fade'),
(3, 'attrib', 'filter', NULL),
(3, 'attrib', 'filterClauses', '[{\"filterClause\":\"Produto\",\"filterClauseOperator\":\"AND\",\"filterClauseCriteria\":\"starts-with\",\"filterClauseValue\":\"\"},{\"filterClause\":\"Preco\",\"filterClauseOperator\":\"AND\",\"filterClauseCriteria\":\"starts-with\",\"filterClauseValue\":\"\"}]'),
(3, 'attrib', 'itemsPerPage', '12'),
(3, 'attrib', 'itemsSideBySide', '0'),
(3, 'attrib', 'lowerLimit', '0'),
(3, 'attrib', 'name', NULL),
(3, 'attrib', 'numItems', NULL),
(3, 'attrib', 'orderClauses', '[{\"orderClause\":\"Produto\",\"orderClauseDirection\":\"ASC\"}]'),
(3, 'attrib', 'ordering', NULL),
(3, 'attrib', 'overrideTemplate', '0'),
(3, 'attrib', 'randomiseItems', '0'),
(3, 'attrib', 'sourceId', '2'),
(3, 'attrib', 'speed', '3'),
(3, 'attrib', 'stripTags', NULL),
(3, 'attrib', 'takeItemsFrom', NULL),
(3, 'attrib', 'templateId', NULL),
(3, 'attrib', 'textDirection', NULL),
(3, 'attrib', 'updateInterval', '1'),
(3, 'attrib', 'upperLimit', '0'),
(3, 'attrib', 'uri', ''),
(3, 'attrib', 'useFilteringClause', '0'),
(3, 'attrib', 'useOrderingClause', '0'),
(3, 'attrib', 'xmds', '1'),
(3, 'cdata', 'css', NULL),
(3, 'cdata', 'javaScript', ''),
(3, 'cdata', 'noDataMessage', '<p><span style=\"font-size: 48px;\"><span style=\"color: #ffffff;\">No Data returned from the source</span></span></p>\r\n'),
(3, 'cdata', 'template', '<table border=\"1\" cellpadding=\"0\" cellspacing=\"0\" height=\"62\" tr=\"\" width=\"100%\">\r\n	<tbody>\r\n		<tr>\r\n			<td height=\"58\" style=\"background-color:rgba(0,0,0, 0.6);\" width=\"768\"><span style=\"font-size:44px;\"><strong><span style=\"color:#FFFFFF;\"><span style=\"padding:0px 0px 0px 15px;\">[Produto] Kg</span></span></strong></span></td>\r\n			<td height=\"58\" style=\"background-color:rgba(0,0,0, 0.6);\" width=\"250\"><span style=\"font-size:44px;\"><strong><span style=\"color:#FFFFFF;\"><span style=\"padding:0px 0px 0px 15px;\">R$ [Preco]</span></span></strong></span></td>\r\n		</tr>\r\n	</tbody>\r\n</table>\r\n'),
(3, 'raw', 'template', '<table border=\"1\" cellpadding=\"0\" cellspacing=\"0\" height=\"62\" tr=\"\" width=\"100%\">\n	<tbody>\n		<tr>\n			<td height=\"58\" style=\"background-color:rgba(0,0,0, 0.6);\" width=\"768\"><span style=\"font-size:44px;\"><strong><span style=\"color:#FFFFFF;\"><span style=\"padding:0px 0px 0px 15px;\">[Produto] Kg</span></span></strong></span></td>\n			<td height=\"58\" style=\"background-color:rgba(0,0,0, 0.6);\" width=\"250\"><span style=\"font-size:44px;\"><strong><span style=\"color:#FFFFFF;\"><span style=\"padding:0px 0px 0px 15px;\">R$ [Preco]</span></span></strong></span></td>\n		</tr>\n	</tbody>\n</table>\n'),
(4, 'attrib', 'allowedAttributes', NULL),
(4, 'attrib', 'backgroundColor', NULL),
(4, 'attrib', 'copyright', NULL),
(4, 'attrib', 'dataSetId', '1'),
(4, 'attrib', 'dateFormat', NULL),
(4, 'attrib', 'disableDateSort', '0'),
(4, 'attrib', 'durationIsPerItem', '1'),
(4, 'attrib', 'effect', 'fade'),
(4, 'attrib', 'filter', NULL),
(4, 'attrib', 'filterClauses', '[]'),
(4, 'attrib', 'itemsPerPage', '12'),
(4, 'attrib', 'itemsSideBySide', '0'),
(4, 'attrib', 'lowerLimit', '0'),
(4, 'attrib', 'name', NULL),
(4, 'attrib', 'numItems', NULL),
(4, 'attrib', 'orderClauses', '[{\"orderClause\":\"Produto\",\"orderClauseDirection\":\"ASC\"}]'),
(4, 'attrib', 'ordering', NULL),
(4, 'attrib', 'overrideTemplate', '0'),
(4, 'attrib', 'randomiseItems', '0'),
(4, 'attrib', 'sourceId', '2'),
(4, 'attrib', 'speed', '3'),
(4, 'attrib', 'stripTags', NULL),
(4, 'attrib', 'takeItemsFrom', NULL),
(4, 'attrib', 'templateId', NULL),
(4, 'attrib', 'textDirection', NULL),
(4, 'attrib', 'updateInterval', '1'),
(4, 'attrib', 'upperLimit', '0'),
(4, 'attrib', 'uri', ''),
(4, 'attrib', 'useFilteringClause', '0'),
(4, 'attrib', 'useOrderingClause', '0'),
(4, 'attrib', 'xmds', '1'),
(4, 'cdata', 'css', NULL),
(4, 'cdata', 'javaScript', ''),
(4, 'cdata', 'noDataMessage', '<p><span style=\"font-size: 48px;\"><span style=\"color: #ffffff;\">No Data returned from the source</span></span></p>\r\n'),
(4, 'cdata', 'template', '<table border=\"1\" cellpadding=\"0\" cellspacing=\"0\" height=\"62\" tr=\"\" width=\"100%\">\r\n	<tbody>\r\n		<tr>\r\n			<td height=\"58\" style=\"background-color:rgba(0,0,0, 0.6);\" width=\"768\"><span style=\"font-size:44px;\"><strong><span style=\"color:#FFFFFF;\"><span style=\"padding:0px 0px 0px 15px;\">[Produto] Kg</span></span></strong></span></td>\r\n			<td height=\"58\" style=\"background-color:rgba(0,0,0, 0.6);\" width=\"250\"><span style=\"font-size:44px;\"><strong><span style=\"color:#FFFFFF;\"><span style=\"padding:0px 0px 0px 15px;\">R$ [Preco]</span></span></strong></span></td>\r\n		</tr>\r\n	</tbody>\r\n</table>\r\n'),
(4, 'raw', 'template', '<table border=\"1\" cellpadding=\"0\" cellspacing=\"0\" height=\"62\" tr=\"\" width=\"100%\">\n	<tbody>\n		<tr>\n			<td height=\"58\" style=\"background-color:rgba(0,0,0, 0.6);\" width=\"768\"><span style=\"font-size:44px;\"><strong><span style=\"color:#FFFFFF;\"><span style=\"padding:0px 0px 0px 15px;\">[Produto] Kg</span></span></strong></span></td>\n			<td height=\"58\" style=\"background-color:rgba(0,0,0, 0.6);\" width=\"250\"><span style=\"font-size:44px;\"><strong><span style=\"color:#FFFFFF;\"><span style=\"padding:0px 0px 0px 15px;\">R$ [Preco]</span></span></strong></span></td>\n		</tr>\n	</tbody>\n</table>\n'),
(5, 'attrib', 'effect', 'none'),
(5, 'attrib', 'xmds', '1'),
(5, 'cdata', 'text', '<p><span style=\"color:#FFFFFF;\"><strong><span style=\"font-size:128px;text-shadow:2px 2px 8px #000;\">Cortes Bovinos</span></strong></span></p>\n'),
(7, 'attrib', 'effect', 'none'),
(7, 'attrib', 'xmds', '1'),
(7, 'cdata', 'text', '<p><span style=\"color:#000000;\"><span style=\"font-size: 48px;\">.</span></span></p>\n'),
(8, 'attrib', 'allowedAttributes', NULL),
(8, 'attrib', 'backgroundColor', NULL),
(8, 'attrib', 'copyright', NULL),
(8, 'attrib', 'dataSetId', '3'),
(8, 'attrib', 'dateFormat', NULL),
(8, 'attrib', 'disableDateSort', '0'),
(8, 'attrib', 'durationIsPerItem', '1'),
(8, 'attrib', 'effect', 'none'),
(8, 'attrib', 'filter', NULL),
(8, 'attrib', 'filterClauses', '[{\"filterClause\":\"Produto\",\"filterClauseOperator\":\"AND\",\"filterClauseCriteria\":\"starts-with\",\"filterClauseValue\":\"\"}]'),
(8, 'attrib', 'itemsPerPage', '12'),
(8, 'attrib', 'itemsSideBySide', '0'),
(8, 'attrib', 'lowerLimit', '0'),
(8, 'attrib', 'name', 'SUINO'),
(8, 'attrib', 'numItems', NULL),
(8, 'attrib', 'orderClauses', '[]'),
(8, 'attrib', 'ordering', NULL),
(8, 'attrib', 'overrideTemplate', '0'),
(8, 'attrib', 'randomiseItems', '0'),
(8, 'attrib', 'sourceId', '2'),
(8, 'attrib', 'speed', '2'),
(8, 'attrib', 'stripTags', NULL),
(8, 'attrib', 'takeItemsFrom', NULL),
(8, 'attrib', 'templateId', NULL),
(8, 'attrib', 'textDirection', NULL),
(8, 'attrib', 'updateInterval', '30'),
(8, 'attrib', 'upperLimit', '0'),
(8, 'attrib', 'uri', ''),
(8, 'attrib', 'useFilteringClause', '0'),
(8, 'attrib', 'useOrderingClause', '0'),
(8, 'attrib', 'xmds', '1'),
(8, 'cdata', 'css', NULL),
(8, 'cdata', 'javaScript', ''),
(8, 'cdata', 'noDataMessage', '<p><span style=\"font-size: 48px;\"><span style=\"color: #ffffff;\">No Data returned from the source</span></span></p>\r\n'),
(8, 'cdata', 'template', '<table border=\"1\" cellpadding=\"0\" cellspacing=\"0\" height=\"62\" tr=\"\" width=\"100%\">\r\n	<tbody>\r\n		<tr>\r\n			<td height=\"58\" style=\"background-color:rgba(0,0,0, 0.6);\" width=\"768\"><span style=\"font-size:44px;\"><strong><span style=\"color:#FFFFFF;\"><span style=\"padding:0px 0px 0px 15px;\">[Produto] Kg</span></span></strong></span></td>\r\n			<td height=\"58\" style=\"background-color:rgba(0,0,0, 0.6);\" width=\"250\"><span style=\"font-size:44px;\"><strong><span style=\"color:#FFFFFF;\"><span style=\"padding:0px 0px 0px 15px;\">R$ [Preco]</span></span></strong></span></td>\r\n		</tr>\r\n	</tbody>\r\n</table>\r\n'),
(8, 'raw', 'template', '<table border=\"1\" cellpadding=\"0\" cellspacing=\"0\" height=\"62\" tr=\"\" width=\"100%\">\n	<tbody>\n		<tr>\n			<td height=\"58\" style=\"background-color:rgba(0,0,0, 0.6);\" width=\"768\"><span style=\"font-size:44px;\"><strong><span style=\"color:#FFFFFF;\"><span style=\"padding:0px 0px 0px 15px;\">[Produto] Kg</span></span></strong></span></td>\n			<td height=\"58\" style=\"background-color:rgba(0,0,0, 0.6);\" width=\"250\"><span style=\"font-size:44px;\"><strong><span style=\"color:#FFFFFF;\"><span style=\"padding:0px 0px 0px 15px;\">R$ [Preco]</span></span></strong></span></td>\n		</tr>\n	</tbody>\n</table>\n'),
(9, 'attrib', 'effect', 'none'),
(9, 'attrib', 'xmds', '1'),
(9, 'cdata', 'text', '<p><span style=\"color:#FFFFFF;\"><strong><span style=\"font-size:128px;text-shadow:2px 2px 8px #000;\">Cortes Suínos</span></strong></span></p>\n'),
(12, 'attrib', 'allowedAttributes', NULL),
(12, 'attrib', 'backgroundColor', NULL),
(12, 'attrib', 'copyright', NULL),
(12, 'attrib', 'dataSetId', '4'),
(12, 'attrib', 'dateFormat', NULL),
(12, 'attrib', 'disableDateSort', '0'),
(12, 'attrib', 'durationIsPerItem', '1'),
(12, 'attrib', 'effect', 'fade'),
(12, 'attrib', 'filter', NULL),
(12, 'attrib', 'filterClauses', '[]'),
(12, 'attrib', 'itemsPerPage', '24'),
(12, 'attrib', 'itemsSideBySide', '1'),
(12, 'attrib', 'lowerLimit', '0'),
(12, 'attrib', 'name', 'AVES'),
(12, 'attrib', 'numItems', NULL),
(12, 'attrib', 'orderClauses', '[{\"orderClause\":\"Produto\",\"orderClauseDirection\":\"ASC\"}]'),
(12, 'attrib', 'ordering', NULL),
(12, 'attrib', 'overrideTemplate', '0'),
(12, 'attrib', 'randomiseItems', '0'),
(12, 'attrib', 'sourceId', '2'),
(12, 'attrib', 'speed', '3'),
(12, 'attrib', 'stripTags', NULL),
(12, 'attrib', 'takeItemsFrom', NULL),
(12, 'attrib', 'templateId', NULL),
(12, 'attrib', 'textDirection', NULL),
(12, 'attrib', 'transIn', 'fadeIn'),
(12, 'attrib', 'transInDirection', 'N'),
(12, 'attrib', 'transInDuration', '3'),
(12, 'attrib', 'updateInterval', '1'),
(12, 'attrib', 'upperLimit', '0'),
(12, 'attrib', 'uri', ''),
(12, 'attrib', 'useFilteringClause', '0'),
(12, 'attrib', 'useOrderingClause', '0'),
(12, 'attrib', 'xmds', '1'),
(12, 'cdata', 'css', NULL),
(12, 'cdata', 'javaScript', ''),
(12, 'cdata', 'noDataMessage', '<p><span style=\"font-size: 48px;\"><span style=\"color: #ffffff;\">No Data returned from the source</span></span></p>\r\n'),
(12, 'cdata', 'template', '<table border=\"1\" cellpadding=\"0\" cellspacing=\"0\" height=\"62\" tr=\"\" width=\"930\">\r\n	<tbody>\r\n		<tr>\r\n			<td height=\"58\" style=\"background-color:rgba(0,0,0, 0.6);\" width=\"768\"><span style=\"font-size:44px;\"><strong><span style=\"color:#FFFFFF;\"><span style=\"padding:0px 0px 0px 15px;\">[Produto] Kg</span></span></strong></span></td>\r\n			<td height=\"58\" style=\"background-color:rgba(0,0,0, 0.6);\" width=\"250\"><span style=\"font-size:44px;\"><strong><span style=\"color:#FFFFFF;\"><span style=\"padding:0px 0px 0px 15px;\">R$ [Preco]</span></span></strong></span></td>\r\n		</tr>\r\n	</tbody>\r\n</table>\r\n'),
(12, 'raw', 'template', '<table border=\"1\" cellpadding=\"0\" cellspacing=\"0\" height=\"62\" tr=\"\" width=\"100%\">\n	<tbody>\n		<tr>\n			<td height=\"58\" style=\"background-color:rgba(0,0,0, 0.6);\" width=\"768\"><span style=\"font-size:44px;\"><strong><span style=\"color:#FFFFFF;\"><span style=\"padding:0px 0px 0px 15px;\">[Produto] Kg</span></span></strong></span></td>\n			<td height=\"58\" style=\"background-color:rgba(0,0,0, 0.6);\" width=\"250\"><span style=\"font-size:44px;\"><strong><span style=\"color:#FFFFFF;\"><span style=\"padding:0px 0px 0px 15px;\">R$ [Preco]</span></span></strong></span></td>\n		</tr>\n	</tbody>\n</table>\n'),
(13, 'attrib', 'backgroundColor', NULL),
(13, 'attrib', 'effect', 'none'),
(13, 'attrib', 'marqueeInlineSelector', NULL),
(13, 'attrib', 'name', NULL),
(13, 'attrib', 'speed', NULL),
(13, 'attrib', 'xmds', '1'),
(13, 'cdata', 'javaScript', ''),
(13, 'cdata', 'text', '<p><span style=\"color:#FFFFFF;\"><strong><span style=\"font-size:128px;text-shadow:2px 2px 8px #000;\">AVES</span></strong></span></p>\r\n'),
(16, 'attrib', 'dataSetId', '1'),
(16, 'attrib', 'disableDateSort', '0'),
(16, 'attrib', 'durationIsPerItem', '1'),
(16, 'attrib', 'effect', 'fade'),
(16, 'attrib', 'filterClauses', '[]'),
(16, 'attrib', 'itemsPerPage', '12'),
(16, 'attrib', 'itemsSideBySide', '0'),
(16, 'attrib', 'lowerLimit', '0'),
(16, 'attrib', 'orderClauses', '[{\"orderClause\":\"Produto\",\"orderClauseDirection\":\"ASC\"}]'),
(16, 'attrib', 'overrideTemplate', '0'),
(16, 'attrib', 'randomiseItems', '0'),
(16, 'attrib', 'sourceId', '2'),
(16, 'attrib', 'speed', '3'),
(16, 'attrib', 'updateInterval', '1'),
(16, 'attrib', 'upperLimit', '0'),
(16, 'attrib', 'useFilteringClause', '0'),
(16, 'attrib', 'useOrderingClause', '0'),
(16, 'attrib', 'xmds', '1'),
(16, 'cdata', 'noDataMessage', '<p><span style=\"font-size: 48px;\"><span style=\"color: #ffffff;\">No Data returned from the source</span></span></p>\n'),
(16, 'raw', 'template', '<table border=\"1\" cellpadding=\"0\" cellspacing=\"0\" height=\"62\" tr=\"\" width=\"100%\">\n	<tbody>\n		<tr>\n			<td height=\"58\" style=\"background-color:rgba(0,0,0, 0.6);\" width=\"768\"><span style=\"font-size:44px;\"><strong><span style=\"color:#FFFFFF;\"><span style=\"padding:0px 0px 0px 15px;\">[Produto] Kg</span></span></strong></span></td>\n			<td height=\"58\" style=\"background-color:rgba(0,0,0, 0.6);\" width=\"250\"><span style=\"font-size:44px;\"><strong><span style=\"color:#FFFFFF;\"><span style=\"padding:0px 0px 0px 15px;\">R$ [Preco]</span></span></strong></span></td>\n		</tr>\n	</tbody>\n</table>'),
(17, 'attrib', 'effect', 'none'),
(17, 'attrib', 'xmds', '1'),
(17, 'cdata', 'text', '<p><span style=\"color:#FFFFFF;\"><strong><span style=\"font-size:128px;text-shadow:2px 2px 8px #000;\">HORTIFRUTTI</span></strong></span></p>\n'),
(19, 'attrib', 'dataSetId', '6'),
(19, 'attrib', 'disableDateSort', '0'),
(19, 'attrib', 'durationIsPerItem', '1'),
(19, 'attrib', 'effect', 'none'),
(19, 'attrib', 'filterClauses', '[]'),
(19, 'attrib', 'itemsPerPage', '24'),
(19, 'attrib', 'itemsSideBySide', '1'),
(19, 'attrib', 'lowerLimit', '0'),
(19, 'attrib', 'orderClauses', '[{\"orderClause\":\"Produto\",\"orderClauseDirection\":\"ASC\"}]'),
(19, 'attrib', 'overrideTemplate', '0'),
(19, 'attrib', 'randomiseItems', '0'),
(19, 'attrib', 'sourceId', '2'),
(19, 'attrib', 'speed', '2'),
(19, 'attrib', 'updateInterval', '1'),
(19, 'attrib', 'upperLimit', '0'),
(19, 'attrib', 'useFilteringClause', '0'),
(19, 'attrib', 'useOrderingClause', '0'),
(19, 'attrib', 'xmds', '1'),
(19, 'cdata', 'noDataMessage', '<p><span style=\"font-size: 48px;\"><span style=\"color: #ffffff;\">No Data returned from the source</span></span></p>\n'),
(19, 'raw', 'template', '<table border=\"1\" cellpadding=\"0\" cellspacing=\"0\" height=\"62\" tr=\"\" width=\"930\">\n	<tbody>\n		<tr>\n			<td height=\"58\" style=\"background-color:rgba(0,0,0, 0.0);\" width=\"70%\"><strong><span style=\"font-size:36px;\"><span style=\"color:#FFFFFF;\"><span style=\"padding:0px 0px 0px 15px;\">[Produto]</span></span></span></strong></td>\n			<td height=\"58\" style=\"background-color:rgba(0,0,0, 0.0);\" width=\"30%\"><strong><span style=\"font-size:36px;\"><span style=\"color:#FFFFFF;\"><span style=\"padding:0px 0px 0px 15px;\">R$ [Preco]</span></span></span></strong></td>\n		</tr>\n	</tbody>\n</table>\n'),
(20, 'attrib', 'effect', 'none'),
(20, 'attrib', 'xmds', '1'),
(20, 'cdata', 'text', '<p><span style=\"color:#FFFFFF;\"><strong><span style=\"font-size:128px;text-shadow:2px 2px 8px #000;\">Lanchonete</span></strong></span></p>\n'),
(22, 'attrib', 'dataSetId', '7'),
(22, 'attrib', 'disableDateSort', '0'),
(22, 'attrib', 'durationIsPerItem', '1'),
(22, 'attrib', 'effect', 'none'),
(22, 'attrib', 'filterClauses', '[]'),
(22, 'attrib', 'itemsPerPage', '24'),
(22, 'attrib', 'itemsSideBySide', '0'),
(22, 'attrib', 'lowerLimit', '0'),
(22, 'attrib', 'orderClauses', '[{\"orderClause\":\"Produto\",\"orderClauseDirection\":\"ASC\"}]'),
(22, 'attrib', 'overrideTemplate', '0'),
(22, 'attrib', 'randomiseItems', '0'),
(22, 'attrib', 'sourceId', '2'),
(22, 'attrib', 'speed', '2'),
(22, 'attrib', 'updateInterval', '1'),
(22, 'attrib', 'upperLimit', '0'),
(22, 'attrib', 'useFilteringClause', '0'),
(22, 'attrib', 'useOrderingClause', '0'),
(22, 'attrib', 'xmds', '1'),
(22, 'cdata', 'noDataMessage', '<p><span style=\"font-size: 48px;\"><span style=\"color: #ffffff;\">No Data returned from the source</span></span></p>\n'),
(22, 'raw', 'template', '<table border=\"1\" cellpadding=\"0\" cellspacing=\"0\" height=\"62\" tr=\"\" width=\"100%\">\n	<tbody>\n		<tr>\n			<td height=\"58\" style=\"background-color:rgba(0,0,0, 0.0);\" width=\"768\"><strong><span style=\"font-size:36px;\"><span style=\"color:#FFFFFF;\"><span style=\"padding:0px 0px 0px 15px;\">[Produto]</span></span></span></strong></td>\n			<td height=\"58\" style=\"background-color:rgba(0,0,0, 0.0);\" width=\"300\"><strong><span style=\"font-size:36px;\"><span style=\"color:#FFFFFF;\"><span style=\"padding:0px 0px 0px 15px;\">R$ [Preco]</span></span></span></strong></td>\n		</tr>\n	</tbody>\n</table>\n'),
(23, 'attrib', 'backgroundColor', NULL),
(23, 'attrib', 'effect', 'none'),
(23, 'attrib', 'marqueeInlineSelector', NULL),
(23, 'attrib', 'name', NULL),
(23, 'attrib', 'speed', NULL),
(23, 'attrib', 'xmds', '1'),
(23, 'cdata', 'javaScript', ''),
(23, 'cdata', 'text', '<p><span style=\"color:#FFFFFF;\"><strong><span style=\"font-size:128px;text-shadow:2px 2px 8px #000;\">PADARIA</span></strong></span></p>\r\n'),
(27, 'attrib', 'datasetid', '0'),
(27, 'attrib', 'disableDateSort', '0'),
(27, 'attrib', 'durationIsPerItem', '1'),
(27, 'attrib', 'effect', 'noTransition'),
(27, 'attrib', 'itemsPerPage', '1'),
(27, 'attrib', 'itemsSideBySide', '0'),
(27, 'attrib', 'lowerLimit', '0'),
(27, 'attrib', 'name', 'Uol-Esportes'),
(27, 'attrib', 'numItems', '1'),
(27, 'attrib', 'overrideTemplate', '1'),
(27, 'attrib', 'randomiseItems', '1'),
(27, 'attrib', 'sourceId', '1'),
(27, 'attrib', 'speed', '2'),
(27, 'attrib', 'takeItemsFrom', 'start'),
(27, 'attrib', 'templateId', 'media-rss-with-left-hand-text'),
(27, 'attrib', 'textDirection', 'ltr'),
(27, 'attrib', 'updateInterval', '90'),
(27, 'attrib', 'upperLimit', '0'),
(27, 'attrib', 'uri', 'http%3A%2F%2Fwww3.uol.com.br%2Fxml%2Fmidiaindoor%2Fesporte.xml'),
(27, 'attrib', 'xmds', '1'),
(27, 'cdata', 'css', '.linkfoto > img { width:1920px;height:1080px;}\n.logo1{display: block; margin: 15px auto 30px auto}\n.cycle-overlay {color: white;background-color: rgba(0,0,0,0.6);position: absolute;bottom: 0;width: 20%;height:100%;padding: 15px;}'),
(27, 'cdata', 'noDataMessage', '<p><span style=\"font-size: 48px;\"><span style=\"color: #ffffff;\">No Data returned from the source</span></span></p>\n'),
(27, 'cdata', 'template', '<div class=\"linkfoto\">[linkfoto|image]\n<div class=\"cycle-overlay\">\n<div class=\"logo1\"><img src=\"https://www.mgatv.com.br/uol/logo1.png\" /></div>\n\n<p style=\"font-family: Arial, Verdana, sans-serif; font-size:65px; color:yellow;\">[Title]</p>\n\n<p style=\"font-family: Arial, Verdana, sans-serif; font-size:50px; margin-top:40px;\">[Description]</p>\n</div>\n</div>\n'),
(29, 'attrib', 'datasetid', '0'),
(29, 'attrib', 'disableDateSort', '0'),
(29, 'attrib', 'durationIsPerItem', '1'),
(29, 'attrib', 'effect', 'fade'),
(29, 'attrib', 'itemsPerPage', '1'),
(29, 'attrib', 'itemsSideBySide', '0'),
(29, 'attrib', 'lowerLimit', '0'),
(29, 'attrib', 'name', 'Uol-Televisão'),
(29, 'attrib', 'numItems', '1'),
(29, 'attrib', 'overrideTemplate', '1'),
(29, 'attrib', 'randomiseItems', '1'),
(29, 'attrib', 'sourceId', '1'),
(29, 'attrib', 'speed', '2'),
(29, 'attrib', 'takeItemsFrom', 'start'),
(29, 'attrib', 'templateId', 'title-only'),
(29, 'attrib', 'textDirection', 'ltr'),
(29, 'attrib', 'updateInterval', '90'),
(29, 'attrib', 'upperLimit', '0'),
(29, 'attrib', 'uri', 'http%3A%2F%2Fwww3.uol.com.br%2Fxml%2Fmidiaindoor%2Ftelevisao.xml'),
(29, 'attrib', 'xmds', '1'),
(29, 'cdata', 'css', '.linkfoto > img { width:1920px;height:1080px;}\n.logo1{display: block; margin: 15px auto 30px auto}\n.cycle-overlay {color: white;background-color: rgba(0,0,0,0.6);position: absolute;bottom: 0;width: 20%;height:100%;padding: 15px;}\n'),
(29, 'cdata', 'noDataMessage', '<p><span style=\"font-size: 48px;\"><span style=\"color: #ffffff;\">No Data returned from the source</span></span></p>\n'),
(29, 'cdata', 'template', '<div class=\"linkfoto\">[linkfoto|image]\n<div class=\"cycle-overlay\">\n<div class=\"logo1\"><img src=\"https://www.mgatv.com.br/uol/logo1.png\" /></div>\n\n<p style=\"font-family: Arial, Verdana, sans-serif; font-size:65px; color:yellow;\">[Title]</p>\n\n<p style=\"font-family: Arial, Verdana, sans-serif; font-size:50px; margin-top:40px;\">[Description]</p>\n</div>\n</div>\n'),
(30, 'attrib', 'dayConditionsOnly', '1'),
(30, 'attrib', 'lang', 'pt'),
(30, 'attrib', 'latitude', '-19.8157'),
(30, 'attrib', 'longitude', '-43.9542'),
(30, 'attrib', 'name', 'TEMPO BH'),
(30, 'attrib', 'overrideTemplate', '1'),
(30, 'attrib', 'templateId', 'weather-module1l'),
(30, 'attrib', 'units', 'auto'),
(30, 'attrib', 'updateInterval', '60'),
(30, 'attrib', 'useDisplayLocation', '0'),
(30, 'attrib', 'widgetOriginalHeight', '1080'),
(30, 'attrib', 'widgetOriginalWidth', '1920'),
(30, 'cdata', 'currentTemplate', '<div class=\"bg-div bg-[icon] container-fluid\">\r\n    <div class=\"row\">\r\n        <div class=\"col-xs-6\">\r\n            <h1 class=\"date shadowed\"> [time|M] <br>[time|d]</h1>\r\n        </div>\r\n        <div class=\"col-xs-5\">\r\n            <div class=\"row text-right temp shadowed\">[temperatureRound]º[temperatureUnit]</div>\r\n            <div class=\"row pull-right animated rotateInUpRight main-icon shadowed\"><i class=\"wi [wicon]\"></i></div>\r\n        </div>\r\n    </div>\r\n    <div class=\"bg-footer row bottom-bar\">\r\n        <div class=\"col-xs-4 text-center\">\r\n            <div class=\"row forecast-current\">[summary]</div>\r\n            <div class=\"row forecast-second\">Vento: [windDirection] [windSpeed] [windSpeedUnit]</div>\r\n            <div class=\"row forecast-second\">Humidade: [humidityPercent]%</div>\r\n        </div>\r\n        <div class=\"upcoming\">\r\n            [dailyForecast|4|1]\r\n        </div>\r\n        <div class=\"col-xs-12 powered\"></div>\r\n    </div>\r\n</div>'),
(30, 'cdata', 'dailyTemplate', '<div class=\"day col-xs-2\">\r\n    <div class=\"row text-center day-details\">[time|D]</div>\r\n    <div class=\"row animated Bounce second-icon\"><i class=\"wi [wicon]\"></i></div>\r\n    <div class=\"row text-center temp-details\">[temperatureMaxRound] º [temperatureUnit] </div>\r\n</div>'),
(30, 'cdata', 'javaScript', ''),
(30, 'cdata', 'styleSheet', '#content { \r\n  height: inherit; \r\n}\r\n\r\n.shadowed {\r\ntext-shadow: 0px 0px 2px rgba(0, 0, 0, 0.4);\r\n    filter: dropshadow(color=rgba(0, 0, 0, 0.4), offx=2, offy=2);\r\n}\r\n\r\n.bg-div {\r\n    font-family: \'Roboto\', sans-serif;\r\n    background-repeat: no-repeat;\r\n    background-size: cover;\r\n    background-position: left;\r\n    width: 1920px !important;\r\n    height: 1080px !important;\r\n}\r\n\r\n.bg-cloudy {\r\n  background-image: url(\'[cloudy-image]\');\r\n}\r\n\r\n.bg-partly-cloudy-day {\r\n  background-image: url(\'[day-cloudy-image]\');\r\n}\r\n\r\n.bg-clear-day {\r\n  background-image: url(\'[day-sunny-image]\');\r\n}\r\n\r\n.bg-fog {\r\n  background-image: url(\'[fog-image]\');\r\n}\r\n\r\n.bg-sleet {\r\n  background-image: url(\'[hail-image]\');\r\n}\r\n\r\n.bg-clear-night {\r\n  background-image: url(\'[night-clear-image]\');\r\n}\r\n\r\n.bg-partly-cloudy-night {\r\n  background-image: url(\'[night-partly-cloudy-image]\');\r\n}\r\n\r\n.bg-rain {\r\n  background-image: url(\'[rain-image]\');\r\n}\r\n\r\n.bg-snow {\r\n  background-image: url(\'[snow-image]\');\r\n}\r\n\r\n.bg-wind {\r\n  background-image: url(\'[windy-image]\');\r\n}\r\n.bg-footer {\r\n    position: relative;\r\n    right: 0;\r\n    top: 106px;\r\n    left: 0;\r\n    text-align: center;\r\n    background-color: #000;\r\n    opacity: 0.9;\r\n    padding: 30px 0 0 0;\r\n}\r\n\r\n.date {\r\n    font-family: \'Roboto\', sans-serif;\r\n    font-size: 100px;\r\n    color: #fff;\r\n    font-weight: 900;\r\n    margin-left: 40px;\r\n    text-transform: uppercase;\r\n}\r\n\r\n.temp {\r\n    font-family: \'Roboto\', sans-serif;\r\n    font-size: 260px;\r\n    color: #fff;\r\n    font-weight: 900;\r\n}\r\n\r\n.city {\r\n    font-family: \'Roboto\', sans-serif;\r\n    font-size: 40px;\r\n    color: #fff;\r\n    margin-left: 40px;\r\n}\r\n\r\n.day-details {\r\n    font-size: 40px;\r\n    font-weight: 200;\r\n    color: #fff;\r\n    font-style: italic;\r\n}\r\n\r\n.temp-details {\r\n    font-size: 35px;\r\n    color: #fff;\r\n    padding-bottom: 10px;\r\n}\r\n\r\n.forecast-current {\r\n    font-weight: 900;\r\n    color: #fff;\r\n    font-size: 60px;\r\n}\r\n\r\n.forecast-second {\r\n    margin-top: 10px;\r\n    font-weight: 200;\r\n    color: #fff;\r\n    font-size: 40px;\r\n}\r\n\r\n.main-icon {\r\n    color: #fff;\r\n    font-size: 180px;\r\n}\r\n\r\n.second-icon {\r\n    color: #fff;\r\n    font-size: 60px;\r\n    padding: 25px 0px;\r\n}\r\n\r\n.powered {\r\n    padding: 15px 0;\r\n    color: #000;\r\n    font-size: 24px;\r\n    background-color: white;\r\n}'),
(36, 'attrib', 'dataSetId', '8'),
(36, 'attrib', 'disableDateSort', '0'),
(36, 'attrib', 'durationIsPerItem', '1'),
(36, 'attrib', 'effect', 'scrollHorz'),
(36, 'attrib', 'filterClauses', '[]'),
(36, 'attrib', 'itemsSideBySide', '0'),
(36, 'attrib', 'lowerLimit', '0'),
(36, 'attrib', 'orderClauses', '[]'),
(36, 'attrib', 'overrideTemplate', '0'),
(36, 'attrib', 'randomiseItems', '0'),
(36, 'attrib', 'sourceId', '2'),
(36, 'attrib', 'speed', '2'),
(36, 'attrib', 'transIn', 'fadeIn'),
(36, 'attrib', 'transInDirection', 'N'),
(36, 'attrib', 'transInDuration', '2'),
(36, 'attrib', 'updateInterval', '5'),
(36, 'attrib', 'upperLimit', '0'),
(36, 'attrib', 'useFilteringClause', '0'),
(36, 'attrib', 'useOrderingClause', '0'),
(36, 'attrib', 'xmds', '1'),
(36, 'cdata', 'css', '#sidebar {\n	color: white;\n	background-color: rgba(0,0,0,0.0);\n	position: relative;\n	bottom: 0;\n	top: 45%;\n	width: 100%;\n	padding:0px;\n	right:0;\n}\n'),
(36, 'cdata', 'noDataMessage', '<p><span style=\"font-size: 48px;\"><span style=\"color: #ffffff;\">No Data returned from the source</span></span></p>\n'),
(36, 'raw', 'template', '<div id=\"sidebar\">\n<table border=\"0\" cellpadding=\"0\" cellspacing=\"0\" height=\"62\" tr=\"\" width=\"100%\">\n	<tbody>\n		<tr>\n			<td height=\"58\" style=\"background-color: rgba(0, 0, 0, 0.0); text-align: center;\" width=\"250\"><span style=\"font-size:44px;\"><strong><span style=\"color:#FFFFFF;\"><span style=\"padding:0px 0px 0px 15px;\">[Imagem|28]</span></span></strong></span></td>\n			<td height=\"200\" style=\"background-color:rgba(0,0,0, 0.0);\" width=\"768\">\n			<p style=\"text-align: center;\"><span style=\"color:#FFD700;\"><span style=\"font-size:128px;\"><strong><span style=\"padding:0px 0px 0px 15px;\">[Produto|25]</span></strong></span></span></p>\n\n			<p style=\"text-align: center;\"><span style=\"color:#FFFFFF;\"><span style=\"font-size:80px;\"><strong><span style=\"padding:0px 0px 0px 15px;\">[Descricao|26]</span></strong></span></span></p>\n\n			<p style=\"text-align: center;\"><span style=\"color:#FF0000;\"><span style=\"font-size:144px;\"><strong><span style=\"padding:0px 0px 0px 15px;\">[Preco|27]</span></strong></span></span></p>\n			</td>\n		</tr>\n	</tbody>\n</table>\n</div>\n'),
(39, 'attrib', 'align', 'center'),
(39, 'attrib', 'name', NULL),
(39, 'attrib', 'scaleType', 'center'),
(39, 'attrib', 'valign', 'middle'),
(42, 'attrib', 'backgroundColor', NULL),
(42, 'attrib', 'effect', 'none'),
(42, 'attrib', 'marqueeInlineSelector', NULL),
(42, 'attrib', 'name', NULL),
(42, 'attrib', 'speed', NULL),
(42, 'attrib', 'xmds', '1'),
(42, 'cdata', 'javaScript', ''),
(42, 'cdata', 'text', '<p><span style=\"color:#FFFFFF;\"><strong><span style=\"font-size:128px;text-shadow:2px 2px 8px #000;\">Diversos</span></strong></span></p>\r\n'),
(43, 'attrib', 'allowedAttributes', NULL),
(43, 'attrib', 'backgroundColor', NULL),
(43, 'attrib', 'copyright', NULL),
(43, 'attrib', 'dataSetId', '9'),
(43, 'attrib', 'dateFormat', NULL),
(43, 'attrib', 'disableDateSort', '0'),
(43, 'attrib', 'durationIsPerItem', '1'),
(43, 'attrib', 'effect', 'scrollVert'),
(43, 'attrib', 'filter', NULL),
(43, 'attrib', 'filterClauses', '[{\"filterClause\":\"Produto\",\"filterClauseOperator\":\"AND\",\"filterClauseCriteria\":\"starts-with\",\"filterClauseValue\":\"\"}]'),
(43, 'attrib', 'itemsPerPage', '13'),
(43, 'attrib', 'itemsSideBySide', '0'),
(43, 'attrib', 'lowerLimit', '0'),
(43, 'attrib', 'name', NULL),
(43, 'attrib', 'numItems', NULL),
(43, 'attrib', 'orderClauses', '[{\"orderClause\":\"Produto\",\"orderClauseDirection\":\"ASC\"}]'),
(43, 'attrib', 'ordering', NULL),
(43, 'attrib', 'overrideTemplate', '0'),
(43, 'attrib', 'randomiseItems', '0'),
(43, 'attrib', 'sourceId', '2'),
(43, 'attrib', 'speed', '2'),
(43, 'attrib', 'stripTags', NULL),
(43, 'attrib', 'takeItemsFrom', NULL),
(43, 'attrib', 'templateId', NULL),
(43, 'attrib', 'textDirection', NULL),
(43, 'attrib', 'updateInterval', '10'),
(43, 'attrib', 'upperLimit', '0'),
(43, 'attrib', 'uri', ''),
(43, 'attrib', 'useFilteringClause', '0'),
(43, 'attrib', 'useOrderingClause', '0'),
(43, 'attrib', 'xmds', '1'),
(43, 'cdata', 'css', NULL),
(43, 'cdata', 'javaScript', ''),
(43, 'cdata', 'noDataMessage', '<p><span style=\"font-size: 48px;\"><span style=\"color: #ffffff;\">No Data returned from the source</span></span></p>\r\n'),
(43, 'cdata', 'template', '<table border=\"1\" cellpadding=\"0\" cellspacing=\"0\" height=\"62\" tr=\"\" width=\"100%\">\r\n	<tbody>\r\n		<tr>\r\n			<td height=\"58\" style=\"background-color:rgba(0,0,0, 0.6);\" width=\"768\"><span style=\"font-size:44px;\"><strong><span style=\"color:#FFFFFF;\"><span style=\"padding:0px 0px 0px 15px;\">[Produto] Kg</span></span></strong></span></td>\r\n			<td height=\"58\" style=\"background-color:rgba(0,0,0, 0.6);\" width=\"250\"><span style=\"font-size:44px;\"><strong><span style=\"color:#FFFFFF;\"><span style=\"padding:0px 0px 0px 15px;\">R$ [Preco]</span></span></strong></span></td>\r\n		</tr>\r\n	</tbody>\r\n</table>\r\n'),
(49, 'attrib', 'loop', '0'),
(49, 'attrib', 'mute', '1'),
(49, 'attrib', 'name', NULL),
(49, 'attrib', 'scaleType', 'aspect'),
(57, 'attrib', 'mute', '0'),
(58, 'attrib', 'loop', '0'),
(58, 'attrib', 'mute', '0'),
(58, 'attrib', 'name', NULL),
(58, 'attrib', 'scaleType', 'aspect'),
(161, 'attrib', 'loop', '0'),
(161, 'attrib', 'mute', '0'),
(161, 'attrib', 'name', 'Menu ofertas até 09-05-21'),
(161, 'attrib', 'scaleType', 'aspect'),
(162, 'attrib', 'mute', '0'),
(163, 'attrib', 'mute', '0'),
(164, 'attrib', 'allowedAttributes', NULL),
(164, 'attrib', 'backgroundColor', NULL),
(164, 'attrib', 'copyright', NULL),
(164, 'attrib', 'dataSetId', '2'),
(164, 'attrib', 'dateFormat', NULL),
(164, 'attrib', 'disableDateSort', '0'),
(164, 'attrib', 'durationIsPerItem', '1'),
(164, 'attrib', 'effect', 'fade'),
(164, 'attrib', 'filter', NULL),
(164, 'attrib', 'filterClauses', '[{\"filterClause\":\"Produto\",\"filterClauseOperator\":\"AND\",\"filterClauseCriteria\":\"starts-with\",\"filterClauseValue\":\"\"},{\"filterClause\":\"Preco\",\"filterClauseOperator\":\"AND\",\"filterClauseCriteria\":\"starts-with\",\"filterClauseValue\":\"\"}]'),
(164, 'attrib', 'itemsPerPage', '12'),
(164, 'attrib', 'itemsSideBySide', '0'),
(164, 'attrib', 'lowerLimit', '0'),
(164, 'attrib', 'name', NULL),
(164, 'attrib', 'numItems', NULL),
(164, 'attrib', 'orderClauses', '[{\"orderClause\":\"Produto\",\"orderClauseDirection\":\"ASC\"}]'),
(164, 'attrib', 'ordering', NULL),
(164, 'attrib', 'overrideTemplate', '0'),
(164, 'attrib', 'randomiseItems', '0'),
(164, 'attrib', 'sourceId', '2'),
(164, 'attrib', 'speed', '3'),
(164, 'attrib', 'stripTags', NULL),
(164, 'attrib', 'takeItemsFrom', NULL),
(164, 'attrib', 'templateId', NULL),
(164, 'attrib', 'textDirection', NULL),
(164, 'attrib', 'updateInterval', '1'),
(164, 'attrib', 'upperLimit', '0'),
(164, 'attrib', 'uri', ''),
(164, 'attrib', 'useFilteringClause', '0'),
(164, 'attrib', 'useOrderingClause', '0'),
(164, 'attrib', 'xmds', '1'),
(164, 'cdata', 'css', NULL),
(164, 'cdata', 'javaScript', ''),
(164, 'cdata', 'noDataMessage', '<p><span style=\"font-size: 48px;\"><span style=\"color: #ffffff;\">No Data returned from the source</span></span></p>\r\n'),
(164, 'cdata', 'template', '<table border=\"1\" cellpadding=\"0\" cellspacing=\"0\" height=\"62\" tr=\"\" width=\"100%\">\r\n	<tbody>\r\n		<tr>\r\n			<td height=\"58\" style=\"background-color:rgba(0,0,0, 0.6);\" width=\"768\"><span style=\"font-size:44px;\"><strong><span style=\"color:#FFFFFF;\"><span style=\"padding:0px 0px 0px 15px;\">[Produto] Kg</span></span></strong></span></td>\r\n			<td height=\"58\" style=\"background-color:rgba(0,0,0, 0.6);\" width=\"250\"><span style=\"font-size:44px;\"><strong><span style=\"color:#FFFFFF;\"><span style=\"padding:0px 0px 0px 15px;\">R$ [Preco]</span></span></strong></span></td>\r\n		</tr>\r\n	</tbody>\r\n</table>\r\n'),
(164, 'raw', 'template', '<table border=\"1\" cellpadding=\"0\" cellspacing=\"0\" height=\"62\" tr=\"\" width=\"100%\">\n	<tbody>\n		<tr>\n			<td height=\"58\" style=\"background-color:rgba(0,0,0, 0.6);\" width=\"768\"><span style=\"font-size:44px;\"><strong><span style=\"color:#FFFFFF;\"><span style=\"padding:0px 0px 0px 15px;\">[Produto] Kg</span></span></strong></span></td>\n			<td height=\"58\" style=\"background-color:rgba(0,0,0, 0.6);\" width=\"250\"><span style=\"font-size:44px;\"><strong><span style=\"color:#FFFFFF;\"><span style=\"padding:0px 0px 0px 15px;\">R$ [Preco]</span></span></strong></span></td>\n		</tr>\n	</tbody>\n</table>\n'),
(165, 'attrib', 'allowedAttributes', NULL),
(165, 'attrib', 'backgroundColor', NULL),
(165, 'attrib', 'copyright', NULL),
(165, 'attrib', 'dataSetId', '1'),
(165, 'attrib', 'dateFormat', NULL),
(165, 'attrib', 'disableDateSort', '0'),
(165, 'attrib', 'durationIsPerItem', '1'),
(165, 'attrib', 'effect', 'fade'),
(165, 'attrib', 'filter', NULL),
(165, 'attrib', 'filterClauses', '[]'),
(165, 'attrib', 'itemsPerPage', '12'),
(165, 'attrib', 'itemsSideBySide', '0'),
(165, 'attrib', 'lowerLimit', '0'),
(165, 'attrib', 'name', NULL),
(165, 'attrib', 'numItems', NULL),
(165, 'attrib', 'orderClauses', '[{\"orderClause\":\"Produto\",\"orderClauseDirection\":\"ASC\"}]'),
(165, 'attrib', 'ordering', NULL),
(165, 'attrib', 'overrideTemplate', '0'),
(165, 'attrib', 'randomiseItems', '0'),
(165, 'attrib', 'sourceId', '2'),
(165, 'attrib', 'speed', '3'),
(165, 'attrib', 'stripTags', NULL),
(165, 'attrib', 'takeItemsFrom', NULL),
(165, 'attrib', 'templateId', NULL),
(165, 'attrib', 'textDirection', NULL),
(165, 'attrib', 'updateInterval', '1'),
(165, 'attrib', 'upperLimit', '0'),
(165, 'attrib', 'uri', ''),
(165, 'attrib', 'useFilteringClause', '0'),
(165, 'attrib', 'useOrderingClause', '0'),
(165, 'attrib', 'xmds', '1'),
(165, 'cdata', 'css', NULL),
(165, 'cdata', 'javaScript', ''),
(165, 'cdata', 'noDataMessage', '<p><span style=\"font-size: 48px;\"><span style=\"color: #ffffff;\">No Data returned from the source</span></span></p>\r\n'),
(165, 'cdata', 'template', '<table border=\"1\" cellpadding=\"0\" cellspacing=\"0\" height=\"62\" tr=\"\" width=\"100%\">\r\n	<tbody>\r\n		<tr>\r\n			<td height=\"58\" style=\"background-color:rgba(0,0,0, 0.6);\" width=\"768\"><span style=\"font-size:44px;\"><strong><span style=\"color:#FFFFFF;\"><span style=\"padding:0px 0px 0px 15px;\">[Produto] Kg</span></span></strong></span></td>\r\n			<td height=\"58\" style=\"background-color:rgba(0,0,0, 0.6);\" width=\"250\"><span style=\"font-size:44px;\"><strong><span style=\"color:#FFFFFF;\"><span style=\"padding:0px 0px 0px 15px;\">R$ [Preco]</span></span></strong></span></td>\r\n		</tr>\r\n	</tbody>\r\n</table>\r\n'),
(165, 'raw', 'template', '<table border=\"1\" cellpadding=\"0\" cellspacing=\"0\" height=\"62\" tr=\"\" width=\"100%\">\n	<tbody>\n		<tr>\n			<td height=\"58\" style=\"background-color:rgba(0,0,0, 0.6);\" width=\"768\"><span style=\"font-size:44px;\"><strong><span style=\"color:#FFFFFF;\"><span style=\"padding:0px 0px 0px 15px;\">[Produto] Kg</span></span></strong></span></td>\n			<td height=\"58\" style=\"background-color:rgba(0,0,0, 0.6);\" width=\"250\"><span style=\"font-size:44px;\"><strong><span style=\"color:#FFFFFF;\"><span style=\"padding:0px 0px 0px 15px;\">R$ [Preco]</span></span></strong></span></td>\n		</tr>\n	</tbody>\n</table>\n'),
(166, 'attrib', 'effect', 'none'),
(166, 'attrib', 'xmds', '1'),
(166, 'cdata', 'text', '<p><span style=\"color:#FFFFFF;\"><strong><span style=\"font-size:128px;text-shadow:2px 2px 8px #000;\">Cortes Bovinos</span></strong></span></p>\n');

--
-- Índices para tabelas despejadas
--

--
-- Índices de tabela `auditlog`
--
ALTER TABLE `auditlog`
  ADD PRIMARY KEY (`logId`);

--
-- Índices de tabela `bandwidth`
--
ALTER TABLE `bandwidth`
  ADD PRIMARY KEY (`DisplayID`,`Type`,`Month`);

--
-- Índices de tabela `bandwidthtype`
--
ALTER TABLE `bandwidthtype`
  ADD PRIMARY KEY (`bandwidthtypeid`);

--
-- Índices de tabela `blacklist`
--
ALTER TABLE `blacklist`
  ADD PRIMARY KEY (`BlackListID`),
  ADD KEY `MediaID` (`MediaID`),
  ADD KEY `DisplayID` (`DisplayID`);

--
-- Índices de tabela `campaign`
--
ALTER TABLE `campaign`
  ADD PRIMARY KEY (`CampaignID`),
  ADD KEY `UserID` (`UserID`);

--
-- Índices de tabela `command`
--
ALTER TABLE `command`
  ADD PRIMARY KEY (`commandId`);

--
-- Índices de tabela `dataset`
--
ALTER TABLE `dataset`
  ADD PRIMARY KEY (`DataSetID`),
  ADD KEY `UserID` (`UserID`);

--
-- Índices de tabela `datasetcolumn`
--
ALTER TABLE `datasetcolumn`
  ADD PRIMARY KEY (`DataSetColumnID`),
  ADD KEY `DataSetID` (`DataSetID`);

--
-- Índices de tabela `dataset_1`
--
ALTER TABLE `dataset_1`
  ADD PRIMARY KEY (`id`);

--
-- Índices de tabela `dataset_2`
--
ALTER TABLE `dataset_2`
  ADD PRIMARY KEY (`id`);

--
-- Índices de tabela `dataset_3`
--
ALTER TABLE `dataset_3`
  ADD PRIMARY KEY (`id`);

--
-- Índices de tabela `dataset_4`
--
ALTER TABLE `dataset_4`
  ADD PRIMARY KEY (`id`);

--
-- Índices de tabela `dataset_5`
--
ALTER TABLE `dataset_5`
  ADD PRIMARY KEY (`id`);

--
-- Índices de tabela `dataset_6`
--
ALTER TABLE `dataset_6`
  ADD PRIMARY KEY (`id`);

--
-- Índices de tabela `dataset_7`
--
ALTER TABLE `dataset_7`
  ADD PRIMARY KEY (`id`);

--
-- Índices de tabela `dataset_8`
--
ALTER TABLE `dataset_8`
  ADD PRIMARY KEY (`id`);

--
-- Índices de tabela `dataset_9`
--
ALTER TABLE `dataset_9`
  ADD PRIMARY KEY (`id`);

--
-- Índices de tabela `dataset_10`
--
ALTER TABLE `dataset_10`
  ADD PRIMARY KEY (`id`);

--
-- Índices de tabela `daypart`
--
ALTER TABLE `daypart`
  ADD PRIMARY KEY (`dayPartId`);

--
-- Índices de tabela `display`
--
ALTER TABLE `display`
  ADD PRIMARY KEY (`displayid`),
  ADD KEY `defaultplaylistid` (`defaultlayoutid`);

--
-- Índices de tabela `displayevent`
--
ALTER TABLE `displayevent`
  ADD PRIMARY KEY (`displayEventId`),
  ADD KEY `eventDate` (`eventDate`),
  ADD KEY `displayId` (`displayId`,`end`);

--
-- Índices de tabela `displaygroup`
--
ALTER TABLE `displaygroup`
  ADD PRIMARY KEY (`DisplayGroupID`);

--
-- Índices de tabela `displayprofile`
--
ALTER TABLE `displayprofile`
  ADD PRIMARY KEY (`displayprofileid`);

--
-- Índices de tabela `group`
--
ALTER TABLE `group`
  ADD PRIMARY KEY (`groupID`);

--
-- Índices de tabela `help`
--
ALTER TABLE `help`
  ADD PRIMARY KEY (`HelpID`);

--
-- Índices de tabela `layout`
--
ALTER TABLE `layout`
  ADD PRIMARY KEY (`layoutID`);

--
-- Índices de tabela `lkcampaignlayout`
--
ALTER TABLE `lkcampaignlayout`
  ADD PRIMARY KEY (`LkCampaignLayoutID`),
  ADD UNIQUE KEY `CampaignID_2` (`CampaignID`,`LayoutID`,`DisplayOrder`),
  ADD KEY `CampaignID` (`CampaignID`),
  ADD KEY `LayoutID` (`LayoutID`);

--
-- Índices de tabela `lkcommanddisplayprofile`
--
ALTER TABLE `lkcommanddisplayprofile`
  ADD PRIMARY KEY (`commandId`,`displayProfileId`);

--
-- Índices de tabela `lkdgdg`
--
ALTER TABLE `lkdgdg`
  ADD KEY `lkdgdg_parentId_childId_depth_index` (`parentId`,`childId`,`depth`),
  ADD KEY `lkdgdg_childId_parentId_depth_index` (`childId`,`parentId`,`depth`);

--
-- Índices de tabela `lkdisplaydg`
--
ALTER TABLE `lkdisplaydg`
  ADD PRIMARY KEY (`LkDisplayDGID`),
  ADD UNIQUE KEY `DisplayGroupDisplayId` (`DisplayGroupID`,`DisplayID`),
  ADD KEY `DisplayGroupID` (`DisplayGroupID`),
  ADD KEY `DisplayID` (`DisplayID`);

--
-- Índices de tabela `lklayoutdisplaygroup`
--
ALTER TABLE `lklayoutdisplaygroup`
  ADD PRIMARY KEY (`id`),
  ADD UNIQUE KEY `layoutId` (`layoutId`,`displayGroupId`);

--
-- Índices de tabela `lkmediadisplaygroup`
--
ALTER TABLE `lkmediadisplaygroup`
  ADD PRIMARY KEY (`id`),
  ADD UNIQUE KEY `mediaid` (`mediaid`,`displaygroupid`);

--
-- Índices de tabela `lknotificationdg`
--
ALTER TABLE `lknotificationdg`
  ADD PRIMARY KEY (`lkNotificationDgId`),
  ADD UNIQUE KEY `notificationId` (`notificationId`,`displayGroupId`);

--
-- Índices de tabela `lknotificationgroup`
--
ALTER TABLE `lknotificationgroup`
  ADD PRIMARY KEY (`lkNotificationGroupId`),
  ADD UNIQUE KEY `notificationId` (`notificationId`,`groupId`);

--
-- Índices de tabela `lknotificationuser`
--
ALTER TABLE `lknotificationuser`
  ADD PRIMARY KEY (`lkNotificationUserId`),
  ADD UNIQUE KEY `notificationId` (`notificationId`,`userId`);

--
-- Índices de tabela `lkregionplaylist`
--
ALTER TABLE `lkregionplaylist`
  ADD PRIMARY KEY (`regionId`,`playlistId`,`displayOrder`),
  ADD KEY `idx_lkregionplaylist_playlistId` (`playlistId`);

--
-- Índices de tabela `lkscheduledisplaygroup`
--
ALTER TABLE `lkscheduledisplaygroup`
  ADD PRIMARY KEY (`eventId`,`displayGroupId`);

--
-- Índices de tabela `lktagcampaign`
--
ALTER TABLE `lktagcampaign`
  ADD PRIMARY KEY (`lkTagCampaignId`),
  ADD UNIQUE KEY `tagId` (`tagId`,`campaignId`);

--
-- Índices de tabela `lktagdisplaygroup`
--
ALTER TABLE `lktagdisplaygroup`
  ADD PRIMARY KEY (`lkTagDisplayGroupId`),
  ADD UNIQUE KEY `tagId` (`tagId`,`displayGroupId`);

--
-- Índices de tabela `lktaglayout`
--
ALTER TABLE `lktaglayout`
  ADD PRIMARY KEY (`lkTagLayoutId`),
  ADD UNIQUE KEY `tagId` (`tagId`,`layoutId`);

--
-- Índices de tabela `lktagmedia`
--
ALTER TABLE `lktagmedia`
  ADD PRIMARY KEY (`lkTagMediaId`),
  ADD UNIQUE KEY `tagId` (`tagId`,`mediaId`);

--
-- Índices de tabela `lkusergroup`
--
ALTER TABLE `lkusergroup`
  ADD PRIMARY KEY (`LkUserGroupID`),
  ADD UNIQUE KEY `GroupID_2` (`GroupID`,`UserID`),
  ADD KEY `GroupID` (`GroupID`),
  ADD KEY `UserID` (`UserID`);

--
-- Índices de tabela `lkwidgetaudio`
--
ALTER TABLE `lkwidgetaudio`
  ADD UNIQUE KEY `lkwidgetaudio_widgetId_mediaId_uindex` (`widgetId`,`mediaId`);

--
-- Índices de tabela `lkwidgetmedia`
--
ALTER TABLE `lkwidgetmedia`
  ADD PRIMARY KEY (`widgetId`,`mediaId`);

--
-- Índices de tabela `log`
--
ALTER TABLE `log`
  ADD PRIMARY KEY (`logid`),
  ADD KEY `logdate` (`logdate`);

--
-- Índices de tabela `media`
--
ALTER TABLE `media`
  ADD PRIMARY KEY (`mediaID`),
  ADD KEY `media_editedMediaID_index` (`editedMediaID`);

--
-- Índices de tabela `module`
--
ALTER TABLE `module`
  ADD PRIMARY KEY (`ModuleID`);

--
-- Índices de tabela `notification`
--
ALTER TABLE `notification`
  ADD PRIMARY KEY (`notificationId`);

--
-- Índices de tabela `oauth_access_tokens`
--
ALTER TABLE `oauth_access_tokens`
  ADD PRIMARY KEY (`access_token`),
  ADD KEY `session_id` (`session_id`);

--
-- Índices de tabela `oauth_access_token_scopes`
--
ALTER TABLE `oauth_access_token_scopes`
  ADD PRIMARY KEY (`id`),
  ADD KEY `access_token` (`access_token`),
  ADD KEY `scope` (`scope`);

--
-- Índices de tabela `oauth_auth_codes`
--
ALTER TABLE `oauth_auth_codes`
  ADD PRIMARY KEY (`auth_code`),
  ADD KEY `session_id` (`session_id`);

--
-- Índices de tabela `oauth_auth_code_scopes`
--
ALTER TABLE `oauth_auth_code_scopes`
  ADD PRIMARY KEY (`id`),
  ADD KEY `auth_code` (`auth_code`),
  ADD KEY `scope` (`scope`);

--
-- Índices de tabela `oauth_clients`
--
ALTER TABLE `oauth_clients`
  ADD PRIMARY KEY (`id`),
  ADD KEY `oauth_clients_user_UserID_fk` (`userId`);

--
-- Índices de tabela `oauth_client_redirect_uris`
--
ALTER TABLE `oauth_client_redirect_uris`
  ADD PRIMARY KEY (`id`);

--
-- Índices de tabela `oauth_client_scopes`
--
ALTER TABLE `oauth_client_scopes`
  ADD PRIMARY KEY (`id`),
  ADD UNIQUE KEY `oauth_client_scopes_clientId_scopeId_uindex` (`clientId`,`scopeId`),
  ADD KEY `oauth_client_scopes_oauth_scopes_id_fk` (`scopeId`);

--
-- Índices de tabela `oauth_refresh_tokens`
--
ALTER TABLE `oauth_refresh_tokens`
  ADD PRIMARY KEY (`refresh_token`),
  ADD KEY `access_token` (`access_token`);

--
-- Índices de tabela `oauth_scopes`
--
ALTER TABLE `oauth_scopes`
  ADD PRIMARY KEY (`id`);

--
-- Índices de tabela `oauth_scope_routes`
--
ALTER TABLE `oauth_scope_routes`
  ADD PRIMARY KEY (`id`);

--
-- Índices de tabela `oauth_sessions`
--
ALTER TABLE `oauth_sessions`
  ADD PRIMARY KEY (`id`),
  ADD KEY `client_id` (`client_id`);

--
-- Índices de tabela `oauth_session_scopes`
--
ALTER TABLE `oauth_session_scopes`
  ADD PRIMARY KEY (`id`),
  ADD KEY `session_id` (`session_id`),
  ADD KEY `scope` (`scope`);

--
-- Índices de tabela `pages`
--
ALTER TABLE `pages`
  ADD PRIMARY KEY (`pageID`);

--
-- Índices de tabela `permission`
--
ALTER TABLE `permission`
  ADD PRIMARY KEY (`permissionId`);

--
-- Índices de tabela `permissionentity`
--
ALTER TABLE `permissionentity`
  ADD PRIMARY KEY (`entityId`),
  ADD UNIQUE KEY `entity` (`entity`);

--
-- Índices de tabela `playlist`
--
ALTER TABLE `playlist`
  ADD PRIMARY KEY (`playlistId`);

--
-- Índices de tabela `region`
--
ALTER TABLE `region`
  ADD PRIMARY KEY (`regionId`);

--
-- Índices de tabela `regionoption`
--
ALTER TABLE `regionoption`
  ADD PRIMARY KEY (`regionId`,`option`);

--
-- Índices de tabela `requiredfile`
--
ALTER TABLE `requiredfile`
  ADD PRIMARY KEY (`rfId`),
  ADD KEY `requiredfile_displayId_type_index` (`displayId`,`type`);

--
-- Índices de tabela `resolution`
--
ALTER TABLE `resolution`
  ADD PRIMARY KEY (`resolutionID`);

--
-- Índices de tabela `schedule`
--
ALTER TABLE `schedule`
  ADD PRIMARY KEY (`eventID`),
  ADD KEY `layoutID` (`CampaignID`);

--
-- Índices de tabela `session`
--
ALTER TABLE `session`
  ADD PRIMARY KEY (`session_id`),
  ADD KEY `userID` (`userID`);

--
-- Índices de tabela `setting`
--
ALTER TABLE `setting`
  ADD PRIMARY KEY (`settingid`);

--
-- Índices de tabela `stat`
--
ALTER TABLE `stat`
  ADD PRIMARY KEY (`statID`),
  ADD KEY `statDate` (`statDate`),
  ADD KEY `Type` (`displayID`,`end`,`Type`);

--
-- Índices de tabela `tag`
--
ALTER TABLE `tag`
  ADD PRIMARY KEY (`tagId`);

--
-- Índices de tabela `task`
--
ALTER TABLE `task`
  ADD PRIMARY KEY (`taskId`);

--
-- Índices de tabela `transition`
--
ALTER TABLE `transition`
  ADD PRIMARY KEY (`TransitionID`);

--
-- Índices de tabela `user`
--
ALTER TABLE `user`
  ADD PRIMARY KEY (`UserID`),
  ADD KEY `usertypeid` (`usertypeid`);

--
-- Índices de tabela `useroption`
--
ALTER TABLE `useroption`
  ADD UNIQUE KEY `userId` (`userId`,`option`);

--
-- Índices de tabela `usertype`
--
ALTER TABLE `usertype`
  ADD PRIMARY KEY (`usertypeid`);

--
-- Índices de tabela `widget`
--
ALTER TABLE `widget`
  ADD PRIMARY KEY (`widgetId`);

--
-- Índices de tabela `widgetoption`
--
ALTER TABLE `widgetoption`
  ADD PRIMARY KEY (`widgetId`,`type`,`option`);

--
-- AUTO_INCREMENT para tabelas despejadas
--

--
-- AUTO_INCREMENT de tabela `auditlog`
--
ALTER TABLE `auditlog`
  MODIFY `logId` int(11) NOT NULL AUTO_INCREMENT, AUTO_INCREMENT=155;

--
-- AUTO_INCREMENT de tabela `bandwidthtype`
--
ALTER TABLE `bandwidthtype`
  MODIFY `bandwidthtypeid` int(11) NOT NULL AUTO_INCREMENT, AUTO_INCREMENT=12;

--
-- AUTO_INCREMENT de tabela `blacklist`
--
ALTER TABLE `blacklist`
  MODIFY `BlackListID` int(11) NOT NULL AUTO_INCREMENT;

--
-- AUTO_INCREMENT de tabela `campaign`
--
ALTER TABLE `campaign`
  MODIFY `CampaignID` int(11) NOT NULL AUTO_INCREMENT, AUTO_INCREMENT=30;

--
-- AUTO_INCREMENT de tabela `command`
--
ALTER TABLE `command`
  MODIFY `commandId` int(11) NOT NULL AUTO_INCREMENT;

--
-- AUTO_INCREMENT de tabela `dataset`
--
ALTER TABLE `dataset`
  MODIFY `DataSetID` int(11) NOT NULL AUTO_INCREMENT, AUTO_INCREMENT=11;

--
-- AUTO_INCREMENT de tabela `datasetcolumn`
--
ALTER TABLE `datasetcolumn`
  MODIFY `DataSetColumnID` int(11) NOT NULL AUTO_INCREMENT, AUTO_INCREMENT=35;

--
-- AUTO_INCREMENT de tabela `dataset_1`
--
ALTER TABLE `dataset_1`
  MODIFY `id` int(11) NOT NULL AUTO_INCREMENT, AUTO_INCREMENT=13;

--
-- AUTO_INCREMENT de tabela `dataset_2`
--
ALTER TABLE `dataset_2`
  MODIFY `id` int(11) NOT NULL AUTO_INCREMENT, AUTO_INCREMENT=12;

--
-- AUTO_INCREMENT de tabela `dataset_3`
--
ALTER TABLE `dataset_3`
  MODIFY `id` int(11) NOT NULL AUTO_INCREMENT, AUTO_INCREMENT=13;

--
-- AUTO_INCREMENT de tabela `dataset_4`
--
ALTER TABLE `dataset_4`
  MODIFY `id` int(11) NOT NULL AUTO_INCREMENT, AUTO_INCREMENT=23;

--
-- AUTO_INCREMENT de tabela `dataset_5`
--
ALTER TABLE `dataset_5`
  MODIFY `id` int(11) NOT NULL AUTO_INCREMENT;

--
-- AUTO_INCREMENT de tabela `dataset_6`
--
ALTER TABLE `dataset_6`
  MODIFY `id` int(11) NOT NULL AUTO_INCREMENT, AUTO_INCREMENT=10;

--
-- AUTO_INCREMENT de tabela `dataset_7`
--
ALTER TABLE `dataset_7`
  MODIFY `id` int(11) NOT NULL AUTO_INCREMENT, AUTO_INCREMENT=8;

--
-- AUTO_INCREMENT de tabela `dataset_8`
--
ALTER TABLE `dataset_8`
  MODIFY `id` int(11) NOT NULL AUTO_INCREMENT, AUTO_INCREMENT=5;

--
-- AUTO_INCREMENT de tabela `dataset_9`
--
ALTER TABLE `dataset_9`
  MODIFY `id` int(11) NOT NULL AUTO_INCREMENT, AUTO_INCREMENT=24;

--
-- AUTO_INCREMENT de tabela `dataset_10`
--
ALTER TABLE `dataset_10`
  MODIFY `id` int(11) NOT NULL AUTO_INCREMENT;

--
-- AUTO_INCREMENT de tabela `daypart`
--
ALTER TABLE `daypart`
  MODIFY `dayPartId` int(11) NOT NULL AUTO_INCREMENT, AUTO_INCREMENT=3;

--
-- AUTO_INCREMENT de tabela `display`
--
ALTER TABLE `display`
  MODIFY `displayid` int(11) NOT NULL AUTO_INCREMENT, AUTO_INCREMENT=5;

--
-- AUTO_INCREMENT de tabela `displayevent`
--
ALTER TABLE `displayevent`
  MODIFY `displayEventId` bigint(20) NOT NULL AUTO_INCREMENT, AUTO_INCREMENT=130;

--
-- AUTO_INCREMENT de tabela `displaygroup`
--
ALTER TABLE `displaygroup`
  MODIFY `DisplayGroupID` int(11) NOT NULL AUTO_INCREMENT, AUTO_INCREMENT=6;

--
-- AUTO_INCREMENT de tabela `displayprofile`
--
ALTER TABLE `displayprofile`
  MODIFY `displayprofileid` int(11) NOT NULL AUTO_INCREMENT, AUTO_INCREMENT=5;

--
-- AUTO_INCREMENT de tabela `group`
--
ALTER TABLE `group`
  MODIFY `groupID` int(11) NOT NULL AUTO_INCREMENT, AUTO_INCREMENT=8;

--
-- AUTO_INCREMENT de tabela `help`
--
ALTER TABLE `help`
  MODIFY `HelpID` int(11) NOT NULL AUTO_INCREMENT, AUTO_INCREMENT=85;

--
-- AUTO_INCREMENT de tabela `layout`
--
ALTER TABLE `layout`
  MODIFY `layoutID` int(11) NOT NULL AUTO_INCREMENT, AUTO_INCREMENT=28;

--
-- AUTO_INCREMENT de tabela `lkcampaignlayout`
--
ALTER TABLE `lkcampaignlayout`
  MODIFY `LkCampaignLayoutID` int(11) NOT NULL AUTO_INCREMENT, AUTO_INCREMENT=1085;

--
-- AUTO_INCREMENT de tabela `lkdisplaydg`
--
ALTER TABLE `lkdisplaydg`
  MODIFY `LkDisplayDGID` int(11) NOT NULL AUTO_INCREMENT, AUTO_INCREMENT=5;

--
-- AUTO_INCREMENT de tabela `lklayoutdisplaygroup`
--
ALTER TABLE `lklayoutdisplaygroup`
  MODIFY `id` int(11) NOT NULL AUTO_INCREMENT;

--
-- AUTO_INCREMENT de tabela `lkmediadisplaygroup`
--
ALTER TABLE `lkmediadisplaygroup`
  MODIFY `id` int(11) NOT NULL AUTO_INCREMENT;

--
-- AUTO_INCREMENT de tabela `lknotificationdg`
--
ALTER TABLE `lknotificationdg`
  MODIFY `lkNotificationDgId` int(11) NOT NULL AUTO_INCREMENT;

--
-- AUTO_INCREMENT de tabela `lknotificationgroup`
--
ALTER TABLE `lknotificationgroup`
  MODIFY `lkNotificationGroupId` int(11) NOT NULL AUTO_INCREMENT;

--
-- AUTO_INCREMENT de tabela `lknotificationuser`
--
ALTER TABLE `lknotificationuser`
  MODIFY `lkNotificationUserId` int(11) NOT NULL AUTO_INCREMENT;

--
-- AUTO_INCREMENT de tabela `lktagcampaign`
--
ALTER TABLE `lktagcampaign`
  MODIFY `lkTagCampaignId` int(11) NOT NULL AUTO_INCREMENT;

--
-- AUTO_INCREMENT de tabela `lktagdisplaygroup`
--
ALTER TABLE `lktagdisplaygroup`
  MODIFY `lkTagDisplayGroupId` int(11) NOT NULL AUTO_INCREMENT;

--
-- AUTO_INCREMENT de tabela `lktaglayout`
--
ALTER TABLE `lktaglayout`
  MODIFY `lkTagLayoutId` int(11) NOT NULL AUTO_INCREMENT, AUTO_INCREMENT=20;

--
-- AUTO_INCREMENT de tabela `lktagmedia`
--
ALTER TABLE `lktagmedia`
  MODIFY `lkTagMediaId` int(11) NOT NULL AUTO_INCREMENT, AUTO_INCREMENT=19;

--
-- AUTO_INCREMENT de tabela `lkusergroup`
--
ALTER TABLE `lkusergroup`
  MODIFY `LkUserGroupID` int(11) NOT NULL AUTO_INCREMENT, AUTO_INCREMENT=8;

--
-- AUTO_INCREMENT de tabela `log`
--
ALTER TABLE `log`
  MODIFY `logid` bigint(20) NOT NULL AUTO_INCREMENT COMMENT 'The log ID';

--
-- AUTO_INCREMENT de tabela `media`
--
ALTER TABLE `media`
  MODIFY `mediaID` int(11) NOT NULL AUTO_INCREMENT, AUTO_INCREMENT=248;

--
-- AUTO_INCREMENT de tabela `module`
--
ALTER TABLE `module`
  MODIFY `ModuleID` int(11) NOT NULL AUTO_INCREMENT, AUTO_INCREMENT=21;

--
-- AUTO_INCREMENT de tabela `notification`
--
ALTER TABLE `notification`
  MODIFY `notificationId` int(11) NOT NULL AUTO_INCREMENT;

--
-- AUTO_INCREMENT de tabela `oauth_access_token_scopes`
--
ALTER TABLE `oauth_access_token_scopes`
  MODIFY `id` int(10) UNSIGNED NOT NULL AUTO_INCREMENT;

--
-- AUTO_INCREMENT de tabela `oauth_auth_code_scopes`
--
ALTER TABLE `oauth_auth_code_scopes`
  MODIFY `id` int(11) UNSIGNED NOT NULL AUTO_INCREMENT;

--
-- AUTO_INCREMENT de tabela `oauth_client_redirect_uris`
--
ALTER TABLE `oauth_client_redirect_uris`
  MODIFY `id` int(11) NOT NULL AUTO_INCREMENT;

--
-- AUTO_INCREMENT de tabela `oauth_client_scopes`
--
ALTER TABLE `oauth_client_scopes`
  MODIFY `id` int(11) NOT NULL AUTO_INCREMENT;

--
-- AUTO_INCREMENT de tabela `oauth_scope_routes`
--
ALTER TABLE `oauth_scope_routes`
  MODIFY `id` int(11) NOT NULL AUTO_INCREMENT;

--
-- AUTO_INCREMENT de tabela `oauth_sessions`
--
ALTER TABLE `oauth_sessions`
  MODIFY `id` int(11) UNSIGNED NOT NULL AUTO_INCREMENT;

--
-- AUTO_INCREMENT de tabela `oauth_session_scopes`
--
ALTER TABLE `oauth_session_scopes`
  MODIFY `id` int(10) UNSIGNED NOT NULL AUTO_INCREMENT;

--
-- AUTO_INCREMENT de tabela `pages`
--
ALTER TABLE `pages`
  MODIFY `pageID` int(11) NOT NULL AUTO_INCREMENT, AUTO_INCREMENT=40;

--
-- AUTO_INCREMENT de tabela `permission`
--
ALTER TABLE `permission`
  MODIFY `permissionId` int(11) NOT NULL AUTO_INCREMENT, AUTO_INCREMENT=125;

--
-- AUTO_INCREMENT de tabela `permissionentity`
--
ALTER TABLE `permissionentity`
  MODIFY `entityId` int(11) NOT NULL AUTO_INCREMENT, AUTO_INCREMENT=12;

--
-- AUTO_INCREMENT de tabela `playlist`
--
ALTER TABLE `playlist`
  MODIFY `playlistId` int(11) NOT NULL AUTO_INCREMENT, AUTO_INCREMENT=58;

--
-- AUTO_INCREMENT de tabela `region`
--
ALTER TABLE `region`
  MODIFY `regionId` int(11) NOT NULL AUTO_INCREMENT, AUTO_INCREMENT=58;

--
-- AUTO_INCREMENT de tabela `requiredfile`
--
ALTER TABLE `requiredfile`
  MODIFY `rfId` bigint(20) NOT NULL AUTO_INCREMENT, AUTO_INCREMENT=411;

--
-- AUTO_INCREMENT de tabela `resolution`
--
ALTER TABLE `resolution`
  MODIFY `resolutionID` int(11) NOT NULL AUTO_INCREMENT, AUTO_INCREMENT=17;

--
-- AUTO_INCREMENT de tabela `schedule`
--
ALTER TABLE `schedule`
  MODIFY `eventID` int(11) NOT NULL AUTO_INCREMENT, AUTO_INCREMENT=62;

--
-- AUTO_INCREMENT de tabela `setting`
--
ALTER TABLE `setting`
  MODIFY `settingid` int(11) NOT NULL AUTO_INCREMENT, AUTO_INCREMENT=102;

--
-- AUTO_INCREMENT de tabela `stat`
--
ALTER TABLE `stat`
  MODIFY `statID` bigint(20) NOT NULL AUTO_INCREMENT;

--
-- AUTO_INCREMENT de tabela `tag`
--
ALTER TABLE `tag`
  MODIFY `tagId` int(11) NOT NULL AUTO_INCREMENT, AUTO_INCREMENT=6;

--
-- AUTO_INCREMENT de tabela `task`
--
ALTER TABLE `task`
  MODIFY `taskId` int(11) NOT NULL AUTO_INCREMENT, AUTO_INCREMENT=7;

--
-- AUTO_INCREMENT de tabela `transition`
--
ALTER TABLE `transition`
  MODIFY `TransitionID` int(11) NOT NULL AUTO_INCREMENT, AUTO_INCREMENT=4;

--
-- AUTO_INCREMENT de tabela `user`
--
ALTER TABLE `user`
  MODIFY `UserID` int(11) NOT NULL AUTO_INCREMENT, AUTO_INCREMENT=5;

--
-- AUTO_INCREMENT de tabela `widget`
--
ALTER TABLE `widget`
  MODIFY `widgetId` int(11) NOT NULL AUTO_INCREMENT, AUTO_INCREMENT=168;

--
-- Restrições para tabelas despejadas
--

--
-- Restrições para tabelas `blacklist`
--
ALTER TABLE `blacklist`
  ADD CONSTRAINT `blacklist_ibfk_1` FOREIGN KEY (`MediaID`) REFERENCES `media` (`mediaID`),
  ADD CONSTRAINT `blacklist_ibfk_2` FOREIGN KEY (`DisplayID`) REFERENCES `display` (`displayid`);

--
-- Restrições para tabelas `campaign`
--
ALTER TABLE `campaign`
  ADD CONSTRAINT `campaign_ibfk_1` FOREIGN KEY (`UserID`) REFERENCES `user` (`UserID`);

--
-- Restrições para tabelas `datasetcolumn`
--
ALTER TABLE `datasetcolumn`
  ADD CONSTRAINT `datasetcolumn_ibfk_1` FOREIGN KEY (`DataSetID`) REFERENCES `dataset` (`DataSetID`);

--
-- Restrições para tabelas `lkcampaignlayout`
--
ALTER TABLE `lkcampaignlayout`
  ADD CONSTRAINT `lkcampaignlayout_ibfk_1` FOREIGN KEY (`CampaignID`) REFERENCES `campaign` (`CampaignID`),
  ADD CONSTRAINT `lkcampaignlayout_ibfk_2` FOREIGN KEY (`LayoutID`) REFERENCES `layout` (`layoutID`);

--
-- Restrições para tabelas `lkdisplaydg`
--
ALTER TABLE `lkdisplaydg`
  ADD CONSTRAINT `lkdisplaydg_ibfk_1` FOREIGN KEY (`DisplayGroupID`) REFERENCES `displaygroup` (`DisplayGroupID`),
  ADD CONSTRAINT `lkdisplaydg_ibfk_2` FOREIGN KEY (`DisplayID`) REFERENCES `display` (`displayid`);

--
-- Restrições para tabelas `lkusergroup`
--
ALTER TABLE `lkusergroup`
  ADD CONSTRAINT `lkusergroup_ibfk_1` FOREIGN KEY (`GroupID`) REFERENCES `group` (`groupID`),
  ADD CONSTRAINT `lkusergroup_ibfk_2` FOREIGN KEY (`UserID`) REFERENCES `user` (`UserID`);

--
-- Restrições para tabelas `oauth_access_tokens`
--
ALTER TABLE `oauth_access_tokens`
  ADD CONSTRAINT `oauth_access_tokens_ibfk_1` FOREIGN KEY (`session_id`) REFERENCES `oauth_sessions` (`id`) ON DELETE CASCADE;

--
-- Restrições para tabelas `oauth_access_token_scopes`
--
ALTER TABLE `oauth_access_token_scopes`
  ADD CONSTRAINT `oauth_access_token_scopes_ibfk_1` FOREIGN KEY (`access_token`) REFERENCES `oauth_access_tokens` (`access_token`) ON DELETE CASCADE,
  ADD CONSTRAINT `oauth_access_token_scopes_ibfk_2` FOREIGN KEY (`scope`) REFERENCES `oauth_scopes` (`id`) ON DELETE CASCADE;

--
-- Restrições para tabelas `oauth_auth_codes`
--
ALTER TABLE `oauth_auth_codes`
  ADD CONSTRAINT `oauth_auth_codes_ibfk_1` FOREIGN KEY (`session_id`) REFERENCES `oauth_sessions` (`id`) ON DELETE CASCADE;

--
-- Restrições para tabelas `oauth_auth_code_scopes`
--
ALTER TABLE `oauth_auth_code_scopes`
  ADD CONSTRAINT `oauth_auth_code_scopes_ibfk_1` FOREIGN KEY (`auth_code`) REFERENCES `oauth_auth_codes` (`auth_code`) ON DELETE CASCADE,
  ADD CONSTRAINT `oauth_auth_code_scopes_ibfk_2` FOREIGN KEY (`scope`) REFERENCES `oauth_scopes` (`id`) ON DELETE CASCADE;

--
-- Restrições para tabelas `oauth_clients`
--
ALTER TABLE `oauth_clients`
  ADD CONSTRAINT `oauth_clients_user_UserID_fk` FOREIGN KEY (`userId`) REFERENCES `user` (`UserID`) ON DELETE CASCADE;

--
-- Restrições para tabelas `oauth_client_scopes`
--
ALTER TABLE `oauth_client_scopes`
  ADD CONSTRAINT `oauth_client_scopes_oauth_clients_id_fk` FOREIGN KEY (`clientId`) REFERENCES `oauth_clients` (`id`) ON DELETE CASCADE,
  ADD CONSTRAINT `oauth_client_scopes_oauth_scopes_id_fk` FOREIGN KEY (`scopeId`) REFERENCES `oauth_scopes` (`id`) ON DELETE CASCADE;

--
-- Restrições para tabelas `oauth_refresh_tokens`
--
ALTER TABLE `oauth_refresh_tokens`
  ADD CONSTRAINT `oauth_refresh_tokens_ibfk_1` FOREIGN KEY (`access_token`) REFERENCES `oauth_access_tokens` (`access_token`) ON DELETE CASCADE;

--
-- Restrições para tabelas `oauth_sessions`
--
ALTER TABLE `oauth_sessions`
  ADD CONSTRAINT `oauth_sessions_ibfk_1` FOREIGN KEY (`client_id`) REFERENCES `oauth_clients` (`id`) ON DELETE CASCADE;

--
-- Restrições para tabelas `oauth_session_scopes`
--
ALTER TABLE `oauth_session_scopes`
  ADD CONSTRAINT `oauth_session_scopes_ibfk_1` FOREIGN KEY (`session_id`) REFERENCES `oauth_sessions` (`id`) ON DELETE CASCADE,
  ADD CONSTRAINT `oauth_session_scopes_ibfk_2` FOREIGN KEY (`scope`) REFERENCES `oauth_scopes` (`id`) ON DELETE CASCADE;

--
-- Restrições para tabelas `schedule`
--
ALTER TABLE `schedule`
  ADD CONSTRAINT `schedule_ibfk_1` FOREIGN KEY (`CampaignID`) REFERENCES `campaign` (`CampaignID`);

--
-- Restrições para tabelas `user`
--
ALTER TABLE `user`
  ADD CONSTRAINT `user_ibfk_2` FOREIGN KEY (`usertypeid`) REFERENCES `usertype` (`usertypeid`);
COMMIT;

